May 22 10:57:39.470612 np0000001253 devstack@g-api.service[98886]: DEBUG glance.api.middleware.version_negotiation [None req-9f06799e-341e-494d-9d2e-262f0da2a01d tempest-ServerStableDeviceRescueTest-1810711564 tempest-ServerStableDeviceRescueTest-1810711564-project-member] Using url versioning {{(pid=98886) process_request /opt/stack/glance/glance/api/middleware/version_negotiation.py:57}}
May 22 10:57:39.470953 np0000001253 devstack@g-api.service[98886]: DEBUG glance.api.middleware.version_negotiation [None req-9f06799e-341e-494d-9d2e-262f0da2a01d tempest-ServerStableDeviceRescueTest-1810711564 tempest-ServerStableDeviceRescueTest-1810711564-project-member] Matched version: v2 {{(pid=98886) process_request /opt/stack/glance/glance/api/middleware/version_negotiation.py:69}}
May 22 10:57:39.471146 np0000001253 devstack@g-api.service[98886]: DEBUG glance.api.middleware.version_negotiation [None req-9f06799e-341e-494d-9d2e-262f0da2a01d tempest-ServerStableDeviceRescueTest-1810711564 tempest-ServerStableDeviceRescueTest-1810711564-project-member] new path /v2/schemas/image {{(pid=98886) process_request /opt/stack/glance/glance/api/middleware/version_negotiation.py:70}}
May 22 10:57:39.475090 np0000001253 devstack@g-api.service[98886]: [pid: 98886|app: 0|req: 24/38] 127.0.0.1 () {44 vars in 1055 bytes} [Fri May 22 10:57:39 2026] GET /v2/schemas/image => generated 6083 bytes in 5 msecs (HTTP/1.1 200) 4 headers in 158 bytes (1 switches on core 0)
May 22 10:57:39.850854 np0000001253 devstack@g-api.service[98885]: DEBUG glance.location [None req-da249ec1-8cba-4db8-a2b6-fafe5b8e7e59 tempest-AttachSCSIVolumeTestJSON-1115065070 tempest-AttachSCSIVolumeTestJSON-1115065070-project-admin] Enabling in-flight format inspection for qcow2 {{(pid=98885) set_data /opt/stack/glance/glance/location.py:616}}
May 22 10:57:39.851332 np0000001253 devstack@g-api.service[98885]: DEBUG glance_store.backend [None req-da249ec1-8cba-4db8-a2b6-fafe5b8e7e59 tempest-AttachSCSIVolumeTestJSON-1115065070 tempest-AttachSCSIVolumeTestJSON-1115065070-project-admin] Attempting to import store swift {{(pid=98885) _load_store /opt/stack/data/venv/lib/python3.12/site-packages/glance_store/backend.py:215}}
May 22 10:57:39.853062 np0000001253 devstack@g-api.service[98885]: DEBUG glance_store.capabilities [None req-da249ec1-8cba-4db8-a2b6-fafe5b8e7e59 tempest-AttachSCSIVolumeTestJSON-1115065070 tempest-AttachSCSIVolumeTestJSON-1115065070-project-admin] Store glance_store._drivers.swift.store.SingleTenantStore doesn't support updating dynamic storage capabilities. Please overwrite 'update_capabilities' method of the store to implement updating logics if needed. {{(pid=98885) update_capabilities /opt/stack/data/venv/lib/python3.12/site-packages/glance_store/capabilities.py:91}}
May 22 10:57:39.853178 np0000001253 devstack@g-api.service[98885]: DEBUG glance_store.driver [None req-da249ec1-8cba-4db8-a2b6-fafe5b8e7e59 tempest-AttachSCSIVolumeTestJSON-1115065070 tempest-AttachSCSIVolumeTestJSON-1115065070-project-admin] Late loading location class glance_store._drivers.swift.store.StoreLocation {{(pid=98885) get_store_location_class /opt/stack/data/venv/lib/python3.12/site-packages/glance_store/driver.py:134}}
May 22 10:57:39.853295 np0000001253 devstack@g-api.service[98885]: DEBUG glance_store.location [None req-da249ec1-8cba-4db8-a2b6-fafe5b8e7e59 tempest-AttachSCSIVolumeTestJSON-1115065070 tempest-AttachSCSIVolumeTestJSON-1115065070-project-admin] Registering scheme swift+https with {'store': , 'location_class': , 'store_entry': 'swift'} {{(pid=98885) register_scheme_map /opt/stack/data/venv/lib/python3.12/site-packages/glance_store/location.py:146}}
May 22 10:57:39.853441 np0000001253 devstack@g-api.service[98885]: DEBUG glance_store.location [None req-da249ec1-8cba-4db8-a2b6-fafe5b8e7e59 tempest-AttachSCSIVolumeTestJSON-1115065070 tempest-AttachSCSIVolumeTestJSON-1115065070-project-admin] Registering scheme swift+https with {'store': , 'location_class': , 'store_entry': 'swift'} {{(pid=98885) register_scheme_map /opt/stack/data/venv/lib/python3.12/site-packages/glance_store/location.py:146}}
May 22 10:57:39.853541 np0000001253 devstack@g-api.service[98885]: DEBUG glance_store.location [None req-da249ec1-8cba-4db8-a2b6-fafe5b8e7e59 tempest-AttachSCSIVolumeTestJSON-1115065070 tempest-AttachSCSIVolumeTestJSON-1115065070-project-admin] Registering scheme swift with {'store': , 'location_class': , 'store_entry': 'swift'} {{(pid=98885) register_scheme_map /opt/stack/data/venv/lib/python3.12/site-packages/glance_store/location.py:146}}
May 22 10:57:39.853632 np0000001253 devstack@g-api.service[98885]: DEBUG glance_store.location [None req-da249ec1-8cba-4db8-a2b6-fafe5b8e7e59 tempest-AttachSCSIVolumeTestJSON-1115065070 tempest-AttachSCSIVolumeTestJSON-1115065070-project-admin] Registering scheme swift+https with {'store': , 'location_class': , 'store_entry': 'swift'} {{(pid=98885) register_scheme_map /opt/stack/data/venv/lib/python3.12/site-packages/glance_store/location.py:146}}
May 22 10:57:39.853734 np0000001253 devstack@g-api.service[98885]: DEBUG glance_store.location [None req-da249ec1-8cba-4db8-a2b6-fafe5b8e7e59 tempest-AttachSCSIVolumeTestJSON-1115065070 tempest-AttachSCSIVolumeTestJSON-1115065070-project-admin] Registering scheme swift with {'store': , 'location_class': , 'store_entry': 'swift'} {{(pid=98885) register_scheme_map /opt/stack/data/venv/lib/python3.12/site-packages/glance_store/location.py:146}}
May 22 10:57:39.853832 np0000001253 devstack@g-api.service[98885]: DEBUG glance_store.location [None req-da249ec1-8cba-4db8-a2b6-fafe5b8e7e59 tempest-AttachSCSIVolumeTestJSON-1115065070 tempest-AttachSCSIVolumeTestJSON-1115065070-project-admin] Registering scheme swift+http with {'store': , 'location_class': , 'store_entry': 'swift'} {{(pid=98885) register_scheme_map /opt/stack/data/venv/lib/python3.12/site-packages/glance_store/location.py:146}}
May 22 10:57:39.853927 np0000001253 devstack@g-api.service[98885]: DEBUG glance_store.location [None req-da249ec1-8cba-4db8-a2b6-fafe5b8e7e59 tempest-AttachSCSIVolumeTestJSON-1115065070 tempest-AttachSCSIVolumeTestJSON-1115065070-project-admin] Registering scheme swift+https with {'store': , 'location_class': , 'store_entry': 'swift'} {{(pid=98885) register_scheme_map /opt/stack/data/venv/lib/python3.12/site-packages/glance_store/location.py:146}}
May 22 10:57:39.854021 np0000001253 devstack@g-api.service[98885]: DEBUG glance_store.location [None req-da249ec1-8cba-4db8-a2b6-fafe5b8e7e59 tempest-AttachSCSIVolumeTestJSON-1115065070 tempest-AttachSCSIVolumeTestJSON-1115065070-project-admin] Registering scheme swift with {'store': , 'location_class': , 'store_entry': 'swift'} {{(pid=98885) register_scheme_map /opt/stack/data/venv/lib/python3.12/site-packages/glance_store/location.py:146}}
May 22 10:57:39.854110 np0000001253 devstack@g-api.service[98885]: DEBUG glance_store.location [None req-da249ec1-8cba-4db8-a2b6-fafe5b8e7e59 tempest-AttachSCSIVolumeTestJSON-1115065070 tempest-AttachSCSIVolumeTestJSON-1115065070-project-admin] Registering scheme swift+http with {'store': , 'location_class': , 'store_entry': 'swift'} {{(pid=98885) register_scheme_map /opt/stack/data/venv/lib/python3.12/site-packages/glance_store/location.py:146}}
May 22 10:57:39.854204 np0000001253 devstack@g-api.service[98885]: DEBUG glance_store.location [None req-da249ec1-8cba-4db8-a2b6-fafe5b8e7e59 tempest-AttachSCSIVolumeTestJSON-1115065070 tempest-AttachSCSIVolumeTestJSON-1115065070-project-admin] Registering scheme swift+config with {'store': , 'location_class': , 'store_entry': 'swift'} {{(pid=98885) register_scheme_map /opt/stack/data/venv/lib/python3.12/site-packages/glance_store/location.py:146}}
May 22 10:57:40.328415 np0000001253 devstack@g-api.service[98885]: DEBUG swiftclient [None req-da249ec1-8cba-4db8-a2b6-fafe5b8e7e59 tempest-AttachSCSIVolumeTestJSON-1115065070 tempest-AttachSCSIVolumeTestJSON-1115065070-project-admin] REQ: curl -i https://10.4.3.138:8080/v1/AUTH_3dfd6d05136e46b1bebfb537ed704e48/glance -I -H "X-Auth-Token: gAAAAABqEDajWScj..." {{(pid=98885) http_log /opt/stack/data/venv/lib/python3.12/site-packages/swiftclient/client.py:160}}
May 22 10:57:40.328547 np0000001253 devstack@g-api.service[98885]: DEBUG swiftclient [None req-da249ec1-8cba-4db8-a2b6-fafe5b8e7e59 tempest-AttachSCSIVolumeTestJSON-1115065070 tempest-AttachSCSIVolumeTestJSON-1115065070-project-admin] RESP STATUS: 204 No Content {{(pid=98885) http_log /opt/stack/data/venv/lib/python3.12/site-packages/swiftclient/client.py:161}}
May 22 10:57:40.328717 np0000001253 devstack@g-api.service[98885]: DEBUG swiftclient [None req-da249ec1-8cba-4db8-a2b6-fafe5b8e7e59 tempest-AttachSCSIVolumeTestJSON-1115065070 tempest-AttachSCSIVolumeTestJSON-1115065070-project-admin] RESP HEADERS: {'Date': 'Fri, 22 May 2026 10:57:40 GMT', 'Server': 'Apache/2.4.58 (Ubuntu)', 'Content-Type': 'text/plain; charset=utf-8', 'X-Container-Object-Count': '3', 'X-Container-Bytes-Used': '64356352', 'X-Timestamp': '1779447330.12160', 'Last-Modified': 'Fri, 22 May 2026 10:55:31 GMT', 'Accept-Ranges': 'bytes', 'X-Storage-Policy': 'Policy-0', 'X-Container-Sharding': 'False', 'Vary': 'Accept', 'X-Trans-Id': 'tx947ef7eb26b44d5eaf192-006a1036a4', 'X-Openstack-Request-Id': 'tx947ef7eb26b44d5eaf192-006a1036a4', 'Connection': 'close'} {{(pid=98885) http_log /opt/stack/data/venv/lib/python3.12/site-packages/swiftclient/client.py:162}}
May 22 10:57:40.329010 np0000001253 devstack@g-api.service[98885]: DEBUG glance_store._drivers.swift.store [None req-da249ec1-8cba-4db8-a2b6-fafe5b8e7e59 tempest-AttachSCSIVolumeTestJSON-1115065070 tempest-AttachSCSIVolumeTestJSON-1115065070-project-admin] Adding image object '2cba4a94-0613-4b37-9e8f-2705f755526a' to Swift {{(pid=98885) add /opt/stack/data/venv/lib/python3.12/site-packages/glance_store/_drivers/swift/store.py:978}}
May 22 10:57:40.329093 np0000001253 devstack@g-api.service[98885]: DEBUG glance_store._drivers.swift.store [None req-da249ec1-8cba-4db8-a2b6-fafe5b8e7e59 tempest-AttachSCSIVolumeTestJSON-1115065070 tempest-AttachSCSIVolumeTestJSON-1115065070-project-admin] Cannot determine image size because it is either not provided in the request or chunked-transfer encoding is used. Adding image as a segmented object to Swift. {{(pid=98885) add /opt/stack/data/venv/lib/python3.12/site-packages/glance_store/_drivers/swift/store.py:1002}}
May 22 10:57:40.331043 np0000001253 devstack@g-api.service[98886]: DEBUG glance.api.middleware.version_negotiation [None req-9f06799e-341e-494d-9d2e-262f0da2a01d tempest-ServerStableDeviceRescueTest-1810711564 tempest-ServerStableDeviceRescueTest-1810711564-project-member] Determining version of request: GET /versions Accept: */* {{(pid=98886) process_request /opt/stack/glance/glance/api/middleware/version_negotiation.py:44}}
May 22 10:57:40.331912 np0000001253 devstack@g-api.service[98886]: [pid: 98886|app: 0|req: 25/39] 127.0.0.1 () {44 vars in 1039 bytes} [Fri May 22 10:57:40 2026] GET /versions => generated 1407 bytes in 1 msecs (HTTP/1.1 200) 3 headers in 92 bytes (1 switches on core 0)
May 22 10:57:40.335797 np0000001253 devstack@g-api.service[98885]: DEBUG oslo_utils.imageutils.format_inspector [None req-da249ec1-8cba-4db8-a2b6-fafe5b8e7e59 tempest-AttachSCSIVolumeTestJSON-1115065070 tempest-AttachSCSIVolumeTestJSON-1115065070-project-admin] Format inspector for vmdk does not match, excluding from consideration (Signature KDMV not found: b'QFI\xfb') {{(pid=98885) _process_chunk /opt/stack/data/venv/lib/python3.12/site-packages/oslo_utils/imageutils/format_inspector.py:1538}}
May 22 10:57:40.338559 np0000001253 devstack@g-api.service[98886]: DEBUG glance.api.middleware.version_negotiation [None req-9f06799e-341e-494d-9d2e-262f0da2a01d tempest-ServerStableDeviceRescueTest-1810711564 tempest-ServerStableDeviceRescueTest-1810711564-project-member] Determining version of request: GET /v2/images/da06ef4c-714c-44ed-831b-b63238d0dba3/locations Accept: */* {{(pid=98886) process_request /opt/stack/glance/glance/api/middleware/version_negotiation.py:44}}
May 22 10:57:40.338559 np0000001253 devstack@g-api.service[98886]: DEBUG glance.api.middleware.version_negotiation [None req-9f06799e-341e-494d-9d2e-262f0da2a01d tempest-ServerStableDeviceRescueTest-1810711564 tempest-ServerStableDeviceRescueTest-1810711564-project-member] Using url versioning {{(pid=98886) process_request /opt/stack/glance/glance/api/middleware/version_negotiation.py:57}}
May 22 10:57:40.338734 np0000001253 devstack@g-api.service[98885]: DEBUG oslo_utils.imageutils.format_inspector [None req-da249ec1-8cba-4db8-a2b6-fafe5b8e7e59 tempest-AttachSCSIVolumeTestJSON-1115065070 tempest-AttachSCSIVolumeTestJSON-1115065070-project-admin] Format inspector for vhdx does not match, excluding from consideration (Region signature not found at 30000) {{(pid=98885) _process_chunk /opt/stack/data/venv/lib/python3.12/site-packages/oslo_utils/imageutils/format_inspector.py:1538}}
May 22 10:57:40.340099 np0000001253 devstack@g-api.service[98886]: DEBUG glance.api.middleware.version_negotiation [None req-9f06799e-341e-494d-9d2e-262f0da2a01d tempest-ServerStableDeviceRescueTest-1810711564 tempest-ServerStableDeviceRescueTest-1810711564-project-member] Matched version: v2 {{(pid=98886) process_request /opt/stack/glance/glance/api/middleware/version_negotiation.py:69}}
May 22 10:57:40.340451 np0000001253 devstack@g-api.service[98886]: DEBUG glance.api.middleware.version_negotiation [None req-9f06799e-341e-494d-9d2e-262f0da2a01d tempest-ServerStableDeviceRescueTest-1810711564 tempest-ServerStableDeviceRescueTest-1810711564-project-member] new path /v2/images/da06ef4c-714c-44ed-831b-b63238d0dba3/locations {{(pid=98886) process_request /opt/stack/glance/glance/api/middleware/version_negotiation.py:70}}
May 22 10:57:40.564994 np0000001253 devstack@g-api.service[98885]: DEBUG swiftclient [None req-da249ec1-8cba-4db8-a2b6-fafe5b8e7e59 tempest-AttachSCSIVolumeTestJSON-1115065070 tempest-AttachSCSIVolumeTestJSON-1115065070-project-admin] REQ: curl -i https://10.4.3.138:8080/v1/AUTH_3dfd6d05136e46b1bebfb537ed704e48/glance/2cba4a94-0613-4b37-9e8f-2705f755526a-00001 -X PUT -H "X-Auth-Token: gAAAAABqEDajWScj..." {{(pid=98885) http_log /opt/stack/data/venv/lib/python3.12/site-packages/swiftclient/client.py:160}}
May 22 10:57:40.565116 np0000001253 devstack@g-api.service[98885]: DEBUG swiftclient [None req-da249ec1-8cba-4db8-a2b6-fafe5b8e7e59 tempest-AttachSCSIVolumeTestJSON-1115065070 tempest-AttachSCSIVolumeTestJSON-1115065070-project-admin] RESP STATUS: 201 Created {{(pid=98885) http_log /opt/stack/data/venv/lib/python3.12/site-packages/swiftclient/client.py:161}}
May 22 10:57:40.565273 np0000001253 devstack@g-api.service[98885]: DEBUG swiftclient [None req-da249ec1-8cba-4db8-a2b6-fafe5b8e7e59 tempest-AttachSCSIVolumeTestJSON-1115065070 tempest-AttachSCSIVolumeTestJSON-1115065070-project-admin] RESP HEADERS: {'Date': 'Fri, 22 May 2026 10:57:40 GMT', 'Server': 'Apache/2.4.58 (Ubuntu)', 'Content-Type': 'text/html; charset=UTF-8', 'Content-Length': '0', 'Etag': '87617e24a5e30cb3b87fda8c0764838f', 'Last-Modified': 'Fri, 22 May 2026 10:57:41 GMT', 'X-Trans-Id': 'tx3501b343146b48a68eae2-006a1036a4', 'X-Openstack-Request-Id': 'tx3501b343146b48a68eae2-006a1036a4', 'Connection': 'close'} {{(pid=98885) http_log /opt/stack/data/venv/lib/python3.12/site-packages/swiftclient/client.py:162}}
May 22 10:57:40.565375 np0000001253 devstack@g-api.service[98885]: DEBUG glance_store._drivers.swift.store [None req-da249ec1-8cba-4db8-a2b6-fafe5b8e7e59 tempest-AttachSCSIVolumeTestJSON-1115065070 tempest-AttachSCSIVolumeTestJSON-1115065070-project-admin] Wrote chunk 2cba4a94-0613-4b37-9e8f-2705f755526a-00001 (1/?) of length 21692416 to Swift returning MD5 of content: 87617e24a5e30cb3b87fda8c0764838f {{(pid=98885) add /opt/stack/data/venv/lib/python3.12/site-packages/glance_store/_drivers/swift/store.py:1067}}
May 22 10:57:40.565843 np0000001253 devstack@g-api.service[98885]: DEBUG glance_store._drivers.swift.store [None req-da249ec1-8cba-4db8-a2b6-fafe5b8e7e59 tempest-AttachSCSIVolumeTestJSON-1115065070 tempest-AttachSCSIVolumeTestJSON-1115065070-project-admin] Not writing zero-length chunk. {{(pid=98885) add /opt/stack/data/venv/lib/python3.12/site-packages/glance_store/_drivers/swift/store.py:1036}}
May 22 10:57:40.592807 np0000001253 devstack@g-api.service[98885]: DEBUG swiftclient [None req-da249ec1-8cba-4db8-a2b6-fafe5b8e7e59 tempest-AttachSCSIVolumeTestJSON-1115065070 tempest-AttachSCSIVolumeTestJSON-1115065070-project-admin] REQ: curl -i https://10.4.3.138:8080/v1/AUTH_3dfd6d05136e46b1bebfb537ed704e48/glance/2cba4a94-0613-4b37-9e8f-2705f755526a -X PUT -H "X-Object-Manifest: glance/2cba4a94-0613-4b37-9e8f-2705f755526a-" -H "X-Auth-Token: gAAAAABqEDajWScj..." -H "Content-Length: 0" {{(pid=98885) http_log /opt/stack/data/venv/lib/python3.12/site-packages/swiftclient/client.py:160}}
May 22 10:57:40.593000 np0000001253 devstack@g-api.service[98885]: DEBUG swiftclient [None req-da249ec1-8cba-4db8-a2b6-fafe5b8e7e59 tempest-AttachSCSIVolumeTestJSON-1115065070 tempest-AttachSCSIVolumeTestJSON-1115065070-project-admin] RESP STATUS: 201 Created {{(pid=98885) http_log /opt/stack/data/venv/lib/python3.12/site-packages/swiftclient/client.py:161}}
May 22 10:57:40.593000 np0000001253 devstack@g-api.service[98885]: DEBUG swiftclient [None req-da249ec1-8cba-4db8-a2b6-fafe5b8e7e59 tempest-AttachSCSIVolumeTestJSON-1115065070 tempest-AttachSCSIVolumeTestJSON-1115065070-project-admin] RESP HEADERS: {'Date': 'Fri, 22 May 2026 10:57:40 GMT', 'Server': 'Apache/2.4.58 (Ubuntu)', 'Content-Type': 'text/html; charset=UTF-8', 'Content-Length': '0', 'Etag': 'd41d8cd98f00b204e9800998ecf8427e', 'Last-Modified': 'Fri, 22 May 2026 10:57:41 GMT', 'X-Trans-Id': 'txf9e67e7a491b4e238bc91-006a1036a4', 'X-Openstack-Request-Id': 'txf9e67e7a491b4e238bc91-006a1036a4', 'Connection': 'close'} {{(pid=98885) http_log /opt/stack/data/venv/lib/python3.12/site-packages/swiftclient/client.py:162}}
May 22 10:57:40.593483 np0000001253 devstack@g-api.service[98885]: INFO glance.location [None req-da249ec1-8cba-4db8-a2b6-fafe5b8e7e59 tempest-AttachSCSIVolumeTestJSON-1115065070 tempest-AttachSCSIVolumeTestJSON-1115065070-project-admin] Image format matched and virtual size computed: 117440512
May 22 10:57:40.624425 np0000001253 devstack@g-api.service[98885]: DEBUG glance_store.backend [None req-da249ec1-8cba-4db8-a2b6-fafe5b8e7e59 tempest-AttachSCSIVolumeTestJSON-1115065070 tempest-AttachSCSIVolumeTestJSON-1115065070-project-admin] Attempting to import store swift {{(pid=98885) _load_store /opt/stack/data/venv/lib/python3.12/site-packages/glance_store/backend.py:215}}
May 22 10:57:40.625173 np0000001253 devstack@g-api.service[98885]: DEBUG glance_store.capabilities [None req-da249ec1-8cba-4db8-a2b6-fafe5b8e7e59 tempest-AttachSCSIVolumeTestJSON-1115065070 tempest-AttachSCSIVolumeTestJSON-1115065070-project-admin] Store glance_store._drivers.swift.store.SingleTenantStore doesn't support updating dynamic storage capabilities. Please overwrite 'update_capabilities' method of the store to implement updating logics if needed. {{(pid=98885) update_capabilities /opt/stack/data/venv/lib/python3.12/site-packages/glance_store/capabilities.py:91}}
May 22 10:57:40.625299 np0000001253 devstack@g-api.service[98885]: DEBUG glance_store.driver [None req-da249ec1-8cba-4db8-a2b6-fafe5b8e7e59 tempest-AttachSCSIVolumeTestJSON-1115065070 tempest-AttachSCSIVolumeTestJSON-1115065070-project-admin] Late loading location class glance_store._drivers.swift.store.StoreLocation {{(pid=98885) get_store_location_class /opt/stack/data/venv/lib/python3.12/site-packages/glance_store/driver.py:134}}
May 22 10:57:40.625376 np0000001253 devstack@g-api.service[98885]: DEBUG glance_store.location [None req-da249ec1-8cba-4db8-a2b6-fafe5b8e7e59 tempest-AttachSCSIVolumeTestJSON-1115065070 tempest-AttachSCSIVolumeTestJSON-1115065070-project-admin] Registering scheme swift+https with {'store': , 'location_class': , 'store_entry': 'swift'} {{(pid=98885) register_scheme_map /opt/stack/data/venv/lib/python3.12/site-packages/glance_store/location.py:146}}
May 22 10:57:40.625498 np0000001253 devstack@g-api.service[98885]: DEBUG glance_store.location [None req-da249ec1-8cba-4db8-a2b6-fafe5b8e7e59 tempest-AttachSCSIVolumeTestJSON-1115065070 tempest-AttachSCSIVolumeTestJSON-1115065070-project-admin] Registering scheme swift+https with {'store': , 'location_class': , 'store_entry': 'swift'} {{(pid=98885) register_scheme_map /opt/stack/data/venv/lib/python3.12/site-packages/glance_store/location.py:146}}
May 22 10:57:40.625498 np0000001253 devstack@g-api.service[98885]: DEBUG glance_store.location [None req-da249ec1-8cba-4db8-a2b6-fafe5b8e7e59 tempest-AttachSCSIVolumeTestJSON-1115065070 tempest-AttachSCSIVolumeTestJSON-1115065070-project-admin] Registering scheme swift with {'store': , 'location_class': , 'store_entry': 'swift'} {{(pid=98885) register_scheme_map /opt/stack/data/venv/lib/python3.12/site-packages/glance_store/location.py:146}}
May 22 10:57:40.625762 np0000001253 devstack@g-api.service[98885]: DEBUG glance_store.location [None req-da249ec1-8cba-4db8-a2b6-fafe5b8e7e59 tempest-AttachSCSIVolumeTestJSON-1115065070 tempest-AttachSCSIVolumeTestJSON-1115065070-project-admin] Registering scheme swift+https with {'store': , 'location_class': , 'store_entry': 'swift'} {{(pid=98885) register_scheme_map /opt/stack/data/venv/lib/python3.12/site-packages/glance_store/location.py:146}}
May 22 10:57:40.625762 np0000001253 devstack@g-api.service[98885]: DEBUG glance_store.location [None req-da249ec1-8cba-4db8-a2b6-fafe5b8e7e59 tempest-AttachSCSIVolumeTestJSON-1115065070 tempest-AttachSCSIVolumeTestJSON-1115065070-project-admin] Registering scheme swift with {'store': , 'location_class': , 'store_entry': 'swift'} {{(pid=98885) register_scheme_map /opt/stack/data/venv/lib/python3.12/site-packages/glance_store/location.py:146}}
May 22 10:57:40.625762 np0000001253 devstack@g-api.service[98885]: DEBUG glance_store.location [None req-da249ec1-8cba-4db8-a2b6-fafe5b8e7e59 tempest-AttachSCSIVolumeTestJSON-1115065070 tempest-AttachSCSIVolumeTestJSON-1115065070-project-admin] Registering scheme swift+http with {'store': , 'location_class': , 'store_entry': 'swift'} {{(pid=98885) register_scheme_map /opt/stack/data/venv/lib/python3.12/site-packages/glance_store/location.py:146}}
May 22 10:57:40.626267 np0000001253 devstack@g-api.service[98885]: DEBUG glance_store.location [None req-da249ec1-8cba-4db8-a2b6-fafe5b8e7e59 tempest-AttachSCSIVolumeTestJSON-1115065070 tempest-AttachSCSIVolumeTestJSON-1115065070-project-admin] Registering scheme swift+https with {'store': , 'location_class': , 'store_entry': 'swift'} {{(pid=98885) register_scheme_map /opt/stack/data/venv/lib/python3.12/site-packages/glance_store/location.py:146}}
May 22 10:57:40.626267 np0000001253 devstack@g-api.service[98885]: DEBUG glance_store.location [None req-da249ec1-8cba-4db8-a2b6-fafe5b8e7e59 tempest-AttachSCSIVolumeTestJSON-1115065070 tempest-AttachSCSIVolumeTestJSON-1115065070-project-admin] Registering scheme swift with {'store': , 'location_class': , 'store_entry': 'swift'} {{(pid=98885) register_scheme_map /opt/stack/data/venv/lib/python3.12/site-packages/glance_store/location.py:146}}
May 22 10:57:40.626267 np0000001253 devstack@g-api.service[98885]: DEBUG glance_store.location [None req-da249ec1-8cba-4db8-a2b6-fafe5b8e7e59 tempest-AttachSCSIVolumeTestJSON-1115065070 tempest-AttachSCSIVolumeTestJSON-1115065070-project-admin] Registering scheme swift+http with {'store': , 'location_class': , 'store_entry': 'swift'} {{(pid=98885) register_scheme_map /opt/stack/data/venv/lib/python3.12/site-packages/glance_store/location.py:146}}
May 22 10:57:40.626494 np0000001253 devstack@g-api.service[98885]: DEBUG glance_store.location [None req-da249ec1-8cba-4db8-a2b6-fafe5b8e7e59 tempest-AttachSCSIVolumeTestJSON-1115065070 tempest-AttachSCSIVolumeTestJSON-1115065070-project-admin] Registering scheme swift+config with {'store': , 'location_class': , 'store_entry': 'swift'} {{(pid=98885) register_scheme_map /opt/stack/data/venv/lib/python3.12/site-packages/glance_store/location.py:146}}
May 22 10:57:40.626494 np0000001253 devstack@g-api.service[98885]: DEBUG glance_store.backend [None req-da249ec1-8cba-4db8-a2b6-fafe5b8e7e59 tempest-AttachSCSIVolumeTestJSON-1115065070 tempest-AttachSCSIVolumeTestJSON-1115065070-project-admin] Skipping store.set_acls... not implemented. {{(pid=98885) set_acls /opt/stack/data/venv/lib/python3.12/site-packages/glance_store/backend.py:507}}
May 22 10:57:40.627833 np0000001253 devstack@g-api.service[98885]: [pid: 98885|app: 0|req: 15/40] 127.0.0.1 () {40 vars in 858 bytes} [Fri May 22 10:57:38 2026] PUT /v2/images/2cba4a94-0613-4b37-9e8f-2705f755526a/file => generated 0 bytes in 2296 msecs (HTTP/1.1 204) 4 headers in 171 bytes (1 switches on core 0)
May 22 10:57:40.802692 np0000001253 devstack@g-api.service[98886]: [pid: 98886|app: 0|req: 26/41] 127.0.0.1 () {44 vars in 1135 bytes} [Fri May 22 10:57:40 2026] GET /v2/images/da06ef4c-714c-44ed-831b-b63238d0dba3/locations => generated 92 bytes in 464 msecs (HTTP/1.1 200) 4 headers in 156 bytes (1 switches on core 0)
May 22 10:57:40.809591 np0000001253 devstack@g-api.service[98885]: DEBUG glance.api.middleware.version_negotiation [None req-da249ec1-8cba-4db8-a2b6-fafe5b8e7e59 tempest-AttachSCSIVolumeTestJSON-1115065070 tempest-AttachSCSIVolumeTestJSON-1115065070-project-admin] Determining version of request: GET /v2/images/da06ef4c-714c-44ed-831b-b63238d0dba3 Accept: */* {{(pid=98885) process_request /opt/stack/glance/glance/api/middleware/version_negotiation.py:44}}
May 22 10:57:40.809682 np0000001253 devstack@g-api.service[98885]: DEBUG glance.api.middleware.version_negotiation [None req-da249ec1-8cba-4db8-a2b6-fafe5b8e7e59 tempest-AttachSCSIVolumeTestJSON-1115065070 tempest-AttachSCSIVolumeTestJSON-1115065070-project-admin] Using url versioning {{(pid=98885) process_request /opt/stack/glance/glance/api/middleware/version_negotiation.py:57}}
May 22 10:57:40.809777 np0000001253 devstack@g-api.service[98885]: DEBUG glance.api.middleware.version_negotiation [None req-da249ec1-8cba-4db8-a2b6-fafe5b8e7e59 tempest-AttachSCSIVolumeTestJSON-1115065070 tempest-AttachSCSIVolumeTestJSON-1115065070-project-admin] Matched version: v2 {{(pid=98885) process_request /opt/stack/glance/glance/api/middleware/version_negotiation.py:69}}
May 22 10:57:40.809867 np0000001253 devstack@g-api.service[98885]: DEBUG glance.api.middleware.version_negotiation [None req-da249ec1-8cba-4db8-a2b6-fafe5b8e7e59 tempest-AttachSCSIVolumeTestJSON-1115065070 tempest-AttachSCSIVolumeTestJSON-1115065070-project-admin] new path /v2/images/da06ef4c-714c-44ed-831b-b63238d0dba3 {{(pid=98885) process_request /opt/stack/glance/glance/api/middleware/version_negotiation.py:70}}
May 22 10:57:40.822063 np0000001253 devstack@g-api.service[98885]: [pid: 98885|app: 0|req: 16/42] 127.0.0.1 () {44 vars in 1115 bytes} [Fri May 22 10:57:40 2026] GET /v2/images/da06ef4c-714c-44ed-831b-b63238d0dba3 => generated 1044 bytes in 12 msecs (HTTP/1.1 200) 4 headers in 158 bytes (1 switches on core 0)
May 22 10:57:40.826901 np0000001253 devstack@g-api.service[98886]: DEBUG glance.api.middleware.version_negotiation [None req-e6dbb7ad-db88-4955-ae4e-67034d1b65ea service glance] Determining version of request: GET /v2/schemas/image Accept: */* {{(pid=98886) process_request /opt/stack/glance/glance/api/middleware/version_negotiation.py:44}}
May 22 10:57:40.827106 np0000001253 devstack@g-api.service[98886]: DEBUG glance.api.middleware.version_negotiation [None req-e6dbb7ad-db88-4955-ae4e-67034d1b65ea service glance] Using url versioning {{(pid=98886) process_request /opt/stack/glance/glance/api/middleware/version_negotiation.py:57}}
May 22 10:57:40.827263 np0000001253 devstack@g-api.service[98886]: DEBUG glance.api.middleware.version_negotiation [None req-e6dbb7ad-db88-4955-ae4e-67034d1b65ea service glance] Matched version: v2 {{(pid=98886) process_request /opt/stack/glance/glance/api/middleware/version_negotiation.py:69}}
May 22 10:57:40.827379 np0000001253 devstack@g-api.service[98886]: DEBUG glance.api.middleware.version_negotiation [None req-e6dbb7ad-db88-4955-ae4e-67034d1b65ea service glance] new path /v2/schemas/image {{(pid=98886) process_request /opt/stack/glance/glance/api/middleware/version_negotiation.py:70}}
May 22 10:57:40.830634 np0000001253 devstack@g-api.service[98886]: [pid: 98886|app: 0|req: 27/43] 127.0.0.1 () {44 vars in 1055 bytes} [Fri May 22 10:57:40 2026] GET /v2/schemas/image => generated 6083 bytes in 4 msecs (HTTP/1.1 200) 4 headers in 158 bytes (1 switches on core 0)
May 22 10:57:40.838552 np0000001253 devstack@g-api.service[98885]: DEBUG glance.api.middleware.version_negotiation [None req-e6dbb7ad-db88-4955-ae4e-67034d1b65ea tempest-TaggedBootDevicesTest_v242-1536096759 tempest-TaggedBootDevicesTest_v242-1536096759-project-member] Determining version of request: GET /v2/schemas/image Accept: */* {{(pid=98885) process_request /opt/stack/glance/glance/api/middleware/version_negotiation.py:44}}
May 22 10:57:40.838680 np0000001253 devstack@g-api.service[98885]: DEBUG glance.api.middleware.version_negotiation [None req-e6dbb7ad-db88-4955-ae4e-67034d1b65ea tempest-TaggedBootDevicesTest_v242-1536096759 tempest-TaggedBootDevicesTest_v242-1536096759-project-member] Using url versioning {{(pid=98885) process_request /opt/stack/glance/glance/api/middleware/version_negotiation.py:57}}
May 22 10:57:40.838811 np0000001253 devstack@g-api.service[98885]: DEBUG glance.api.middleware.version_negotiation [None req-e6dbb7ad-db88-4955-ae4e-67034d1b65ea tempest-TaggedBootDevicesTest_v242-1536096759 tempest-TaggedBootDevicesTest_v242-1536096759-project-member] Matched version: v2 {{(pid=98885) process_request /opt/stack/glance/glance/api/middleware/version_negotiation.py:69}}
May 22 10:57:40.838902 np0000001253 devstack@g-api.service[98885]: DEBUG glance.api.middleware.version_negotiation [None req-e6dbb7ad-db88-4955-ae4e-67034d1b65ea tempest-TaggedBootDevicesTest_v242-1536096759 tempest-TaggedBootDevicesTest_v242-1536096759-project-member] new path /v2/schemas/image {{(pid=98885) process_request /opt/stack/glance/glance/api/middleware/version_negotiation.py:70}}
May 22 10:57:40.841133 np0000001253 devstack@g-api.service[98885]: [pid: 98885|app: 0|req: 17/44] 127.0.0.1 () {44 vars in 1055 bytes} [Fri May 22 10:57:40 2026] GET /v2/schemas/image => generated 6083 bytes in 2 msecs (HTTP/1.1 200) 4 headers in 158 bytes (1 switches on core 0)
May 22 10:57:40.867714 np0000001253 devstack@g-api.service[98886]: DEBUG glance.api.middleware.version_negotiation [None req-e6dbb7ad-db88-4955-ae4e-67034d1b65ea tempest-TaggedBootDevicesTest_v242-1536096759 tempest-TaggedBootDevicesTest_v242-1536096759-project-member] Determining version of request: GET /v2/images/da06ef4c-714c-44ed-831b-b63238d0dba3 Accept: */* {{(pid=98886) process_request /opt/stack/glance/glance/api/middleware/version_negotiation.py:44}}
May 22 10:57:40.867874 np0000001253 devstack@g-api.service[98886]: DEBUG glance.api.middleware.version_negotiation [None req-e6dbb7ad-db88-4955-ae4e-67034d1b65ea tempest-TaggedBootDevicesTest_v242-1536096759 tempest-TaggedBootDevicesTest_v242-1536096759-project-member] Using url versioning {{(pid=98886) process_request /opt/stack/glance/glance/api/middleware/version_negotiation.py:57}}
May 22 10:57:40.867994 np0000001253 devstack@g-api.service[98886]: DEBUG glance.api.middleware.version_negotiation [None req-e6dbb7ad-db88-4955-ae4e-67034d1b65ea tempest-TaggedBootDevicesTest_v242-1536096759 tempest-TaggedBootDevicesTest_v242-1536096759-project-member] Matched version: v2 {{(pid=98886) process_request /opt/stack/glance/glance/api/middleware/version_negotiation.py:69}}
May 22 10:57:40.868086 np0000001253 devstack@g-api.service[98886]: DEBUG glance.api.middleware.version_negotiation [None req-e6dbb7ad-db88-4955-ae4e-67034d1b65ea tempest-TaggedBootDevicesTest_v242-1536096759 tempest-TaggedBootDevicesTest_v242-1536096759-project-member] new path /v2/images/da06ef4c-714c-44ed-831b-b63238d0dba3 {{(pid=98886) process_request /opt/stack/glance/glance/api/middleware/version_negotiation.py:70}}
May 22 10:57:40.882610 np0000001253 devstack@g-api.service[98886]: [pid: 98886|app: 0|req: 28/45] 127.0.0.1 () {44 vars in 1115 bytes} [Fri May 22 10:57:40 2026] GET /v2/images/da06ef4c-714c-44ed-831b-b63238d0dba3 => generated 1044 bytes in 15 msecs (HTTP/1.1 200) 4 headers in 158 bytes (1 switches on core 0)
May 22 10:57:40.890199 np0000001253 devstack@g-api.service[98885]: DEBUG glance.api.middleware.version_negotiation [None req-e6dbb7ad-db88-4955-ae4e-67034d1b65ea tempest-TaggedBootDevicesTest_v242-1536096759 tempest-TaggedBootDevicesTest_v242-1536096759-project-member] Determining version of request: GET /v2/images/da06ef4c-714c-44ed-831b-b63238d0dba3/file Accept: */* {{(pid=98885) process_request /opt/stack/glance/glance/api/middleware/version_negotiation.py:44}}
May 22 10:57:40.890609 np0000001253 devstack@g-api.service[98885]: DEBUG glance.api.middleware.version_negotiation [None req-e6dbb7ad-db88-4955-ae4e-67034d1b65ea tempest-TaggedBootDevicesTest_v242-1536096759 tempest-TaggedBootDevicesTest_v242-1536096759-project-member] Using url versioning {{(pid=98885) process_request /opt/stack/glance/glance/api/middleware/version_negotiation.py:57}}
May 22 10:57:40.890609 np0000001253 devstack@g-api.service[98885]: DEBUG glance.api.middleware.version_negotiation [None req-e6dbb7ad-db88-4955-ae4e-67034d1b65ea tempest-TaggedBootDevicesTest_v242-1536096759 tempest-TaggedBootDevicesTest_v242-1536096759-project-member] Matched version: v2 {{(pid=98885) process_request /opt/stack/glance/glance/api/middleware/version_negotiation.py:69}}
May 22 10:57:40.890609 np0000001253 devstack@g-api.service[98885]: DEBUG glance.api.middleware.version_negotiation [None req-e6dbb7ad-db88-4955-ae4e-67034d1b65ea tempest-TaggedBootDevicesTest_v242-1536096759 tempest-TaggedBootDevicesTest_v242-1536096759-project-member] new path /v2/images/da06ef4c-714c-44ed-831b-b63238d0dba3/file {{(pid=98885) process_request /opt/stack/glance/glance/api/middleware/version_negotiation.py:70}}
May 22 10:57:40.900064 np0000001253 devstack@g-api.service[98885]: DEBUG glance.api.middleware.cache [None req-e6dbb7ad-db88-4955-ae4e-67034d1b65ea tempest-TaggedBootDevicesTest_v242-1536096759 tempest-TaggedBootDevicesTest_v242-1536096759-project-member] Cache hit for image 'da06ef4c-714c-44ed-831b-b63238d0dba3' {{(pid=98885) process_request /opt/stack/glance/glance/api/middleware/cache.py:160}}
May 22 10:57:40.964360 np0000001253 devstack@g-api.service[98885]: [pid: 98885|app: 0|req: 18/46] 127.0.0.1 () {44 vars in 1125 bytes} [Fri May 22 10:57:40 2026] GET /v2/images/da06ef4c-714c-44ed-831b-b63238d0dba3/file => generated 21692416 bytes in 74 msecs (HTTP/1.1 200) 5 headers in 217 bytes (337 switches on core 0)
May 22 10:57:41.042906 np0000001253 devstack@g-api.service[98886]: DEBUG glance.api.middleware.version_negotiation [None req-e6dbb7ad-db88-4955-ae4e-67034d1b65ea tempest-TaggedBootDevicesTest_v242-1536096759 tempest-TaggedBootDevicesTest_v242-1536096759-project-member] Determining version of request: GET /v2/images/da06ef4c-714c-44ed-831b-b63238d0dba3 Accept: */* {{(pid=98886) process_request /opt/stack/glance/glance/api/middleware/version_negotiation.py:44}}
May 22 10:57:41.043038 np0000001253 devstack@g-api.service[98886]: DEBUG glance.api.middleware.version_negotiation [None req-e6dbb7ad-db88-4955-ae4e-67034d1b65ea tempest-TaggedBootDevicesTest_v242-1536096759 tempest-TaggedBootDevicesTest_v242-1536096759-project-member] Using url versioning {{(pid=98886) process_request /opt/stack/glance/glance/api/middleware/version_negotiation.py:57}}
May 22 10:57:41.043153 np0000001253 devstack@g-api.service[98886]: DEBUG glance.api.middleware.version_negotiation [None req-e6dbb7ad-db88-4955-ae4e-67034d1b65ea tempest-TaggedBootDevicesTest_v242-1536096759 tempest-TaggedBootDevicesTest_v242-1536096759-project-member] Matched version: v2 {{(pid=98886) process_request /opt/stack/glance/glance/api/middleware/version_negotiation.py:69}}
May 22 10:57:41.043246 np0000001253 devstack@g-api.service[98886]: DEBUG glance.api.middleware.version_negotiation [None req-e6dbb7ad-db88-4955-ae4e-67034d1b65ea tempest-TaggedBootDevicesTest_v242-1536096759 tempest-TaggedBootDevicesTest_v242-1536096759-project-member] new path /v2/images/da06ef4c-714c-44ed-831b-b63238d0dba3 {{(pid=98886) process_request /opt/stack/glance/glance/api/middleware/version_negotiation.py:70}}
May 22 10:57:41.053970 np0000001253 devstack@g-api.service[98886]: [pid: 98886|app: 0|req: 29/47] 127.0.0.1 () {44 vars in 1115 bytes} [Fri May 22 10:57:41 2026] GET /v2/images/da06ef4c-714c-44ed-831b-b63238d0dba3 => generated 1044 bytes in 11 msecs (HTTP/1.1 200) 4 headers in 158 bytes (1 switches on core 0)
May 22 10:57:41.060989 np0000001253 devstack@g-api.service[98885]: DEBUG glance.api.middleware.version_negotiation [None req-e6dbb7ad-db88-4955-ae4e-67034d1b65ea tempest-TaggedBootDevicesTest_v242-1536096759 tempest-TaggedBootDevicesTest_v242-1536096759-project-member] Determining version of request: GET /v2/schemas/image Accept: */* {{(pid=98885) process_request /opt/stack/glance/glance/api/middleware/version_negotiation.py:44}}
May 22 10:57:41.061254 np0000001253 devstack@g-api.service[98885]: DEBUG glance.api.middleware.version_negotiation [None req-e6dbb7ad-db88-4955-ae4e-67034d1b65ea tempest-TaggedBootDevicesTest_v242-1536096759 tempest-TaggedBootDevicesTest_v242-1536096759-project-member] Using url versioning {{(pid=98885) process_request /opt/stack/glance/glance/api/middleware/version_negotiation.py:57}}
May 22 10:57:41.061415 np0000001253 devstack@g-api.service[98885]: DEBUG glance.api.middleware.version_negotiation [None req-e6dbb7ad-db88-4955-ae4e-67034d1b65ea tempest-TaggedBootDevicesTest_v242-1536096759 tempest-TaggedBootDevicesTest_v242-1536096759-project-member] Matched version: v2 {{(pid=98885) process_request /opt/stack/glance/glance/api/middleware/version_negotiation.py:69}}
May 22 10:57:41.061520 np0000001253 devstack@g-api.service[98885]: DEBUG glance.api.middleware.version_negotiation [None req-e6dbb7ad-db88-4955-ae4e-67034d1b65ea tempest-TaggedBootDevicesTest_v242-1536096759 tempest-TaggedBootDevicesTest_v242-1536096759-project-member] new path /v2/schemas/image {{(pid=98885) process_request /opt/stack/glance/glance/api/middleware/version_negotiation.py:70}}
May 22 10:57:41.064283 np0000001253 devstack@g-api.service[98885]: [pid: 98885|app: 0|req: 19/48] 127.0.0.1 () {44 vars in 1055 bytes} [Fri May 22 10:57:41 2026] GET /v2/schemas/image => generated 6083 bytes in 4 msecs (HTTP/1.1 200) 4 headers in 158 bytes (1 switches on core 0)
May 22 10:57:42.323267 np0000001253 devstack@g-api.service[98886]: DEBUG glance.api.middleware.version_negotiation [None req-e6dbb7ad-db88-4955-ae4e-67034d1b65ea tempest-TaggedBootDevicesTest_v242-1536096759 tempest-TaggedBootDevicesTest_v242-1536096759-project-member] Determining version of request: GET /v2/images/da06ef4c-714c-44ed-831b-b63238d0dba3 Accept: */* {{(pid=98886) process_request /opt/stack/glance/glance/api/middleware/version_negotiation.py:44}}
May 22 10:57:42.323894 np0000001253 devstack@g-api.service[98886]: DEBUG glance.api.middleware.version_negotiation [None req-e6dbb7ad-db88-4955-ae4e-67034d1b65ea tempest-TaggedBootDevicesTest_v242-1536096759 tempest-TaggedBootDevicesTest_v242-1536096759-project-member] Using url versioning {{(pid=98886) process_request /opt/stack/glance/glance/api/middleware/version_negotiation.py:57}}
May 22 10:57:42.324169 np0000001253 devstack@g-api.service[98886]: DEBUG glance.api.middleware.version_negotiation [None req-e6dbb7ad-db88-4955-ae4e-67034d1b65ea tempest-TaggedBootDevicesTest_v242-1536096759 tempest-TaggedBootDevicesTest_v242-1536096759-project-member] Matched version: v2 {{(pid=98886) process_request /opt/stack/glance/glance/api/middleware/version_negotiation.py:69}}
May 22 10:57:42.324423 np0000001253 devstack@g-api.service[98886]: DEBUG glance.api.middleware.version_negotiation [None req-e6dbb7ad-db88-4955-ae4e-67034d1b65ea tempest-TaggedBootDevicesTest_v242-1536096759 tempest-TaggedBootDevicesTest_v242-1536096759-project-member] new path /v2/images/da06ef4c-714c-44ed-831b-b63238d0dba3 {{(pid=98886) process_request /opt/stack/glance/glance/api/middleware/version_negotiation.py:70}}
May 22 10:57:42.334523 np0000001253 devstack@g-api.service[98886]: [pid: 98886|app: 0|req: 30/49] 127.0.0.1 () {44 vars in 1115 bytes} [Fri May 22 10:57:42 2026] GET /v2/images/da06ef4c-714c-44ed-831b-b63238d0dba3 => generated 1044 bytes in 11 msecs (HTTP/1.1 200) 4 headers in 158 bytes (1 switches on core 0)
May 22 10:57:42.340215 np0000001253 devstack@g-api.service[98885]: DEBUG glance.api.middleware.version_negotiation [None req-e6dbb7ad-db88-4955-ae4e-67034d1b65ea tempest-TaggedBootDevicesTest_v242-1536096759 tempest-TaggedBootDevicesTest_v242-1536096759-project-member] Determining version of request: GET /v2/schemas/image Accept: */* {{(pid=98885) process_request /opt/stack/glance/glance/api/middleware/version_negotiation.py:44}}
May 22 10:57:42.340626 np0000001253 devstack@g-api.service[98885]: DEBUG glance.api.middleware.version_negotiation [None req-e6dbb7ad-db88-4955-ae4e-67034d1b65ea tempest-TaggedBootDevicesTest_v242-1536096759 tempest-TaggedBootDevicesTest_v242-1536096759-project-member] Using url versioning {{(pid=98885) process_request /opt/stack/glance/glance/api/middleware/version_negotiation.py:57}}
May 22 10:57:42.340626 np0000001253 devstack@g-api.service[98885]: DEBUG glance.api.middleware.version_negotiation [None req-e6dbb7ad-db88-4955-ae4e-67034d1b65ea tempest-TaggedBootDevicesTest_v242-1536096759 tempest-TaggedBootDevicesTest_v242-1536096759-project-member] Matched version: v2 {{(pid=98885) process_request /opt/stack/glance/glance/api/middleware/version_negotiation.py:69}}
May 22 10:57:42.340626 np0000001253 devstack@g-api.service[98885]: DEBUG glance.api.middleware.version_negotiation [None req-e6dbb7ad-db88-4955-ae4e-67034d1b65ea tempest-TaggedBootDevicesTest_v242-1536096759 tempest-TaggedBootDevicesTest_v242-1536096759-project-member] new path /v2/schemas/image {{(pid=98885) process_request /opt/stack/glance/glance/api/middleware/version_negotiation.py:70}}
May 22 10:57:42.342841 np0000001253 devstack@g-api.service[98885]: [pid: 98885|app: 0|req: 20/50] 127.0.0.1 () {44 vars in 1055 bytes} [Fri May 22 10:57:42 2026] GET /v2/schemas/image => generated 6083 bytes in 3 msecs (HTTP/1.1 200) 4 headers in 158 bytes (1 switches on core 0)
May 22 10:57:43.596943 np0000001253 devstack@g-api.service[98886]: DEBUG glance.api.middleware.version_negotiation [None req-e6dbb7ad-db88-4955-ae4e-67034d1b65ea tempest-TaggedBootDevicesTest_v242-1536096759 tempest-TaggedBootDevicesTest_v242-1536096759-project-member] Determining version of request: GET /v2/images/da06ef4c-714c-44ed-831b-b63238d0dba3 Accept: */* {{(pid=98886) process_request /opt/stack/glance/glance/api/middleware/version_negotiation.py:44}}
May 22 10:57:43.597500 np0000001253 devstack@g-api.service[98886]: DEBUG glance.api.middleware.version_negotiation [None req-e6dbb7ad-db88-4955-ae4e-67034d1b65ea tempest-TaggedBootDevicesTest_v242-1536096759 tempest-TaggedBootDevicesTest_v242-1536096759-project-member] Using url versioning {{(pid=98886) process_request /opt/stack/glance/glance/api/middleware/version_negotiation.py:57}}
May 22 10:57:43.597500 np0000001253 devstack@g-api.service[98886]: DEBUG glance.api.middleware.version_negotiation [None req-e6dbb7ad-db88-4955-ae4e-67034d1b65ea tempest-TaggedBootDevicesTest_v242-1536096759 tempest-TaggedBootDevicesTest_v242-1536096759-project-member] Matched version: v2 {{(pid=98886) process_request /opt/stack/glance/glance/api/middleware/version_negotiation.py:69}}
May 22 10:57:43.597500 np0000001253 devstack@g-api.service[98886]: DEBUG glance.api.middleware.version_negotiation [None req-e6dbb7ad-db88-4955-ae4e-67034d1b65ea tempest-TaggedBootDevicesTest_v242-1536096759 tempest-TaggedBootDevicesTest_v242-1536096759-project-member] new path /v2/images/da06ef4c-714c-44ed-831b-b63238d0dba3 {{(pid=98886) process_request /opt/stack/glance/glance/api/middleware/version_negotiation.py:70}}
May 22 10:57:43.611112 np0000001253 devstack@g-api.service[98886]: [pid: 98886|app: 0|req: 31/51] 127.0.0.1 () {44 vars in 1115 bytes} [Fri May 22 10:57:43 2026] GET /v2/images/da06ef4c-714c-44ed-831b-b63238d0dba3 => generated 1044 bytes in 14 msecs (HTTP/1.1 200) 4 headers in 158 bytes (1 switches on core 0)
May 22 10:57:43.618069 np0000001253 devstack@g-api.service[98885]: DEBUG glance.api.middleware.version_negotiation [None req-e6dbb7ad-db88-4955-ae4e-67034d1b65ea tempest-TaggedBootDevicesTest_v242-1536096759 tempest-TaggedBootDevicesTest_v242-1536096759-project-member] Determining version of request: GET /v2/schemas/image Accept: */* {{(pid=98885) process_request /opt/stack/glance/glance/api/middleware/version_negotiation.py:44}}
May 22 10:57:43.618069 np0000001253 devstack@g-api.service[98885]: DEBUG glance.api.middleware.version_negotiation [None req-e6dbb7ad-db88-4955-ae4e-67034d1b65ea tempest-TaggedBootDevicesTest_v242-1536096759 tempest-TaggedBootDevicesTest_v242-1536096759-project-member] Using url versioning {{(pid=98885) process_request /opt/stack/glance/glance/api/middleware/version_negotiation.py:57}}
May 22 10:57:43.618069 np0000001253 devstack@g-api.service[98885]: DEBUG glance.api.middleware.version_negotiation [None req-e6dbb7ad-db88-4955-ae4e-67034d1b65ea tempest-TaggedBootDevicesTest_v242-1536096759 tempest-TaggedBootDevicesTest_v242-1536096759-project-member] Matched version: v2 {{(pid=98885) process_request /opt/stack/glance/glance/api/middleware/version_negotiation.py:69}}
May 22 10:57:43.618069 np0000001253 devstack@g-api.service[98885]: DEBUG glance.api.middleware.version_negotiation [None req-e6dbb7ad-db88-4955-ae4e-67034d1b65ea tempest-TaggedBootDevicesTest_v242-1536096759 tempest-TaggedBootDevicesTest_v242-1536096759-project-member] new path /v2/schemas/image {{(pid=98885) process_request /opt/stack/glance/glance/api/middleware/version_negotiation.py:70}}
May 22 10:57:43.620472 np0000001253 devstack@g-api.service[98885]: [pid: 98885|app: 0|req: 21/52] 127.0.0.1 () {44 vars in 1055 bytes} [Fri May 22 10:57:43 2026] GET /v2/schemas/image => generated 6083 bytes in 3 msecs (HTTP/1.1 200) 4 headers in 158 bytes (1 switches on core 0)
May 22 10:57:43.992198 np0000001253 devstack@g-api.service[98886]: DEBUG glance.api.middleware.version_negotiation [None req-e6dbb7ad-db88-4955-ae4e-67034d1b65ea tempest-TaggedBootDevicesTest_v242-1536096759 tempest-TaggedBootDevicesTest_v242-1536096759-project-member] Determining version of request: GET /v2/images/da06ef4c-714c-44ed-831b-b63238d0dba3 Accept: */* {{(pid=98886) process_request /opt/stack/glance/glance/api/middleware/version_negotiation.py:44}}
May 22 10:57:43.992198 np0000001253 devstack@g-api.service[98886]: DEBUG glance.api.middleware.version_negotiation [None req-e6dbb7ad-db88-4955-ae4e-67034d1b65ea tempest-TaggedBootDevicesTest_v242-1536096759 tempest-TaggedBootDevicesTest_v242-1536096759-project-member] Using url versioning {{(pid=98886) process_request /opt/stack/glance/glance/api/middleware/version_negotiation.py:57}}
May 22 10:57:43.992198 np0000001253 devstack@g-api.service[98886]: DEBUG glance.api.middleware.version_negotiation [None req-e6dbb7ad-db88-4955-ae4e-67034d1b65ea tempest-TaggedBootDevicesTest_v242-1536096759 tempest-TaggedBootDevicesTest_v242-1536096759-project-member] Matched version: v2 {{(pid=98886) process_request /opt/stack/glance/glance/api/middleware/version_negotiation.py:69}}
May 22 10:57:43.992198 np0000001253 devstack@g-api.service[98886]: DEBUG glance.api.middleware.version_negotiation [None req-e6dbb7ad-db88-4955-ae4e-67034d1b65ea tempest-TaggedBootDevicesTest_v242-1536096759 tempest-TaggedBootDevicesTest_v242-1536096759-project-member] new path /v2/images/da06ef4c-714c-44ed-831b-b63238d0dba3 {{(pid=98886) process_request /opt/stack/glance/glance/api/middleware/version_negotiation.py:70}}
May 22 10:57:44.000128 np0000001253 devstack@g-api.service[98886]: [pid: 98886|app: 0|req: 32/53] 127.0.0.1 () {44 vars in 1115 bytes} [Fri May 22 10:57:43 2026] GET /v2/images/da06ef4c-714c-44ed-831b-b63238d0dba3 => generated 1044 bytes in 9 msecs (HTTP/1.1 200) 4 headers in 158 bytes (1 switches on core 0)
May 22 10:57:44.042446 np0000001253 devstack@g-api.service[98885]: DEBUG glance.api.middleware.version_negotiation [None req-e6dbb7ad-db88-4955-ae4e-67034d1b65ea tempest-TaggedBootDevicesTest_v242-1536096759 tempest-TaggedBootDevicesTest_v242-1536096759-project-member] Determining version of request: GET /v2/schemas/image Accept: */* {{(pid=98885) process_request /opt/stack/glance/glance/api/middleware/version_negotiation.py:44}}
May 22 10:57:44.042677 np0000001253 devstack@g-api.service[98885]: DEBUG glance.api.middleware.version_negotiation [None req-e6dbb7ad-db88-4955-ae4e-67034d1b65ea tempest-TaggedBootDevicesTest_v242-1536096759 tempest-TaggedBootDevicesTest_v242-1536096759-project-member] Using url versioning {{(pid=98885) process_request /opt/stack/glance/glance/api/middleware/version_negotiation.py:57}}
May 22 10:57:44.043026 np0000001253 devstack@g-api.service[98885]: DEBUG glance.api.middleware.version_negotiation [None req-e6dbb7ad-db88-4955-ae4e-67034d1b65ea tempest-TaggedBootDevicesTest_v242-1536096759 tempest-TaggedBootDevicesTest_v242-1536096759-project-member] Matched version: v2 {{(pid=98885) process_request /opt/stack/glance/glance/api/middleware/version_negotiation.py:69}}
