Jun 23 10:16:02.231388 np0000003452 devstack@g-api.service[99479]: DEBUG glance.api.middleware.version_negotiation [None req-1cc09a31-92f9-4557-833b-174b82fbb6b1 tempest-ServerRescueNegativeTestJSON-925439094 tempest-ServerRescueNegativeTestJSON-925439094-project-member] new path /v2/schemas/image {{(pid=99479) process_request /opt/stack/glance/glance/api/middleware/version_negotiation.py:70}}
Jun 23 10:16:02.234078 np0000003452 devstack@g-api.service[99479]: [pid: 99479|app: 0|req: 90/262] 127.0.0.1 () {44 vars in 1055 bytes} [Tue Jun 23 10:16:02 2026] GET /v2/schemas/image => generated 6083 bytes in 3 msecs (HTTP/1.1 200) 4 headers in 158 bytes (1 switches on core 0)
Jun 23 10:16:12.198443 np0000003452 devstack@g-api.service[99478]: DEBUG dbcounter [-] [99478] Writing DB stats glance:SELECT=2 {{(pid=99478) stat_writer /opt/stack/data/venv/lib/python3.12/site-packages/dbcounter.py:115}}
Jun 23 10:16:24.880946 np0000003452 devstack@g-api.service[99477]: DEBUG glance.api.middleware.version_negotiation [None req-1cc09a31-92f9-4557-833b-174b82fbb6b1 tempest-ServerRescueNegativeTestJSON-925439094 tempest-ServerRescueNegativeTestJSON-925439094-project-member] Determining version of request: GET /v2/schemas/image Accept: */* {{(pid=99477) process_request /opt/stack/glance/glance/api/middleware/version_negotiation.py:44}}
Jun 23 10:16:24.881314 np0000003452 devstack@g-api.service[99477]: DEBUG glance.api.middleware.version_negotiation [None req-1cc09a31-92f9-4557-833b-174b82fbb6b1 tempest-ServerRescueNegativeTestJSON-925439094 tempest-ServerRescueNegativeTestJSON-925439094-project-member] Using url versioning {{(pid=99477) process_request /opt/stack/glance/glance/api/middleware/version_negotiation.py:57}}
Jun 23 10:16:24.881314 np0000003452 devstack@g-api.service[99477]: DEBUG glance.api.middleware.version_negotiation [None req-1cc09a31-92f9-4557-833b-174b82fbb6b1 tempest-ServerRescueNegativeTestJSON-925439094 tempest-ServerRescueNegativeTestJSON-925439094-project-member] Matched version: v2 {{(pid=99477) process_request /opt/stack/glance/glance/api/middleware/version_negotiation.py:69}}
Jun 23 10:16:24.881478 np0000003452 devstack@g-api.service[99477]: DEBUG glance.api.middleware.version_negotiation [None req-1cc09a31-92f9-4557-833b-174b82fbb6b1 tempest-ServerRescueNegativeTestJSON-925439094 tempest-ServerRescueNegativeTestJSON-925439094-project-member] new path /v2/schemas/image {{(pid=99477) process_request /opt/stack/glance/glance/api/middleware/version_negotiation.py:70}}
Jun 23 10:16:24.884128 np0000003452 devstack@g-api.service[99477]: [pid: 99477|app: 0|req: 82/263] 127.0.0.1 () {44 vars in 1055 bytes} [Tue Jun 23 10:16:24 2026] GET /v2/schemas/image => generated 6083 bytes in 3 msecs (HTTP/1.1 200) 4 headers in 158 bytes (1 switches on core 0)
Jun 23 10:16:24.891014 np0000003452 devstack@g-api.service[99478]: DEBUG glance.api.middleware.version_negotiation [None req-44e6e4db-9871-42cc-9bb4-4630f5b3615b tempest-VolumesActionsTest-1408849615 tempest-VolumesActionsTest-1408849615-project-member] Determining version of request: POST /v2/images Accept: */* {{(pid=99478) process_request /opt/stack/glance/glance/api/middleware/version_negotiation.py:44}}
Jun 23 10:16:24.891332 np0000003452 devstack@g-api.service[99478]: DEBUG glance.api.middleware.version_negotiation [None req-44e6e4db-9871-42cc-9bb4-4630f5b3615b tempest-VolumesActionsTest-1408849615 tempest-VolumesActionsTest-1408849615-project-member] Using url versioning {{(pid=99478) process_request /opt/stack/glance/glance/api/middleware/version_negotiation.py:57}}
Jun 23 10:16:24.891366 np0000003452 devstack@g-api.service[99478]: DEBUG glance.api.middleware.version_negotiation [None req-44e6e4db-9871-42cc-9bb4-4630f5b3615b tempest-VolumesActionsTest-1408849615 tempest-VolumesActionsTest-1408849615-project-member] Matched version: v2 {{(pid=99478) process_request /opt/stack/glance/glance/api/middleware/version_negotiation.py:69}}
Jun 23 10:16:24.891534 np0000003452 devstack@g-api.service[99478]: DEBUG glance.api.middleware.version_negotiation [None req-44e6e4db-9871-42cc-9bb4-4630f5b3615b tempest-VolumesActionsTest-1408849615 tempest-VolumesActionsTest-1408849615-project-member] new path /v2/images {{(pid=99478) process_request /opt/stack/glance/glance/api/middleware/version_negotiation.py:70}}
Jun 23 10:16:25.278353 np0000003452 devstack@g-api.service[99478]: [pid: 99478|app: 0|req: 92/264] 127.0.0.1 () {46 vars in 1055 bytes} [Tue Jun 23 10:16:24 2026] POST /v2/images => generated 648 bytes in 387 msecs (HTTP/1.1 201) 6 headers in 315 bytes (1 switches on core 0)
Jun 23 10:16:25.286209 np0000003452 devstack@g-api.service[99479]: DEBUG glance.api.middleware.version_negotiation [None req-44e6e4db-9871-42cc-9bb4-4630f5b3615b tempest-VolumesActionsTest-1408849615 tempest-VolumesActionsTest-1408849615-project-member] Determining version of request: GET /v2/schemas/image Accept: */* {{(pid=99479) process_request /opt/stack/glance/glance/api/middleware/version_negotiation.py:44}}
Jun 23 10:16:25.286595 np0000003452 devstack@g-api.service[99479]: DEBUG glance.api.middleware.version_negotiation [None req-44e6e4db-9871-42cc-9bb4-4630f5b3615b tempest-VolumesActionsTest-1408849615 tempest-VolumesActionsTest-1408849615-project-member] Using url versioning {{(pid=99479) process_request /opt/stack/glance/glance/api/middleware/version_negotiation.py:57}}
Jun 23 10:16:25.286595 np0000003452 devstack@g-api.service[99479]: DEBUG glance.api.middleware.version_negotiation [None req-44e6e4db-9871-42cc-9bb4-4630f5b3615b tempest-VolumesActionsTest-1408849615 tempest-VolumesActionsTest-1408849615-project-member] Matched version: v2 {{(pid=99479) process_request /opt/stack/glance/glance/api/middleware/version_negotiation.py:69}}
Jun 23 10:16:25.286672 np0000003452 devstack@g-api.service[99479]: DEBUG glance.api.middleware.version_negotiation [None req-44e6e4db-9871-42cc-9bb4-4630f5b3615b tempest-VolumesActionsTest-1408849615 tempest-VolumesActionsTest-1408849615-project-member] new path /v2/schemas/image {{(pid=99479) process_request /opt/stack/glance/glance/api/middleware/version_negotiation.py:70}}
Jun 23 10:16:25.288706 np0000003452 devstack@g-api.service[99479]: [pid: 99479|app: 0|req: 91/265] 127.0.0.1 () {44 vars in 1055 bytes} [Tue Jun 23 10:16:25 2026] GET /v2/schemas/image => generated 6083 bytes in 3 msecs (HTTP/1.1 200) 4 headers in 158 bytes (1 switches on core 0)
Jun 23 10:16:25.299045 np0000003452 devstack@g-api.service[99477]: DEBUG glance.api.middleware.version_negotiation [None req-21cdc07b-d97a-4a5c-a401-3b61fb7999aa tempest-VolumesActionsTest-1408849615 tempest-VolumesActionsTest-1408849615-project-member] Determining version of request: GET /v2/images/ff3e090a-7b2c-442a-9f15-211efe01eb2f Accept: application/json {{(pid=99477) process_request /opt/stack/glance/glance/api/middleware/version_negotiation.py:44}}
Jun 23 10:16:25.299271 np0000003452 devstack@g-api.service[99477]: DEBUG glance.api.middleware.version_negotiation [None req-21cdc07b-d97a-4a5c-a401-3b61fb7999aa tempest-VolumesActionsTest-1408849615 tempest-VolumesActionsTest-1408849615-project-member] Using url versioning {{(pid=99477) process_request /opt/stack/glance/glance/api/middleware/version_negotiation.py:57}}
Jun 23 10:16:25.299710 np0000003452 devstack@g-api.service[99477]: DEBUG glance.api.middleware.version_negotiation [None req-21cdc07b-d97a-4a5c-a401-3b61fb7999aa tempest-VolumesActionsTest-1408849615 tempest-VolumesActionsTest-1408849615-project-member] Matched version: v2 {{(pid=99477) process_request /opt/stack/glance/glance/api/middleware/version_negotiation.py:69}}
Jun 23 10:16:25.299710 np0000003452 devstack@g-api.service[99477]: DEBUG glance.api.middleware.version_negotiation [None req-21cdc07b-d97a-4a5c-a401-3b61fb7999aa tempest-VolumesActionsTest-1408849615 tempest-VolumesActionsTest-1408849615-project-member] new path /v2/images/ff3e090a-7b2c-442a-9f15-211efe01eb2f {{(pid=99477) process_request /opt/stack/glance/glance/api/middleware/version_negotiation.py:70}}
Jun 23 10:16:25.308979 np0000003452 devstack@g-api.service[99477]: [pid: 99477|app: 0|req: 83/266] 127.0.0.1 () {40 vars in 838 bytes} [Tue Jun 23 10:16:25 2026] GET /v2/images/ff3e090a-7b2c-442a-9f15-211efe01eb2f => generated 648 bytes in 10 msecs (HTTP/1.1 200) 4 headers in 157 bytes (1 switches on core 0)
Jun 23 10:16:25.693366 np0000003452 devstack@g-api.service[99478]: DEBUG glance.api.middleware.version_negotiation [None req-21cdc07b-d97a-4a5c-a401-3b61fb7999aa tempest-VolumesActionsTest-1408849615 tempest-VolumesActionsTest-1408849615-project-member] Determining version of request: PUT /v2/images/ff3e090a-7b2c-442a-9f15-211efe01eb2f/file Accept: */* {{(pid=99478) process_request /opt/stack/glance/glance/api/middleware/version_negotiation.py:44}}
Jun 23 10:16:25.693529 np0000003452 devstack@g-api.service[99478]: DEBUG glance.api.middleware.version_negotiation [None req-21cdc07b-d97a-4a5c-a401-3b61fb7999aa tempest-VolumesActionsTest-1408849615 tempest-VolumesActionsTest-1408849615-project-member] Using url versioning {{(pid=99478) process_request /opt/stack/glance/glance/api/middleware/version_negotiation.py:57}}
Jun 23 10:16:25.693708 np0000003452 devstack@g-api.service[99478]: DEBUG glance.api.middleware.version_negotiation [None req-21cdc07b-d97a-4a5c-a401-3b61fb7999aa tempest-VolumesActionsTest-1408849615 tempest-VolumesActionsTest-1408849615-project-member] Matched version: v2 {{(pid=99478) process_request /opt/stack/glance/glance/api/middleware/version_negotiation.py:69}}
Jun 23 10:16:25.693819 np0000003452 devstack@g-api.service[99478]: DEBUG glance.api.middleware.version_negotiation [None req-21cdc07b-d97a-4a5c-a401-3b61fb7999aa tempest-VolumesActionsTest-1408849615 tempest-VolumesActionsTest-1408849615-project-member] new path /v2/images/ff3e090a-7b2c-442a-9f15-211efe01eb2f/file {{(pid=99478) process_request /opt/stack/glance/glance/api/middleware/version_negotiation.py:70}}
Jun 23 10:16:26.011502 np0000003452 devstack@g-api.service[99478]: INFO glance.api.v2.image_data [None req-21cdc07b-d97a-4a5c-a401-3b61fb7999aa tempest-VolumesActionsTest-1408849615 tempest-VolumesActionsTest-1408849615-project-member] Unable to create trust: no such option collect_timing in group [keystone_authtoken] Use the existing user token.
Jun 23 10:16:26.315072 np0000003452 devstack@g-api.service[99479]: DEBUG glance.api.middleware.version_negotiation [None req-21cdc07b-d97a-4a5c-a401-3b61fb7999aa tempest-VolumesActionsTest-1408849615 tempest-VolumesActionsTest-1408849615-project-member] Determining version of request: GET /v2/images/ff3e090a-7b2c-442a-9f15-211efe01eb2f Accept: application/json {{(pid=99479) process_request /opt/stack/glance/glance/api/middleware/version_negotiation.py:44}}
Jun 23 10:16:26.315483 np0000003452 devstack@g-api.service[99479]: DEBUG glance.api.middleware.version_negotiation [None req-21cdc07b-d97a-4a5c-a401-3b61fb7999aa tempest-VolumesActionsTest-1408849615 tempest-VolumesActionsTest-1408849615-project-member] Using url versioning {{(pid=99479) process_request /opt/stack/glance/glance/api/middleware/version_negotiation.py:57}}
Jun 23 10:16:26.315483 np0000003452 devstack@g-api.service[99479]: DEBUG glance.api.middleware.version_negotiation [None req-21cdc07b-d97a-4a5c-a401-3b61fb7999aa tempest-VolumesActionsTest-1408849615 tempest-VolumesActionsTest-1408849615-project-member] Matched version: v2 {{(pid=99479) process_request /opt/stack/glance/glance/api/middleware/version_negotiation.py:69}}
Jun 23 10:16:26.315554 np0000003452 devstack@g-api.service[99479]: DEBUG glance.api.middleware.version_negotiation [None req-21cdc07b-d97a-4a5c-a401-3b61fb7999aa tempest-VolumesActionsTest-1408849615 tempest-VolumesActionsTest-1408849615-project-member] new path /v2/images/ff3e090a-7b2c-442a-9f15-211efe01eb2f {{(pid=99479) process_request /opt/stack/glance/glance/api/middleware/version_negotiation.py:70}}
Jun 23 10:16:26.323348 np0000003452 devstack@g-api.service[99479]: [pid: 99479|app: 0|req: 92/267] 127.0.0.1 () {40 vars in 838 bytes} [Tue Jun 23 10:16:26 2026] GET /v2/images/ff3e090a-7b2c-442a-9f15-211efe01eb2f => generated 648 bytes in 8 msecs (HTTP/1.1 200) 4 headers in 157 bytes (1 switches on core 0)
Jun 23 10:16:26.455618 np0000003452 devstack@g-api.service[99478]: DEBUG glance.location [None req-21cdc07b-d97a-4a5c-a401-3b61fb7999aa tempest-VolumesActionsTest-1408849615 tempest-VolumesActionsTest-1408849615-project-member] Enabling in-flight format inspection for raw {{(pid=99478) set_data /opt/stack/glance/glance/location.py:616}}
Jun 23 10:16:26.456047 np0000003452 devstack@g-api.service[99478]: DEBUG glance_store.backend [None req-21cdc07b-d97a-4a5c-a401-3b61fb7999aa tempest-VolumesActionsTest-1408849615 tempest-VolumesActionsTest-1408849615-project-member] Attempting to import store swift {{(pid=99478) _load_store /opt/stack/data/venv/lib/python3.12/site-packages/glance_store/backend.py:215}}
Jun 23 10:16:26.457333 np0000003452 devstack@g-api.service[99478]: DEBUG glance_store.capabilities [None req-21cdc07b-d97a-4a5c-a401-3b61fb7999aa tempest-VolumesActionsTest-1408849615 tempest-VolumesActionsTest-1408849615-project-member] Store glance_store._drivers.swift.store.SingleTenantStore doesn't support updating dynamic storage capabilities. Please overwrite 'update_capabilities' method of the store to implement updating logics if needed. {{(pid=99478) update_capabilities /opt/stack/data/venv/lib/python3.12/site-packages/glance_store/capabilities.py:91}}
Jun 23 10:16:26.457440 np0000003452 devstack@g-api.service[99478]: DEBUG glance_store.driver [None req-21cdc07b-d97a-4a5c-a401-3b61fb7999aa tempest-VolumesActionsTest-1408849615 tempest-VolumesActionsTest-1408849615-project-member] Late loading location class glance_store._drivers.swift.store.StoreLocation {{(pid=99478) get_store_location_class /opt/stack/data/venv/lib/python3.12/site-packages/glance_store/driver.py:134}}
Jun 23 10:16:26.457545 np0000003452 devstack@g-api.service[99478]: DEBUG glance_store.location [None req-21cdc07b-d97a-4a5c-a401-3b61fb7999aa tempest-VolumesActionsTest-1408849615 tempest-VolumesActionsTest-1408849615-project-member] Registering scheme swift+https with {'store': , 'location_class': , 'store_entry': 'swift'} {{(pid=99478) register_scheme_map /opt/stack/data/venv/lib/python3.12/site-packages/glance_store/location.py:146}}
Jun 23 10:16:26.457663 np0000003452 devstack@g-api.service[99478]: DEBUG glance_store.location [None req-21cdc07b-d97a-4a5c-a401-3b61fb7999aa tempest-VolumesActionsTest-1408849615 tempest-VolumesActionsTest-1408849615-project-member] Registering scheme swift+https with {'store': , 'location_class': , 'store_entry': 'swift'} {{(pid=99478) register_scheme_map /opt/stack/data/venv/lib/python3.12/site-packages/glance_store/location.py:146}}
Jun 23 10:16:26.457728 np0000003452 devstack@g-api.service[99478]: DEBUG glance_store.location [None req-21cdc07b-d97a-4a5c-a401-3b61fb7999aa tempest-VolumesActionsTest-1408849615 tempest-VolumesActionsTest-1408849615-project-member] Registering scheme swift with {'store': , 'location_class': , 'store_entry': 'swift'} {{(pid=99478) register_scheme_map /opt/stack/data/venv/lib/python3.12/site-packages/glance_store/location.py:146}}
Jun 23 10:16:26.457797 np0000003452 devstack@g-api.service[99478]: DEBUG glance_store.location [None req-21cdc07b-d97a-4a5c-a401-3b61fb7999aa tempest-VolumesActionsTest-1408849615 tempest-VolumesActionsTest-1408849615-project-member] Registering scheme swift+https with {'store': , 'location_class': , 'store_entry': 'swift'} {{(pid=99478) register_scheme_map /opt/stack/data/venv/lib/python3.12/site-packages/glance_store/location.py:146}}
Jun 23 10:16:26.457870 np0000003452 devstack@g-api.service[99478]: DEBUG glance_store.location [None req-21cdc07b-d97a-4a5c-a401-3b61fb7999aa tempest-VolumesActionsTest-1408849615 tempest-VolumesActionsTest-1408849615-project-member] Registering scheme swift with {'store': , 'location_class': , 'store_entry': 'swift'} {{(pid=99478) register_scheme_map /opt/stack/data/venv/lib/python3.12/site-packages/glance_store/location.py:146}}
Jun 23 10:16:26.457938 np0000003452 devstack@g-api.service[99478]: DEBUG glance_store.location [None req-21cdc07b-d97a-4a5c-a401-3b61fb7999aa tempest-VolumesActionsTest-1408849615 tempest-VolumesActionsTest-1408849615-project-member] Registering scheme swift+http with {'store': , 'location_class': , 'store_entry': 'swift'} {{(pid=99478) register_scheme_map /opt/stack/data/venv/lib/python3.12/site-packages/glance_store/location.py:146}}
Jun 23 10:16:26.458008 np0000003452 devstack@g-api.service[99478]: DEBUG glance_store.location [None req-21cdc07b-d97a-4a5c-a401-3b61fb7999aa tempest-VolumesActionsTest-1408849615 tempest-VolumesActionsTest-1408849615-project-member] Registering scheme swift+https with {'store': , 'location_class': , 'store_entry': 'swift'} {{(pid=99478) register_scheme_map /opt/stack/data/venv/lib/python3.12/site-packages/glance_store/location.py:146}}
Jun 23 10:16:26.458075 np0000003452 devstack@g-api.service[99478]: DEBUG glance_store.location [None req-21cdc07b-d97a-4a5c-a401-3b61fb7999aa tempest-VolumesActionsTest-1408849615 tempest-VolumesActionsTest-1408849615-project-member] Registering scheme swift with {'store': , 'location_class': , 'store_entry': 'swift'} {{(pid=99478) register_scheme_map /opt/stack/data/venv/lib/python3.12/site-packages/glance_store/location.py:146}}
Jun 23 10:16:26.458141 np0000003452 devstack@g-api.service[99478]: DEBUG glance_store.location [None req-21cdc07b-d97a-4a5c-a401-3b61fb7999aa tempest-VolumesActionsTest-1408849615 tempest-VolumesActionsTest-1408849615-project-member] Registering scheme swift+http with {'store': , 'location_class': , 'store_entry': 'swift'} {{(pid=99478) register_scheme_map /opt/stack/data/venv/lib/python3.12/site-packages/glance_store/location.py:146}}
Jun 23 10:16:26.458226 np0000003452 devstack@g-api.service[99478]: DEBUG glance_store.location [None req-21cdc07b-d97a-4a5c-a401-3b61fb7999aa tempest-VolumesActionsTest-1408849615 tempest-VolumesActionsTest-1408849615-project-member] Registering scheme swift+config with {'store': , 'location_class': , 'store_entry': 'swift'} {{(pid=99478) register_scheme_map /opt/stack/data/venv/lib/python3.12/site-packages/glance_store/location.py:146}}
Jun 23 10:16:26.598609 np0000003452 devstack@g-api.service[99478]: DEBUG swiftclient [None req-21cdc07b-d97a-4a5c-a401-3b61fb7999aa tempest-VolumesActionsTest-1408849615 tempest-VolumesActionsTest-1408849615-project-member] REQ: curl -i https://10.4.3.180:8080/v1/AUTH_0594c76041374093b0688c8ce4a38bb5/glance -I -H "X-Auth-Token: gAAAAABqOlz612JB..." {{(pid=99478) http_log /opt/stack/data/venv/lib/python3.12/site-packages/swiftclient/client.py:160}}
Jun 23 10:16:26.598733 np0000003452 devstack@g-api.service[99478]: DEBUG swiftclient [None req-21cdc07b-d97a-4a5c-a401-3b61fb7999aa tempest-VolumesActionsTest-1408849615 tempest-VolumesActionsTest-1408849615-project-member] RESP STATUS: 204 No Content {{(pid=99478) http_log /opt/stack/data/venv/lib/python3.12/site-packages/swiftclient/client.py:161}}
Jun 23 10:16:26.598890 np0000003452 devstack@g-api.service[99478]: DEBUG swiftclient [None req-21cdc07b-d97a-4a5c-a401-3b61fb7999aa tempest-VolumesActionsTest-1408849615 tempest-VolumesActionsTest-1408849615-project-member] RESP HEADERS: {'Date': 'Tue, 23 Jun 2026 10:16:26 GMT', 'Server': 'Apache/2.4.58 (Ubuntu)', 'Content-Type': 'text/plain; charset=utf-8', 'X-Container-Object-Count': '3', 'X-Container-Bytes-Used': '64356352', 'X-Timestamp': '1782209198.39476', 'Last-Modified': 'Tue, 23 Jun 2026 10:06:39 GMT', 'Accept-Ranges': 'bytes', 'X-Storage-Policy': 'Policy-0', 'X-Container-Sharding': 'False', 'Vary': 'Accept', 'X-Trans-Id': 'tx4adaec7cb24e47d1908cd-006a3a5cfa', 'X-Openstack-Request-Id': 'tx4adaec7cb24e47d1908cd-006a3a5cfa', 'Connection': 'close'} {{(pid=99478) http_log /opt/stack/data/venv/lib/python3.12/site-packages/swiftclient/client.py:162}}
Jun 23 10:16:26.599037 np0000003452 devstack@g-api.service[99478]: DEBUG glance_store._drivers.swift.store [None req-21cdc07b-d97a-4a5c-a401-3b61fb7999aa tempest-VolumesActionsTest-1408849615 tempest-VolumesActionsTest-1408849615-project-member] Adding image object 'ff3e090a-7b2c-442a-9f15-211efe01eb2f' to Swift {{(pid=99478) add /opt/stack/data/venv/lib/python3.12/site-packages/glance_store/_drivers/swift/store.py:970}}
Jun 23 10:16:26.599108 np0000003452 devstack@g-api.service[99478]: DEBUG glance_store._drivers.swift.store [None req-21cdc07b-d97a-4a5c-a401-3b61fb7999aa tempest-VolumesActionsTest-1408849615 tempest-VolumesActionsTest-1408849615-project-member] Cannot determine image size because it is either not provided in the request or chunked-transfer encoding is used. Adding image as a segmented object to Swift. {{(pid=99478) add /opt/stack/data/venv/lib/python3.12/site-packages/glance_store/_drivers/swift/store.py:994}}
Jun 23 10:16:26.604361 np0000003452 devstack@g-api.service[99478]: DEBUG oslo_utils.imageutils.format_inspector [None req-21cdc07b-d97a-4a5c-a401-3b61fb7999aa tempest-VolumesActionsTest-1408849615 tempest-VolumesActionsTest-1408849615-project-member] Format inspector for vmdk does not match, excluding from consideration (Signature KDMV not found: b'\x00\x00\x00\x00') {{(pid=99478) _process_chunk /opt/stack/data/venv/lib/python3.12/site-packages/oslo_utils/imageutils/format_inspector.py:1758}}
Jun 23 10:16:26.606576 np0000003452 devstack@g-api.service[99478]: DEBUG oslo_utils.imageutils.format_inspector [None req-21cdc07b-d97a-4a5c-a401-3b61fb7999aa tempest-VolumesActionsTest-1408849615 tempest-VolumesActionsTest-1408849615-project-member] Format inspector for vhdx does not match, excluding from consideration (Region signature not found at 30000) {{(pid=99478) _process_chunk /opt/stack/data/venv/lib/python3.12/site-packages/oslo_utils/imageutils/format_inspector.py:1758}}
Jun 23 10:16:27.332222 np0000003452 devstack@g-api.service[99477]: DEBUG glance.api.middleware.version_negotiation [None req-9673726a-12f8-4959-a312-916293ea3917 tempest-VolumesActionsTest-1408849615 tempest-VolumesActionsTest-1408849615-project-member] Determining version of request: GET /v2/images/ff3e090a-7b2c-442a-9f15-211efe01eb2f Accept: application/json {{(pid=99477) process_request /opt/stack/glance/glance/api/middleware/version_negotiation.py:44}}
Jun 23 10:16:27.332669 np0000003452 devstack@g-api.service[99477]: DEBUG glance.api.middleware.version_negotiation [None req-9673726a-12f8-4959-a312-916293ea3917 tempest-VolumesActionsTest-1408849615 tempest-VolumesActionsTest-1408849615-project-member] Using url versioning {{(pid=99477) process_request /opt/stack/glance/glance/api/middleware/version_negotiation.py:57}}
Jun 23 10:16:27.332669 np0000003452 devstack@g-api.service[99477]: DEBUG glance.api.middleware.version_negotiation [None req-9673726a-12f8-4959-a312-916293ea3917 tempest-VolumesActionsTest-1408849615 tempest-VolumesActionsTest-1408849615-project-member] Matched version: v2 {{(pid=99477) process_request /opt/stack/glance/glance/api/middleware/version_negotiation.py:69}}
Jun 23 10:16:27.332669 np0000003452 devstack@g-api.service[99477]: DEBUG glance.api.middleware.version_negotiation [None req-9673726a-12f8-4959-a312-916293ea3917 tempest-VolumesActionsTest-1408849615 tempest-VolumesActionsTest-1408849615-project-member] new path /v2/images/ff3e090a-7b2c-442a-9f15-211efe01eb2f {{(pid=99477) process_request /opt/stack/glance/glance/api/middleware/version_negotiation.py:70}}
Jun 23 10:16:27.351781 np0000003452 devstack@g-api.service[99477]: [pid: 99477|app: 0|req: 84/268] 127.0.0.1 () {40 vars in 838 bytes} [Tue Jun 23 10:16:27 2026] GET /v2/images/ff3e090a-7b2c-442a-9f15-211efe01eb2f => generated 648 bytes in 20 msecs (HTTP/1.1 200) 4 headers in 157 bytes (1 switches on core 0)
Jun 23 10:16:28.327609 np0000003452 devstack@g-api.service[99478]: DEBUG swiftclient [None req-21cdc07b-d97a-4a5c-a401-3b61fb7999aa tempest-VolumesActionsTest-1408849615 tempest-VolumesActionsTest-1408849615-project-member] REQ: curl -i https://10.4.3.180:8080/v1/AUTH_0594c76041374093b0688c8ce4a38bb5/glance/ff3e090a-7b2c-442a-9f15-211efe01eb2f-00001 -X PUT -H "X-Auth-Token: gAAAAABqOlz612JB..." {{(pid=99478) http_log /opt/stack/data/venv/lib/python3.12/site-packages/swiftclient/client.py:160}}
Jun 23 10:16:28.327962 np0000003452 devstack@g-api.service[99478]: DEBUG swiftclient [None req-21cdc07b-d97a-4a5c-a401-3b61fb7999aa tempest-VolumesActionsTest-1408849615 tempest-VolumesActionsTest-1408849615-project-member] RESP STATUS: 201 Created {{(pid=99478) http_log /opt/stack/data/venv/lib/python3.12/site-packages/swiftclient/client.py:161}}
Jun 23 10:16:28.327962 np0000003452 devstack@g-api.service[99478]: DEBUG swiftclient [None req-21cdc07b-d97a-4a5c-a401-3b61fb7999aa tempest-VolumesActionsTest-1408849615 tempest-VolumesActionsTest-1408849615-project-member] RESP HEADERS: {'Date': 'Tue, 23 Jun 2026 10:16:28 GMT', 'Server': 'Apache/2.4.58 (Ubuntu)', 'Content-Type': 'text/html; charset=UTF-8', 'Content-Length': '0', 'Etag': 'eda9a9889837ac4bc81d6387d92c1bec', 'Last-Modified': 'Tue, 23 Jun 2026 10:16:27 GMT', 'X-Trans-Id': 'tx3fc1fcb1ee504833b7252-006a3a5cfa', 'X-Openstack-Request-Id': 'tx3fc1fcb1ee504833b7252-006a3a5cfa', 'Connection': 'close'} {{(pid=99478) http_log /opt/stack/data/venv/lib/python3.12/site-packages/swiftclient/client.py:162}}
Jun 23 10:16:28.327962 np0000003452 devstack@g-api.service[99478]: DEBUG glance_store._drivers.swift.store [None req-21cdc07b-d97a-4a5c-a401-3b61fb7999aa tempest-VolumesActionsTest-1408849615 tempest-VolumesActionsTest-1408849615-project-member] Wrote chunk ff3e090a-7b2c-442a-9f15-211efe01eb2f-00001 (1/?) of length 204800000 to Swift returning MD5 of content: eda9a9889837ac4bc81d6387d92c1bec {{(pid=99478) add /opt/stack/data/venv/lib/python3.12/site-packages/glance_store/_drivers/swift/store.py:1059}}
Jun 23 10:16:28.359335 np0000003452 devstack@g-api.service[99479]: DEBUG glance.api.middleware.version_negotiation [None req-1d46b89f-b19b-400e-92bc-3c7a50d13ad3 tempest-VolumesActionsTest-1408849615 tempest-VolumesActionsTest-1408849615-project-member] Determining version of request: GET /v2/images/ff3e090a-7b2c-442a-9f15-211efe01eb2f Accept: application/json {{(pid=99479) process_request /opt/stack/glance/glance/api/middleware/version_negotiation.py:44}}
Jun 23 10:16:28.359859 np0000003452 devstack@g-api.service[99479]: DEBUG glance.api.middleware.version_negotiation [None req-1d46b89f-b19b-400e-92bc-3c7a50d13ad3 tempest-VolumesActionsTest-1408849615 tempest-VolumesActionsTest-1408849615-project-member] Using url versioning {{(pid=99479) process_request /opt/stack/glance/glance/api/middleware/version_negotiation.py:57}}
Jun 23 10:16:28.359859 np0000003452 devstack@g-api.service[99479]: DEBUG glance.api.middleware.version_negotiation [None req-1d46b89f-b19b-400e-92bc-3c7a50d13ad3 tempest-VolumesActionsTest-1408849615 tempest-VolumesActionsTest-1408849615-project-member] Matched version: v2 {{(pid=99479) process_request /opt/stack/glance/glance/api/middleware/version_negotiation.py:69}}
Jun 23 10:16:28.359859 np0000003452 devstack@g-api.service[99479]: DEBUG glance.api.middleware.version_negotiation [None req-1d46b89f-b19b-400e-92bc-3c7a50d13ad3 tempest-VolumesActionsTest-1408849615 tempest-VolumesActionsTest-1408849615-project-member] new path /v2/images/ff3e090a-7b2c-442a-9f15-211efe01eb2f {{(pid=99479) process_request /opt/stack/glance/glance/api/middleware/version_negotiation.py:70}}
Jun 23 10:16:28.368630 np0000003452 devstack@g-api.service[99479]: [pid: 99479|app: 0|req: 93/269] 127.0.0.1 () {40 vars in 838 bytes} [Tue Jun 23 10:16:28 2026] GET /v2/images/ff3e090a-7b2c-442a-9f15-211efe01eb2f => generated 648 bytes in 9 msecs (HTTP/1.1 200) 4 headers in 157 bytes (1 switches on core 0)
Jun 23 10:16:29.376671 np0000003452 devstack@g-api.service[99477]: DEBUG glance.api.middleware.version_negotiation [None req-2fa6ee1a-b052-4ecc-94e0-954e70b1f99d tempest-VolumesActionsTest-1408849615 tempest-VolumesActionsTest-1408849615-project-member] Determining version of request: GET /v2/images/ff3e090a-7b2c-442a-9f15-211efe01eb2f Accept: application/json {{(pid=99477) process_request /opt/stack/glance/glance/api/middleware/version_negotiation.py:44}}
Jun 23 10:16:29.377158 np0000003452 devstack@g-api.service[99477]: DEBUG glance.api.middleware.version_negotiation [None req-2fa6ee1a-b052-4ecc-94e0-954e70b1f99d tempest-VolumesActionsTest-1408849615 tempest-VolumesActionsTest-1408849615-project-member] Using url versioning {{(pid=99477) process_request /opt/stack/glance/glance/api/middleware/version_negotiation.py:57}}
Jun 23 10:16:29.377158 np0000003452 devstack@g-api.service[99477]: DEBUG glance.api.middleware.version_negotiation [None req-2fa6ee1a-b052-4ecc-94e0-954e70b1f99d tempest-VolumesActionsTest-1408849615 tempest-VolumesActionsTest-1408849615-project-member] Matched version: v2 {{(pid=99477) process_request /opt/stack/glance/glance/api/middleware/version_negotiation.py:69}}
Jun 23 10:16:29.377158 np0000003452 devstack@g-api.service[99477]: DEBUG glance.api.middleware.version_negotiation [None req-2fa6ee1a-b052-4ecc-94e0-954e70b1f99d tempest-VolumesActionsTest-1408849615 tempest-VolumesActionsTest-1408849615-project-member] new path /v2/images/ff3e090a-7b2c-442a-9f15-211efe01eb2f {{(pid=99477) process_request /opt/stack/glance/glance/api/middleware/version_negotiation.py:70}}
Jun 23 10:16:29.386168 np0000003452 devstack@g-api.service[99477]: [pid: 99477|app: 0|req: 85/270] 127.0.0.1 () {40 vars in 838 bytes} [Tue Jun 23 10:16:29 2026] GET /v2/images/ff3e090a-7b2c-442a-9f15-211efe01eb2f => generated 648 bytes in 10 msecs (HTTP/1.1 200) 4 headers in 157 bytes (1 switches on core 0)
Jun 23 10:16:30.150324 np0000003452 devstack@g-api.service[99478]: DEBUG swiftclient [None req-21cdc07b-d97a-4a5c-a401-3b61fb7999aa tempest-VolumesActionsTest-1408849615 tempest-VolumesActionsTest-1408849615-project-member] REQ: curl -i https://10.4.3.180:8080/v1/AUTH_0594c76041374093b0688c8ce4a38bb5/glance/ff3e090a-7b2c-442a-9f15-211efe01eb2f-00002 -X PUT -H "X-Auth-Token: gAAAAABqOlz612JB..." {{(pid=99478) http_log /opt/stack/data/venv/lib/python3.12/site-packages/swiftclient/client.py:160}}
Jun 23 10:16:30.150596 np0000003452 devstack@g-api.service[99478]: DEBUG swiftclient [None req-21cdc07b-d97a-4a5c-a401-3b61fb7999aa tempest-VolumesActionsTest-1408849615 tempest-VolumesActionsTest-1408849615-project-member] RESP STATUS: 201 Created {{(pid=99478) http_log /opt/stack/data/venv/lib/python3.12/site-packages/swiftclient/client.py:161}}
Jun 23 10:16:30.150596 np0000003452 devstack@g-api.service[99478]: DEBUG swiftclient [None req-21cdc07b-d97a-4a5c-a401-3b61fb7999aa tempest-VolumesActionsTest-1408849615 tempest-VolumesActionsTest-1408849615-project-member] RESP HEADERS: {'Date': 'Tue, 23 Jun 2026 10:16:30 GMT', 'Server': 'Apache/2.4.58 (Ubuntu)', 'Content-Type': 'text/html; charset=UTF-8', 'Content-Length': '0', 'Etag': 'eda9a9889837ac4bc81d6387d92c1bec', 'Last-Modified': 'Tue, 23 Jun 2026 10:16:29 GMT', 'X-Trans-Id': 'txadbfe406dd8a47bca75f1-006a3a5cfc', 'X-Openstack-Request-Id': 'txadbfe406dd8a47bca75f1-006a3a5cfc', 'Connection': 'close'} {{(pid=99478) http_log /opt/stack/data/venv/lib/python3.12/site-packages/swiftclient/client.py:162}}
Jun 23 10:16:30.150713 np0000003452 devstack@g-api.service[99478]: DEBUG glance_store._drivers.swift.store [None req-21cdc07b-d97a-4a5c-a401-3b61fb7999aa tempest-VolumesActionsTest-1408849615 tempest-VolumesActionsTest-1408849615-project-member] Wrote chunk ff3e090a-7b2c-442a-9f15-211efe01eb2f-00002 (2/?) of length 204800000 to Swift returning MD5 of content: eda9a9889837ac4bc81d6387d92c1bec {{(pid=99478) add /opt/stack/data/venv/lib/python3.12/site-packages/glance_store/_drivers/swift/store.py:1059}}
Jun 23 10:16:30.394723 np0000003452 devstack@g-api.service[99479]: DEBUG glance.api.middleware.version_negotiation [None req-96f70f54-c351-41da-b63d-f96216ba225b tempest-VolumesActionsTest-1408849615 tempest-VolumesActionsTest-1408849615-project-member] Determining version of request: GET /v2/images/ff3e090a-7b2c-442a-9f15-211efe01eb2f Accept: application/json {{(pid=99479) process_request /opt/stack/glance/glance/api/middleware/version_negotiation.py:44}}
Jun 23 10:16:30.395159 np0000003452 devstack@g-api.service[99479]: DEBUG glance.api.middleware.version_negotiation [None req-96f70f54-c351-41da-b63d-f96216ba225b tempest-VolumesActionsTest-1408849615 tempest-VolumesActionsTest-1408849615-project-member] Using url versioning {{(pid=99479) process_request /opt/stack/glance/glance/api/middleware/version_negotiation.py:57}}
Jun 23 10:16:30.395159 np0000003452 devstack@g-api.service[99479]: DEBUG glance.api.middleware.version_negotiation [None req-96f70f54-c351-41da-b63d-f96216ba225b tempest-VolumesActionsTest-1408849615 tempest-VolumesActionsTest-1408849615-project-member] Matched version: v2 {{(pid=99479) process_request /opt/stack/glance/glance/api/middleware/version_negotiation.py:69}}
Jun 23 10:16:30.395159 np0000003452 devstack@g-api.service[99479]: DEBUG glance.api.middleware.version_negotiation [None req-96f70f54-c351-41da-b63d-f96216ba225b tempest-VolumesActionsTest-1408849615 tempest-VolumesActionsTest-1408849615-project-member] new path /v2/images/ff3e090a-7b2c-442a-9f15-211efe01eb2f {{(pid=99479) process_request /opt/stack/glance/glance/api/middleware/version_negotiation.py:70}}
Jun 23 10:16:30.406574 np0000003452 devstack@g-api.service[99479]: [pid: 99479|app: 0|req: 94/271] 127.0.0.1 () {40 vars in 838 bytes} [Tue Jun 23 10:16:30 2026] GET /v2/images/ff3e090a-7b2c-442a-9f15-211efe01eb2f => generated 648 bytes in 12 msecs (HTTP/1.1 200) 4 headers in 157 bytes (1 switches on core 0)
Jun 23 10:16:31.414393 np0000003452 devstack@g-api.service[99477]: DEBUG glance.api.middleware.version_negotiation [None req-5958aa55-a8a2-43c4-8d6a-33edd011ddf5 tempest-VolumesActionsTest-1408849615 tempest-VolumesActionsTest-1408849615-project-member] Determining version of request: GET /v2/images/ff3e090a-7b2c-442a-9f15-211efe01eb2f Accept: application/json {{(pid=99477) process_request /opt/stack/glance/glance/api/middleware/version_negotiation.py:44}}
Jun 23 10:16:31.415544 np0000003452 devstack@g-api.service[99477]: DEBUG glance.api.middleware.version_negotiation [None req-5958aa55-a8a2-43c4-8d6a-33edd011ddf5 tempest-VolumesActionsTest-1408849615 tempest-VolumesActionsTest-1408849615-project-member] Using url versioning {{(pid=99477) process_request /opt/stack/glance/glance/api/middleware/version_negotiation.py:57}}
Jun 23 10:16:31.415544 np0000003452 devstack@g-api.service[99477]: DEBUG glance.api.middleware.version_negotiation [None req-5958aa55-a8a2-43c4-8d6a-33edd011ddf5 tempest-VolumesActionsTest-1408849615 tempest-VolumesActionsTest-1408849615-project-member] Matched version: v2 {{(pid=99477) process_request /opt/stack/glance/glance/api/middleware/version_negotiation.py:69}}
Jun 23 10:16:31.415544 np0000003452 devstack@g-api.service[99477]: DEBUG glance.api.middleware.version_negotiation [None req-5958aa55-a8a2-43c4-8d6a-33edd011ddf5 tempest-VolumesActionsTest-1408849615 tempest-VolumesActionsTest-1408849615-project-member] new path /v2/images/ff3e090a-7b2c-442a-9f15-211efe01eb2f {{(pid=99477) process_request /opt/stack/glance/glance/api/middleware/version_negotiation.py:70}}
Jun 23 10:16:31.423488 np0000003452 devstack@g-api.service[99477]: [pid: 99477|app: 0|req: 86/272] 127.0.0.1 () {40 vars in 838 bytes} [Tue Jun 23 10:16:31 2026] GET /v2/images/ff3e090a-7b2c-442a-9f15-211efe01eb2f => generated 648 bytes in 9 msecs (HTTP/1.1 200) 4 headers in 157 bytes (1 switches on core 0)
Jun 23 10:16:31.947325 np0000003452 devstack@g-api.service[99478]: DEBUG swiftclient [None req-21cdc07b-d97a-4a5c-a401-3b61fb7999aa tempest-VolumesActionsTest-1408849615 tempest-VolumesActionsTest-1408849615-project-member] REQ: curl -i https://10.4.3.180:8080/v1/AUTH_0594c76041374093b0688c8ce4a38bb5/glance/ff3e090a-7b2c-442a-9f15-211efe01eb2f-00003 -X PUT -H "X-Auth-Token: gAAAAABqOlz612JB..." {{(pid=99478) http_log /opt/stack/data/venv/lib/python3.12/site-packages/swiftclient/client.py:160}}
Jun 23 10:16:31.947325 np0000003452 devstack@g-api.service[99478]: DEBUG swiftclient [None req-21cdc07b-d97a-4a5c-a401-3b61fb7999aa tempest-VolumesActionsTest-1408849615 tempest-VolumesActionsTest-1408849615-project-member] RESP STATUS: 201 Created {{(pid=99478) http_log /opt/stack/data/venv/lib/python3.12/site-packages/swiftclient/client.py:161}}
Jun 23 10:16:31.947325 np0000003452 devstack@g-api.service[99478]: DEBUG swiftclient [None req-21cdc07b-d97a-4a5c-a401-3b61fb7999aa tempest-VolumesActionsTest-1408849615 tempest-VolumesActionsTest-1408849615-project-member] RESP HEADERS: {'Date': 'Tue, 23 Jun 2026 10:16:31 GMT', 'Server': 'Apache/2.4.58 (Ubuntu)', 'Content-Type': 'text/html; charset=UTF-8', 'Content-Length': '0', 'Etag': 'eda9a9889837ac4bc81d6387d92c1bec', 'Last-Modified': 'Tue, 23 Jun 2026 10:16:31 GMT', 'X-Trans-Id': 'tx517b60d368154ff7969ca-006a3a5cfe', 'X-Openstack-Request-Id': 'tx517b60d368154ff7969ca-006a3a5cfe', 'Connection': 'close'} {{(pid=99478) http_log /opt/stack/data/venv/lib/python3.12/site-packages/swiftclient/client.py:162}}
Jun 23 10:16:31.947325 np0000003452 devstack@g-api.service[99478]: DEBUG glance_store._drivers.swift.store [None req-21cdc07b-d97a-4a5c-a401-3b61fb7999aa tempest-VolumesActionsTest-1408849615 tempest-VolumesActionsTest-1408849615-project-member] Wrote chunk ff3e090a-7b2c-442a-9f15-211efe01eb2f-00003 (3/?) of length 204800000 to Swift returning MD5 of content: eda9a9889837ac4bc81d6387d92c1bec {{(pid=99478) add /opt/stack/data/venv/lib/python3.12/site-packages/glance_store/_drivers/swift/store.py:1059}}
Jun 23 10:16:32.430833 np0000003452 devstack@g-api.service[99479]: DEBUG glance.api.middleware.version_negotiation [None req-e4066e13-3418-46da-8665-8258f72e465e tempest-VolumesActionsTest-1408849615 tempest-VolumesActionsTest-1408849615-project-member] Determining version of request: GET /v2/images/ff3e090a-7b2c-442a-9f15-211efe01eb2f Accept: application/json {{(pid=99479) process_request /opt/stack/glance/glance/api/middleware/version_negotiation.py:44}}
Jun 23 10:16:32.431220 np0000003452 devstack@g-api.service[99479]: DEBUG glance.api.middleware.version_negotiation [None req-e4066e13-3418-46da-8665-8258f72e465e tempest-VolumesActionsTest-1408849615 tempest-VolumesActionsTest-1408849615-project-member] Using url versioning {{(pid=99479) process_request /opt/stack/glance/glance/api/middleware/version_negotiation.py:57}}
Jun 23 10:16:32.431220 np0000003452 devstack@g-api.service[99479]: DEBUG glance.api.middleware.version_negotiation [None req-e4066e13-3418-46da-8665-8258f72e465e tempest-VolumesActionsTest-1408849615 tempest-VolumesActionsTest-1408849615-project-member] Matched version: v2 {{(pid=99479) process_request /opt/stack/glance/glance/api/middleware/version_negotiation.py:69}}
Jun 23 10:16:32.431220 np0000003452 devstack@g-api.service[99479]: DEBUG glance.api.middleware.version_negotiation [None req-e4066e13-3418-46da-8665-8258f72e465e tempest-VolumesActionsTest-1408849615 tempest-VolumesActionsTest-1408849615-project-member] new path /v2/images/ff3e090a-7b2c-442a-9f15-211efe01eb2f {{(pid=99479) process_request /opt/stack/glance/glance/api/middleware/version_negotiation.py:70}}
Jun 23 10:16:32.438692 np0000003452 devstack@g-api.service[99479]: [pid: 99479|app: 0|req: 95/273] 127.0.0.1 () {40 vars in 838 bytes} [Tue Jun 23 10:16:32 2026] GET /v2/images/ff3e090a-7b2c-442a-9f15-211efe01eb2f => generated 648 bytes in 8 msecs (HTTP/1.1 200) 4 headers in 157 bytes (1 switches on core 0)
Jun 23 10:16:33.447919 np0000003452 devstack@g-api.service[99477]: DEBUG glance.api.middleware.version_negotiation [None req-18867369-778c-4651-9adb-c30ebdb22148 tempest-VolumesActionsTest-1408849615 tempest-VolumesActionsTest-1408849615-project-member] Determining version of request: GET /v2/images/ff3e090a-7b2c-442a-9f15-211efe01eb2f Accept: application/json {{(pid=99477) process_request /opt/stack/glance/glance/api/middleware/version_negotiation.py:44}}
Jun 23 10:16:33.447919 np0000003452 devstack@g-api.service[99477]: DEBUG glance.api.middleware.version_negotiation [None req-18867369-778c-4651-9adb-c30ebdb22148 tempest-VolumesActionsTest-1408849615 tempest-VolumesActionsTest-1408849615-project-member] Using url versioning {{(pid=99477) process_request /opt/stack/glance/glance/api/middleware/version_negotiation.py:57}}
Jun 23 10:16:33.447919 np0000003452 devstack@g-api.service[99477]: DEBUG glance.api.middleware.version_negotiation [None req-18867369-778c-4651-9adb-c30ebdb22148 tempest-VolumesActionsTest-1408849615 tempest-VolumesActionsTest-1408849615-project-member] Matched version: v2 {{(pid=99477) process_request /opt/stack/glance/glance/api/middleware/version_negotiation.py:69}}
Jun 23 10:16:33.447919 np0000003452 devstack@g-api.service[99477]: DEBUG glance.api.middleware.version_negotiation [None req-18867369-778c-4651-9adb-c30ebdb22148 tempest-VolumesActionsTest-1408849615 tempest-VolumesActionsTest-1408849615-project-member] new path /v2/images/ff3e090a-7b2c-442a-9f15-211efe01eb2f {{(pid=99477) process_request /opt/stack/glance/glance/api/middleware/version_negotiation.py:70}}
Jun 23 10:16:33.461126 np0000003452 devstack@g-api.service[99477]: [pid: 99477|app: 0|req: 87/274] 127.0.0.1 () {40 vars in 838 bytes} [Tue Jun 23 10:16:33 2026] GET /v2/images/ff3e090a-7b2c-442a-9f15-211efe01eb2f => generated 648 bytes in 14 msecs (HTTP/1.1 200) 4 headers in 157 bytes (1 switches on core 0)
Jun 23 10:16:33.706453 np0000003452 devstack@g-api.service[99478]: DEBUG swiftclient [None req-21cdc07b-d97a-4a5c-a401-3b61fb7999aa tempest-VolumesActionsTest-1408849615 tempest-VolumesActionsTest-1408849615-project-member] REQ: curl -i https://10.4.3.180:8080/v1/AUTH_0594c76041374093b0688c8ce4a38bb5/glance/ff3e090a-7b2c-442a-9f15-211efe01eb2f-00004 -X PUT -H "X-Auth-Token: gAAAAABqOlz612JB..." {{(pid=99478) http_log /opt/stack/data/venv/lib/python3.12/site-packages/swiftclient/client.py:160}}
Jun 23 10:16:33.706804 np0000003452 devstack@g-api.service[99478]: DEBUG swiftclient [None req-21cdc07b-d97a-4a5c-a401-3b61fb7999aa tempest-VolumesActionsTest-1408849615 tempest-VolumesActionsTest-1408849615-project-member] RESP STATUS: 201 Created {{(pid=99478) http_log /opt/stack/data/venv/lib/python3.12/site-packages/swiftclient/client.py:161}}
Jun 23 10:16:33.706804 np0000003452 devstack@g-api.service[99478]: DEBUG swiftclient [None req-21cdc07b-d97a-4a5c-a401-3b61fb7999aa tempest-VolumesActionsTest-1408849615 tempest-VolumesActionsTest-1408849615-project-member] RESP HEADERS: {'Date': 'Tue, 23 Jun 2026 10:16:33 GMT', 'Server': 'Apache/2.4.58 (Ubuntu)', 'Content-Type': 'text/html; charset=UTF-8', 'Content-Length': '0', 'Etag': 'eda9a9889837ac4bc81d6387d92c1bec', 'Last-Modified': 'Tue, 23 Jun 2026 10:16:32 GMT', 'X-Trans-Id': 'tx28ca5edc166b467ba91a3-006a3a5cff', 'X-Openstack-Request-Id': 'tx28ca5edc166b467ba91a3-006a3a5cff', 'Connection': 'close'} {{(pid=99478) http_log /opt/stack/data/venv/lib/python3.12/site-packages/swiftclient/client.py:162}}
Jun 23 10:16:33.706804 np0000003452 devstack@g-api.service[99478]: DEBUG glance_store._drivers.swift.store [None req-21cdc07b-d97a-4a5c-a401-3b61fb7999aa tempest-VolumesActionsTest-1408849615 tempest-VolumesActionsTest-1408849615-project-member] Wrote chunk ff3e090a-7b2c-442a-9f15-211efe01eb2f-00004 (4/?) of length 204800000 to Swift returning MD5 of content: eda9a9889837ac4bc81d6387d92c1bec {{(pid=99478) add /opt/stack/data/venv/lib/python3.12/site-packages/glance_store/_drivers/swift/store.py:1059}}
Jun 23 10:16:34.467965 np0000003452 devstack@g-api.service[99479]: DEBUG glance.api.middleware.version_negotiation [None req-8dfd194f-6e05-40e6-8bfb-6d8ece72255b tempest-VolumesActionsTest-1408849615 tempest-VolumesActionsTest-1408849615-project-member] Determining version of request: GET /v2/images/ff3e090a-7b2c-442a-9f15-211efe01eb2f Accept: application/json {{(pid=99479) process_request /opt/stack/glance/glance/api/middleware/version_negotiation.py:44}}
Jun 23 10:16:34.468535 np0000003452 devstack@g-api.service[99479]: DEBUG glance.api.middleware.version_negotiation [None req-8dfd194f-6e05-40e6-8bfb-6d8ece72255b tempest-VolumesActionsTest-1408849615 tempest-VolumesActionsTest-1408849615-project-member] Using url versioning {{(pid=99479) process_request /opt/stack/glance/glance/api/middleware/version_negotiation.py:57}}
Jun 23 10:16:34.468535 np0000003452 devstack@g-api.service[99479]: DEBUG glance.api.middleware.version_negotiation [None req-8dfd194f-6e05-40e6-8bfb-6d8ece72255b tempest-VolumesActionsTest-1408849615 tempest-VolumesActionsTest-1408849615-project-member] Matched version: v2 {{(pid=99479) process_request /opt/stack/glance/glance/api/middleware/version_negotiation.py:69}}
Jun 23 10:16:34.468535 np0000003452 devstack@g-api.service[99479]: DEBUG glance.api.middleware.version_negotiation [None req-8dfd194f-6e05-40e6-8bfb-6d8ece72255b tempest-VolumesActionsTest-1408849615 tempest-VolumesActionsTest-1408849615-project-member] new path /v2/images/ff3e090a-7b2c-442a-9f15-211efe01eb2f {{(pid=99479) process_request /opt/stack/glance/glance/api/middleware/version_negotiation.py:70}}
Jun 23 10:16:34.479525 np0000003452 devstack@g-api.service[99479]: [pid: 99479|app: 0|req: 96/275] 127.0.0.1 () {40 vars in 838 bytes} [Tue Jun 23 10:16:34 2026] GET /v2/images/ff3e090a-7b2c-442a-9f15-211efe01eb2f => generated 648 bytes in 12 msecs (HTTP/1.1 200) 4 headers in 157 bytes (1 switches on core 0)
Jun 23 10:16:35.423388 np0000003452 devstack@g-api.service[99478]: DEBUG swiftclient [None req-21cdc07b-d97a-4a5c-a401-3b61fb7999aa tempest-VolumesActionsTest-1408849615 tempest-VolumesActionsTest-1408849615-project-member] REQ: curl -i https://10.4.3.180:8080/v1/AUTH_0594c76041374093b0688c8ce4a38bb5/glance/ff3e090a-7b2c-442a-9f15-211efe01eb2f-00005 -X PUT -H "X-Auth-Token: gAAAAABqOlz612JB..." {{(pid=99478) http_log /opt/stack/data/venv/lib/python3.12/site-packages/swiftclient/client.py:160}}
Jun 23 10:16:35.423692 np0000003452 devstack@g-api.service[99478]: DEBUG swiftclient [None req-21cdc07b-d97a-4a5c-a401-3b61fb7999aa tempest-VolumesActionsTest-1408849615 tempest-VolumesActionsTest-1408849615-project-member] RESP STATUS: 201 Created {{(pid=99478) http_log /opt/stack/data/venv/lib/python3.12/site-packages/swiftclient/client.py:161}}
Jun 23 10:16:35.423692 np0000003452 devstack@g-api.service[99478]: DEBUG swiftclient [None req-21cdc07b-d97a-4a5c-a401-3b61fb7999aa tempest-VolumesActionsTest-1408849615 tempest-VolumesActionsTest-1408849615-project-member] RESP HEADERS: {'Date': 'Tue, 23 Jun 2026 10:16:35 GMT', 'Server': 'Apache/2.4.58 (Ubuntu)', 'Content-Type': 'text/html; charset=UTF-8', 'Content-Length': '0', 'Etag': 'eda9a9889837ac4bc81d6387d92c1bec', 'Last-Modified': 'Tue, 23 Jun 2026 10:16:34 GMT', 'X-Trans-Id': 'tx22dcc74c46db4f46aff42-006a3a5d01', 'X-Openstack-Request-Id': 'tx22dcc74c46db4f46aff42-006a3a5d01', 'Connection': 'close'} {{(pid=99478) http_log /opt/stack/data/venv/lib/python3.12/site-packages/swiftclient/client.py:162}}
Jun 23 10:16:35.423846 np0000003452 devstack@g-api.service[99478]: DEBUG glance_store._drivers.swift.store [None req-21cdc07b-d97a-4a5c-a401-3b61fb7999aa tempest-VolumesActionsTest-1408849615 tempest-VolumesActionsTest-1408849615-project-member] Wrote chunk ff3e090a-7b2c-442a-9f15-211efe01eb2f-00005 (5/?) of length 204800000 to Swift returning MD5 of content: eda9a9889837ac4bc81d6387d92c1bec {{(pid=99478) add /opt/stack/data/venv/lib/python3.12/site-packages/glance_store/_drivers/swift/store.py:1059}}
Jun 23 10:16:35.489253 np0000003452 devstack@g-api.service[99477]: DEBUG glance.api.middleware.version_negotiation [None req-f083b58b-850f-4e22-a412-abe295773f2c tempest-VolumesActionsTest-1408849615 tempest-VolumesActionsTest-1408849615-project-member] Determining version of request: GET /v2/images/ff3e090a-7b2c-442a-9f15-211efe01eb2f Accept: application/json {{(pid=99477) process_request /opt/stack/glance/glance/api/middleware/version_negotiation.py:44}}
Jun 23 10:16:35.489776 np0000003452 devstack@g-api.service[99477]: DEBUG glance.api.middleware.version_negotiation [None req-f083b58b-850f-4e22-a412-abe295773f2c tempest-VolumesActionsTest-1408849615 tempest-VolumesActionsTest-1408849615-project-member] Using url versioning {{(pid=99477) process_request /opt/stack/glance/glance/api/middleware/version_negotiation.py:57}}
Jun 23 10:16:35.489776 np0000003452 devstack@g-api.service[99477]: DEBUG glance.api.middleware.version_negotiation [None req-f083b58b-850f-4e22-a412-abe295773f2c tempest-VolumesActionsTest-1408849615 tempest-VolumesActionsTest-1408849615-project-member] Matched version: v2 {{(pid=99477) process_request /opt/stack/glance/glance/api/middleware/version_negotiation.py:69}}
Jun 23 10:16:35.489776 np0000003452 devstack@g-api.service[99477]: DEBUG glance.api.middleware.version_negotiation [None req-f083b58b-850f-4e22-a412-abe295773f2c tempest-VolumesActionsTest-1408849615 tempest-VolumesActionsTest-1408849615-project-member] new path /v2/images/ff3e090a-7b2c-442a-9f15-211efe01eb2f {{(pid=99477) process_request /opt/stack/glance/glance/api/middleware/version_negotiation.py:70}}
Jun 23 10:16:35.498117 np0000003452 devstack@g-api.service[99477]: [pid: 99477|app: 0|req: 88/276] 127.0.0.1 () {40 vars in 838 bytes} [Tue Jun 23 10:16:35 2026] GET /v2/images/ff3e090a-7b2c-442a-9f15-211efe01eb2f => generated 648 bytes in 9 msecs (HTTP/1.1 200) 4 headers in 157 bytes (1 switches on core 0)
