Jun 23 10:06:06.947591 np0000003452 systemd[1]: Starting devstack@n-api-meta.service - Devstack devstack@n-api-meta.service...
Jun 23 10:06:06.953143 np0000003452 devstack@n-api-meta.service[92598]: [uWSGI] getting INI configuration from /etc/nova/nova-metadata-uwsgi.ini
Jun 23 10:06:06.955629 np0000003452 devstack@n-api-meta.service[92598]: *** Starting uWSGI 2.0.24-debian (64bit) on [Tue Jun 23 10:06:06 2026] ***
Jun 23 10:06:06.955629 np0000003452 devstack@n-api-meta.service[92598]: compiled with version: 13.2.0 on 17 April 2024 16:23:48
Jun 23 10:06:06.955629 np0000003452 devstack@n-api-meta.service[92598]: os: Linux-6.8.0-124-generic #124-Ubuntu SMP PREEMPT_DYNAMIC Tue May 26 13:00:45 UTC 2026
Jun 23 10:06:06.955629 np0000003452 devstack@n-api-meta.service[92598]: nodename: np0000003452
Jun 23 10:06:06.955629 np0000003452 devstack@n-api-meta.service[92598]: machine: x86_64
Jun 23 10:06:06.955629 np0000003452 devstack@n-api-meta.service[92598]: clock source: unix
Jun 23 10:06:06.955629 np0000003452 devstack@n-api-meta.service[92598]: pcre jit disabled
Jun 23 10:06:06.955629 np0000003452 devstack@n-api-meta.service[92598]: detected number of CPU cores: 16
Jun 23 10:06:06.955629 np0000003452 devstack@n-api-meta.service[92598]: current working directory: /
Jun 23 10:06:06.955629 np0000003452 devstack@n-api-meta.service[92598]: detected binary path: /usr/bin/uwsgi-core
Jun 23 10:06:06.955629 np0000003452 devstack@n-api-meta.service[92598]: your processes number limit is 252954
Jun 23 10:06:06.955629 np0000003452 devstack@n-api-meta.service[92598]: your memory page size is 4096 bytes
Jun 23 10:06:06.955629 np0000003452 devstack@n-api-meta.service[92598]: detected max file descriptor number: 2048
Jun 23 10:06:06.955629 np0000003452 devstack@n-api-meta.service[92598]: lock engine: pthread robust mutexes
Jun 23 10:06:06.956036 np0000003452 devstack@n-api-meta.service[92598]: thunder lock: enabled
Jun 23 10:06:06.956069 np0000003452 devstack@n-api-meta.service[92598]: uWSGI http bound on 0.0.0.0:8775 fd 5
Jun 23 10:06:06.956069 np0000003452 devstack@n-api-meta.service[92598]: uwsgi socket 0 bound to TCP address 127.0.0.1:44157 (port auto-assigned) fd 4
Jun 23 10:06:06.956134 np0000003452 devstack@n-api-meta.service[92598]: Python version: 3.12.3 (main, Mar 23 2026, 19:04:32) [GCC 13.3.0]
Jun 23 10:06:06.956134 np0000003452 devstack@n-api-meta.service[92598]: PEP 405 virtualenv detected: /opt/stack/data/venv
Jun 23 10:06:06.956134 np0000003452 devstack@n-api-meta.service[92598]: Set PythonHome to /opt/stack/data/venv
Jun 23 10:06:06.991617 np0000003452 devstack@n-api-meta.service[92598]: Python main interpreter initialized at 0x7a0dde8a3668
Jun 23 10:06:06.991617 np0000003452 devstack@n-api-meta.service[92598]: python threads support enabled
Jun 23 10:06:06.991617 np0000003452 devstack@n-api-meta.service[92598]: your server socket listen backlog is limited to 100 connections
Jun 23 10:06:06.991617 np0000003452 devstack@n-api-meta.service[92598]: your mercy for graceful operations on workers is 80 seconds
Jun 23 10:06:06.992086 np0000003452 devstack@n-api-meta.service[92598]: mapped 537436 bytes (524 KB) for 3 cores
Jun 23 10:06:06.992212 np0000003452 devstack@n-api-meta.service[92598]: *** Operational MODE: preforking ***
Jun 23 10:06:06.992411 np0000003452 devstack@n-api-meta.service[92598]: *** uWSGI is running in multiple interpreter mode ***
Jun 23 10:06:06.992411 np0000003452 devstack@n-api-meta.service[92598]: spawned uWSGI master process (pid: 92598)
Jun 23 10:06:06.992587 np0000003452 systemd[1]: Started devstack@n-api-meta.service - Devstack devstack@n-api-meta.service.
Jun 23 10:06:06.993500 np0000003452 devstack@n-api-meta.service[92598]: spawned uWSGI worker 1 (pid: 92599, cores: 1)
Jun 23 10:06:06.993500 np0000003452 devstack@n-api-meta.service[92598]: spawned uWSGI worker 2 (pid: 92600, cores: 1)
Jun 23 10:06:06.993876 np0000003452 devstack@n-api-meta.service[92598]: spawned uWSGI worker 3 (pid: 92601, cores: 1)
Jun 23 10:06:06.994693 np0000003452 devstack@n-api-meta.service[92598]: spawned uWSGI http 1 (pid: 92602)
Jun 23 10:06:06.994693 np0000003452 devstack@n-api-meta.service[92598]: running "unix_signal:15 gracefully_kill_them_all" (master-start)...
Jun 23 10:06:08.720946 np0000003452 devstack@n-api-meta.service[92601]: INFO dbcounter [None req-58e442fe-5145-4087-bea4-d51d63b2c26c None None] Registered counter for database nova_api
Jun 23 10:06:08.752717 np0000003452 devstack@n-api-meta.service[92600]: INFO dbcounter [None req-ab917d90-49a4-4448-a4f2-fc31905c63c6 None None] Registered counter for database nova_api
Jun 23 10:06:08.762295 np0000003452 devstack@n-api-meta.service[92601]: DEBUG oslo_db.sqlalchemy.engines [None req-58e442fe-5145-4087-bea4-d51d63b2c26c None None] MySQL server mode set to STRICT_TRANS_TABLES,STRICT_ALL_TABLES,NO_ZERO_IN_DATE,NO_ZERO_DATE,ERROR_FOR_DIVISION_BY_ZERO,TRADITIONAL,NO_ENGINE_SUBSTITUTION {{(pid=92601) _check_effective_sql_mode /opt/stack/data/venv/lib/python3.12/site-packages/oslo_db/sqlalchemy/engines.py:325}}
Jun 23 10:06:08.764032 np0000003452 devstack@n-api-meta.service[92599]: INFO dbcounter [None req-ae327df5-bc9d-4420-9210-7f49229b3a7e None None] Registered counter for database nova_api
Jun 23 10:06:08.795239 np0000003452 devstack@n-api-meta.service[92601]: DEBUG dbcounter [-] [92601] Writer thread running {{(pid=92601) stat_writer /opt/stack/data/venv/lib/python3.12/site-packages/dbcounter.py:102}}
Jun 23 10:06:08.796720 np0000003452 devstack@n-api-meta.service[92600]: DEBUG oslo_db.sqlalchemy.engines [None req-ab917d90-49a4-4448-a4f2-fc31905c63c6 None None] MySQL server mode set to STRICT_TRANS_TABLES,STRICT_ALL_TABLES,NO_ZERO_IN_DATE,NO_ZERO_DATE,ERROR_FOR_DIVISION_BY_ZERO,TRADITIONAL,NO_ENGINE_SUBSTITUTION {{(pid=92600) _check_effective_sql_mode /opt/stack/data/venv/lib/python3.12/site-packages/oslo_db/sqlalchemy/engines.py:325}}
Jun 23 10:06:08.799175 np0000003452 devstack@n-api-meta.service[92601]: DEBUG nova.context [None req-58e442fe-5145-4087-bea4-d51d63b2c26c None None] Found 2 cells: 00000000-0000-0000-0000-000000000000(cell0),33ba6cb8-e714-480b-b30d-e7898ab4c6d2(cell1) {{(pid=92601) load_cells /opt/stack/nova/nova/context.py:509}}
Jun 23 10:06:08.799552 np0000003452 devstack@n-api-meta.service[92601]: INFO nova.utils [None req-58e442fe-5145-4087-bea4-d51d63b2c26c None None] The cell worker thread pool MainProcess.cell_worker is initialized
Jun 23 10:06:08.801405 np0000003452 devstack@n-api-meta.service[92601]: DEBUG oslo_concurrency.lockutils [None req-58e442fe-5145-4087-bea4-d51d63b2c26c None None] Acquiring lock "00000000-0000-0000-0000-000000000000" by "nova.context.set_target_cell..get_or_set_cached_cell_and_set_connections" {{(pid=92601) inner /opt/stack/data/venv/lib/python3.12/site-packages/oslo_concurrency/lockutils.py:511}}
Jun 23 10:06:08.801567 np0000003452 devstack@n-api-meta.service[92601]: DEBUG oslo_concurrency.lockutils [None req-58e442fe-5145-4087-bea4-d51d63b2c26c None None] Lock "00000000-0000-0000-0000-000000000000" acquired by "nova.context.set_target_cell..get_or_set_cached_cell_and_set_connections" :: waited 0.000s {{(pid=92601) inner /opt/stack/data/venv/lib/python3.12/site-packages/oslo_concurrency/lockutils.py:524}}
Jun 23 10:06:08.801931 np0000003452 devstack@n-api-meta.service[92601]: DEBUG oslo_concurrency.lockutils [None req-58e442fe-5145-4087-bea4-d51d63b2c26c None None] Lock "00000000-0000-0000-0000-000000000000" "released" by "nova.context.set_target_cell..get_or_set_cached_cell_and_set_connections" :: held 0.000s {{(pid=92601) inner /opt/stack/data/venv/lib/python3.12/site-packages/oslo_concurrency/lockutils.py:543}}
Jun 23 10:06:08.802577 np0000003452 devstack@n-api-meta.service[92601]: DEBUG oslo_concurrency.lockutils [None req-58e442fe-5145-4087-bea4-d51d63b2c26c None None] Acquiring lock "33ba6cb8-e714-480b-b30d-e7898ab4c6d2" by "nova.context.set_target_cell..get_or_set_cached_cell_and_set_connections" {{(pid=92601) inner /opt/stack/data/venv/lib/python3.12/site-packages/oslo_concurrency/lockutils.py:511}}
Jun 23 10:06:08.802712 np0000003452 devstack@n-api-meta.service[92601]: DEBUG oslo_concurrency.lockutils [None req-58e442fe-5145-4087-bea4-d51d63b2c26c None None] Lock "33ba6cb8-e714-480b-b30d-e7898ab4c6d2" acquired by "nova.context.set_target_cell..get_or_set_cached_cell_and_set_connections" :: waited 0.000s {{(pid=92601) inner /opt/stack/data/venv/lib/python3.12/site-packages/oslo_concurrency/lockutils.py:524}}
Jun 23 10:06:08.803537 np0000003452 devstack@n-api-meta.service[92601]: DEBUG oslo_concurrency.lockutils [None req-58e442fe-5145-4087-bea4-d51d63b2c26c None None] Lock "33ba6cb8-e714-480b-b30d-e7898ab4c6d2" "released" by "nova.context.set_target_cell..get_or_set_cached_cell_and_set_connections" :: held 0.001s {{(pid=92601) inner /opt/stack/data/venv/lib/python3.12/site-packages/oslo_concurrency/lockutils.py:543}}
Jun 23 10:06:08.805230 np0000003452 devstack@n-api-meta.service[92601]: INFO dbcounter [None req-58e442fe-5145-4087-bea4-d51d63b2c26c None None] Registered counter for database nova_cell0
Jun 23 10:06:08.808368 np0000003452 devstack@n-api-meta.service[92601]: INFO dbcounter [None req-58e442fe-5145-4087-bea4-d51d63b2c26c None None] Registered counter for database nova_cell1
Jun 23 10:06:08.812158 np0000003452 devstack@n-api-meta.service[92599]: DEBUG oslo_db.sqlalchemy.engines [None req-ae327df5-bc9d-4420-9210-7f49229b3a7e None None] MySQL server mode set to STRICT_TRANS_TABLES,STRICT_ALL_TABLES,NO_ZERO_IN_DATE,NO_ZERO_DATE,ERROR_FOR_DIVISION_BY_ZERO,TRADITIONAL,NO_ENGINE_SUBSTITUTION {{(pid=92599) _check_effective_sql_mode /opt/stack/data/venv/lib/python3.12/site-packages/oslo_db/sqlalchemy/engines.py:325}}
Jun 23 10:06:08.835392 np0000003452 devstack@n-api-meta.service[92600]: DEBUG dbcounter [-] [92600] Writer thread running {{(pid=92600) stat_writer /opt/stack/data/venv/lib/python3.12/site-packages/dbcounter.py:102}}
Jun 23 10:06:08.838468 np0000003452 devstack@n-api-meta.service[92600]: DEBUG nova.context [None req-ab917d90-49a4-4448-a4f2-fc31905c63c6 None None] Found 2 cells: 00000000-0000-0000-0000-000000000000(cell0),33ba6cb8-e714-480b-b30d-e7898ab4c6d2(cell1) {{(pid=92600) load_cells /opt/stack/nova/nova/context.py:509}}
Jun 23 10:06:08.838812 np0000003452 devstack@n-api-meta.service[92600]: INFO nova.utils [None req-ab917d90-49a4-4448-a4f2-fc31905c63c6 None None] The cell worker thread pool MainProcess.cell_worker is initialized
Jun 23 10:06:08.841160 np0000003452 devstack@n-api-meta.service[92600]: DEBUG oslo_concurrency.lockutils [None req-ab917d90-49a4-4448-a4f2-fc31905c63c6 None None] Acquiring lock "00000000-0000-0000-0000-000000000000" by "nova.context.set_target_cell..get_or_set_cached_cell_and_set_connections" {{(pid=92600) inner /opt/stack/data/venv/lib/python3.12/site-packages/oslo_concurrency/lockutils.py:511}}
Jun 23 10:06:08.841425 np0000003452 devstack@n-api-meta.service[92600]: DEBUG oslo_concurrency.lockutils [None req-ab917d90-49a4-4448-a4f2-fc31905c63c6 None None] Lock "00000000-0000-0000-0000-000000000000" acquired by "nova.context.set_target_cell..get_or_set_cached_cell_and_set_connections" :: waited 0.000s {{(pid=92600) inner /opt/stack/data/venv/lib/python3.12/site-packages/oslo_concurrency/lockutils.py:524}}
Jun 23 10:06:08.841950 np0000003452 devstack@n-api-meta.service[92600]: DEBUG oslo_concurrency.lockutils [None req-ab917d90-49a4-4448-a4f2-fc31905c63c6 None None] Lock "00000000-0000-0000-0000-000000000000" "released" by "nova.context.set_target_cell..get_or_set_cached_cell_and_set_connections" :: held 0.001s {{(pid=92600) inner /opt/stack/data/venv/lib/python3.12/site-packages/oslo_concurrency/lockutils.py:543}}
Jun 23 10:06:08.842662 np0000003452 devstack@n-api-meta.service[92599]: DEBUG dbcounter [-] [92599] Writer thread running {{(pid=92599) stat_writer /opt/stack/data/venv/lib/python3.12/site-packages/dbcounter.py:102}}
Jun 23 10:06:08.842879 np0000003452 devstack@n-api-meta.service[92600]: DEBUG oslo_concurrency.lockutils [None req-ab917d90-49a4-4448-a4f2-fc31905c63c6 None None] Acquiring lock "33ba6cb8-e714-480b-b30d-e7898ab4c6d2" by "nova.context.set_target_cell..get_or_set_cached_cell_and_set_connections" {{(pid=92600) inner /opt/stack/data/venv/lib/python3.12/site-packages/oslo_concurrency/lockutils.py:511}}
Jun 23 10:06:08.843111 np0000003452 devstack@n-api-meta.service[92600]: DEBUG oslo_concurrency.lockutils [None req-ab917d90-49a4-4448-a4f2-fc31905c63c6 None None] Lock "33ba6cb8-e714-480b-b30d-e7898ab4c6d2" acquired by "nova.context.set_target_cell..get_or_set_cached_cell_and_set_connections" :: waited 0.000s {{(pid=92600) inner /opt/stack/data/venv/lib/python3.12/site-packages/oslo_concurrency/lockutils.py:524}}
Jun 23 10:06:08.845328 np0000003452 devstack@n-api-meta.service[92601]: DEBUG oslo_db.sqlalchemy.engines [None req-58e442fe-5145-4087-bea4-d51d63b2c26c None None] MySQL server mode set to STRICT_TRANS_TABLES,STRICT_ALL_TABLES,NO_ZERO_IN_DATE,NO_ZERO_DATE,ERROR_FOR_DIVISION_BY_ZERO,TRADITIONAL,NO_ENGINE_SUBSTITUTION {{(pid=92601) _check_effective_sql_mode /opt/stack/data/venv/lib/python3.12/site-packages/oslo_db/sqlalchemy/engines.py:325}}
Jun 23 10:06:08.845939 np0000003452 devstack@n-api-meta.service[92599]: DEBUG nova.context [None req-ae327df5-bc9d-4420-9210-7f49229b3a7e None None] Found 2 cells: 00000000-0000-0000-0000-000000000000(cell0),33ba6cb8-e714-480b-b30d-e7898ab4c6d2(cell1) {{(pid=92599) load_cells /opt/stack/nova/nova/context.py:509}}
Jun 23 10:06:08.846005 np0000003452 devstack@n-api-meta.service[92600]: INFO dbcounter [None req-ab917d90-49a4-4448-a4f2-fc31905c63c6 None None] Registered counter for database nova_cell0
Jun 23 10:06:08.846212 np0000003452 devstack@n-api-meta.service[92599]: INFO nova.utils [None req-ae327df5-bc9d-4420-9210-7f49229b3a7e None None] The cell worker thread pool MainProcess.cell_worker is initialized
Jun 23 10:06:08.847556 np0000003452 devstack@n-api-meta.service[92600]: DEBUG oslo_concurrency.lockutils [None req-ab917d90-49a4-4448-a4f2-fc31905c63c6 None None] Lock "33ba6cb8-e714-480b-b30d-e7898ab4c6d2" "released" by "nova.context.set_target_cell..get_or_set_cached_cell_and_set_connections" :: held 0.003s {{(pid=92600) inner /opt/stack/data/venv/lib/python3.12/site-packages/oslo_concurrency/lockutils.py:543}}
Jun 23 10:06:08.848158 np0000003452 devstack@n-api-meta.service[92599]: DEBUG oslo_concurrency.lockutils [None req-ae327df5-bc9d-4420-9210-7f49229b3a7e None None] Acquiring lock "00000000-0000-0000-0000-000000000000" by "nova.context.set_target_cell..get_or_set_cached_cell_and_set_connections" {{(pid=92599) inner /opt/stack/data/venv/lib/python3.12/site-packages/oslo_concurrency/lockutils.py:511}}
Jun 23 10:06:08.848436 np0000003452 devstack@n-api-meta.service[92599]: DEBUG oslo_concurrency.lockutils [None req-ae327df5-bc9d-4420-9210-7f49229b3a7e None None] Lock "00000000-0000-0000-0000-000000000000" acquired by "nova.context.set_target_cell..get_or_set_cached_cell_and_set_connections" :: waited 0.000s {{(pid=92599) inner /opt/stack/data/venv/lib/python3.12/site-packages/oslo_concurrency/lockutils.py:524}}
Jun 23 10:06:08.848865 np0000003452 devstack@n-api-meta.service[92599]: DEBUG oslo_concurrency.lockutils [None req-ae327df5-bc9d-4420-9210-7f49229b3a7e None None] Lock "00000000-0000-0000-0000-000000000000" "released" by "nova.context.set_target_cell..get_or_set_cached_cell_and_set_connections" :: held 0.000s {{(pid=92599) inner /opt/stack/data/venv/lib/python3.12/site-packages/oslo_concurrency/lockutils.py:543}}
Jun 23 10:06:08.849757 np0000003452 devstack@n-api-meta.service[92600]: INFO dbcounter [None req-ab917d90-49a4-4448-a4f2-fc31905c63c6 None None] Registered counter for database nova_cell1
Jun 23 10:06:08.849826 np0000003452 devstack@n-api-meta.service[92599]: DEBUG oslo_concurrency.lockutils [None req-ae327df5-bc9d-4420-9210-7f49229b3a7e None None] Acquiring lock "33ba6cb8-e714-480b-b30d-e7898ab4c6d2" by "nova.context.set_target_cell..get_or_set_cached_cell_and_set_connections" {{(pid=92599) inner /opt/stack/data/venv/lib/python3.12/site-packages/oslo_concurrency/lockutils.py:511}}
Jun 23 10:06:08.849826 np0000003452 devstack@n-api-meta.service[92599]: DEBUG oslo_concurrency.lockutils [None req-ae327df5-bc9d-4420-9210-7f49229b3a7e None None] Lock "33ba6cb8-e714-480b-b30d-e7898ab4c6d2" acquired by "nova.context.set_target_cell..get_or_set_cached_cell_and_set_connections" :: waited 0.000s {{(pid=92599) inner /opt/stack/data/venv/lib/python3.12/site-packages/oslo_concurrency/lockutils.py:524}}
Jun 23 10:06:08.850753 np0000003452 devstack@n-api-meta.service[92599]: DEBUG oslo_concurrency.lockutils [None req-ae327df5-bc9d-4420-9210-7f49229b3a7e None None] Lock "33ba6cb8-e714-480b-b30d-e7898ab4c6d2" "released" by "nova.context.set_target_cell..get_or_set_cached_cell_and_set_connections" :: held 0.001s {{(pid=92599) inner /opt/stack/data/venv/lib/python3.12/site-packages/oslo_concurrency/lockutils.py:543}}
Jun 23 10:06:08.852632 np0000003452 devstack@n-api-meta.service[92599]: INFO dbcounter [None req-ae327df5-bc9d-4420-9210-7f49229b3a7e None None] Registered counter for database nova_cell0
Jun 23 10:06:08.855563 np0000003452 devstack@n-api-meta.service[92599]: INFO dbcounter [None req-ae327df5-bc9d-4420-9210-7f49229b3a7e None None] Registered counter for database nova_cell1
Jun 23 10:06:08.890858 np0000003452 devstack@n-api-meta.service[92600]: DEBUG oslo_db.sqlalchemy.engines [None req-ab917d90-49a4-4448-a4f2-fc31905c63c6 None None] MySQL server mode set to STRICT_TRANS_TABLES,STRICT_ALL_TABLES,NO_ZERO_IN_DATE,NO_ZERO_DATE,ERROR_FOR_DIVISION_BY_ZERO,TRADITIONAL,NO_ENGINE_SUBSTITUTION {{(pid=92600) _check_effective_sql_mode /opt/stack/data/venv/lib/python3.12/site-packages/oslo_db/sqlalchemy/engines.py:325}}
Jun 23 10:06:08.894911 np0000003452 devstack@n-api-meta.service[92599]: DEBUG oslo_db.sqlalchemy.engines [None req-ae327df5-bc9d-4420-9210-7f49229b3a7e None None] MySQL server mode set to STRICT_TRANS_TABLES,STRICT_ALL_TABLES,NO_ZERO_IN_DATE,NO_ZERO_DATE,ERROR_FOR_DIVISION_BY_ZERO,TRADITIONAL,NO_ENGINE_SUBSTITUTION {{(pid=92599) _check_effective_sql_mode /opt/stack/data/venv/lib/python3.12/site-packages/oslo_db/sqlalchemy/engines.py:325}}
Jun 23 10:06:08.932729 np0000003452 devstack@n-api-meta.service[92601]: DEBUG oslo_db.sqlalchemy.engines [None req-58e442fe-5145-4087-bea4-d51d63b2c26c None None] MySQL server mode set to STRICT_TRANS_TABLES,STRICT_ALL_TABLES,NO_ZERO_IN_DATE,NO_ZERO_DATE,ERROR_FOR_DIVISION_BY_ZERO,TRADITIONAL,NO_ENGINE_SUBSTITUTION {{(pid=92601) _check_effective_sql_mode /opt/stack/data/venv/lib/python3.12/site-packages/oslo_db/sqlalchemy/engines.py:325}}
Jun 23 10:06:08.936931 np0000003452 devstack@n-api-meta.service[92599]: DEBUG oslo_db.sqlalchemy.engines [None req-ae327df5-bc9d-4420-9210-7f49229b3a7e None None] MySQL server mode set to STRICT_TRANS_TABLES,STRICT_ALL_TABLES,NO_ZERO_IN_DATE,NO_ZERO_DATE,ERROR_FOR_DIVISION_BY_ZERO,TRADITIONAL,NO_ENGINE_SUBSTITUTION {{(pid=92599) _check_effective_sql_mode /opt/stack/data/venv/lib/python3.12/site-packages/oslo_db/sqlalchemy/engines.py:325}}
Jun 23 10:06:08.960449 np0000003452 devstack@n-api-meta.service[92601]: DEBUG dbcounter [-] [92601] Writer thread running {{(pid=92601) stat_writer /opt/stack/data/venv/lib/python3.12/site-packages/dbcounter.py:102}}
Jun 23 10:06:08.967042 np0000003452 devstack@n-api-meta.service[92601]: DEBUG dbcounter [-] [92601] Writer thread running {{(pid=92601) stat_writer /opt/stack/data/venv/lib/python3.12/site-packages/dbcounter.py:102}}
Jun 23 10:06:08.972760 np0000003452 devstack@n-api-meta.service[92601]: INFO dbcounter [None req-58e442fe-5145-4087-bea4-d51d63b2c26c None None] Registered counter for database nova_cell0
Jun 23 10:06:08.974635 np0000003452 devstack@n-api-meta.service[92600]: DEBUG oslo_db.sqlalchemy.engines [None req-ab917d90-49a4-4448-a4f2-fc31905c63c6 None None] MySQL server mode set to STRICT_TRANS_TABLES,STRICT_ALL_TABLES,NO_ZERO_IN_DATE,NO_ZERO_DATE,ERROR_FOR_DIVISION_BY_ZERO,TRADITIONAL,NO_ENGINE_SUBSTITUTION {{(pid=92600) _check_effective_sql_mode /opt/stack/data/venv/lib/python3.12/site-packages/oslo_db/sqlalchemy/engines.py:325}}
Jun 23 10:06:09.008063 np0000003452 devstack@n-api-meta.service[92600]: DEBUG dbcounter [-] [92600] Writer thread running {{(pid=92600) stat_writer /opt/stack/data/venv/lib/python3.12/site-packages/dbcounter.py:102}}
Jun 23 10:06:09.009910 np0000003452 devstack@n-api-meta.service[92601]: DEBUG oslo_db.sqlalchemy.engines [None req-58e442fe-5145-4087-bea4-d51d63b2c26c None None] MySQL server mode set to STRICT_TRANS_TABLES,STRICT_ALL_TABLES,NO_ZERO_IN_DATE,NO_ZERO_DATE,ERROR_FOR_DIVISION_BY_ZERO,TRADITIONAL,NO_ENGINE_SUBSTITUTION {{(pid=92601) _check_effective_sql_mode /opt/stack/data/venv/lib/python3.12/site-packages/oslo_db/sqlalchemy/engines.py:325}}
Jun 23 10:06:09.010125 np0000003452 devstack@n-api-meta.service[92599]: DEBUG dbcounter [-] [92599] Writer thread running {{(pid=92599) stat_writer /opt/stack/data/venv/lib/python3.12/site-packages/dbcounter.py:102}}
Jun 23 10:06:09.016900 np0000003452 devstack@n-api-meta.service[92601]: DEBUG dbcounter [-] [92601] Writer thread running {{(pid=92601) stat_writer /opt/stack/data/venv/lib/python3.12/site-packages/dbcounter.py:102}}
Jun 23 10:06:09.017937 np0000003452 devstack@n-api-meta.service[92599]: DEBUG dbcounter [-] [92599] Writer thread running {{(pid=92599) stat_writer /opt/stack/data/venv/lib/python3.12/site-packages/dbcounter.py:102}}
Jun 23 10:06:09.019652 np0000003452 devstack@n-api-meta.service[92600]: DEBUG dbcounter [-] [92600] Writer thread running {{(pid=92600) stat_writer /opt/stack/data/venv/lib/python3.12/site-packages/dbcounter.py:102}}
Jun 23 10:06:09.022885 np0000003452 devstack@n-api-meta.service[92600]: INFO dbcounter [None req-ab917d90-49a4-4448-a4f2-fc31905c63c6 None None] Registered counter for database nova_cell0
Jun 23 10:06:09.022966 np0000003452 devstack@n-api-meta.service[92599]: INFO dbcounter [None req-ae327df5-bc9d-4420-9210-7f49229b3a7e None None] Registered counter for database nova_cell0
Jun 23 10:06:09.053803 np0000003452 devstack@n-api-meta.service[92601]: WARNING nova.api.metadata.handler [None req-58e442fe-5145-4087-bea4-d51d63b2c26c None None] metadata_proxy_shared_secret is not configured, the metadata information returned by the proxy cannot be trusted
Jun 23 10:06:09.055868 np0000003452 devstack@n-api-meta.service[92601]: DEBUG nova.api.openstack.wsgi_app [None req-58e442fe-5145-4087-bea4-d51d63b2c26c None None] ******************************************************************************** {{(pid=92601) log_opt_values /opt/stack/data/venv/lib/python3.12/site-packages/oslo_config/cfg.py:3226}}
Jun 23 10:06:09.055963 np0000003452 devstack@n-api-meta.service[92601]: DEBUG nova.api.openstack.wsgi_app [None req-58e442fe-5145-4087-bea4-d51d63b2c26c None None] Configuration options gathered from: {{(pid=92601) log_opt_values /opt/stack/data/venv/lib/python3.12/site-packages/oslo_config/cfg.py:3227}}
Jun 23 10:06:09.056152 np0000003452 devstack@n-api-meta.service[92601]: DEBUG nova.api.openstack.wsgi_app [None req-58e442fe-5145-4087-bea4-d51d63b2c26c None None] command line args: [] {{(pid=92601) log_opt_values /opt/stack/data/venv/lib/python3.12/site-packages/oslo_config/cfg.py:3228}}
Jun 23 10:06:09.056248 np0000003452 devstack@n-api-meta.service[92601]: DEBUG nova.api.openstack.wsgi_app [None req-58e442fe-5145-4087-bea4-d51d63b2c26c None None] config files: ['/etc/nova/api-paste.ini', '/etc/nova/nova.conf'] {{(pid=92601) log_opt_values /opt/stack/data/venv/lib/python3.12/site-packages/oslo_config/cfg.py:3229}}
Jun 23 10:06:09.056343 np0000003452 devstack@n-api-meta.service[92601]: DEBUG nova.api.openstack.wsgi_app [None req-58e442fe-5145-4087-bea4-d51d63b2c26c None None] ================================================================================ {{(pid=92601) log_opt_values /opt/stack/data/venv/lib/python3.12/site-packages/oslo_config/cfg.py:3234}}
Jun 23 10:06:09.056501 np0000003452 devstack@n-api-meta.service[92601]: DEBUG nova.api.openstack.wsgi_app [None req-58e442fe-5145-4087-bea4-d51d63b2c26c None None] allow_resize_to_same_host = True {{(pid=92601) log_opt_values /opt/stack/data/venv/lib/python3.12/site-packages/oslo_config/cfg.py:3242}}
Jun 23 10:06:09.056625 np0000003452 devstack@n-api-meta.service[92601]: DEBUG nova.api.openstack.wsgi_app [None req-58e442fe-5145-4087-bea4-d51d63b2c26c None None] arq_binding_timeout = 300 {{(pid=92601) log_opt_values /opt/stack/data/venv/lib/python3.12/site-packages/oslo_config/cfg.py:3242}}
Jun 23 10:06:09.056739 np0000003452 devstack@n-api-meta.service[92601]: DEBUG nova.api.openstack.wsgi_app [None req-58e442fe-5145-4087-bea4-d51d63b2c26c None None] block_device_allocate_retries = 60 {{(pid=92601) log_opt_values /opt/stack/data/venv/lib/python3.12/site-packages/oslo_config/cfg.py:3242}}
Jun 23 10:06:09.056886 np0000003452 devstack@n-api-meta.service[92601]: DEBUG nova.api.openstack.wsgi_app [None req-58e442fe-5145-4087-bea4-d51d63b2c26c None None] block_device_allocate_retries_interval = 3 {{(pid=92601) log_opt_values /opt/stack/data/venv/lib/python3.12/site-packages/oslo_config/cfg.py:3242}}
Jun 23 10:06:09.056985 np0000003452 devstack@n-api-meta.service[92601]: DEBUG nova.api.openstack.wsgi_app [None req-58e442fe-5145-4087-bea4-d51d63b2c26c None None] cell_worker_thread_pool_size = 5 {{(pid=92601) log_opt_values /opt/stack/data/venv/lib/python3.12/site-packages/oslo_config/cfg.py:3242}}
Jun 23 10:06:09.057107 np0000003452 devstack@n-api-meta.service[92601]: DEBUG nova.api.openstack.wsgi_app [None req-58e442fe-5145-4087-bea4-d51d63b2c26c None None] cert = self.pem {{(pid=92601) log_opt_values /opt/stack/data/venv/lib/python3.12/site-packages/oslo_config/cfg.py:3242}}
Jun 23 10:06:09.057250 np0000003452 devstack@n-api-meta.service[92601]: DEBUG nova.api.openstack.wsgi_app [None req-58e442fe-5145-4087-bea4-d51d63b2c26c None None] compute_driver = libvirt.LibvirtDriver {{(pid=92601) log_opt_values /opt/stack/data/venv/lib/python3.12/site-packages/oslo_config/cfg.py:3242}}
Jun 23 10:06:09.057383 np0000003452 devstack@n-api-meta.service[92601]: DEBUG nova.api.openstack.wsgi_app [None req-58e442fe-5145-4087-bea4-d51d63b2c26c None None] compute_monitors = [] {{(pid=92601) log_opt_values /opt/stack/data/venv/lib/python3.12/site-packages/oslo_config/cfg.py:3242}}
Jun 23 10:06:09.057499 np0000003452 devstack@n-api-meta.service[92601]: DEBUG nova.api.openstack.wsgi_app [None req-58e442fe-5145-4087-bea4-d51d63b2c26c None None] config_dir = [] {{(pid=92601) log_opt_values /opt/stack/data/venv/lib/python3.12/site-packages/oslo_config/cfg.py:3242}}
Jun 23 10:06:09.057619 np0000003452 devstack@n-api-meta.service[92601]: DEBUG nova.api.openstack.wsgi_app [None req-58e442fe-5145-4087-bea4-d51d63b2c26c None None] config_drive_format = iso9660 {{(pid=92601) log_opt_values /opt/stack/data/venv/lib/python3.12/site-packages/oslo_config/cfg.py:3242}}
Jun 23 10:06:09.057713 np0000003452 devstack@n-api-meta.service[92601]: DEBUG nova.api.openstack.wsgi_app [None req-58e442fe-5145-4087-bea4-d51d63b2c26c None None] config_file = ['/etc/nova/api-paste.ini', '/etc/nova/nova.conf'] {{(pid=92601) log_opt_values /opt/stack/data/venv/lib/python3.12/site-packages/oslo_config/cfg.py:3242}}
Jun 23 10:06:09.057839 np0000003452 devstack@n-api-meta.service[92601]: DEBUG nova.api.openstack.wsgi_app [None req-58e442fe-5145-4087-bea4-d51d63b2c26c None None] config_source = [] {{(pid=92601) log_opt_values /opt/stack/data/venv/lib/python3.12/site-packages/oslo_config/cfg.py:3242}}
Jun 23 10:06:09.057962 np0000003452 devstack@n-api-meta.service[92601]: DEBUG nova.api.openstack.wsgi_app [None req-58e442fe-5145-4087-bea4-d51d63b2c26c None None] console_host = np0000003452 {{(pid=92601) log_opt_values /opt/stack/data/venv/lib/python3.12/site-packages/oslo_config/cfg.py:3242}}
Jun 23 10:06:09.058082 np0000003452 devstack@n-api-meta.service[92601]: DEBUG nova.api.openstack.wsgi_app [None req-58e442fe-5145-4087-bea4-d51d63b2c26c None None] control_exchange = nova {{(pid=92601) log_opt_values /opt/stack/data/venv/lib/python3.12/site-packages/oslo_config/cfg.py:3242}}
Jun 23 10:06:09.058891 np0000003452 devstack@n-api-meta.service[92601]: DEBUG nova.api.openstack.wsgi_app [None req-58e442fe-5145-4087-bea4-d51d63b2c26c None None] cpu_allocation_ratio = None {{(pid=92601) log_opt_values /opt/stack/data/venv/lib/python3.12/site-packages/oslo_config/cfg.py:3242}}
Jun 23 10:06:09.058891 np0000003452 devstack@n-api-meta.service[92601]: DEBUG nova.api.openstack.wsgi_app [None req-58e442fe-5145-4087-bea4-d51d63b2c26c None None] daemon = False {{(pid=92601) log_opt_values /opt/stack/data/venv/lib/python3.12/site-packages/oslo_config/cfg.py:3242}}
Jun 23 10:06:09.058891 np0000003452 devstack@n-api-meta.service[92601]: DEBUG nova.api.openstack.wsgi_app [None req-58e442fe-5145-4087-bea4-d51d63b2c26c None None] debug = True {{(pid=92601) log_opt_values /opt/stack/data/venv/lib/python3.12/site-packages/oslo_config/cfg.py:3242}}
Jun 23 10:06:09.058891 np0000003452 devstack@n-api-meta.service[92601]: DEBUG nova.api.openstack.wsgi_app [None req-58e442fe-5145-4087-bea4-d51d63b2c26c None None] default_access_ip_network_name = None {{(pid=92601) log_opt_values /opt/stack/data/venv/lib/python3.12/site-packages/oslo_config/cfg.py:3242}}
Jun 23 10:06:09.058891 np0000003452 devstack@n-api-meta.service[92601]: DEBUG nova.api.openstack.wsgi_app [None req-58e442fe-5145-4087-bea4-d51d63b2c26c None None] default_availability_zone = nova {{(pid=92601) log_opt_values /opt/stack/data/venv/lib/python3.12/site-packages/oslo_config/cfg.py:3242}}
Jun 23 10:06:09.058891 np0000003452 devstack@n-api-meta.service[92601]: DEBUG nova.api.openstack.wsgi_app [None req-58e442fe-5145-4087-bea4-d51d63b2c26c None None] default_ephemeral_format = ext4 {{(pid=92601) log_opt_values /opt/stack/data/venv/lib/python3.12/site-packages/oslo_config/cfg.py:3242}}
Jun 23 10:06:09.058891 np0000003452 devstack@n-api-meta.service[92601]: DEBUG nova.api.openstack.wsgi_app [None req-58e442fe-5145-4087-bea4-d51d63b2c26c None None] default_green_pool_size = 1000 {{(pid=92601) log_opt_values /opt/stack/data/venv/lib/python3.12/site-packages/oslo_config/cfg.py:3242}}
Jun 23 10:06:09.059082 np0000003452 devstack@n-api-meta.service[92601]: DEBUG nova.api.openstack.wsgi_app [None req-58e442fe-5145-4087-bea4-d51d63b2c26c None None] default_log_levels = ['amqp=WARN', 'boto=WARN', 'sqlalchemy=WARN', 'suds=INFO', 'oslo.messaging=INFO', 'oslo_messaging=INFO', 'iso8601=WARN', 'requests.packages.urllib3.connectionpool=WARN', 'urllib3.connectionpool=WARN', 'websocket=WARN', 'requests.packages.urllib3.util.retry=WARN', 'urllib3.util.retry=WARN', 'keystonemiddleware=WARN', 'routes.middleware=WARN', 'stevedore=WARN', 'taskflow=WARN', 'keystoneauth=WARN', 'oslo.cache=INFO', 'oslo_policy=INFO', 'dogpile.core.dogpile=INFO', 'glanceclient=WARN', 'oslo.privsep.daemon=INFO'] {{(pid=92601) log_opt_values /opt/stack/data/venv/lib/python3.12/site-packages/oslo_config/cfg.py:3242}}
Jun 23 10:06:09.059181 np0000003452 devstack@n-api-meta.service[92601]: DEBUG nova.api.openstack.wsgi_app [None req-58e442fe-5145-4087-bea4-d51d63b2c26c None None] default_schedule_zone = None {{(pid=92601) log_opt_values /opt/stack/data/venv/lib/python3.12/site-packages/oslo_config/cfg.py:3242}}
Jun 23 10:06:09.059314 np0000003452 devstack@n-api-meta.service[92601]: DEBUG nova.api.openstack.wsgi_app [None req-58e442fe-5145-4087-bea4-d51d63b2c26c None None] default_thread_pool_size = 10 {{(pid=92601) log_opt_values /opt/stack/data/venv/lib/python3.12/site-packages/oslo_config/cfg.py:3242}}
Jun 23 10:06:09.059425 np0000003452 devstack@n-api-meta.service[92601]: DEBUG nova.api.openstack.wsgi_app [None req-58e442fe-5145-4087-bea4-d51d63b2c26c None None] disk_allocation_ratio = None {{(pid=92601) log_opt_values /opt/stack/data/venv/lib/python3.12/site-packages/oslo_config/cfg.py:3242}}
Jun 23 10:06:09.059533 np0000003452 devstack@n-api-meta.service[92601]: DEBUG nova.api.openstack.wsgi_app [None req-58e442fe-5145-4087-bea4-d51d63b2c26c None None] enable_new_services = True {{(pid=92601) log_opt_values /opt/stack/data/venv/lib/python3.12/site-packages/oslo_config/cfg.py:3242}}
Jun 23 10:06:09.060233 np0000003452 devstack@n-api-meta.service[92601]: DEBUG nova.api.openstack.wsgi_app [None req-58e442fe-5145-4087-bea4-d51d63b2c26c None None] flat_injected = False {{(pid=92601) log_opt_values /opt/stack/data/venv/lib/python3.12/site-packages/oslo_config/cfg.py:3242}}
Jun 23 10:06:09.060233 np0000003452 devstack@n-api-meta.service[92601]: DEBUG nova.api.openstack.wsgi_app [None req-58e442fe-5145-4087-bea4-d51d63b2c26c None None] force_config_drive = True {{(pid=92601) log_opt_values /opt/stack/data/venv/lib/python3.12/site-packages/oslo_config/cfg.py:3242}}
Jun 23 10:06:09.060233 np0000003452 devstack@n-api-meta.service[92601]: DEBUG nova.api.openstack.wsgi_app [None req-58e442fe-5145-4087-bea4-d51d63b2c26c None None] force_raw_images = True {{(pid=92601) log_opt_values /opt/stack/data/venv/lib/python3.12/site-packages/oslo_config/cfg.py:3242}}
Jun 23 10:06:09.060233 np0000003452 devstack@n-api-meta.service[92601]: DEBUG nova.api.openstack.wsgi_app [None req-58e442fe-5145-4087-bea4-d51d63b2c26c None None] graceful_shutdown_timeout = 5 {{(pid=92601) log_opt_values /opt/stack/data/venv/lib/python3.12/site-packages/oslo_config/cfg.py:3242}}
Jun 23 10:06:09.060233 np0000003452 devstack@n-api-meta.service[92601]: DEBUG nova.api.openstack.wsgi_app [None req-58e442fe-5145-4087-bea4-d51d63b2c26c None None] heal_instance_info_cache_interval = -1 {{(pid=92601) log_opt_values /opt/stack/data/venv/lib/python3.12/site-packages/oslo_config/cfg.py:3242}}
Jun 23 10:06:09.060430 np0000003452 devstack@n-api-meta.service[92601]: DEBUG nova.api.openstack.wsgi_app [None req-58e442fe-5145-4087-bea4-d51d63b2c26c None None] host = np0000003452 {{(pid=92601) log_opt_values /opt/stack/data/venv/lib/python3.12/site-packages/oslo_config/cfg.py:3242}}
Jun 23 10:06:09.060430 np0000003452 devstack@n-api-meta.service[92601]: DEBUG nova.api.openstack.wsgi_app [None req-58e442fe-5145-4087-bea4-d51d63b2c26c None None] initial_cpu_allocation_ratio = 4.0 {{(pid=92601) log_opt_values /opt/stack/data/venv/lib/python3.12/site-packages/oslo_config/cfg.py:3242}}
Jun 23 10:06:09.060993 np0000003452 devstack@n-api-meta.service[92601]: DEBUG nova.api.openstack.wsgi_app [None req-58e442fe-5145-4087-bea4-d51d63b2c26c None None] initial_disk_allocation_ratio = 1.0 {{(pid=92601) log_opt_values /opt/stack/data/venv/lib/python3.12/site-packages/oslo_config/cfg.py:3242}}
Jun 23 10:06:09.060993 np0000003452 devstack@n-api-meta.service[92601]: DEBUG nova.api.openstack.wsgi_app [None req-58e442fe-5145-4087-bea4-d51d63b2c26c None None] initial_ram_allocation_ratio = 1.0 {{(pid=92601) log_opt_values /opt/stack/data/venv/lib/python3.12/site-packages/oslo_config/cfg.py:3242}}
Jun 23 10:06:09.060993 np0000003452 devstack@n-api-meta.service[92601]: DEBUG nova.api.openstack.wsgi_app [None req-58e442fe-5145-4087-bea4-d51d63b2c26c None None] injected_network_template = /opt/stack/nova/nova/virt/interfaces.template {{(pid=92601) log_opt_values /opt/stack/data/venv/lib/python3.12/site-packages/oslo_config/cfg.py:3242}}
Jun 23 10:06:09.060993 np0000003452 devstack@n-api-meta.service[92601]: DEBUG nova.api.openstack.wsgi_app [None req-58e442fe-5145-4087-bea4-d51d63b2c26c None None] instance_build_timeout = 0 {{(pid=92601) log_opt_values /opt/stack/data/venv/lib/python3.12/site-packages/oslo_config/cfg.py:3242}}
Jun 23 10:06:09.061134 np0000003452 devstack@n-api-meta.service[92601]: DEBUG nova.api.openstack.wsgi_app [None req-58e442fe-5145-4087-bea4-d51d63b2c26c None None] instance_delete_interval = 300 {{(pid=92601) log_opt_values /opt/stack/data/venv/lib/python3.12/site-packages/oslo_config/cfg.py:3242}}
Jun 23 10:06:09.061202 np0000003452 devstack@n-api-meta.service[92601]: DEBUG nova.api.openstack.wsgi_app [None req-58e442fe-5145-4087-bea4-d51d63b2c26c None None] instance_format = [instance: %(uuid)s] {{(pid=92601) log_opt_values /opt/stack/data/venv/lib/python3.12/site-packages/oslo_config/cfg.py:3242}}
Jun 23 10:06:09.061320 np0000003452 devstack@n-api-meta.service[92601]: DEBUG nova.api.openstack.wsgi_app [None req-58e442fe-5145-4087-bea4-d51d63b2c26c None None] instance_name_template = instance-%08x {{(pid=92601) log_opt_values /opt/stack/data/venv/lib/python3.12/site-packages/oslo_config/cfg.py:3242}}
Jun 23 10:06:09.061436 np0000003452 devstack@n-api-meta.service[92601]: DEBUG nova.api.openstack.wsgi_app [None req-58e442fe-5145-4087-bea4-d51d63b2c26c None None] instance_usage_audit = False {{(pid=92601) log_opt_values /opt/stack/data/venv/lib/python3.12/site-packages/oslo_config/cfg.py:3242}}
Jun 23 10:06:09.061555 np0000003452 devstack@n-api-meta.service[92601]: DEBUG nova.api.openstack.wsgi_app [None req-58e442fe-5145-4087-bea4-d51d63b2c26c None None] instance_usage_audit_period = month {{(pid=92601) log_opt_values /opt/stack/data/venv/lib/python3.12/site-packages/oslo_config/cfg.py:3242}}
Jun 23 10:06:09.061673 np0000003452 devstack@n-api-meta.service[92601]: DEBUG nova.api.openstack.wsgi_app [None req-58e442fe-5145-4087-bea4-d51d63b2c26c None None] instance_uuid_format = [instance: %(uuid)s] {{(pid=92601) log_opt_values /opt/stack/data/venv/lib/python3.12/site-packages/oslo_config/cfg.py:3242}}
Jun 23 10:06:09.061802 np0000003452 devstack@n-api-meta.service[92601]: DEBUG nova.api.openstack.wsgi_app [None req-58e442fe-5145-4087-bea4-d51d63b2c26c None None] instances_path = /opt/stack/data/nova/instances {{(pid=92601) log_opt_values /opt/stack/data/venv/lib/python3.12/site-packages/oslo_config/cfg.py:3242}}
Jun 23 10:06:09.061921 np0000003452 devstack@n-api-meta.service[92601]: DEBUG nova.api.openstack.wsgi_app [None req-58e442fe-5145-4087-bea4-d51d63b2c26c None None] internal_service_availability_zone = internal {{(pid=92601) log_opt_values /opt/stack/data/venv/lib/python3.12/site-packages/oslo_config/cfg.py:3242}}
Jun 23 10:06:09.062028 np0000003452 devstack@n-api-meta.service[92601]: DEBUG nova.api.openstack.wsgi_app [None req-58e442fe-5145-4087-bea4-d51d63b2c26c None None] key = None {{(pid=92601) log_opt_values /opt/stack/data/venv/lib/python3.12/site-packages/oslo_config/cfg.py:3242}}
Jun 23 10:06:09.062136 np0000003452 devstack@n-api-meta.service[92601]: DEBUG nova.api.openstack.wsgi_app [None req-58e442fe-5145-4087-bea4-d51d63b2c26c None None] live_migration_retry_count = 30 {{(pid=92601) log_opt_values /opt/stack/data/venv/lib/python3.12/site-packages/oslo_config/cfg.py:3242}}
Jun 23 10:06:09.062275 np0000003452 devstack@n-api-meta.service[92601]: DEBUG nova.api.openstack.wsgi_app [None req-58e442fe-5145-4087-bea4-d51d63b2c26c None None] log_color = False {{(pid=92601) log_opt_values /opt/stack/data/venv/lib/python3.12/site-packages/oslo_config/cfg.py:3242}}
Jun 23 10:06:09.062392 np0000003452 devstack@n-api-meta.service[92601]: DEBUG nova.api.openstack.wsgi_app [None req-58e442fe-5145-4087-bea4-d51d63b2c26c None None] log_config_append = None {{(pid=92601) log_opt_values /opt/stack/data/venv/lib/python3.12/site-packages/oslo_config/cfg.py:3242}}
Jun 23 10:06:09.062509 np0000003452 devstack@n-api-meta.service[92601]: DEBUG nova.api.openstack.wsgi_app [None req-58e442fe-5145-4087-bea4-d51d63b2c26c None None] log_date_format = %Y-%m-%d %H:%M:%S {{(pid=92601) log_opt_values /opt/stack/data/venv/lib/python3.12/site-packages/oslo_config/cfg.py:3242}}
Jun 23 10:06:09.062622 np0000003452 devstack@n-api-meta.service[92601]: DEBUG nova.api.openstack.wsgi_app [None req-58e442fe-5145-4087-bea4-d51d63b2c26c None None] log_dir = None {{(pid=92601) log_opt_values /opt/stack/data/venv/lib/python3.12/site-packages/oslo_config/cfg.py:3242}}
Jun 23 10:06:09.062734 np0000003452 devstack@n-api-meta.service[92601]: DEBUG nova.api.openstack.wsgi_app [None req-58e442fe-5145-4087-bea4-d51d63b2c26c None None] log_file = None {{(pid=92601) log_opt_values /opt/stack/data/venv/lib/python3.12/site-packages/oslo_config/cfg.py:3242}}
Jun 23 10:06:09.062838 np0000003452 devstack@n-api-meta.service[92601]: DEBUG nova.api.openstack.wsgi_app [None req-58e442fe-5145-4087-bea4-d51d63b2c26c None None] log_options = True {{(pid=92601) log_opt_values /opt/stack/data/venv/lib/python3.12/site-packages/oslo_config/cfg.py:3242}}
Jun 23 10:06:09.062951 np0000003452 devstack@n-api-meta.service[92601]: DEBUG nova.api.openstack.wsgi_app [None req-58e442fe-5145-4087-bea4-d51d63b2c26c None None] log_rotate_interval = 1 {{(pid=92601) log_opt_values /opt/stack/data/venv/lib/python3.12/site-packages/oslo_config/cfg.py:3242}}
Jun 23 10:06:09.063073 np0000003452 devstack@n-api-meta.service[92601]: DEBUG nova.api.openstack.wsgi_app [None req-58e442fe-5145-4087-bea4-d51d63b2c26c None None] log_rotate_interval_type = days {{(pid=92601) log_opt_values /opt/stack/data/venv/lib/python3.12/site-packages/oslo_config/cfg.py:3242}}
Jun 23 10:06:09.063203 np0000003452 devstack@n-api-meta.service[92601]: DEBUG nova.api.openstack.wsgi_app [None req-58e442fe-5145-4087-bea4-d51d63b2c26c None None] log_rotation_type = none {{(pid=92601) log_opt_values /opt/stack/data/venv/lib/python3.12/site-packages/oslo_config/cfg.py:3242}}
Jun 23 10:06:09.063306 np0000003452 devstack@n-api-meta.service[92601]: DEBUG nova.api.openstack.wsgi_app [None req-58e442fe-5145-4087-bea4-d51d63b2c26c None None] logging_context_format_string = %(color)s%(levelname)s %(name)s [%(global_request_id)s %(request_id)s %(project_name)s %(user_name)s%(color)s] %(instance)s%(color)s%(message)s {{(pid=92601) log_opt_values /opt/stack/data/venv/lib/python3.12/site-packages/oslo_config/cfg.py:3242}}
Jun 23 10:06:09.063395 np0000003452 devstack@n-api-meta.service[92601]: DEBUG nova.api.openstack.wsgi_app [None req-58e442fe-5145-4087-bea4-d51d63b2c26c None None] logging_debug_format_suffix = {{(pid=%(process)d) %(funcName)s %(pathname)s:%(lineno)d}} {{(pid=92601) log_opt_values /opt/stack/data/venv/lib/python3.12/site-packages/oslo_config/cfg.py:3242}}
Jun 23 10:06:09.063517 np0000003452 devstack@n-api-meta.service[92601]: DEBUG nova.api.openstack.wsgi_app [None req-58e442fe-5145-4087-bea4-d51d63b2c26c None None] logging_default_format_string = %(color)s%(levelname)s %(name)s [-%(color)s] %(instance)s%(color)s%(message)s {{(pid=92601) log_opt_values /opt/stack/data/venv/lib/python3.12/site-packages/oslo_config/cfg.py:3242}}
Jun 23 10:06:09.063631 np0000003452 devstack@n-api-meta.service[92601]: DEBUG nova.api.openstack.wsgi_app [None req-58e442fe-5145-4087-bea4-d51d63b2c26c None None] logging_exception_prefix = ERROR %(name)s %(instance)s {{(pid=92601) log_opt_values /opt/stack/data/venv/lib/python3.12/site-packages/oslo_config/cfg.py:3242}}
Jun 23 10:06:09.063724 np0000003452 devstack@n-api-meta.service[92601]: DEBUG nova.api.openstack.wsgi_app [None req-58e442fe-5145-4087-bea4-d51d63b2c26c None None] logging_user_identity_format = %(user)s %(project)s %(domain)s %(system_scope)s %(user_domain)s %(project_domain)s {{(pid=92601) log_opt_values /opt/stack/data/venv/lib/python3.12/site-packages/oslo_config/cfg.py:3242}}
Jun 23 10:06:09.063938 np0000003452 devstack@n-api-meta.service[92601]: DEBUG nova.api.openstack.wsgi_app [None req-58e442fe-5145-4087-bea4-d51d63b2c26c None None] long_rpc_timeout = 1800 {{(pid=92601) log_opt_values /opt/stack/data/venv/lib/python3.12/site-packages/oslo_config/cfg.py:3242}}
Jun 23 10:06:09.064094 np0000003452 devstack@n-api-meta.service[92601]: DEBUG nova.api.openstack.wsgi_app [None req-58e442fe-5145-4087-bea4-d51d63b2c26c None None] manager_shutdown_timeout = 160 {{(pid=92601) log_opt_values /opt/stack/data/venv/lib/python3.12/site-packages/oslo_config/cfg.py:3242}}
Jun 23 10:06:09.064250 np0000003452 devstack@n-api-meta.service[92601]: DEBUG nova.api.openstack.wsgi_app [None req-58e442fe-5145-4087-bea4-d51d63b2c26c None None] max_concurrent_builds = 10 {{(pid=92601) log_opt_values /opt/stack/data/venv/lib/python3.12/site-packages/oslo_config/cfg.py:3242}}
Jun 23 10:06:09.064375 np0000003452 devstack@n-api-meta.service[92601]: DEBUG nova.api.openstack.wsgi_app [None req-58e442fe-5145-4087-bea4-d51d63b2c26c None None] max_concurrent_live_migrations = 1 {{(pid=92601) log_opt_values /opt/stack/data/venv/lib/python3.12/site-packages/oslo_config/cfg.py:3242}}
Jun 23 10:06:09.064490 np0000003452 devstack@n-api-meta.service[92601]: DEBUG nova.api.openstack.wsgi_app [None req-58e442fe-5145-4087-bea4-d51d63b2c26c None None] max_concurrent_snapshots = 5 {{(pid=92601) log_opt_values /opt/stack/data/venv/lib/python3.12/site-packages/oslo_config/cfg.py:3242}}
Jun 23 10:06:09.064603 np0000003452 devstack@n-api-meta.service[92601]: DEBUG nova.api.openstack.wsgi_app [None req-58e442fe-5145-4087-bea4-d51d63b2c26c None None] max_local_block_devices = 3 {{(pid=92601) log_opt_values /opt/stack/data/venv/lib/python3.12/site-packages/oslo_config/cfg.py:3242}}
Jun 23 10:06:09.064716 np0000003452 devstack@n-api-meta.service[92601]: DEBUG nova.api.openstack.wsgi_app [None req-58e442fe-5145-4087-bea4-d51d63b2c26c None None] max_logfile_count = 30 {{(pid=92601) log_opt_values /opt/stack/data/venv/lib/python3.12/site-packages/oslo_config/cfg.py:3242}}
Jun 23 10:06:09.065801 np0000003452 devstack@n-api-meta.service[92601]: DEBUG nova.api.openstack.wsgi_app [None req-58e442fe-5145-4087-bea4-d51d63b2c26c None None] max_logfile_size_mb = 200 {{(pid=92601) log_opt_values /opt/stack/data/venv/lib/python3.12/site-packages/oslo_config/cfg.py:3242}}
Jun 23 10:06:09.065801 np0000003452 devstack@n-api-meta.service[92601]: DEBUG nova.api.openstack.wsgi_app [None req-58e442fe-5145-4087-bea4-d51d63b2c26c None None] maximum_instance_delete_attempts = 5 {{(pid=92601) log_opt_values /opt/stack/data/venv/lib/python3.12/site-packages/oslo_config/cfg.py:3242}}
Jun 23 10:06:09.065801 np0000003452 devstack@n-api-meta.service[92601]: DEBUG nova.api.openstack.wsgi_app [None req-58e442fe-5145-4087-bea4-d51d63b2c26c None None] migrate_max_retries = -1 {{(pid=92601) log_opt_values /opt/stack/data/venv/lib/python3.12/site-packages/oslo_config/cfg.py:3242}}
Jun 23 10:06:09.065801 np0000003452 devstack@n-api-meta.service[92601]: DEBUG nova.api.openstack.wsgi_app [None req-58e442fe-5145-4087-bea4-d51d63b2c26c None None] mkisofs_cmd = genisoimage {{(pid=92601) log_opt_values /opt/stack/data/venv/lib/python3.12/site-packages/oslo_config/cfg.py:3242}}
Jun 23 10:06:09.065801 np0000003452 devstack@n-api-meta.service[92601]: DEBUG nova.api.openstack.wsgi_app [None req-58e442fe-5145-4087-bea4-d51d63b2c26c None None] my_block_storage_ip = 10.4.3.180 {{(pid=92601) log_opt_values /opt/stack/data/venv/lib/python3.12/site-packages/oslo_config/cfg.py:3242}}
Jun 23 10:06:09.065801 np0000003452 devstack@n-api-meta.service[92601]: DEBUG nova.api.openstack.wsgi_app [None req-58e442fe-5145-4087-bea4-d51d63b2c26c None None] my_ip = 10.4.3.180 {{(pid=92601) log_opt_values /opt/stack/data/venv/lib/python3.12/site-packages/oslo_config/cfg.py:3242}}
Jun 23 10:06:09.065801 np0000003452 devstack@n-api-meta.service[92601]: DEBUG nova.api.openstack.wsgi_app [None req-58e442fe-5145-4087-bea4-d51d63b2c26c None None] my_shared_fs_storage_ip = 10.4.3.180 {{(pid=92601) log_opt_values /opt/stack/data/venv/lib/python3.12/site-packages/oslo_config/cfg.py:3242}}
Jun 23 10:06:09.066046 np0000003452 devstack@n-api-meta.service[92601]: DEBUG nova.api.openstack.wsgi_app [None req-58e442fe-5145-4087-bea4-d51d63b2c26c None None] network_allocate_retries = 0 {{(pid=92601) log_opt_values /opt/stack/data/venv/lib/python3.12/site-packages/oslo_config/cfg.py:3242}}
Jun 23 10:06:09.066046 np0000003452 devstack@n-api-meta.service[92601]: DEBUG nova.api.openstack.wsgi_app [None req-58e442fe-5145-4087-bea4-d51d63b2c26c None None] non_inheritable_image_properties = ['cache_in_nova', 'bittorrent'] {{(pid=92601) log_opt_values /opt/stack/data/venv/lib/python3.12/site-packages/oslo_config/cfg.py:3242}}
Jun 23 10:06:09.066128 np0000003452 devstack@n-api-meta.service[92599]: DEBUG oslo_db.sqlalchemy.engines [None req-ae327df5-bc9d-4420-9210-7f49229b3a7e None None] MySQL server mode set to STRICT_TRANS_TABLES,STRICT_ALL_TABLES,NO_ZERO_IN_DATE,NO_ZERO_DATE,ERROR_FOR_DIVISION_BY_ZERO,TRADITIONAL,NO_ENGINE_SUBSTITUTION {{(pid=92599) _check_effective_sql_mode /opt/stack/data/venv/lib/python3.12/site-packages/oslo_db/sqlalchemy/engines.py:325}}
Jun 23 10:06:09.066169 np0000003452 devstack@n-api-meta.service[92601]: DEBUG nova.api.openstack.wsgi_app [None req-58e442fe-5145-4087-bea4-d51d63b2c26c None None] osapi_compute_unique_server_name_scope = {{(pid=92601) log_opt_values /opt/stack/data/venv/lib/python3.12/site-packages/oslo_config/cfg.py:3242}}
Jun 23 10:06:09.066169 np0000003452 devstack@n-api-meta.service[92601]: DEBUG nova.api.openstack.wsgi_app [None req-58e442fe-5145-4087-bea4-d51d63b2c26c None None] password_length = 12 {{(pid=92601) log_opt_values /opt/stack/data/venv/lib/python3.12/site-packages/oslo_config/cfg.py:3242}}
Jun 23 10:06:09.066267 np0000003452 devstack@n-api-meta.service[92601]: DEBUG nova.api.openstack.wsgi_app [None req-58e442fe-5145-4087-bea4-d51d63b2c26c None None] periodic_enable = True {{(pid=92601) log_opt_values /opt/stack/data/venv/lib/python3.12/site-packages/oslo_config/cfg.py:3242}}
Jun 23 10:06:09.066419 np0000003452 devstack@n-api-meta.service[92601]: DEBUG nova.api.openstack.wsgi_app [None req-58e442fe-5145-4087-bea4-d51d63b2c26c None None] periodic_fuzzy_delay = 60 {{(pid=92601) log_opt_values /opt/stack/data/venv/lib/python3.12/site-packages/oslo_config/cfg.py:3242}}
Jun 23 10:06:09.066543 np0000003452 devstack@n-api-meta.service[92601]: DEBUG nova.api.openstack.wsgi_app [None req-58e442fe-5145-4087-bea4-d51d63b2c26c None None] pointer_model = ps2mouse {{(pid=92601) log_opt_values /opt/stack/data/venv/lib/python3.12/site-packages/oslo_config/cfg.py:3242}}
