Jun 23 10:06:08.456982 np0000003452 nova-scheduler[93195]: DEBUG cotyledon.oslo_config_glue [-] oslo_messaging_notifications.transport_url = **** {{(pid=93195) log_opt_values /opt/stack/data/venv/lib/python3.12/site-packages/oslo_config/cfg.py:3253}}
Jun 23 10:06:08.457074 np0000003452 nova-scheduler[93195]: DEBUG cotyledon.oslo_config_glue [-] oslo_limit.auth_section = None {{(pid=93195) log_opt_values /opt/stack/data/venv/lib/python3.12/site-packages/oslo_config/cfg.py:3253}}
Jun 23 10:06:08.457121 np0000003452 nova-scheduler[93195]: DEBUG cotyledon.oslo_config_glue [-] oslo_limit.auth_type = None {{(pid=93195) log_opt_values /opt/stack/data/venv/lib/python3.12/site-packages/oslo_config/cfg.py:3253}}
Jun 23 10:06:08.457161 np0000003452 nova-scheduler[93195]: DEBUG cotyledon.oslo_config_glue [-] oslo_limit.cafile = None {{(pid=93195) log_opt_values /opt/stack/data/venv/lib/python3.12/site-packages/oslo_config/cfg.py:3253}}
Jun 23 10:06:08.457249 np0000003452 nova-scheduler[93195]: DEBUG cotyledon.oslo_config_glue [-] oslo_limit.certfile = None {{(pid=93195) log_opt_values /opt/stack/data/venv/lib/python3.12/site-packages/oslo_config/cfg.py:3253}}
Jun 23 10:06:08.457305 np0000003452 nova-scheduler[93195]: DEBUG cotyledon.oslo_config_glue [-] oslo_limit.collect_timing = False {{(pid=93195) log_opt_values /opt/stack/data/venv/lib/python3.12/site-packages/oslo_config/cfg.py:3253}}
Jun 23 10:06:08.457364 np0000003452 nova-scheduler[93195]: DEBUG cotyledon.oslo_config_glue [-] oslo_limit.connect_retries = None {{(pid=93195) log_opt_values /opt/stack/data/venv/lib/python3.12/site-packages/oslo_config/cfg.py:3253}}
Jun 23 10:06:08.457414 np0000003452 nova-scheduler[93195]: DEBUG cotyledon.oslo_config_glue [-] oslo_limit.connect_retry_delay = None {{(pid=93195) log_opt_values /opt/stack/data/venv/lib/python3.12/site-packages/oslo_config/cfg.py:3253}}
Jun 23 10:06:08.457470 np0000003452 nova-scheduler[93195]: DEBUG cotyledon.oslo_config_glue [-] oslo_limit.endpoint_id = None {{(pid=93195) log_opt_values /opt/stack/data/venv/lib/python3.12/site-packages/oslo_config/cfg.py:3253}}
Jun 23 10:06:08.457545 np0000003452 nova-scheduler[93195]: DEBUG cotyledon.oslo_config_glue [-] oslo_limit.endpoint_interface = public {{(pid=93195) log_opt_values /opt/stack/data/venv/lib/python3.12/site-packages/oslo_config/cfg.py:3253}}
Jun 23 10:06:08.457603 np0000003452 nova-scheduler[93195]: DEBUG cotyledon.oslo_config_glue [-] oslo_limit.endpoint_override = None {{(pid=93195) log_opt_values /opt/stack/data/venv/lib/python3.12/site-packages/oslo_config/cfg.py:3253}}
Jun 23 10:06:08.457646 np0000003452 nova-scheduler[93195]: DEBUG cotyledon.oslo_config_glue [-] oslo_limit.endpoint_region_name = None {{(pid=93195) log_opt_values /opt/stack/data/venv/lib/python3.12/site-packages/oslo_config/cfg.py:3253}}
Jun 23 10:06:08.457701 np0000003452 nova-scheduler[93195]: DEBUG cotyledon.oslo_config_glue [-] oslo_limit.endpoint_service_name = None {{(pid=93195) log_opt_values /opt/stack/data/venv/lib/python3.12/site-packages/oslo_config/cfg.py:3253}}
Jun 23 10:06:08.457758 np0000003452 nova-scheduler[93195]: DEBUG cotyledon.oslo_config_glue [-] oslo_limit.endpoint_service_type = None {{(pid=93195) log_opt_values /opt/stack/data/venv/lib/python3.12/site-packages/oslo_config/cfg.py:3253}}
Jun 23 10:06:08.457833 np0000003452 nova-scheduler[93195]: DEBUG cotyledon.oslo_config_glue [-] oslo_limit.insecure = False {{(pid=93195) log_opt_values /opt/stack/data/venv/lib/python3.12/site-packages/oslo_config/cfg.py:3253}}
Jun 23 10:06:08.457886 np0000003452 nova-scheduler[93195]: DEBUG cotyledon.oslo_config_glue [-] oslo_limit.keyfile = None {{(pid=93195) log_opt_values /opt/stack/data/venv/lib/python3.12/site-packages/oslo_config/cfg.py:3253}}
Jun 23 10:06:08.457941 np0000003452 nova-scheduler[93195]: DEBUG cotyledon.oslo_config_glue [-] oslo_limit.max_version = None {{(pid=93195) log_opt_values /opt/stack/data/venv/lib/python3.12/site-packages/oslo_config/cfg.py:3253}}
Jun 23 10:06:08.457986 np0000003452 nova-scheduler[93195]: DEBUG cotyledon.oslo_config_glue [-] oslo_limit.min_version = None {{(pid=93195) log_opt_values /opt/stack/data/venv/lib/python3.12/site-packages/oslo_config/cfg.py:3253}}
Jun 23 10:06:08.458057 np0000003452 nova-scheduler[93195]: DEBUG cotyledon.oslo_config_glue [-] oslo_limit.region_name = None {{(pid=93195) log_opt_values /opt/stack/data/venv/lib/python3.12/site-packages/oslo_config/cfg.py:3253}}
Jun 23 10:06:08.458116 np0000003452 nova-scheduler[93195]: DEBUG cotyledon.oslo_config_glue [-] oslo_limit.retriable_status_codes = None {{(pid=93195) log_opt_values /opt/stack/data/venv/lib/python3.12/site-packages/oslo_config/cfg.py:3253}}
Jun 23 10:06:08.458197 np0000003452 nova-scheduler[93195]: DEBUG cotyledon.oslo_config_glue [-] oslo_limit.service_name = None {{(pid=93195) log_opt_values /opt/stack/data/venv/lib/python3.12/site-packages/oslo_config/cfg.py:3253}}
Jun 23 10:06:08.458277 np0000003452 nova-scheduler[93195]: DEBUG cotyledon.oslo_config_glue [-] oslo_limit.service_type = None {{(pid=93195) log_opt_values /opt/stack/data/venv/lib/python3.12/site-packages/oslo_config/cfg.py:3253}}
Jun 23 10:06:08.458340 np0000003452 nova-scheduler[93195]: DEBUG cotyledon.oslo_config_glue [-] oslo_limit.split_loggers = False {{(pid=93195) log_opt_values /opt/stack/data/venv/lib/python3.12/site-packages/oslo_config/cfg.py:3253}}
Jun 23 10:06:08.458410 np0000003452 nova-scheduler[93195]: DEBUG cotyledon.oslo_config_glue [-] oslo_limit.status_code_retries = None {{(pid=93195) log_opt_values /opt/stack/data/venv/lib/python3.12/site-packages/oslo_config/cfg.py:3253}}
Jun 23 10:06:08.458466 np0000003452 nova-scheduler[93195]: DEBUG cotyledon.oslo_config_glue [-] oslo_limit.status_code_retry_delay = None {{(pid=93195) log_opt_values /opt/stack/data/venv/lib/python3.12/site-packages/oslo_config/cfg.py:3253}}
Jun 23 10:06:08.458532 np0000003452 nova-scheduler[93195]: DEBUG cotyledon.oslo_config_glue [-] oslo_limit.timeout = None {{(pid=93195) log_opt_values /opt/stack/data/venv/lib/python3.12/site-packages/oslo_config/cfg.py:3253}}
Jun 23 10:06:08.458577 np0000003452 nova-scheduler[93195]: DEBUG cotyledon.oslo_config_glue [-] oslo_limit.valid_interfaces = None {{(pid=93195) log_opt_values /opt/stack/data/venv/lib/python3.12/site-packages/oslo_config/cfg.py:3253}}
Jun 23 10:06:08.458638 np0000003452 nova-scheduler[93195]: DEBUG cotyledon.oslo_config_glue [-] oslo_limit.version = None {{(pid=93195) log_opt_values /opt/stack/data/venv/lib/python3.12/site-packages/oslo_config/cfg.py:3253}}
Jun 23 10:06:08.458727 np0000003452 nova-scheduler[93195]: DEBUG cotyledon.oslo_config_glue [-] oslo_reports.file_event_handler = None {{(pid=93195) log_opt_values /opt/stack/data/venv/lib/python3.12/site-packages/oslo_config/cfg.py:3253}}
Jun 23 10:06:08.458791 np0000003452 nova-scheduler[93195]: DEBUG cotyledon.oslo_config_glue [-] oslo_reports.file_event_handler_interval = 1 {{(pid=93195) log_opt_values /opt/stack/data/venv/lib/python3.12/site-packages/oslo_config/cfg.py:3253}}
Jun 23 10:06:08.458862 np0000003452 nova-scheduler[93195]: DEBUG cotyledon.oslo_config_glue [-] oslo_reports.log_dir = None {{(pid=93195) log_opt_values /opt/stack/data/venv/lib/python3.12/site-packages/oslo_config/cfg.py:3253}}
Jun 23 10:06:08.458909 np0000003452 nova-scheduler[93195]: DEBUG cotyledon.oslo_config_glue [-] ******************************************************************************** {{(pid=93195) log_opt_values /opt/stack/data/venv/lib/python3.12/site-packages/oslo_config/cfg.py:3260}}
Jun 23 10:06:08.459075 np0000003452 nova-scheduler[93195]: DEBUG cotyledon._service_worker [-] Run service ServiceWrapper(2) [93195] {{(pid=93195) wait_forever /opt/stack/data/venv/lib/python3.12/site-packages/cotyledon/_service_worker.py:218}}
Jun 23 10:06:08.460466 np0000003452 nova-scheduler[93195]: INFO nova.service [-] Starting scheduler node (version 33.1.0)
Jun 23 10:06:08.462620 np0000003452 nova-scheduler[93186]: DEBUG dbcounter [-] [93186] Writer thread running {{(pid=93186) stat_writer /opt/stack/data/venv/lib/python3.12/site-packages/dbcounter.py:102}}
Jun 23 10:06:08.464841 np0000003452 nova-scheduler[93195]: INFO dbcounter [None req-89235ee2-174b-48f8-a01c-424bdf0b9080 None None] Registered counter for database nova_cell0
Jun 23 10:06:08.477486 np0000003452 nova-scheduler[93186]: DEBUG nova.service [None req-3e8c23cf-812d-48ca-94ce-50be3593e671 None None] Creating RPC server for service: nova-scheduler on topic: scheduler {{(pid=93186) start /opt/stack/nova/nova/service.py:196}}
Jun 23 10:06:08.480668 np0000003452 nova-scheduler[93188]: DEBUG oslo_db.sqlalchemy.engines [None req-6419fba7-f883-4ec0-8778-7232d7a743fa None None] MySQL server mode set to STRICT_TRANS_TABLES,STRICT_ALL_TABLES,NO_ZERO_IN_DATE,NO_ZERO_DATE,ERROR_FOR_DIVISION_BY_ZERO,TRADITIONAL,NO_ENGINE_SUBSTITUTION {{(pid=93188) _check_effective_sql_mode /opt/stack/data/venv/lib/python3.12/site-packages/oslo_db/sqlalchemy/engines.py:325}}
Jun 23 10:06:08.492731 np0000003452 nova-scheduler[93188]: DEBUG dbcounter [-] [93188] Writer thread running {{(pid=93188) stat_writer /opt/stack/data/venv/lib/python3.12/site-packages/dbcounter.py:102}}
Jun 23 10:06:08.496611 np0000003452 nova-scheduler[93188]: DEBUG nova.service [None req-6419fba7-f883-4ec0-8778-7232d7a743fa None None] Creating RPC server for service: nova-scheduler on topic: scheduler {{(pid=93188) start /opt/stack/nova/nova/service.py:196}}
Jun 23 10:06:08.499083 np0000003452 nova-scheduler[93186]: DEBUG nova.service [None req-3e8c23cf-812d-48ca-94ce-50be3593e671 None None] Join ServiceGroup membership for this service scheduler {{(pid=93186) start /opt/stack/nova/nova/service.py:222}}
Jun 23 10:06:08.499329 np0000003452 nova-scheduler[93186]: DEBUG nova.servicegroup.drivers.db [None req-3e8c23cf-812d-48ca-94ce-50be3593e671 None None] DB_Driver: join new ServiceGroup member np0000003452 to the scheduler group, service = {{(pid=93186) join /opt/stack/nova/nova/servicegroup/drivers/db.py:44}}
Jun 23 10:06:08.509965 np0000003452 nova-scheduler[93195]: DEBUG oslo_db.sqlalchemy.engines [None req-89235ee2-174b-48f8-a01c-424bdf0b9080 None None] MySQL server mode set to STRICT_TRANS_TABLES,STRICT_ALL_TABLES,NO_ZERO_IN_DATE,NO_ZERO_DATE,ERROR_FOR_DIVISION_BY_ZERO,TRADITIONAL,NO_ENGINE_SUBSTITUTION {{(pid=93195) _check_effective_sql_mode /opt/stack/data/venv/lib/python3.12/site-packages/oslo_db/sqlalchemy/engines.py:325}}
Jun 23 10:06:08.513441 np0000003452 nova-scheduler[93188]: DEBUG nova.service [None req-6419fba7-f883-4ec0-8778-7232d7a743fa None None] Join ServiceGroup membership for this service scheduler {{(pid=93188) start /opt/stack/nova/nova/service.py:222}}
Jun 23 10:06:08.513618 np0000003452 nova-scheduler[93188]: DEBUG nova.servicegroup.drivers.db [None req-6419fba7-f883-4ec0-8778-7232d7a743fa None None] DB_Driver: join new ServiceGroup member np0000003452 to the scheduler group, service = {{(pid=93188) join /opt/stack/nova/nova/servicegroup/drivers/db.py:44}}
Jun 23 10:06:08.521804 np0000003452 nova-scheduler[93195]: DEBUG dbcounter [-] [93195] Writer thread running {{(pid=93195) stat_writer /opt/stack/data/venv/lib/python3.12/site-packages/dbcounter.py:102}}
Jun 23 10:06:08.525200 np0000003452 nova-scheduler[93195]: DEBUG nova.service [None req-89235ee2-174b-48f8-a01c-424bdf0b9080 None None] Creating RPC server for service: nova-scheduler on topic: scheduler {{(pid=93195) start /opt/stack/nova/nova/service.py:196}}
Jun 23 10:06:08.543508 np0000003452 nova-scheduler[93195]: DEBUG nova.service [None req-89235ee2-174b-48f8-a01c-424bdf0b9080 None None] Join ServiceGroup membership for this service scheduler {{(pid=93195) start /opt/stack/nova/nova/service.py:222}}
Jun 23 10:06:08.543713 np0000003452 nova-scheduler[93195]: DEBUG nova.servicegroup.drivers.db [None req-89235ee2-174b-48f8-a01c-424bdf0b9080 None None] DB_Driver: join new ServiceGroup member np0000003452 to the scheduler group, service = {{(pid=93195) join /opt/stack/nova/nova/servicegroup/drivers/db.py:44}}
Jun 23 10:06:13.513643 np0000003452 nova-scheduler[93186]: DEBUG oslo.service.backend._threading.loopingcall [-] Fixed interval looping call 'nova.servicegroup.drivers.db.DbDriver._report_state' sleeping for 119.99 seconds {{(pid=93186) _run_loop /opt/stack/data/venv/lib/python3.12/site-packages/oslo_service/backend/_threading/loopingcall.py:125}}
Jun 23 10:06:13.523961 np0000003452 nova-scheduler[93188]: DEBUG oslo.service.backend._threading.loopingcall [-] Fixed interval looping call 'nova.servicegroup.drivers.db.DbDriver._report_state' sleeping for 119.99 seconds {{(pid=93188) _run_loop /opt/stack/data/venv/lib/python3.12/site-packages/oslo_service/backend/_threading/loopingcall.py:125}}
Jun 23 10:06:13.554675 np0000003452 nova-scheduler[93195]: DEBUG oslo.service.backend._threading.loopingcall [-] Fixed interval looping call 'nova.servicegroup.drivers.db.DbDriver._report_state' sleeping for 119.99 seconds {{(pid=93195) _run_loop /opt/stack/data/venv/lib/python3.12/site-packages/oslo_service/backend/_threading/loopingcall.py:125}}
Jun 23 10:06:16.545869 np0000003452 nova-scheduler[93195]: DEBUG oslo.service.backend._threading.loopingcall [None req-16218b78-5b76-4c7a-8d07-3975f132aaf2 None None] Dynamic interval looping call 'nova.service.Service.periodic_tasks' sleeping for 60.00 seconds {{(pid=93195) _run_loop /opt/stack/data/venv/lib/python3.12/site-packages/oslo_service/backend/_threading/loopingcall.py:125}}
Jun 23 10:06:17.034335 np0000003452 nova-scheduler[91973]: DEBUG dbcounter [-] [91973] Writing DB stats nova_api:SELECT=3 {{(pid=91973) stat_writer /opt/stack/data/venv/lib/python3.12/site-packages/dbcounter.py:115}}
Jun 23 10:06:17.175261 np0000003452 nova-scheduler[91973]: DEBUG dbcounter [-] [91973] Writing DB stats nova_cell0:SELECT=1 {{(pid=91973) stat_writer /opt/stack/data/venv/lib/python3.12/site-packages/dbcounter.py:115}}
Jun 23 10:06:17.179508 np0000003452 nova-scheduler[91973]: DEBUG dbcounter [-] [91973] Writing DB stats nova_cell1:SELECT=1 {{(pid=91973) stat_writer /opt/stack/data/venv/lib/python3.12/site-packages/dbcounter.py:115}}
Jun 23 10:06:23.509987 np0000003452 nova-scheduler[93186]: DEBUG dbcounter [-] [93186] Writing DB stats nova_cell0:SELECT=4,nova_cell0:INSERT=1,nova_cell0:UPDATE=1 {{(pid=93186) stat_writer /opt/stack/data/venv/lib/python3.12/site-packages/dbcounter.py:115}}
Jun 23 10:06:23.521608 np0000003452 nova-scheduler[93188]: DEBUG dbcounter [-] [93188] Writing DB stats nova_cell0:SELECT=3 {{(pid=93188) stat_writer /opt/stack/data/venv/lib/python3.12/site-packages/dbcounter.py:115}}
Jun 23 10:06:23.552028 np0000003452 nova-scheduler[93195]: DEBUG dbcounter [-] [93195] Writing DB stats nova_cell0:SELECT=3 {{(pid=93195) stat_writer /opt/stack/data/venv/lib/python3.12/site-packages/dbcounter.py:115}}
Jun 23 10:06:27.501168 np0000003452 nova-scheduler[93186]: DEBUG oslo.service.backend._threading.loopingcall [None req-b844a602-4a83-4144-b884-414f66d8920e None None] Dynamic interval looping call 'nova.service.Service.periodic_tasks' sleeping for 60.00 seconds {{(pid=93186) _run_loop /opt/stack/data/venv/lib/python3.12/site-packages/oslo_service/backend/_threading/loopingcall.py:125}}
Jun 23 10:06:59.515673 np0000003452 nova-scheduler[93188]: DEBUG oslo.service.backend._threading.loopingcall [None req-210ebec0-ae23-425e-90ba-42b529c411ba None None] Dynamic interval looping call 'nova.service.Service.periodic_tasks' sleeping for 60.00 seconds {{(pid=93188) _run_loop /opt/stack/data/venv/lib/python3.12/site-packages/oslo_service/backend/_threading/loopingcall.py:125}}
Jun 23 10:07:16.546445 np0000003452 nova-scheduler[93195]: DEBUG oslo.service.backend._threading.loopingcall [None req-16218b78-5b76-4c7a-8d07-3975f132aaf2 None None] Dynamic interval looping call 'nova.service.Service.periodic_tasks' sleeping for 60.00 seconds {{(pid=93195) _run_loop /opt/stack/data/venv/lib/python3.12/site-packages/oslo_service/backend/_threading/loopingcall.py:125}}
Jun 23 10:07:27.501738 np0000003452 nova-scheduler[93186]: DEBUG oslo.service.backend._threading.loopingcall [None req-b844a602-4a83-4144-b884-414f66d8920e None None] Dynamic interval looping call 'nova.service.Service.periodic_tasks' sleeping for 60.00 seconds {{(pid=93186) _run_loop /opt/stack/data/venv/lib/python3.12/site-packages/oslo_service/backend/_threading/loopingcall.py:125}}
Jun 23 10:07:59.516567 np0000003452 nova-scheduler[93188]: DEBUG oslo.service.backend._threading.loopingcall [None req-210ebec0-ae23-425e-90ba-42b529c411ba None None] Dynamic interval looping call 'nova.service.Service.periodic_tasks' sleeping for 60.00 seconds {{(pid=93188) _run_loop /opt/stack/data/venv/lib/python3.12/site-packages/oslo_service/backend/_threading/loopingcall.py:125}}
Jun 23 10:08:13.510566 np0000003452 nova-scheduler[93186]: DEBUG oslo.service.backend._threading.loopingcall [-] Fixed interval looping call 'nova.servicegroup.drivers.db.DbDriver._report_state' sleeping for 119.99 seconds {{(pid=93186) _run_loop /opt/stack/data/venv/lib/python3.12/site-packages/oslo_service/backend/_threading/loopingcall.py:125}}
Jun 23 10:08:13.518116 np0000003452 nova-scheduler[93188]: DEBUG oslo.service.backend._threading.loopingcall [-] Fixed interval looping call 'nova.servicegroup.drivers.db.DbDriver._report_state' sleeping for 120.00 seconds {{(pid=93188) _run_loop /opt/stack/data/venv/lib/python3.12/site-packages/oslo_service/backend/_threading/loopingcall.py:125}}
Jun 23 10:08:13.548588 np0000003452 nova-scheduler[93195]: DEBUG oslo.service.backend._threading.loopingcall [-] Fixed interval looping call 'nova.servicegroup.drivers.db.DbDriver._report_state' sleeping for 120.00 seconds {{(pid=93195) _run_loop /opt/stack/data/venv/lib/python3.12/site-packages/oslo_service/backend/_threading/loopingcall.py:125}}
Jun 23 10:08:16.546926 np0000003452 nova-scheduler[93195]: DEBUG oslo.service.backend._threading.loopingcall [None req-16218b78-5b76-4c7a-8d07-3975f132aaf2 None None] Dynamic interval looping call 'nova.service.Service.periodic_tasks' sleeping for 60.00 seconds {{(pid=93195) _run_loop /opt/stack/data/venv/lib/python3.12/site-packages/oslo_service/backend/_threading/loopingcall.py:125}}
Jun 23 10:08:23.507836 np0000003452 nova-scheduler[93186]: DEBUG dbcounter [-] [93186] Writing DB stats nova_cell0:SELECT=1,nova_cell0:UPDATE=1 {{(pid=93186) stat_writer /opt/stack/data/venv/lib/python3.12/site-packages/dbcounter.py:115}}
Jun 23 10:08:23.516364 np0000003452 nova-scheduler[93188]: DEBUG dbcounter [-] [93188] Writing DB stats nova_cell0:SELECT=1 {{(pid=93188) stat_writer /opt/stack/data/venv/lib/python3.12/site-packages/dbcounter.py:115}}
Jun 23 10:08:23.546717 np0000003452 nova-scheduler[93195]: DEBUG dbcounter [-] [93195] Writing DB stats nova_cell0:SELECT=1 {{(pid=93195) stat_writer /opt/stack/data/venv/lib/python3.12/site-packages/dbcounter.py:115}}
Jun 23 10:08:27.502259 np0000003452 nova-scheduler[93186]: DEBUG oslo.service.backend._threading.loopingcall [None req-b844a602-4a83-4144-b884-414f66d8920e None None] Dynamic interval looping call 'nova.service.Service.periodic_tasks' sleeping for 60.00 seconds {{(pid=93186) _run_loop /opt/stack/data/venv/lib/python3.12/site-packages/oslo_service/backend/_threading/loopingcall.py:125}}
Jun 23 10:08:59.517116 np0000003452 nova-scheduler[93188]: DEBUG oslo.service.backend._threading.loopingcall [None req-210ebec0-ae23-425e-90ba-42b529c411ba None None] Dynamic interval looping call 'nova.service.Service.periodic_tasks' sleeping for 60.00 seconds {{(pid=93188) _run_loop /opt/stack/data/venv/lib/python3.12/site-packages/oslo_service/backend/_threading/loopingcall.py:125}}
Jun 23 10:09:01.653004 np0000003452 nova-scheduler[93186]: DEBUG nova.scheduler.manager [None req-6a4a0a77-b659-4610-8c91-5d4df2c3dcf1 tempest-ServerBootFromVolumeStableRescueTest-7598833 tempest-ServerBootFromVolumeStableRescueTest-7598833-project-member] Starting to schedule for instances: ['75494898-8465-4bac-9573-171fb2958aef'] {{(pid=93186) select_destinations /opt/stack/nova/nova/scheduler/manager.py:210}}
Jun 23 10:09:01.653479 np0000003452 nova-scheduler[93186]: DEBUG nova.scheduler.request_filter [None req-6a4a0a77-b659-4610-8c91-5d4df2c3dcf1 tempest-ServerBootFromVolumeStableRescueTest-7598833 tempest-ServerBootFromVolumeStableRescueTest-7598833-project-member] compute_status_filter request filter added forbidden trait COMPUTE_STATUS_DISABLED {{(pid=93186) compute_status_filter /opt/stack/nova/nova/scheduler/request_filter.py:253}}
Jun 23 10:09:01.653858 np0000003452 nova-scheduler[93186]: DEBUG nova.scheduler.request_filter [None req-6a4a0a77-b659-4610-8c91-5d4df2c3dcf1 tempest-ServerBootFromVolumeStableRescueTest-7598833 tempest-ServerBootFromVolumeStableRescueTest-7598833-project-member] Request filter 'compute_status_filter' took 0.0 seconds {{(pid=93186) wrapper /opt/stack/nova/nova/scheduler/request_filter.py:46}}
Jun 23 10:09:01.654162 np0000003452 nova-scheduler[93186]: DEBUG nova.scheduler.request_filter [None req-6a4a0a77-b659-4610-8c91-5d4df2c3dcf1 tempest-ServerBootFromVolumeStableRescueTest-7598833 tempest-ServerBootFromVolumeStableRescueTest-7598833-project-member] Request filter 'accelerators_filter' took 0.0 seconds {{(pid=93186) wrapper /opt/stack/nova/nova/scheduler/request_filter.py:46}}
Jun 23 10:09:01.654407 np0000003452 nova-scheduler[93186]: DEBUG nova.scheduler.request_filter [None req-6a4a0a77-b659-4610-8c91-5d4df2c3dcf1 tempest-ServerBootFromVolumeStableRescueTest-7598833 tempest-ServerBootFromVolumeStableRescueTest-7598833-project-member] Request filter 'packed_virtqueue_filter' took 0.0 seconds {{(pid=93186) wrapper /opt/stack/nova/nova/scheduler/request_filter.py:46}}
Jun 23 10:09:01.654720 np0000003452 nova-scheduler[93186]: DEBUG nova.scheduler.request_filter [None req-6a4a0a77-b659-4610-8c91-5d4df2c3dcf1 tempest-ServerBootFromVolumeStableRescueTest-7598833 tempest-ServerBootFromVolumeStableRescueTest-7598833-project-member] Request filter 'remote_managed_ports_filter' took 0.0 seconds {{(pid=93186) wrapper /opt/stack/nova/nova/scheduler/request_filter.py:46}}
Jun 23 10:09:01.654920 np0000003452 nova-scheduler[93186]: DEBUG nova.scheduler.request_filter [None req-6a4a0a77-b659-4610-8c91-5d4df2c3dcf1 tempest-ServerBootFromVolumeStableRescueTest-7598833 tempest-ServerBootFromVolumeStableRescueTest-7598833-project-member] ephemeral_encryption_filter skipped {{(pid=93186) ephemeral_encryption_filter /opt/stack/nova/nova/scheduler/request_filter.py:426}}
Jun 23 10:09:01.655057 np0000003452 nova-scheduler[93186]: DEBUG nova.scheduler.request_filter [None req-6a4a0a77-b659-4610-8c91-5d4df2c3dcf1 tempest-ServerBootFromVolumeStableRescueTest-7598833 tempest-ServerBootFromVolumeStableRescueTest-7598833-project-member] virtio_sound_filter skipped {{(pid=93186) virtio_sound_filter /opt/stack/nova/nova/scheduler/request_filter.py:460}}
Jun 23 10:09:01.655217 np0000003452 nova-scheduler[93186]: DEBUG nova.scheduler.request_filter [None req-6a4a0a77-b659-4610-8c91-5d4df2c3dcf1 tempest-ServerBootFromVolumeStableRescueTest-7598833 tempest-ServerBootFromVolumeStableRescueTest-7598833-project-member] tpm_secret_security_filter skipped {{(pid=93186) tpm_secret_security_filter /opt/stack/nova/nova/scheduler/request_filter.py:477}}
Jun 23 10:09:02.280738 np0000003452 nova-scheduler[93186]: INFO nova.utils [None req-6a4a0a77-b659-4610-8c91-5d4df2c3dcf1 tempest-ServerBootFromVolumeStableRescueTest-7598833 tempest-ServerBootFromVolumeStableRescueTest-7598833-project-member] The cell worker thread pool ForkProcess-1.cell_worker is initialized
Jun 23 10:09:02.281172 np0000003452 nova-scheduler[93186]: DEBUG oslo_concurrency.lockutils [None req-6a4a0a77-b659-4610-8c91-5d4df2c3dcf1 tempest-ServerBootFromVolumeStableRescueTest-7598833 tempest-ServerBootFromVolumeStableRescueTest-7598833-project-member] Acquiring lock "33ba6cb8-e714-480b-b30d-e7898ab4c6d2" by "nova.context.set_target_cell..get_or_set_cached_cell_and_set_connections" {{(pid=93186) inner /opt/stack/data/venv/lib/python3.12/site-packages/oslo_concurrency/lockutils.py:511}}
Jun 23 10:09:02.281520 np0000003452 nova-scheduler[93186]: DEBUG oslo_concurrency.lockutils [None req-6a4a0a77-b659-4610-8c91-5d4df2c3dcf1 tempest-ServerBootFromVolumeStableRescueTest-7598833 tempest-ServerBootFromVolumeStableRescueTest-7598833-project-member] Lock "33ba6cb8-e714-480b-b30d-e7898ab4c6d2" acquired by "nova.context.set_target_cell..get_or_set_cached_cell_and_set_connections" :: waited 0.000s {{(pid=93186) inner /opt/stack/data/venv/lib/python3.12/site-packages/oslo_concurrency/lockutils.py:524}}
Jun 23 10:09:02.283449 np0000003452 nova-scheduler[93186]: DEBUG oslo_concurrency.lockutils [None req-6a4a0a77-b659-4610-8c91-5d4df2c3dcf1 tempest-ServerBootFromVolumeStableRescueTest-7598833 tempest-ServerBootFromVolumeStableRescueTest-7598833-project-member] Lock "33ba6cb8-e714-480b-b30d-e7898ab4c6d2" "released" by "nova.context.set_target_cell..get_or_set_cached_cell_and_set_connections" :: held 0.002s {{(pid=93186) inner /opt/stack/data/venv/lib/python3.12/site-packages/oslo_concurrency/lockutils.py:543}}
Jun 23 10:09:02.287000 np0000003452 nova-scheduler[93186]: INFO dbcounter [None req-6a4a0a77-b659-4610-8c91-5d4df2c3dcf1 tempest-ServerBootFromVolumeStableRescueTest-7598833 tempest-ServerBootFromVolumeStableRescueTest-7598833-project-member] Registered counter for database nova_cell1
Jun 23 10:09:02.357355 np0000003452 nova-scheduler[93186]: DEBUG oslo_db.sqlalchemy.engines [None req-6a4a0a77-b659-4610-8c91-5d4df2c3dcf1 tempest-ServerBootFromVolumeStableRescueTest-7598833 tempest-ServerBootFromVolumeStableRescueTest-7598833-project-member] MySQL server mode set to STRICT_TRANS_TABLES,STRICT_ALL_TABLES,NO_ZERO_IN_DATE,NO_ZERO_DATE,ERROR_FOR_DIVISION_BY_ZERO,TRADITIONAL,NO_ENGINE_SUBSTITUTION {{(pid=93186) _check_effective_sql_mode /opt/stack/data/venv/lib/python3.12/site-packages/oslo_db/sqlalchemy/engines.py:325}}
Jun 23 10:09:02.360261 np0000003452 nova-scheduler[93188]: DEBUG nova.scheduler.manager [None req-ff1dfb92-0f02-4d12-8bfe-2ced3a5eee3a tempest-ServerActionsTestOtherB-70087430 tempest-ServerActionsTestOtherB-70087430-project-member] Starting to schedule for instances: ['9a3607c8-2088-4993-a709-31418a80346c'] {{(pid=93188) select_destinations /opt/stack/nova/nova/scheduler/manager.py:210}}
Jun 23 10:09:02.362204 np0000003452 nova-scheduler[93188]: DEBUG nova.scheduler.request_filter [None req-ff1dfb92-0f02-4d12-8bfe-2ced3a5eee3a tempest-ServerActionsTestOtherB-70087430 tempest-ServerActionsTestOtherB-70087430-project-member] compute_status_filter request filter added forbidden trait COMPUTE_STATUS_DISABLED {{(pid=93188) compute_status_filter /opt/stack/nova/nova/scheduler/request_filter.py:253}}
Jun 23 10:09:02.362204 np0000003452 nova-scheduler[93188]: DEBUG nova.scheduler.request_filter [None req-ff1dfb92-0f02-4d12-8bfe-2ced3a5eee3a tempest-ServerActionsTestOtherB-70087430 tempest-ServerActionsTestOtherB-70087430-project-member] Request filter 'compute_status_filter' took 0.0 seconds {{(pid=93188) wrapper /opt/stack/nova/nova/scheduler/request_filter.py:46}}
Jun 23 10:09:02.362204 np0000003452 nova-scheduler[93188]: DEBUG nova.scheduler.request_filter [None req-ff1dfb92-0f02-4d12-8bfe-2ced3a5eee3a tempest-ServerActionsTestOtherB-70087430 tempest-ServerActionsTestOtherB-70087430-project-member] Request filter 'accelerators_filter' took 0.0 seconds {{(pid=93188) wrapper /opt/stack/nova/nova/scheduler/request_filter.py:46}}
Jun 23 10:09:02.362204 np0000003452 nova-scheduler[93188]: DEBUG nova.scheduler.request_filter [None req-ff1dfb92-0f02-4d12-8bfe-2ced3a5eee3a tempest-ServerActionsTestOtherB-70087430 tempest-ServerActionsTestOtherB-70087430-project-member] Request filter 'packed_virtqueue_filter' took 0.0 seconds {{(pid=93188) wrapper /opt/stack/nova/nova/scheduler/request_filter.py:46}}
Jun 23 10:09:02.362204 np0000003452 nova-scheduler[93188]: DEBUG nova.scheduler.request_filter [None req-ff1dfb92-0f02-4d12-8bfe-2ced3a5eee3a tempest-ServerActionsTestOtherB-70087430 tempest-ServerActionsTestOtherB-70087430-project-member] Request filter 'remote_managed_ports_filter' took 0.0 seconds {{(pid=93188) wrapper /opt/stack/nova/nova/scheduler/request_filter.py:46}}
Jun 23 10:09:02.362424 np0000003452 nova-scheduler[93188]: DEBUG nova.scheduler.request_filter [None req-ff1dfb92-0f02-4d12-8bfe-2ced3a5eee3a tempest-ServerActionsTestOtherB-70087430 tempest-ServerActionsTestOtherB-70087430-project-member] ephemeral_encryption_filter skipped {{(pid=93188) ephemeral_encryption_filter /opt/stack/nova/nova/scheduler/request_filter.py:426}}
Jun 23 10:09:02.362424 np0000003452 nova-scheduler[93188]: DEBUG nova.scheduler.request_filter [None req-ff1dfb92-0f02-4d12-8bfe-2ced3a5eee3a tempest-ServerActionsTestOtherB-70087430 tempest-ServerActionsTestOtherB-70087430-project-member] virtio_sound_filter skipped {{(pid=93188) virtio_sound_filter /opt/stack/nova/nova/scheduler/request_filter.py:460}}
Jun 23 10:09:02.362424 np0000003452 nova-scheduler[93188]: DEBUG nova.scheduler.request_filter [None req-ff1dfb92-0f02-4d12-8bfe-2ced3a5eee3a tempest-ServerActionsTestOtherB-70087430 tempest-ServerActionsTestOtherB-70087430-project-member] tpm_secret_security_filter skipped {{(pid=93188) tpm_secret_security_filter /opt/stack/nova/nova/scheduler/request_filter.py:477}}
Jun 23 10:09:02.365644 np0000003452 nova-scheduler[93186]: DEBUG dbcounter [-] [93186] Writer thread running {{(pid=93186) stat_writer /opt/stack/data/venv/lib/python3.12/site-packages/dbcounter.py:102}}
Jun 23 10:09:02.380629 np0000003452 nova-scheduler[93186]: DEBUG oslo_db.sqlalchemy.engines [None req-6a4a0a77-b659-4610-8c91-5d4df2c3dcf1 tempest-ServerBootFromVolumeStableRescueTest-7598833 tempest-ServerBootFromVolumeStableRescueTest-7598833-project-member] Parent process 91973 forked (93186) with an open database connection, which is being discarded and recreated. {{(pid=93186) checkout /opt/stack/data/venv/lib/python3.12/site-packages/oslo_db/sqlalchemy/engines.py:402}}
Jun 23 10:09:02.430952 np0000003452 nova-scheduler[93186]: DEBUG dbcounter [-] [93186] Writer thread running {{(pid=93186) stat_writer /opt/stack/data/venv/lib/python3.12/site-packages/dbcounter.py:102}}
Jun 23 10:09:02.433029 np0000003452 nova-scheduler[93186]: DEBUG oslo_concurrency.lockutils [None req-6a4a0a77-b659-4610-8c91-5d4df2c3dcf1 tempest-ServerBootFromVolumeStableRescueTest-7598833 tempest-ServerBootFromVolumeStableRescueTest-7598833-project-member] Acquiring lock "33ba6cb8-e714-480b-b30d-e7898ab4c6d2" by "nova.context.set_target_cell..get_or_set_cached_cell_and_set_connections" {{(pid=93186) inner /opt/stack/data/venv/lib/python3.12/site-packages/oslo_concurrency/lockutils.py:511}}
Jun 23 10:09:02.433297 np0000003452 nova-scheduler[93186]: DEBUG oslo_concurrency.lockutils [None req-6a4a0a77-b659-4610-8c91-5d4df2c3dcf1 tempest-ServerBootFromVolumeStableRescueTest-7598833 tempest-ServerBootFromVolumeStableRescueTest-7598833-project-member] Lock "33ba6cb8-e714-480b-b30d-e7898ab4c6d2" acquired by "nova.context.set_target_cell..get_or_set_cached_cell_and_set_connections" :: waited 0.000s {{(pid=93186) inner /opt/stack/data/venv/lib/python3.12/site-packages/oslo_concurrency/lockutils.py:524}}
Jun 23 10:09:02.433380 np0000003452 nova-scheduler[93186]: DEBUG oslo_concurrency.lockutils [None req-6a4a0a77-b659-4610-8c91-5d4df2c3dcf1 tempest-ServerBootFromVolumeStableRescueTest-7598833 tempest-ServerBootFromVolumeStableRescueTest-7598833-project-member] Lock "33ba6cb8-e714-480b-b30d-e7898ab4c6d2" "released" by "nova.context.set_target_cell..get_or_set_cached_cell_and_set_connections" :: held 0.000s {{(pid=93186) inner /opt/stack/data/venv/lib/python3.12/site-packages/oslo_concurrency/lockutils.py:543}}
Jun 23 10:09:02.436616 np0000003452 nova-scheduler[93186]: DEBUG oslo_concurrency.lockutils [None req-6a4a0a77-b659-4610-8c91-5d4df2c3dcf1 tempest-ServerBootFromVolumeStableRescueTest-7598833 tempest-ServerBootFromVolumeStableRescueTest-7598833-project-member] Acquiring lock "('np0000003452', 'np0000003452')" by "nova.scheduler.host_manager.HostState.update.._locked_update" {{(pid=93186) inner /opt/stack/data/venv/lib/python3.12/site-packages/oslo_concurrency/lockutils.py:511}}
Jun 23 10:09:02.436761 np0000003452 nova-scheduler[93186]: DEBUG oslo_concurrency.lockutils [None req-6a4a0a77-b659-4610-8c91-5d4df2c3dcf1 tempest-ServerBootFromVolumeStableRescueTest-7598833 tempest-ServerBootFromVolumeStableRescueTest-7598833-project-member] Lock "('np0000003452', 'np0000003452')" acquired by "nova.scheduler.host_manager.HostState.update.._locked_update" :: waited 0.000s {{(pid=93186) inner /opt/stack/data/venv/lib/python3.12/site-packages/oslo_concurrency/lockutils.py:524}}
Jun 23 10:09:02.437645 np0000003452 nova-scheduler[93186]: DEBUG nova.scheduler.host_manager [None req-6a4a0a77-b659-4610-8c91-5d4df2c3dcf1 tempest-ServerBootFromVolumeStableRescueTest-7598833 tempest-ServerBootFromVolumeStableRescueTest-7598833-project-member] Update host state from compute node: ComputeNode(cpu_allocation_ratio=4.0,cpu_info='{"arch": "x86_64", "model": "EPYC-Milan", "vendor": "AMD", "topology": {"cells": 1, "sockets": 16, "cores": 1, "threads": 1}, "maxphysaddr": {"mode": "emulate", "bits": 40}, "features": ["cx16", "mmxext", "pschange-mc-no", "apic", "bmi1", "movbe", "rdpid", "xsavec", "bmi2", "sse4.2", "rdseed", "sha-ni", "rdtscp", "flushbyasid", "avx2", "sse4.1", "f16c", "fxsr_opt", "stibp", "rdrand", "spec-ctrl", "fsgsbase", "wbnoinvd", "xsave", "tsc-scale", "de", "amd-ssbd", "ibrs", "fma", "lahf_lm", "vmcb-clean", "syscall", "amd-stibp", "sep", "xgetbv1", "cmov", "pge", "vaes", "xsaveopt", "topoext", "fsrm", "skip-l1dfl-vmentry", "erms", "aes", "pae", "avx", "ssse3", "mds-no", "npt", "svme-addr-chk", "pse", "clflush", "mce", "vgif", "nx", "3dnowprefetch", "svm", "pku", "pni", "tsc", "nrip-save", "pat", "arat", "no-nested-data-bp", "x2apic", "sse4a", "lfence-always-serializing", "pclmuldq", "gds-no", "tsc-deadline", "cr8legacy", "arch-capabilities", "lm", "pse36", "lbrv", "sse2", "mmx", "stibp-always-on", "amd-psfd", "osvw", "ibpb", "pcid", "mtrr", "xsaveerptr", "pfthreshold", "popcnt", "fpu", "vme", "null-sel-clr-base", "misalignsse", "ssbd", "vpclmulqdq", "smep", "abm", "invpcid", "pause-filter", "rdctl-no", "cx8", "umip", "clflushopt", "clzero", "msr", "sse", "mca", "hypervisor", "smap", "perfctr_core", "cmp_legacy", "pdpe1gb", "adx", "xsaves", "tsc_adjust", "fxsr", "v-vmsave-vmload", "clwb", "virt-ssbd"]}',created_at=2026-06-23T10:06:34Z,current_workload=0,deleted=False,deleted_at=None,disk_allocation_ratio=1.0,disk_available_least=73,free_disk_gb=95,free_ram_mb=62765,host='np0000003452',host_ip=10.4.3.180,hypervisor_hostname='np0000003452',hypervisor_type='QEMU',hypervisor_version=8002002,id=1,local_gb=95,local_gb_used=0,mapped=1,memory_mb=63277,memory_mb_used=512,metrics='[]',numa_topology='{"nova_object.name": "NUMATopology", "nova_object.namespace": "nova", "nova_object.version": "1.2", "nova_object.data": {"cells": [{"nova_object.name": "NUMACell", "nova_object.namespace": "nova", "nova_object.version": "1.5", "nova_object.data": {"id": 0, "cpuset": [0, 1, 2, 3, 4, 5, 6, 7, 8, 9, 10, 11, 12, 13, 14, 15], "pcpuset": [0, 1, 2, 3, 4, 5, 6, 7, 8, 9, 10, 11, 12, 13, 14, 15], "memory": 63277, "cpu_usage": 0, "memory_usage": 0, "pinned_cpus": [], "siblings": [[6], [12], [2], [15], [5], [11], [8], [14], [4], [1], [7], [10], [0], [13], [3], [9]], "mempages": [{"nova_object.name": "NUMAPagesTopology", "nova_object.namespace": "nova", "nova_object.version": "1.1", "nova_object.data": {"size_kb": 4, "total": 16177927, "used": 0, "reserved": 0}, "nova_object.changes": ["total", "reserved", "used", "size_kb"]}, {"nova_object.name": "NUMAPagesTopology", "nova_object.namespace": "nova", "nova_object.version": "1.1", "nova_object.data": {"size_kb": 2048, "total": 41, "used": 0, "reserved": 0}, "nova_object.changes": ["total", "reserved", "used", "size_kb"]}, {"nova_object.name": "NUMAPagesTopology", "nova_object.namespace": "nova", "nova_object.version": "1.1", "nova_object.data": {"size_kb": 1048576, "total": 0, "used": 0, "reserved": 0}, "nova_object.changes": ["total", "reserved", "used", "size_kb"]}], "network_metadata": {"nova_object.name": "NetworkMetadata", "nova_object.namespace": "nova", "nova_object.version": "1.0", "nova_object.data": {"physnets": [], "tunneled": false}, "nova_object.changes": ["physnets", "tunneled"]}, "socket": null}, "nova_object.changes": ["mempages", "network_metadata", "memory_usage", "memory", "pcpuset", "siblings", "id", "pinned_cpus", "socket", "cpu_usage", "cpuset"]}]}, "nova_object.changes": ["cells"]}',pci_device_pools=PciDevicePoolList,ram_allocation_ratio=1.0,running_vms=0,service_id=3,stats={failed_builds='0',uptime=' 10:08:19 up 14 min, 2 users, load average: 1.37, 1.55, 0.88
Jun 23 10:09:02.437645 np0000003452 nova-scheduler[93186]: '},supported_hv_specs=[HVSpec,HVSpec,HVSpec,HVSpec,HVSpec,HVSpec,HVSpec,HVSpec,HVSpec,HVSpec,HVSpec,HVSpec,HVSpec,HVSpec,HVSpec,HVSpec,HVSpec,HVSpec,HVSpec,HVSpec,HVSpec,HVSpec,HVSpec,HVSpec,HVSpec],updated_at=2026-06-23T10:08:21Z,uuid=9bf2dfd4-90ce-4cb3-82d1-1e3a4adb3731,vcpus=16,vcpus_used=0) {{(pid=93186) _locked_update /opt/stack/nova/nova/scheduler/host_manager.py:168}}
Jun 23 10:09:02.438353 np0000003452 nova-scheduler[93186]: DEBUG nova.scheduler.host_manager [None req-6a4a0a77-b659-4610-8c91-5d4df2c3dcf1 tempest-ServerBootFromVolumeStableRescueTest-7598833 tempest-ServerBootFromVolumeStableRescueTest-7598833-project-member] Update host state with aggregates: [] {{(pid=93186) _locked_update /opt/stack/nova/nova/scheduler/host_manager.py:171}}
Jun 23 10:09:02.438455 np0000003452 nova-scheduler[93186]: DEBUG nova.scheduler.host_manager [None req-6a4a0a77-b659-4610-8c91-5d4df2c3dcf1 tempest-ServerBootFromVolumeStableRescueTest-7598833 tempest-ServerBootFromVolumeStableRescueTest-7598833-project-member] Update host state with service dict: {'id': 3, 'uuid': '44a3990a-9862-418e-950c-80676945de60', 'host': 'np0000003452', 'binary': 'nova-compute', 'topic': 'compute', 'report_count': 2, 'disabled': False, 'disabled_reason': None, 'last_seen_up': datetime.datetime(2026, 6, 23, 10, 8, 43, tzinfo=datetime.timezone.utc), 'forced_down': False, 'version': 72, 'created_at': datetime.datetime(2026, 6, 23, 10, 6, 33, tzinfo=datetime.timezone.utc), 'updated_at': datetime.datetime(2026, 6, 23, 10, 8, 43, tzinfo=datetime.timezone.utc), 'deleted_at': None, 'deleted': False} {{(pid=93186) _locked_update /opt/stack/nova/nova/scheduler/host_manager.py:174}}
Jun 23 10:09:02.438561 np0000003452 nova-scheduler[93186]: DEBUG nova.scheduler.host_manager [None req-6a4a0a77-b659-4610-8c91-5d4df2c3dcf1 tempest-ServerBootFromVolumeStableRescueTest-7598833 tempest-ServerBootFromVolumeStableRescueTest-7598833-project-member] Update host state with instances: [] {{(pid=93186) _locked_update /opt/stack/nova/nova/scheduler/host_manager.py:177}}
Jun 23 10:09:02.438664 np0000003452 nova-scheduler[93186]: DEBUG oslo_concurrency.lockutils [None req-6a4a0a77-b659-4610-8c91-5d4df2c3dcf1 tempest-ServerBootFromVolumeStableRescueTest-7598833 tempest-ServerBootFromVolumeStableRescueTest-7598833-project-member] Lock "('np0000003452', 'np0000003452')" "released" by "nova.scheduler.host_manager.HostState.update.._locked_update" :: held 0.002s {{(pid=93186) inner /opt/stack/data/venv/lib/python3.12/site-packages/oslo_concurrency/lockutils.py:543}}
Jun 23 10:09:02.439137 np0000003452 nova-scheduler[93186]: DEBUG nova.filters [None req-6a4a0a77-b659-4610-8c91-5d4df2c3dcf1 tempest-ServerBootFromVolumeStableRescueTest-7598833 tempest-ServerBootFromVolumeStableRescueTest-7598833-project-member] Starting with 1 host(s) {{(pid=93186) get_filtered_objects /opt/stack/nova/nova/filters.py:70}}
Jun 23 10:09:02.439807 np0000003452 nova-scheduler[93186]: DEBUG nova.filters [None req-6a4a0a77-b659-4610-8c91-5d4df2c3dcf1 tempest-ServerBootFromVolumeStableRescueTest-7598833 tempest-ServerBootFromVolumeStableRescueTest-7598833-project-member] Filter ComputeFilter returned 1 host(s) {{(pid=93186) get_filtered_objects /opt/stack/nova/nova/filters.py:102}}
Jun 23 10:09:02.440029 np0000003452 nova-scheduler[93186]: DEBUG nova.filters [None req-6a4a0a77-b659-4610-8c91-5d4df2c3dcf1 tempest-ServerBootFromVolumeStableRescueTest-7598833 tempest-ServerBootFromVolumeStableRescueTest-7598833-project-member] Filter ComputeCapabilitiesFilter returned 1 host(s) {{(pid=93186) get_filtered_objects /opt/stack/nova/nova/filters.py:102}}
Jun 23 10:09:02.440317 np0000003452 nova-scheduler[93186]: DEBUG nova.filters [None req-6a4a0a77-b659-4610-8c91-5d4df2c3dcf1 tempest-ServerBootFromVolumeStableRescueTest-7598833 tempest-ServerBootFromVolumeStableRescueTest-7598833-project-member] Filter ImagePropertiesFilter returned 1 host(s) {{(pid=93186) get_filtered_objects /opt/stack/nova/nova/filters.py:102}}
Jun 23 10:09:02.440371 np0000003452 nova-scheduler[93186]: DEBUG nova.filters [None req-6a4a0a77-b659-4610-8c91-5d4df2c3dcf1 tempest-ServerBootFromVolumeStableRescueTest-7598833 tempest-ServerBootFromVolumeStableRescueTest-7598833-project-member] Filter ServerGroupAntiAffinityFilter returned 1 host(s) {{(pid=93186) get_filtered_objects /opt/stack/nova/nova/filters.py:102}}
Jun 23 10:09:02.440486 np0000003452 nova-scheduler[93186]: DEBUG nova.filters [None req-6a4a0a77-b659-4610-8c91-5d4df2c3dcf1 tempest-ServerBootFromVolumeStableRescueTest-7598833 tempest-ServerBootFromVolumeStableRescueTest-7598833-project-member] Filter ServerGroupAffinityFilter returned 1 host(s) {{(pid=93186) get_filtered_objects /opt/stack/nova/nova/filters.py:102}}
Jun 23 10:09:02.440810 np0000003452 nova-scheduler[93186]: DEBUG nova.filters [None req-6a4a0a77-b659-4610-8c91-5d4df2c3dcf1 tempest-ServerBootFromVolumeStableRescueTest-7598833 tempest-ServerBootFromVolumeStableRescueTest-7598833-project-member] Filter SameHostFilter returned 1 host(s) {{(pid=93186) get_filtered_objects /opt/stack/nova/nova/filters.py:102}}
Jun 23 10:09:02.441088 np0000003452 nova-scheduler[93186]: DEBUG nova.filters [None req-6a4a0a77-b659-4610-8c91-5d4df2c3dcf1 tempest-ServerBootFromVolumeStableRescueTest-7598833 tempest-ServerBootFromVolumeStableRescueTest-7598833-project-member] Filter DifferentHostFilter returned 1 host(s) {{(pid=93186) get_filtered_objects /opt/stack/nova/nova/filters.py:102}}
Jun 23 10:09:02.441272 np0000003452 nova-scheduler[93186]: DEBUG nova.scheduler.manager [None req-6a4a0a77-b659-4610-8c91-5d4df2c3dcf1 tempest-ServerBootFromVolumeStableRescueTest-7598833 tempest-ServerBootFromVolumeStableRescueTest-7598833-project-member] Filtered [(np0000003452, np0000003452) ram: 62765MB disk: 74752MB io_ops: 0 instances: 0, allocation_candidates: 1] {{(pid=93186) _get_sorted_hosts /opt/stack/nova/nova/scheduler/manager.py:743}}
Jun 23 10:09:02.441514 np0000003452 nova-scheduler[93186]: DEBUG nova.scheduler.manager [None req-6a4a0a77-b659-4610-8c91-5d4df2c3dcf1 tempest-ServerBootFromVolumeStableRescueTest-7598833 tempest-ServerBootFromVolumeStableRescueTest-7598833-project-member] Weighed [WeighedHost [host: (np0000003452, np0000003452) ram: 62765MB disk: 74752MB io_ops: 0 instances: 0, allocation_candidates: 1, weight: 0.0]] {{(pid=93186) _get_sorted_hosts /opt/stack/nova/nova/scheduler/manager.py:765}}
Jun 23 10:09:02.441747 np0000003452 nova-scheduler[93186]: DEBUG nova.scheduler.utils [None req-6a4a0a77-b659-4610-8c91-5d4df2c3dcf1 tempest-ServerBootFromVolumeStableRescueTest-7598833 tempest-ServerBootFromVolumeStableRescueTest-7598833-project-member] Attempting to claim resources in the placement API for instance 75494898-8465-4bac-9573-171fb2958aef {{(pid=93186) claim_resources /opt/stack/nova/nova/scheduler/utils.py:1345}}
Jun 23 10:09:02.476694 np0000003452 nova-scheduler[93188]: INFO nova.utils [None req-ff1dfb92-0f02-4d12-8bfe-2ced3a5eee3a tempest-ServerActionsTestOtherB-70087430 tempest-ServerActionsTestOtherB-70087430-project-member] The cell worker thread pool ForkProcess-2.cell_worker is initialized
Jun 23 10:09:02.477811 np0000003452 nova-scheduler[93188]: DEBUG oslo_concurrency.lockutils [None req-ff1dfb92-0f02-4d12-8bfe-2ced3a5eee3a tempest-ServerActionsTestOtherB-70087430 tempest-ServerActionsTestOtherB-70087430-project-member] Acquiring lock "33ba6cb8-e714-480b-b30d-e7898ab4c6d2" by "nova.context.set_target_cell..get_or_set_cached_cell_and_set_connections" {{(pid=93188) inner /opt/stack/data/venv/lib/python3.12/site-packages/oslo_concurrency/lockutils.py:511}}
Jun 23 10:09:02.478321 np0000003452 nova-scheduler[93188]: DEBUG oslo_concurrency.lockutils [None req-ff1dfb92-0f02-4d12-8bfe-2ced3a5eee3a tempest-ServerActionsTestOtherB-70087430 tempest-ServerActionsTestOtherB-70087430-project-member] Lock "33ba6cb8-e714-480b-b30d-e7898ab4c6d2" acquired by "nova.context.set_target_cell..get_or_set_cached_cell_and_set_connections" :: waited 0.001s {{(pid=93188) inner /opt/stack/data/venv/lib/python3.12/site-packages/oslo_concurrency/lockutils.py:524}}
Jun 23 10:09:02.480783 np0000003452 nova-scheduler[93188]: DEBUG oslo_concurrency.lockutils [None req-ff1dfb92-0f02-4d12-8bfe-2ced3a5eee3a tempest-ServerActionsTestOtherB-70087430 tempest-ServerActionsTestOtherB-70087430-project-member] Lock "33ba6cb8-e714-480b-b30d-e7898ab4c6d2" "released" by "nova.context.set_target_cell..get_or_set_cached_cell_and_set_connections" :: held 0.002s {{(pid=93188) inner /opt/stack/data/venv/lib/python3.12/site-packages/oslo_concurrency/lockutils.py:543}}
Jun 23 10:09:02.482621 np0000003452 nova-scheduler[93188]: INFO dbcounter [None req-ff1dfb92-0f02-4d12-8bfe-2ced3a5eee3a tempest-ServerActionsTestOtherB-70087430 tempest-ServerActionsTestOtherB-70087430-project-member] Registered counter for database nova_cell1
Jun 23 10:09:02.522623 np0000003452 nova-scheduler[93188]: DEBUG oslo_db.sqlalchemy.engines [None req-ff1dfb92-0f02-4d12-8bfe-2ced3a5eee3a tempest-ServerActionsTestOtherB-70087430 tempest-ServerActionsTestOtherB-70087430-project-member] MySQL server mode set to STRICT_TRANS_TABLES,STRICT_ALL_TABLES,NO_ZERO_IN_DATE,NO_ZERO_DATE,ERROR_FOR_DIVISION_BY_ZERO,TRADITIONAL,NO_ENGINE_SUBSTITUTION {{(pid=93188) _check_effective_sql_mode /opt/stack/data/venv/lib/python3.12/site-packages/oslo_db/sqlalchemy/engines.py:325}}
Jun 23 10:09:02.529924 np0000003452 nova-scheduler[93188]: DEBUG dbcounter [-] [93188] Writer thread running {{(pid=93188) stat_writer /opt/stack/data/venv/lib/python3.12/site-packages/dbcounter.py:102}}
Jun 23 10:09:02.582839 np0000003452 nova-scheduler[93188]: DEBUG dbcounter [-] [93188] Writer thread running {{(pid=93188) stat_writer /opt/stack/data/venv/lib/python3.12/site-packages/dbcounter.py:102}}
Jun 23 10:09:02.585584 np0000003452 nova-scheduler[93188]: DEBUG oslo_concurrency.lockutils [None req-ff1dfb92-0f02-4d12-8bfe-2ced3a5eee3a tempest-ServerActionsTestOtherB-70087430 tempest-ServerActionsTestOtherB-70087430-project-member] Acquiring lock "33ba6cb8-e714-480b-b30d-e7898ab4c6d2" by "nova.context.set_target_cell..get_or_set_cached_cell_and_set_connections" {{(pid=93188) inner /opt/stack/data/venv/lib/python3.12/site-packages/oslo_concurrency/lockutils.py:511}}
Jun 23 10:09:02.585720 np0000003452 nova-scheduler[93188]: DEBUG oslo_concurrency.lockutils [None req-ff1dfb92-0f02-4d12-8bfe-2ced3a5eee3a tempest-ServerActionsTestOtherB-70087430 tempest-ServerActionsTestOtherB-70087430-project-member] Lock "33ba6cb8-e714-480b-b30d-e7898ab4c6d2" acquired by "nova.context.set_target_cell..get_or_set_cached_cell_and_set_connections" :: waited 0.000s {{(pid=93188) inner /opt/stack/data/venv/lib/python3.12/site-packages/oslo_concurrency/lockutils.py:524}}
Jun 23 10:09:02.585830 np0000003452 nova-scheduler[93188]: DEBUG oslo_concurrency.lockutils [None req-ff1dfb92-0f02-4d12-8bfe-2ced3a5eee3a tempest-ServerActionsTestOtherB-70087430 tempest-ServerActionsTestOtherB-70087430-project-member] Lock "33ba6cb8-e714-480b-b30d-e7898ab4c6d2" "released" by "nova.context.set_target_cell..get_or_set_cached_cell_and_set_connections" :: held 0.000s {{(pid=93188) inner /opt/stack/data/venv/lib/python3.12/site-packages/oslo_concurrency/lockutils.py:543}}
Jun 23 10:09:02.586175 np0000003452 nova-scheduler[93186]: DEBUG nova.scheduler.manager [None req-6a4a0a77-b659-4610-8c91-5d4df2c3dcf1 tempest-ServerBootFromVolumeStableRescueTest-7598833 tempest-ServerBootFromVolumeStableRescueTest-7598833-project-member] [instance: 75494898-8465-4bac-9573-171fb2958aef] Selected host: (np0000003452, np0000003452) ram: 62765MB disk: 74752MB io_ops: 0 instances: 0, allocation_candidates: 1 {{(pid=93186) _consume_selected_host /opt/stack/nova/nova/scheduler/manager.py:625}}
Jun 23 10:09:02.587873 np0000003452 nova-scheduler[93186]: DEBUG oslo_concurrency.lockutils [None req-6a4a0a77-b659-4610-8c91-5d4df2c3dcf1 tempest-ServerBootFromVolumeStableRescueTest-7598833 tempest-ServerBootFromVolumeStableRescueTest-7598833-project-member] Acquiring lock "('np0000003452', 'np0000003452')" by "nova.scheduler.host_manager.HostState.consume_from_request.._locked" {{(pid=93186) inner /opt/stack/data/venv/lib/python3.12/site-packages/oslo_concurrency/lockutils.py:511}}
Jun 23 10:09:02.588035 np0000003452 nova-scheduler[93186]: DEBUG oslo_concurrency.lockutils [None req-6a4a0a77-b659-4610-8c91-5d4df2c3dcf1 tempest-ServerBootFromVolumeStableRescueTest-7598833 tempest-ServerBootFromVolumeStableRescueTest-7598833-project-member] Lock "('np0000003452', 'np0000003452')" acquired by "nova.scheduler.host_manager.HostState.consume_from_request.._locked" :: waited 0.000s {{(pid=93186) inner /opt/stack/data/venv/lib/python3.12/site-packages/oslo_concurrency/lockutils.py:524}}
