May 26 12:18:46.638382 np0000001418 devstack@g-api.service[102108]: DEBUG glance_store.capabilities [-] Store glance_store._drivers.swift.store.SingleTenantStore doesn't support updating dynamic storage capabilities. Please overwrite 'update_capabilities' method of the store to implement updating logics if needed. {{(pid=102108) update_capabilities /opt/stack/data/venv/lib/python3.12/site-packages/glance_store/capabilities.py:91}}
May 26 12:18:46.638434 np0000001418 devstack@g-api.service[102108]: DEBUG glance_store.backend [-] Registering store swift with schemes ('swift+https', 'swift', 'swift+http', 'swift+config') {{(pid=102108) create_stores /opt/stack/data/venv/lib/python3.12/site-packages/glance_store/backend.py:261}}
May 26 12:18:46.638535 np0000001418 devstack@g-api.service[102108]: DEBUG glance_store.driver [-] Late loading location class glance_store._drivers.swift.store.StoreLocation {{(pid=102108) get_store_location_class /opt/stack/data/venv/lib/python3.12/site-packages/glance_store/driver.py:134}}
May 26 12:18:46.638591 np0000001418 devstack@g-api.service[102108]: DEBUG glance_store.location [-] Registering scheme swift+https with {'store': , 'location_class': , 'store_entry': 'swift'} {{(pid=102108) register_scheme_map /opt/stack/data/venv/lib/python3.12/site-packages/glance_store/location.py:146}}
May 26 12:18:46.638686 np0000001418 devstack@g-api.service[102108]: DEBUG glance_store.location [-] Registering scheme swift with {'store': , 'location_class': , 'store_entry': 'swift'} {{(pid=102108) register_scheme_map /opt/stack/data/venv/lib/python3.12/site-packages/glance_store/location.py:146}}
May 26 12:18:46.638729 np0000001418 devstack@g-api.service[102108]: DEBUG glance_store.location [-] Registering scheme swift+http with {'store': , 'location_class': , 'store_entry': 'swift'} {{(pid=102108) register_scheme_map /opt/stack/data/venv/lib/python3.12/site-packages/glance_store/location.py:146}}
May 26 12:18:46.638810 np0000001418 devstack@g-api.service[102108]: DEBUG glance_store.location [-] Registering scheme swift+config with {'store': , 'location_class': , 'store_entry': 'swift'} {{(pid=102108) register_scheme_map /opt/stack/data/venv/lib/python3.12/site-packages/glance_store/location.py:146}}
May 26 12:18:46.638880 np0000001418 devstack@g-api.service[102108]: DEBUG glance_store.backend [-] Attempting to import store file {{(pid=102108) _load_store /opt/stack/data/venv/lib/python3.12/site-packages/glance_store/backend.py:215}}
May 26 12:18:46.639379 np0000001418 devstack@g-api.service[102108]: DEBUG glance_store.capabilities [-] Store glance_store._drivers.filesystem.Store doesn't support updating dynamic storage capabilities. Please overwrite 'update_capabilities' method of the store to implement updating logics if needed. {{(pid=102108) update_capabilities /opt/stack/data/venv/lib/python3.12/site-packages/glance_store/capabilities.py:91}}
May 26 12:18:46.639435 np0000001418 devstack@g-api.service[102108]: DEBUG glance_store.backend [-] Registering store file with schemes ('file', 'filesystem') {{(pid=102108) create_stores /opt/stack/data/venv/lib/python3.12/site-packages/glance_store/backend.py:261}}
May 26 12:18:46.639521 np0000001418 devstack@g-api.service[102108]: DEBUG glance_store.driver [-] Late loading location class glance_store._drivers.filesystem.StoreLocation {{(pid=102108) get_store_location_class /opt/stack/data/venv/lib/python3.12/site-packages/glance_store/driver.py:134}}
May 26 12:18:46.639612 np0000001418 devstack@g-api.service[102108]: DEBUG glance_store.location [-] Registering scheme file with {'store': , 'location_class': , 'store_entry': 'file'} {{(pid=102108) register_scheme_map /opt/stack/data/venv/lib/python3.12/site-packages/glance_store/location.py:146}}
May 26 12:18:46.639683 np0000001418 devstack@g-api.service[102108]: DEBUG glance_store.location [-] Registering scheme filesystem with {'store': , 'location_class': , 'store_entry': 'file'} {{(pid=102108) register_scheme_map /opt/stack/data/venv/lib/python3.12/site-packages/glance_store/location.py:146}}
May 26 12:18:46.639822 np0000001418 devstack@g-api.service[102108]: DEBUG glance_store.backend [-] Attempting to import store swift {{(pid=102108) _load_store /opt/stack/data/venv/lib/python3.12/site-packages/glance_store/backend.py:215}}
May 26 12:18:46.640997 np0000001418 devstack@g-api.service[102108]: DEBUG glance_store.capabilities [-] Store glance_store._drivers.swift.store.SingleTenantStore doesn't support updating dynamic storage capabilities. Please overwrite 'update_capabilities' method of the store to implement updating logics if needed. {{(pid=102108) update_capabilities /opt/stack/data/venv/lib/python3.12/site-packages/glance_store/capabilities.py:91}}
May 26 12:18:46.641050 np0000001418 devstack@g-api.service[102108]: DEBUG glance_store.driver [-] Late loading location class glance_store._drivers.swift.store.StoreLocation {{(pid=102108) get_store_location_class /opt/stack/data/venv/lib/python3.12/site-packages/glance_store/driver.py:134}}
May 26 12:18:46.641153 np0000001418 devstack@g-api.service[102108]: DEBUG glance_store.location [-] Registering scheme swift+https with {'store': , 'location_class': , 'store_entry': 'swift'} {{(pid=102108) register_scheme_map /opt/stack/data/venv/lib/python3.12/site-packages/glance_store/location.py:146}}
May 26 12:18:46.641217 np0000001418 devstack@g-api.service[102108]: DEBUG glance_store.location [-] Registering scheme swift+https with {'store': , 'location_class': , 'store_entry': 'swift'} {{(pid=102108) register_scheme_map /opt/stack/data/venv/lib/python3.12/site-packages/glance_store/location.py:146}}
May 26 12:18:46.641293 np0000001418 devstack@g-api.service[102108]: DEBUG glance_store.location [-] Registering scheme swift with {'store': , 'location_class': , 'store_entry': 'swift'} {{(pid=102108) register_scheme_map /opt/stack/data/venv/lib/python3.12/site-packages/glance_store/location.py:146}}
May 26 12:18:46.641352 np0000001418 devstack@g-api.service[102108]: DEBUG glance_store.location [-] Registering scheme swift+https with {'store': , 'location_class': , 'store_entry': 'swift'} {{(pid=102108) register_scheme_map /opt/stack/data/venv/lib/python3.12/site-packages/glance_store/location.py:146}}
May 26 12:18:46.641439 np0000001418 devstack@g-api.service[102108]: DEBUG glance_store.location [-] Registering scheme swift with {'store': , 'location_class': , 'store_entry': 'swift'} {{(pid=102108) register_scheme_map /opt/stack/data/venv/lib/python3.12/site-packages/glance_store/location.py:146}}
May 26 12:18:46.641499 np0000001418 devstack@g-api.service[102108]: DEBUG glance_store.location [-] Registering scheme swift+http with {'store': , 'location_class': , 'store_entry': 'swift'} {{(pid=102108) register_scheme_map /opt/stack/data/venv/lib/python3.12/site-packages/glance_store/location.py:146}}
May 26 12:18:46.641589 np0000001418 devstack@g-api.service[102108]: DEBUG glance_store.location [-] Registering scheme swift+https with {'store': , 'location_class': , 'store_entry': 'swift'} {{(pid=102108) register_scheme_map /opt/stack/data/venv/lib/python3.12/site-packages/glance_store/location.py:146}}
May 26 12:18:46.641661 np0000001418 devstack@g-api.service[102108]: DEBUG glance_store.location [-] Registering scheme swift with {'store': , 'location_class': , 'store_entry': 'swift'} {{(pid=102108) register_scheme_map /opt/stack/data/venv/lib/python3.12/site-packages/glance_store/location.py:146}}
May 26 12:18:46.641746 np0000001418 devstack@g-api.service[102108]: DEBUG glance_store.location [-] Registering scheme swift+http with {'store': , 'location_class': , 'store_entry': 'swift'} {{(pid=102108) register_scheme_map /opt/stack/data/venv/lib/python3.12/site-packages/glance_store/location.py:146}}
May 26 12:18:46.641821 np0000001418 devstack@g-api.service[102108]: DEBUG glance_store.location [-] Registering scheme swift+config with {'store': , 'location_class': , 'store_entry': 'swift'} {{(pid=102108) register_scheme_map /opt/stack/data/venv/lib/python3.12/site-packages/glance_store/location.py:146}}
May 26 12:18:46.642114 np0000001418 devstack@g-api.service[102108]: DEBUG glance.sqlite_migration [-] SQLite caching database not located, skipping migration {{(pid=102108) get_db_path /opt/stack/glance/glance/sqlite_migration.py:68}}
May 26 12:18:46.642326 np0000001418 devstack@g-api.service[102108]: WARNING glance.common.wsgi_app [-] Import methods are enabled but staging directory /tmp/staging/ does not exist; Imports will fail!
May 26 12:18:46.837064 np0000001418 devstack@g-api.service[102109]: DEBUG glance.common.config [None req-1dc42d9a-8ea8-465c-b746-0cc18bbd75ec None None] Loading glance-api-keystone+cachemanagement from /etc/glance/glance-api-paste.ini {{(pid=102109) load_paste_app /opt/stack/glance/glance/common/config.py:758}}
May 26 12:18:46.848428 np0000001418 devstack@g-api.service[102110]: DEBUG glance.common.config [None req-b5173abd-2b63-437b-b3ef-75fb18a40449 None None] Loading glance-api-keystone+cachemanagement from /etc/glance/glance-api-paste.ini {{(pid=102110) load_paste_app /opt/stack/glance/glance/common/config.py:758}}
May 26 12:18:46.915797 np0000001418 devstack@g-api.service[102108]: DEBUG glance.common.config [None req-1affedb3-e1a7-4723-ac27-d2759750820b None None] Loading glance-api-keystone+cachemanagement from /etc/glance/glance-api-paste.ini {{(pid=102108) load_paste_app /opt/stack/glance/glance/common/config.py:758}}
May 26 12:18:47.472118 np0000001418 devstack@g-api.service[102110]: INFO glance.image_cache [None req-b5173abd-2b63-437b-b3ef-75fb18a40449 None None] Image cache loaded driver 'centralized_db'.
May 26 12:18:47.483549 np0000001418 devstack@g-api.service[102109]: INFO glance.image_cache [None req-1dc42d9a-8ea8-465c-b746-0cc18bbd75ec None None] Image cache loaded driver 'centralized_db'.
May 26 12:18:47.503763 np0000001418 devstack@g-api.service[102108]: INFO glance.image_cache [None req-1affedb3-e1a7-4723-ac27-d2759750820b None None] Image cache loaded driver 'centralized_db'.
May 26 12:18:47.518403 np0000001418 devstack@g-api.service[102110]: INFO dbcounter [None req-b5173abd-2b63-437b-b3ef-75fb18a40449 None None] Registered counter for database glance
May 26 12:18:47.530151 np0000001418 devstack@g-api.service[102109]: INFO dbcounter [None req-1dc42d9a-8ea8-465c-b746-0cc18bbd75ec None None] Registered counter for database glance
May 26 12:18:47.551389 np0000001418 devstack@g-api.service[102108]: INFO dbcounter [None req-1affedb3-e1a7-4723-ac27-d2759750820b None None] Registered counter for database glance
May 26 12:18:47.563225 np0000001418 devstack@g-api.service[102110]: DEBUG oslo_db.sqlalchemy.engines [None req-b5173abd-2b63-437b-b3ef-75fb18a40449 None None] MySQL server mode set to STRICT_TRANS_TABLES,STRICT_ALL_TABLES,NO_ZERO_IN_DATE,NO_ZERO_DATE,ERROR_FOR_DIVISION_BY_ZERO,TRADITIONAL,NO_ENGINE_SUBSTITUTION {{(pid=102110) _check_effective_sql_mode /opt/stack/data/venv/lib/python3.12/site-packages/oslo_db/sqlalchemy/engines.py:325}}
May 26 12:18:47.576237 np0000001418 devstack@g-api.service[102109]: DEBUG oslo_db.sqlalchemy.engines [None req-1dc42d9a-8ea8-465c-b746-0cc18bbd75ec None None] MySQL server mode set to STRICT_TRANS_TABLES,STRICT_ALL_TABLES,NO_ZERO_IN_DATE,NO_ZERO_DATE,ERROR_FOR_DIVISION_BY_ZERO,TRADITIONAL,NO_ENGINE_SUBSTITUTION {{(pid=102109) _check_effective_sql_mode /opt/stack/data/venv/lib/python3.12/site-packages/oslo_db/sqlalchemy/engines.py:325}}
May 26 12:18:47.586350 np0000001418 devstack@g-api.service[102110]: DEBUG dbcounter [-] [102110] Writer thread running {{(pid=102110) stat_writer /opt/stack/data/venv/lib/python3.12/site-packages/dbcounter.py:102}}
May 26 12:18:47.598072 np0000001418 devstack@g-api.service[102110]: INFO glance.image_cache [None req-b5173abd-2b63-437b-b3ef-75fb18a40449 None None] Image cache loaded driver 'centralized_db'.
May 26 12:18:47.598632 np0000001418 devstack@g-api.service[102108]: DEBUG oslo_db.sqlalchemy.engines [None req-1affedb3-e1a7-4723-ac27-d2759750820b None None] MySQL server mode set to STRICT_TRANS_TABLES,STRICT_ALL_TABLES,NO_ZERO_IN_DATE,NO_ZERO_DATE,ERROR_FOR_DIVISION_BY_ZERO,TRADITIONAL,NO_ENGINE_SUBSTITUTION {{(pid=102108) _check_effective_sql_mode /opt/stack/data/venv/lib/python3.12/site-packages/oslo_db/sqlalchemy/engines.py:325}}
May 26 12:18:47.605798 np0000001418 devstack@g-api.service[102110]: DEBUG glance.image_cache.drivers.centralized_db [None req-b5173abd-2b63-437b-b3ef-75fb18a40449 None None] Node reference is already recorded, ignoring it {{(pid=102110) configure /opt/stack/glance/glance/image_cache/drivers/centralized_db.py:71}}
May 26 12:18:47.607060 np0000001418 devstack@g-api.service[102109]: DEBUG dbcounter [-] [102109] Writer thread running {{(pid=102109) stat_writer /opt/stack/data/venv/lib/python3.12/site-packages/dbcounter.py:102}}
May 26 12:18:47.610888 np0000001418 devstack@g-api.service[102109]: DEBUG glance.image_cache.drivers.centralized_db [None req-1dc42d9a-8ea8-465c-b746-0cc18bbd75ec None None] Node reference is already recorded, ignoring it {{(pid=102109) configure /opt/stack/glance/glance/image_cache/drivers/centralized_db.py:71}}
May 26 12:18:47.611078 np0000001418 devstack@g-api.service[102110]: DEBUG glance.api.v2.cached_images [None req-b5173abd-2b63-437b-b3ef-75fb18a40449 None None] Started cache worker thread {{(pid=102110) __init__ /opt/stack/glance/glance/api/v2/cached_images.py:69}}
May 26 12:18:47.611733 np0000001418 devstack@g-api.service[102110]: INFO glance.image_cache [None req-b5173abd-2b63-437b-b3ef-75fb18a40449 None None] Image cache loaded driver 'centralized_db'.
May 26 12:18:47.619082 np0000001418 devstack@g-api.service[102109]: INFO glance.image_cache [None req-1dc42d9a-8ea8-465c-b746-0cc18bbd75ec None None] Image cache loaded driver 'centralized_db'.
May 26 12:18:47.621924 np0000001418 devstack@g-api.service[102110]: DEBUG glance.image_cache.drivers.centralized_db [None req-b5173abd-2b63-437b-b3ef-75fb18a40449 None None] Node reference is already recorded, ignoring it {{(pid=102110) configure /opt/stack/glance/glance/image_cache/drivers/centralized_db.py:71}}
May 26 12:18:47.626213 np0000001418 devstack@g-api.service[102108]: DEBUG dbcounter [-] [102108] Writer thread running {{(pid=102108) stat_writer /opt/stack/data/venv/lib/python3.12/site-packages/dbcounter.py:102}}
May 26 12:18:47.628444 np0000001418 devstack@g-api.service[102110]: INFO glance.api.middleware.cache_manage [None req-b5173abd-2b63-437b-b3ef-75fb18a40449 None None] Initialized image cache management middleware
May 26 12:18:47.628559 np0000001418 devstack@g-api.service[102109]: DEBUG glance.image_cache.drivers.centralized_db [None req-1dc42d9a-8ea8-465c-b746-0cc18bbd75ec None None] Node reference is already recorded, ignoring it {{(pid=102109) configure /opt/stack/glance/glance/image_cache/drivers/centralized_db.py:71}}
May 26 12:18:47.628668 np0000001418 devstack@g-api.service[102110]: INFO glance.image_cache [None req-b5173abd-2b63-437b-b3ef-75fb18a40449 None None] Image cache loaded driver 'centralized_db'.
May 26 12:18:47.629137 np0000001418 devstack@g-api.service[102108]: DEBUG glance.image_cache.drivers.centralized_db [None req-1affedb3-e1a7-4723-ac27-d2759750820b None None] Node reference is already recorded, ignoring it {{(pid=102108) configure /opt/stack/glance/glance/image_cache/drivers/centralized_db.py:71}}
May 26 12:18:47.634033 np0000001418 devstack@g-api.service[102108]: INFO glance.image_cache [None req-1affedb3-e1a7-4723-ac27-d2759750820b None None] Image cache loaded driver 'centralized_db'.
May 26 12:18:47.636197 np0000001418 devstack@g-api.service[102109]: DEBUG glance.api.v2.cached_images [None req-1dc42d9a-8ea8-465c-b746-0cc18bbd75ec None None] Started cache worker thread {{(pid=102109) __init__ /opt/stack/glance/glance/api/v2/cached_images.py:69}}
May 26 12:18:47.637060 np0000001418 devstack@g-api.service[102109]: INFO glance.image_cache [None req-1dc42d9a-8ea8-465c-b746-0cc18bbd75ec None None] Image cache loaded driver 'centralized_db'.
May 26 12:18:47.639148 np0000001418 devstack@g-api.service[102110]: DEBUG glance.image_cache.drivers.centralized_db [None req-b5173abd-2b63-437b-b3ef-75fb18a40449 None None] Node reference is already recorded, ignoring it {{(pid=102110) configure /opt/stack/glance/glance/image_cache/drivers/centralized_db.py:71}}
May 26 12:18:47.641436 np0000001418 devstack@g-api.service[102108]: DEBUG glance.image_cache.drivers.centralized_db [None req-1affedb3-e1a7-4723-ac27-d2759750820b None None] Node reference is already recorded, ignoring it {{(pid=102108) configure /opt/stack/glance/glance/image_cache/drivers/centralized_db.py:71}}
May 26 12:18:47.642816 np0000001418 devstack@g-api.service[102110]: INFO glance.api.middleware.cache [None req-b5173abd-2b63-437b-b3ef-75fb18a40449 None None] Initialized image cache middleware
May 26 12:18:47.647589 np0000001418 devstack@g-api.service[102108]: DEBUG glance.api.v2.cached_images [None req-1affedb3-e1a7-4723-ac27-d2759750820b None None] Started cache worker thread {{(pid=102108) __init__ /opt/stack/glance/glance/api/v2/cached_images.py:69}}
May 26 12:18:47.648301 np0000001418 devstack@g-api.service[102108]: INFO glance.image_cache [None req-1affedb3-e1a7-4723-ac27-d2759750820b None None] Image cache loaded driver 'centralized_db'.
May 26 12:18:47.649276 np0000001418 devstack@g-api.service[102109]: DEBUG glance.image_cache.drivers.centralized_db [None req-1dc42d9a-8ea8-465c-b746-0cc18bbd75ec None None] Node reference is already recorded, ignoring it {{(pid=102109) configure /opt/stack/glance/glance/image_cache/drivers/centralized_db.py:71}}
May 26 12:18:47.654845 np0000001418 devstack@g-api.service[102108]: DEBUG glance.image_cache.drivers.centralized_db [None req-1affedb3-e1a7-4723-ac27-d2759750820b None None] Node reference is already recorded, ignoring it {{(pid=102108) configure /opt/stack/glance/glance/image_cache/drivers/centralized_db.py:71}}
May 26 12:18:47.656356 np0000001418 devstack@g-api.service[102110]: DEBUG glance.common.config [None req-b5173abd-2b63-437b-b3ef-75fb18a40449 None None] ******************************************************************************** {{(pid=102110) log_opt_values /opt/stack/data/venv/lib/python3.12/site-packages/oslo_config/cfg.py:3229}}
May 26 12:18:47.656473 np0000001418 devstack@g-api.service[102110]: DEBUG glance.common.config [None req-b5173abd-2b63-437b-b3ef-75fb18a40449 None None] Configuration options gathered from: {{(pid=102110) log_opt_values /opt/stack/data/venv/lib/python3.12/site-packages/oslo_config/cfg.py:3230}}
May 26 12:18:47.656601 np0000001418 devstack@g-api.service[102109]: INFO glance.api.middleware.cache_manage [None req-1dc42d9a-8ea8-465c-b746-0cc18bbd75ec None None] Initialized image cache management middleware
May 26 12:18:47.656778 np0000001418 devstack@g-api.service[102109]: INFO glance.image_cache [None req-1dc42d9a-8ea8-465c-b746-0cc18bbd75ec None None] Image cache loaded driver 'centralized_db'.
May 26 12:18:47.656870 np0000001418 devstack@g-api.service[102110]: DEBUG glance.common.config [None req-b5173abd-2b63-437b-b3ef-75fb18a40449 None None] command line args: [] {{(pid=102110) log_opt_values /opt/stack/data/venv/lib/python3.12/site-packages/oslo_config/cfg.py:3231}}
May 26 12:18:47.657054 np0000001418 devstack@g-api.service[102110]: DEBUG glance.common.config [None req-b5173abd-2b63-437b-b3ef-75fb18a40449 None None] config files: ['/etc/glance/glance-image-import.conf', '/etc/glance/glance-api.conf'] {{(pid=102110) log_opt_values /opt/stack/data/venv/lib/python3.12/site-packages/oslo_config/cfg.py:3232}}
May 26 12:18:47.657171 np0000001418 devstack@g-api.service[102110]: DEBUG glance.common.config [None req-b5173abd-2b63-437b-b3ef-75fb18a40449 None None] ================================================================================ {{(pid=102110) log_opt_values /opt/stack/data/venv/lib/python3.12/site-packages/oslo_config/cfg.py:3237}}
May 26 12:18:47.657330 np0000001418 devstack@g-api.service[102110]: DEBUG glance.common.config [None req-b5173abd-2b63-437b-b3ef-75fb18a40449 None None] allow_anonymous_access = False {{(pid=102110) log_opt_values /opt/stack/data/venv/lib/python3.12/site-packages/oslo_config/cfg.py:3245}}
May 26 12:18:47.657466 np0000001418 devstack@g-api.service[102110]: DEBUG glance.common.config [None req-b5173abd-2b63-437b-b3ef-75fb18a40449 None None] api_limit_max = 1000 {{(pid=102110) log_opt_values /opt/stack/data/venv/lib/python3.12/site-packages/oslo_config/cfg.py:3245}}
May 26 12:18:47.657610 np0000001418 devstack@g-api.service[102110]: DEBUG glance.common.config [None req-b5173abd-2b63-437b-b3ef-75fb18a40449 None None] backlog = 4096 {{(pid=102110) log_opt_values /opt/stack/data/venv/lib/python3.12/site-packages/oslo_config/cfg.py:3245}}
May 26 12:18:47.657775 np0000001418 devstack@g-api.service[102110]: DEBUG glance.common.config [None req-b5173abd-2b63-437b-b3ef-75fb18a40449 None None] bind_host = 0.0.0.0 {{(pid=102110) log_opt_values /opt/stack/data/venv/lib/python3.12/site-packages/oslo_config/cfg.py:3245}}
May 26 12:18:47.657926 np0000001418 devstack@g-api.service[102110]: DEBUG glance.common.config [None req-b5173abd-2b63-437b-b3ef-75fb18a40449 None None] bind_port = 19292 {{(pid=102110) log_opt_values /opt/stack/data/venv/lib/python3.12/site-packages/oslo_config/cfg.py:3245}}
May 26 12:18:47.658084 np0000001418 devstack@g-api.service[102110]: DEBUG glance.common.config [None req-b5173abd-2b63-437b-b3ef-75fb18a40449 None None] client_socket_timeout = 900 {{(pid=102110) log_opt_values /opt/stack/data/venv/lib/python3.12/site-packages/oslo_config/cfg.py:3245}}
May 26 12:18:47.658243 np0000001418 devstack@g-api.service[102110]: DEBUG glance.common.config [None req-b5173abd-2b63-437b-b3ef-75fb18a40449 None None] config_dir = [] {{(pid=102110) log_opt_values /opt/stack/data/venv/lib/python3.12/site-packages/oslo_config/cfg.py:3245}}
May 26 12:18:47.658350 np0000001418 devstack@g-api.service[102110]: DEBUG glance.common.config [None req-b5173abd-2b63-437b-b3ef-75fb18a40449 None None] config_file = ['/etc/glance/glance-image-import.conf', '/etc/glance/glance-api.conf'] {{(pid=102110) log_opt_values /opt/stack/data/venv/lib/python3.12/site-packages/oslo_config/cfg.py:3245}}
May 26 12:18:47.658491 np0000001418 devstack@g-api.service[102110]: DEBUG glance.common.config [None req-b5173abd-2b63-437b-b3ef-75fb18a40449 None None] config_source = [] {{(pid=102110) log_opt_values /opt/stack/data/venv/lib/python3.12/site-packages/oslo_config/cfg.py:3245}}
May 26 12:18:47.658628 np0000001418 devstack@g-api.service[102110]: DEBUG glance.common.config [None req-b5173abd-2b63-437b-b3ef-75fb18a40449 None None] control_exchange = glance {{(pid=102110) log_opt_values /opt/stack/data/venv/lib/python3.12/site-packages/oslo_config/cfg.py:3245}}
May 26 12:18:47.658729 np0000001418 devstack@g-api.service[102110]: DEBUG glance.common.config [None req-b5173abd-2b63-437b-b3ef-75fb18a40449 None None] debug = True {{(pid=102110) log_opt_values /opt/stack/data/venv/lib/python3.12/site-packages/oslo_config/cfg.py:3245}}
May 26 12:18:47.658998 np0000001418 devstack@g-api.service[102110]: DEBUG glance.common.config [None req-b5173abd-2b63-437b-b3ef-75fb18a40449 None None] default_log_levels = ['amqp=WARN', 'boto=WARN', 'sqlalchemy=WARN', 'suds=INFO', 'oslo.messaging=INFO', 'oslo_messaging=INFO', 'iso8601=WARN', 'requests.packages.urllib3.connectionpool=WARN', 'urllib3.connectionpool=WARN', 'websocket=WARN', 'requests.packages.urllib3.util.retry=WARN', 'urllib3.util.retry=WARN', 'keystonemiddleware=WARN', 'routes.middleware=WARN', 'stevedore=WARN', 'taskflow=WARN', 'keystoneauth=WARN', 'oslo.cache=INFO', 'oslo_policy=INFO', 'dogpile.core.dogpile=INFO'] {{(pid=102110) log_opt_values /opt/stack/data/venv/lib/python3.12/site-packages/oslo_config/cfg.py:3245}}
May 26 12:18:47.659157 np0000001418 devstack@g-api.service[102110]: DEBUG glance.common.config [None req-b5173abd-2b63-437b-b3ef-75fb18a40449 None None] default_publisher_id = image.localhost {{(pid=102110) log_opt_values /opt/stack/data/venv/lib/python3.12/site-packages/oslo_config/cfg.py:3245}}
May 26 12:18:47.659291 np0000001418 devstack@g-api.service[102110]: DEBUG glance.common.config [None req-b5173abd-2b63-437b-b3ef-75fb18a40449 None None] delayed_delete = False {{(pid=102110) log_opt_values /opt/stack/data/venv/lib/python3.12/site-packages/oslo_config/cfg.py:3245}}
May 26 12:18:47.659425 np0000001418 devstack@g-api.service[102110]: DEBUG glance.common.config [None req-b5173abd-2b63-437b-b3ef-75fb18a40449 None None] digest_algorithm = sha256 {{(pid=102110) log_opt_values /opt/stack/data/venv/lib/python3.12/site-packages/oslo_config/cfg.py:3245}}
May 26 12:18:47.659498 np0000001418 devstack@g-api.service[102108]: INFO glance.api.middleware.cache_manage [None req-1affedb3-e1a7-4723-ac27-d2759750820b None None] Initialized image cache management middleware
May 26 12:18:47.659561 np0000001418 devstack@g-api.service[102110]: DEBUG glance.common.config [None req-b5173abd-2b63-437b-b3ef-75fb18a40449 None None] disabled_notifications = [] {{(pid=102110) log_opt_values /opt/stack/data/venv/lib/python3.12/site-packages/oslo_config/cfg.py:3245}}
May 26 12:18:47.659658 np0000001418 devstack@g-api.service[102108]: INFO glance.image_cache [None req-1affedb3-e1a7-4723-ac27-d2759750820b None None] Image cache loaded driver 'centralized_db'.
May 26 12:18:47.659700 np0000001418 devstack@g-api.service[102110]: DEBUG glance.common.config [None req-b5173abd-2b63-437b-b3ef-75fb18a40449 None None] do_secure_hash = True {{(pid=102110) log_opt_values /opt/stack/data/venv/lib/python3.12/site-packages/oslo_config/cfg.py:3245}}
May 26 12:18:47.659823 np0000001418 devstack@g-api.service[102110]: DEBUG glance.common.config [None req-b5173abd-2b63-437b-b3ef-75fb18a40449 None None] enabled_backends = None {{(pid=102110) log_opt_values /opt/stack/data/venv/lib/python3.12/site-packages/oslo_config/cfg.py:3245}}
May 26 12:18:47.660000 np0000001418 devstack@g-api.service[102110]: DEBUG glance.common.config [None req-b5173abd-2b63-437b-b3ef-75fb18a40449 None None] enabled_import_methods = ['glance-direct', 'web-download', 'copy-image'] {{(pid=102110) log_opt_values /opt/stack/data/venv/lib/python3.12/site-packages/oslo_config/cfg.py:3245}}
May 26 12:18:47.660142 np0000001418 devstack@g-api.service[102110]: DEBUG glance.common.config [None req-b5173abd-2b63-437b-b3ef-75fb18a40449 None None] fatal_deprecations = False {{(pid=102110) log_opt_values /opt/stack/data/venv/lib/python3.12/site-packages/oslo_config/cfg.py:3245}}
May 26 12:18:47.660284 np0000001418 devstack@g-api.service[102110]: DEBUG glance.common.config [None req-b5173abd-2b63-437b-b3ef-75fb18a40449 None None] hashing_algorithm = sha512 {{(pid=102110) log_opt_values /opt/stack/data/venv/lib/python3.12/site-packages/oslo_config/cfg.py:3245}}
May 26 12:18:47.660412 np0000001418 devstack@g-api.service[102110]: DEBUG glance.common.config [None req-b5173abd-2b63-437b-b3ef-75fb18a40449 None None] http_keepalive = True {{(pid=102110) log_opt_values /opt/stack/data/venv/lib/python3.12/site-packages/oslo_config/cfg.py:3245}}
May 26 12:18:47.660541 np0000001418 devstack@g-api.service[102110]: DEBUG glance.common.config [None req-b5173abd-2b63-437b-b3ef-75fb18a40449 None None] http_retries = 3 {{(pid=102110) log_opt_values /opt/stack/data/venv/lib/python3.12/site-packages/oslo_config/cfg.py:3245}}
May 26 12:18:47.660683 np0000001418 devstack@g-api.service[102110]: DEBUG glance.common.config [None req-b5173abd-2b63-437b-b3ef-75fb18a40449 None None] image_cache_dir = /opt/stack/data/glance/cache/ {{(pid=102110) log_opt_values /opt/stack/data/venv/lib/python3.12/site-packages/oslo_config/cfg.py:3245}}
May 26 12:18:47.660823 np0000001418 devstack@g-api.service[102110]: DEBUG glance.common.config [None req-b5173abd-2b63-437b-b3ef-75fb18a40449 None None] image_cache_driver = centralized_db {{(pid=102110) log_opt_values /opt/stack/data/venv/lib/python3.12/site-packages/oslo_config/cfg.py:3245}}
May 26 12:18:47.660961 np0000001418 devstack@g-api.service[102110]: DEBUG glance.common.config [None req-b5173abd-2b63-437b-b3ef-75fb18a40449 None None] image_cache_max_size = 10737418240 {{(pid=102110) log_opt_values /opt/stack/data/venv/lib/python3.12/site-packages/oslo_config/cfg.py:3245}}
May 26 12:18:47.661106 np0000001418 devstack@g-api.service[102110]: DEBUG glance.common.config [None req-b5173abd-2b63-437b-b3ef-75fb18a40449 None None] image_cache_sqlite_db = cache.db {{(pid=102110) log_opt_values /opt/stack/data/venv/lib/python3.12/site-packages/oslo_config/cfg.py:3245}}
May 26 12:18:47.661258 np0000001418 devstack@g-api.service[102110]: DEBUG glance.common.config [None req-b5173abd-2b63-437b-b3ef-75fb18a40449 None None] image_cache_stall_time = 86400 {{(pid=102110) log_opt_values /opt/stack/data/venv/lib/python3.12/site-packages/oslo_config/cfg.py:3245}}
May 26 12:18:47.661388 np0000001418 devstack@g-api.service[102110]: DEBUG glance.common.config [None req-b5173abd-2b63-437b-b3ef-75fb18a40449 None None] image_location_quota = 10 {{(pid=102110) log_opt_values /opt/stack/data/venv/lib/python3.12/site-packages/oslo_config/cfg.py:3245}}
May 26 12:18:47.661516 np0000001418 devstack@g-api.service[102110]: DEBUG glance.common.config [None req-b5173abd-2b63-437b-b3ef-75fb18a40449 None None] image_member_quota = 128 {{(pid=102110) log_opt_values /opt/stack/data/venv/lib/python3.12/site-packages/oslo_config/cfg.py:3245}}
May 26 12:18:47.661645 np0000001418 devstack@g-api.service[102110]: DEBUG glance.common.config [None req-b5173abd-2b63-437b-b3ef-75fb18a40449 None None] image_property_quota = 128 {{(pid=102110) log_opt_values /opt/stack/data/venv/lib/python3.12/site-packages/oslo_config/cfg.py:3245}}
May 26 12:18:47.661772 np0000001418 devstack@g-api.service[102110]: DEBUG glance.common.config [None req-b5173abd-2b63-437b-b3ef-75fb18a40449 None None] image_size_cap = 1099511627776 {{(pid=102110) log_opt_values /opt/stack/data/venv/lib/python3.12/site-packages/oslo_config/cfg.py:3245}}
May 26 12:18:47.661901 np0000001418 devstack@g-api.service[102110]: DEBUG glance.common.config [None req-b5173abd-2b63-437b-b3ef-75fb18a40449 None None] image_tag_quota = 128 {{(pid=102110) log_opt_values /opt/stack/data/venv/lib/python3.12/site-packages/oslo_config/cfg.py:3245}}
May 26 12:18:47.662070 np0000001418 devstack@g-api.service[102110]: DEBUG glance.common.config [None req-b5173abd-2b63-437b-b3ef-75fb18a40449 None None] instance_format = [instance: %(uuid)s] {{(pid=102110) log_opt_values /opt/stack/data/venv/lib/python3.12/site-packages/oslo_config/cfg.py:3245}}
May 26 12:18:47.662222 np0000001418 devstack@g-api.service[102110]: DEBUG glance.common.config [None req-b5173abd-2b63-437b-b3ef-75fb18a40449 None None] instance_uuid_format = [instance: %(uuid)s] {{(pid=102110) log_opt_values /opt/stack/data/venv/lib/python3.12/site-packages/oslo_config/cfg.py:3245}}
May 26 12:18:47.662346 np0000001418 devstack@g-api.service[102110]: DEBUG glance.common.config [None req-b5173abd-2b63-437b-b3ef-75fb18a40449 None None] limit_param_default = 25 {{(pid=102110) log_opt_values /opt/stack/data/venv/lib/python3.12/site-packages/oslo_config/cfg.py:3245}}
May 26 12:18:47.662488 np0000001418 devstack@g-api.service[102110]: DEBUG glance.common.config [None req-b5173abd-2b63-437b-b3ef-75fb18a40449 None None] log_color = False {{(pid=102110) log_opt_values /opt/stack/data/venv/lib/python3.12/site-packages/oslo_config/cfg.py:3245}}
May 26 12:18:47.662621 np0000001418 devstack@g-api.service[102110]: DEBUG glance.common.config [None req-b5173abd-2b63-437b-b3ef-75fb18a40449 None None] log_config_append = None {{(pid=102110) log_opt_values /opt/stack/data/venv/lib/python3.12/site-packages/oslo_config/cfg.py:3245}}
May 26 12:18:47.662764 np0000001418 devstack@g-api.service[102110]: DEBUG glance.common.config [None req-b5173abd-2b63-437b-b3ef-75fb18a40449 None None] log_date_format = %Y-%m-%d %H:%M:%S {{(pid=102110) log_opt_values /opt/stack/data/venv/lib/python3.12/site-packages/oslo_config/cfg.py:3245}}
May 26 12:18:47.662898 np0000001418 devstack@g-api.service[102110]: DEBUG glance.common.config [None req-b5173abd-2b63-437b-b3ef-75fb18a40449 None None] log_dir = None {{(pid=102110) log_opt_values /opt/stack/data/venv/lib/python3.12/site-packages/oslo_config/cfg.py:3245}}
May 26 12:18:47.663052 np0000001418 devstack@g-api.service[102110]: DEBUG glance.common.config [None req-b5173abd-2b63-437b-b3ef-75fb18a40449 None None] log_file = None {{(pid=102110) log_opt_values /opt/stack/data/venv/lib/python3.12/site-packages/oslo_config/cfg.py:3245}}
May 26 12:18:47.663196 np0000001418 devstack@g-api.service[102110]: DEBUG glance.common.config [None req-b5173abd-2b63-437b-b3ef-75fb18a40449 None None] log_rotate_interval = 1 {{(pid=102110) log_opt_values /opt/stack/data/venv/lib/python3.12/site-packages/oslo_config/cfg.py:3245}}
May 26 12:18:47.663339 np0000001418 devstack@g-api.service[102110]: DEBUG glance.common.config [None req-b5173abd-2b63-437b-b3ef-75fb18a40449 None None] log_rotate_interval_type = days {{(pid=102110) log_opt_values /opt/stack/data/venv/lib/python3.12/site-packages/oslo_config/cfg.py:3245}}
May 26 12:18:47.663484 np0000001418 devstack@g-api.service[102110]: DEBUG glance.common.config [None req-b5173abd-2b63-437b-b3ef-75fb18a40449 None None] log_rotation_type = none {{(pid=102110) log_opt_values /opt/stack/data/venv/lib/python3.12/site-packages/oslo_config/cfg.py:3245}}
May 26 12:18:47.663593 np0000001418 devstack@g-api.service[102110]: DEBUG glance.common.config [None req-b5173abd-2b63-437b-b3ef-75fb18a40449 None None] logging_context_format_string = %(color)s%(levelname)s %(name)s [%(global_request_id)s %(request_id)s %(project_name)s %(user_name)s%(color)s] %(instance)s%(color)s%(message)s {{(pid=102110) log_opt_values /opt/stack/data/venv/lib/python3.12/site-packages/oslo_config/cfg.py:3245}}
May 26 12:18:47.663697 np0000001418 devstack@g-api.service[102110]: DEBUG glance.common.config [None req-b5173abd-2b63-437b-b3ef-75fb18a40449 None None] logging_debug_format_suffix = {{(pid=%(process)d) %(funcName)s %(pathname)s:%(lineno)d}} {{(pid=102110) log_opt_values /opt/stack/data/venv/lib/python3.12/site-packages/oslo_config/cfg.py:3245}}
May 26 12:18:47.663842 np0000001418 devstack@g-api.service[102110]: DEBUG glance.common.config [None req-b5173abd-2b63-437b-b3ef-75fb18a40449 None None] logging_default_format_string = %(color)s%(levelname)s %(name)s [-%(color)s] %(instance)s%(color)s%(message)s {{(pid=102110) log_opt_values /opt/stack/data/venv/lib/python3.12/site-packages/oslo_config/cfg.py:3245}}
May 26 12:18:47.664001 np0000001418 devstack@g-api.service[102110]: DEBUG glance.common.config [None req-b5173abd-2b63-437b-b3ef-75fb18a40449 None None] logging_exception_prefix = ERROR %(name)s %(instance)s {{(pid=102110) log_opt_values /opt/stack/data/venv/lib/python3.12/site-packages/oslo_config/cfg.py:3245}}
May 26 12:18:47.664130 np0000001418 devstack@g-api.service[102110]: DEBUG glance.common.config [None req-b5173abd-2b63-437b-b3ef-75fb18a40449 None None] logging_user_identity_format = %(user)s %(project)s %(domain)s %(system_scope)s %(user_domain)s %(project_domain)s {{(pid=102110) log_opt_values /opt/stack/data/venv/lib/python3.12/site-packages/oslo_config/cfg.py:3245}}
May 26 12:18:47.664246 np0000001418 devstack@g-api.service[102110]: DEBUG glance.common.config [None req-b5173abd-2b63-437b-b3ef-75fb18a40449 None None] max_header_line = 16384 {{(pid=102110) log_opt_values /opt/stack/data/venv/lib/python3.12/site-packages/oslo_config/cfg.py:3245}}
May 26 12:18:47.664337 np0000001418 devstack@g-api.service[102110]: DEBUG glance.common.config [None req-b5173abd-2b63-437b-b3ef-75fb18a40449 None None] max_logfile_count = 30 {{(pid=102110) log_opt_values /opt/stack/data/venv/lib/python3.12/site-packages/oslo_config/cfg.py:3245}}
May 26 12:18:47.664430 np0000001418 devstack@g-api.service[102110]: DEBUG glance.common.config [None req-b5173abd-2b63-437b-b3ef-75fb18a40449 None None] max_logfile_size_mb = 200 {{(pid=102110) log_opt_values /opt/stack/data/venv/lib/python3.12/site-packages/oslo_config/cfg.py:3245}}
May 26 12:18:47.664514 np0000001418 devstack@g-api.service[102110]: DEBUG glance.common.config [None req-b5173abd-2b63-437b-b3ef-75fb18a40449 None None] max_request_id_length = 64 {{(pid=102110) log_opt_values /opt/stack/data/venv/lib/python3.12/site-packages/oslo_config/cfg.py:3245}}
May 26 12:18:47.664605 np0000001418 devstack@g-api.service[102110]: DEBUG glance.common.config [None req-b5173abd-2b63-437b-b3ef-75fb18a40449 None None] metadata_encryption_key = **** {{(pid=102110) log_opt_values /opt/stack/data/venv/lib/python3.12/site-packages/oslo_config/cfg.py:3245}}
May 26 12:18:47.664711 np0000001418 devstack@g-api.service[102110]: DEBUG glance.common.config [None req-b5173abd-2b63-437b-b3ef-75fb18a40449 None None] node_staging_uri = file:///tmp/staging/ {{(pid=102110) log_opt_values /opt/stack/data/venv/lib/python3.12/site-packages/oslo_config/cfg.py:3245}}
May 26 12:18:47.664845 np0000001418 devstack@g-api.service[102110]: DEBUG glance.common.config [None req-b5173abd-2b63-437b-b3ef-75fb18a40449 None None] property_protection_file = None {{(pid=102110) log_opt_values /opt/stack/data/venv/lib/python3.12/site-packages/oslo_config/cfg.py:3245}}
May 26 12:18:47.665018 np0000001418 devstack@g-api.service[102110]: DEBUG glance.common.config [None req-b5173abd-2b63-437b-b3ef-75fb18a40449 None None] property_protection_rule_format = roles {{(pid=102110) log_opt_values /opt/stack/data/venv/lib/python3.12/site-packages/oslo_config/cfg.py:3245}}
May 26 12:18:47.665165 np0000001418 devstack@g-api.service[102110]: DEBUG glance.common.config [None req-b5173abd-2b63-437b-b3ef-75fb18a40449 None None] public_endpoint = https://10.4.3.253/image {{(pid=102110) log_opt_values /opt/stack/data/venv/lib/python3.12/site-packages/oslo_config/cfg.py:3245}}
May 26 12:18:47.665271 np0000001418 devstack@g-api.service[102110]: DEBUG glance.common.config [None req-b5173abd-2b63-437b-b3ef-75fb18a40449 None None] publish_errors = False {{(pid=102110) log_opt_values /opt/stack/data/venv/lib/python3.12/site-packages/oslo_config/cfg.py:3245}}
May 26 12:18:47.665359 np0000001418 devstack@g-api.service[102110]: DEBUG glance.common.config [None req-b5173abd-2b63-437b-b3ef-75fb18a40449 None None] pydev_worker_debug_host = None {{(pid=102110) log_opt_values /opt/stack/data/venv/lib/python3.12/site-packages/oslo_config/cfg.py:3245}}
May 26 12:18:47.665459 np0000001418 devstack@g-api.service[102110]: DEBUG glance.common.config [None req-b5173abd-2b63-437b-b3ef-75fb18a40449 None None] pydev_worker_debug_port = 5678 {{(pid=102110) log_opt_values /opt/stack/data/venv/lib/python3.12/site-packages/oslo_config/cfg.py:3245}}
May 26 12:18:47.665544 np0000001418 devstack@g-api.service[102110]: DEBUG glance.common.config [None req-b5173abd-2b63-437b-b3ef-75fb18a40449 None None] rate_limit_burst = 0 {{(pid=102110) log_opt_values /opt/stack/data/venv/lib/python3.12/site-packages/oslo_config/cfg.py:3245}}
May 26 12:18:47.665634 np0000001418 devstack@g-api.service[102110]: DEBUG glance.common.config [None req-b5173abd-2b63-437b-b3ef-75fb18a40449 None None] rate_limit_except_level = CRITICAL {{(pid=102110) log_opt_values /opt/stack/data/venv/lib/python3.12/site-packages/oslo_config/cfg.py:3245}}
May 26 12:18:47.665722 np0000001418 devstack@g-api.service[102110]: DEBUG glance.common.config [None req-b5173abd-2b63-437b-b3ef-75fb18a40449 None None] rate_limit_interval = 0 {{(pid=102110) log_opt_values /opt/stack/data/venv/lib/python3.12/site-packages/oslo_config/cfg.py:3245}}
May 26 12:18:47.665808 np0000001418 devstack@g-api.service[102110]: DEBUG glance.common.config [None req-b5173abd-2b63-437b-b3ef-75fb18a40449 None None] scrub_pool_size = 1 {{(pid=102110) log_opt_values /opt/stack/data/venv/lib/python3.12/site-packages/oslo_config/cfg.py:3245}}
May 26 12:18:47.665893 np0000001418 devstack@g-api.service[102110]: DEBUG glance.common.config [None req-b5173abd-2b63-437b-b3ef-75fb18a40449 None None] scrub_time = 0 {{(pid=102110) log_opt_values /opt/stack/data/venv/lib/python3.12/site-packages/oslo_config/cfg.py:3245}}
May 26 12:18:47.666007 np0000001418 devstack@g-api.service[102110]: DEBUG glance.common.config [None req-b5173abd-2b63-437b-b3ef-75fb18a40449 None None] shell_completion = None {{(pid=102110) log_opt_values /opt/stack/data/venv/lib/python3.12/site-packages/oslo_config/cfg.py:3245}}
May 26 12:18:47.666107 np0000001418 devstack@g-api.service[102110]: DEBUG glance.common.config [None req-b5173abd-2b63-437b-b3ef-75fb18a40449 None None] show_image_direct_url = False {{(pid=102110) log_opt_values /opt/stack/data/venv/lib/python3.12/site-packages/oslo_config/cfg.py:3245}}
May 26 12:18:47.666327 np0000001418 devstack@g-api.service[102110]: WARNING oslo_config.cfg [None req-b5173abd-2b63-437b-b3ef-75fb18a40449 None None] Deprecated: Option "show_multiple_locations" from group "DEFAULT" is deprecated for removal (Use of this option, deprecated since Newton, is a security risk and will be removed once we figure out a way to satisfy those use cases that currently require it. An earlier announcement that the same functionality can be achieved with greater granularity by using policies is incorrect. You cannot work around this option via policy configuration at the present time, though that is the direction we believe the fix will take. Please keep an eye on the Glance release notes to stay up to date on progress in addressing this issue.). Its value may be silently ignored in the future.
May 26 12:18:47.666441 np0000001418 devstack@g-api.service[102110]: DEBUG glance.common.config [None req-b5173abd-2b63-437b-b3ef-75fb18a40449 None None] show_multiple_locations = False {{(pid=102110) log_opt_values /opt/stack/data/venv/lib/python3.12/site-packages/oslo_config/cfg.py:3245}}
May 26 12:18:47.666538 np0000001418 devstack@g-api.service[102110]: DEBUG glance.common.config [None req-b5173abd-2b63-437b-b3ef-75fb18a40449 None None] syslog_log_facility = LOG_USER {{(pid=102110) log_opt_values /opt/stack/data/venv/lib/python3.12/site-packages/oslo_config/cfg.py:3245}}
May 26 12:18:47.666570 np0000001418 devstack@g-api.service[102108]: DEBUG glance.image_cache.drivers.centralized_db [None req-1affedb3-e1a7-4723-ac27-d2759750820b None None] Node reference is already recorded, ignoring it {{(pid=102108) configure /opt/stack/glance/glance/image_cache/drivers/centralized_db.py:71}}
May 26 12:18:47.666627 np0000001418 devstack@g-api.service[102110]: DEBUG glance.common.config [None req-b5173abd-2b63-437b-b3ef-75fb18a40449 None None] tcp_keepidle = 600 {{(pid=102110) log_opt_values /opt/stack/data/venv/lib/python3.12/site-packages/oslo_config/cfg.py:3245}}
May 26 12:18:47.666724 np0000001418 devstack@g-api.service[102110]: DEBUG glance.common.config [None req-b5173abd-2b63-437b-b3ef-75fb18a40449 None None] transport_url = **** {{(pid=102110) log_opt_values /opt/stack/data/venv/lib/python3.12/site-packages/oslo_config/cfg.py:3245}}
May 26 12:18:47.666863 np0000001418 devstack@g-api.service[102110]: DEBUG glance.common.config [None req-b5173abd-2b63-437b-b3ef-75fb18a40449 None None] use_journal = False {{(pid=102110) log_opt_values /opt/stack/data/venv/lib/python3.12/site-packages/oslo_config/cfg.py:3245}}
May 26 12:18:47.667028 np0000001418 devstack@g-api.service[102110]: DEBUG glance.common.config [None req-b5173abd-2b63-437b-b3ef-75fb18a40449 None None] use_json = False {{(pid=102110) log_opt_values /opt/stack/data/venv/lib/python3.12/site-packages/oslo_config/cfg.py:3245}}
May 26 12:18:47.667186 np0000001418 devstack@g-api.service[102110]: DEBUG glance.common.config [None req-b5173abd-2b63-437b-b3ef-75fb18a40449 None None] use_keystone_limits = True {{(pid=102110) log_opt_values /opt/stack/data/venv/lib/python3.12/site-packages/oslo_config/cfg.py:3245}}
May 26 12:18:47.667324 np0000001418 devstack@g-api.service[102110]: DEBUG glance.common.config [None req-b5173abd-2b63-437b-b3ef-75fb18a40449 None None] use_stderr = False {{(pid=102110) log_opt_values /opt/stack/data/venv/lib/python3.12/site-packages/oslo_config/cfg.py:3245}}
May 26 12:18:47.667463 np0000001418 devstack@g-api.service[102110]: DEBUG glance.common.config [None req-b5173abd-2b63-437b-b3ef-75fb18a40449 None None] use_syslog = False {{(pid=102110) log_opt_values /opt/stack/data/venv/lib/python3.12/site-packages/oslo_config/cfg.py:3245}}
May 26 12:18:47.667598 np0000001418 devstack@g-api.service[102110]: DEBUG glance.common.config [None req-b5173abd-2b63-437b-b3ef-75fb18a40449 None None] user_storage_quota = 0 {{(pid=102110) log_opt_values /opt/stack/data/venv/lib/python3.12/site-packages/oslo_config/cfg.py:3245}}
May 26 12:18:47.667627 np0000001418 devstack@g-api.service[102109]: DEBUG glance.image_cache.drivers.centralized_db [None req-1dc42d9a-8ea8-465c-b746-0cc18bbd75ec None None] Node reference is already recorded, ignoring it {{(pid=102109) configure /opt/stack/glance/glance/image_cache/drivers/centralized_db.py:71}}
May 26 12:18:47.667731 np0000001418 devstack@g-api.service[102110]: DEBUG glance.common.config [None req-b5173abd-2b63-437b-b3ef-75fb18a40449 None None] worker_self_reference_url = http://127.0.0.1:60999 {{(pid=102110) log_opt_values /opt/stack/data/venv/lib/python3.12/site-packages/oslo_config/cfg.py:3245}}
May 26 12:18:47.667858 np0000001418 devstack@g-api.service[102110]: DEBUG glance.common.config [None req-b5173abd-2b63-437b-b3ef-75fb18a40449 None None] workers = None {{(pid=102110) log_opt_values /opt/stack/data/venv/lib/python3.12/site-packages/oslo_config/cfg.py:3245}}
May 26 12:18:47.668036 np0000001418 devstack@g-api.service[102110]: DEBUG glance.common.config [None req-b5173abd-2b63-437b-b3ef-75fb18a40449 None None] oslo_concurrency.disable_process_locking = False {{(pid=102110) log_opt_values /opt/stack/data/venv/lib/python3.12/site-packages/oslo_config/cfg.py:3256}}
May 26 12:18:47.668203 np0000001418 devstack@g-api.service[102110]: DEBUG glance.common.config [None req-b5173abd-2b63-437b-b3ef-75fb18a40449 None None] oslo_concurrency.lock_path = /opt/stack/data/glance/locks {{(pid=102110) log_opt_values /opt/stack/data/venv/lib/python3.12/site-packages/oslo_config/cfg.py:3256}}
May 26 12:18:47.668344 np0000001418 devstack@g-api.service[102110]: DEBUG glance.common.config [None req-b5173abd-2b63-437b-b3ef-75fb18a40449 None None] oslo_middleware.enable_proxy_headers_parsing = False {{(pid=102110) log_opt_values /opt/stack/data/venv/lib/python3.12/site-packages/oslo_config/cfg.py:3256}}
May 26 12:18:47.668479 np0000001418 devstack@g-api.service[102110]: DEBUG glance.common.config [None req-b5173abd-2b63-437b-b3ef-75fb18a40449 None None] oslo_middleware.http_basic_auth_user_file = /etc/htpasswd {{(pid=102110) log_opt_values /opt/stack/data/venv/lib/python3.12/site-packages/oslo_config/cfg.py:3256}}
May 26 12:18:47.668615 np0000001418 devstack@g-api.service[102110]: DEBUG glance.common.config [None req-b5173abd-2b63-437b-b3ef-75fb18a40449 None None] paste_deploy.config_file = None {{(pid=102110) log_opt_values /opt/stack/data/venv/lib/python3.12/site-packages/oslo_config/cfg.py:3256}}
May 26 12:18:47.668752 np0000001418 devstack@g-api.service[102110]: DEBUG glance.common.config [None req-b5173abd-2b63-437b-b3ef-75fb18a40449 None None] paste_deploy.flavor = keystone+cachemanagement {{(pid=102110) log_opt_values /opt/stack/data/venv/lib/python3.12/site-packages/oslo_config/cfg.py:3256}}
May 26 12:18:47.668941 np0000001418 devstack@g-api.service[102110]: DEBUG glance.common.config [None req-b5173abd-2b63-437b-b3ef-75fb18a40449 None None] image_format.container_formats = ['ami', 'ari', 'aki', 'bare', 'ovf', 'ova', 'docker', 'compressed'] {{(pid=102110) log_opt_values /opt/stack/data/venv/lib/python3.12/site-packages/oslo_config/cfg.py:3256}}
May 26 12:18:47.669177 np0000001418 devstack@g-api.service[102110]: DEBUG glance.common.config [None req-b5173abd-2b63-437b-b3ef-75fb18a40449 None None] image_format.disk_formats = ['ami', 'ari', 'aki', 'vhd', 'vhdx', 'vmdk', 'raw', 'qcow2', 'vdi', 'iso', 'ploop'] {{(pid=102110) log_opt_values /opt/stack/data/venv/lib/python3.12/site-packages/oslo_config/cfg.py:3256}}
May 26 12:18:47.669310 np0000001418 devstack@g-api.service[102110]: DEBUG glance.common.config [None req-b5173abd-2b63-437b-b3ef-75fb18a40449 None None] image_format.gpt_safety_checks_nonfatal = [] {{(pid=102110) log_opt_values /opt/stack/data/venv/lib/python3.12/site-packages/oslo_config/cfg.py:3256}}
May 26 12:18:47.669453 np0000001418 devstack@g-api.service[102110]: DEBUG glance.common.config [None req-b5173abd-2b63-437b-b3ef-75fb18a40449 None None] image_format.require_image_format_match = True {{(pid=102110) log_opt_values /opt/stack/data/venv/lib/python3.12/site-packages/oslo_config/cfg.py:3256}}
May 26 12:18:47.669598 np0000001418 devstack@g-api.service[102110]: DEBUG glance.common.config [None req-b5173abd-2b63-437b-b3ef-75fb18a40449 None None] image_format.vmdk_allowed_types = ['streamOptimized', 'monolithicSparse'] {{(pid=102110) log_opt_values /opt/stack/data/venv/lib/python3.12/site-packages/oslo_config/cfg.py:3256}}
May 26 12:18:47.669738 np0000001418 devstack@g-api.service[102110]: DEBUG glance.common.config [None req-b5173abd-2b63-437b-b3ef-75fb18a40449 None None] task.task_executor = taskflow {{(pid=102110) log_opt_values /opt/stack/data/venv/lib/python3.12/site-packages/oslo_config/cfg.py:3256}}
May 26 12:18:47.669872 np0000001418 devstack@g-api.service[102110]: DEBUG glance.common.config [None req-b5173abd-2b63-437b-b3ef-75fb18a40449 None None] task.task_time_to_live = 48 {{(pid=102110) log_opt_values /opt/stack/data/venv/lib/python3.12/site-packages/oslo_config/cfg.py:3256}}
