May 21 01:48:51.369967 np0000001124 neutron-periodic-workers[88826]: DEBUG cotyledon.oslo_config_glue [-] ovn.disable_ovn_dhcp_for_baremetal_ports = False {{(pid=88826) log_opt_values /opt/stack/data/venv/lib/python3.12/site-packages/oslo_config/cfg.py:3256}}
May 21 01:48:51.369991 np0000001124 neutron-periodic-workers[88826]: DEBUG cotyledon.oslo_config_glue [-] ovn.dns_records_ovn_owned = False {{(pid=88826) log_opt_values /opt/stack/data/venv/lib/python3.12/site-packages/oslo_config/cfg.py:3256}}
May 21 01:48:51.370052 np0000001124 neutron-periodic-workers[88826]: DEBUG cotyledon.oslo_config_glue [-] ovn.dns_servers = [] {{(pid=88826) log_opt_values /opt/stack/data/venv/lib/python3.12/site-packages/oslo_config/cfg.py:3256}}
May 21 01:48:51.370109 np0000001124 neutron-periodic-workers[88826]: DEBUG cotyledon.oslo_config_glue [-] ovn.enable_distributed_floating_ip = False {{(pid=88826) log_opt_values /opt/stack/data/venv/lib/python3.12/site-packages/oslo_config/cfg.py:3256}}
May 21 01:48:51.370176 np0000001124 neutron-periodic-workers[88826]: DEBUG cotyledon.oslo_config_glue [-] ovn.fdb_age_threshold = 300 {{(pid=88826) log_opt_values /opt/stack/data/venv/lib/python3.12/site-packages/oslo_config/cfg.py:3256}}
May 21 01:48:51.370241 np0000001124 neutron-periodic-workers[88826]: DEBUG cotyledon.oslo_config_glue [-] ovn.ha_failover_strategy = normal {{(pid=88826) log_opt_values /opt/stack/data/venv/lib/python3.12/site-packages/oslo_config/cfg.py:3256}}
May 21 01:48:51.370294 np0000001124 neutron-periodic-workers[88826]: DEBUG cotyledon.oslo_config_glue [-] ovn.live_migration_activation_strategy = rarp {{(pid=88826) log_opt_values /opt/stack/data/venv/lib/python3.12/site-packages/oslo_config/cfg.py:3256}}
May 21 01:48:51.370350 np0000001124 neutron-periodic-workers[88826]: DEBUG cotyledon.oslo_config_glue [-] ovn.localnet_learn_fdb = False {{(pid=88826) log_opt_values /opt/stack/data/venv/lib/python3.12/site-packages/oslo_config/cfg.py:3256}}
May 21 01:48:51.370409 np0000001124 neutron-periodic-workers[88826]: DEBUG cotyledon.oslo_config_glue [-] ovn.mac_binding_age_threshold = 300 {{(pid=88826) log_opt_values /opt/stack/data/venv/lib/python3.12/site-packages/oslo_config/cfg.py:3256}}
May 21 01:48:51.370478 np0000001124 neutron-periodic-workers[88826]: DEBUG cotyledon.oslo_config_glue [-] ovn.neutron_sync_mode = log {{(pid=88826) log_opt_values /opt/stack/data/venv/lib/python3.12/site-packages/oslo_config/cfg.py:3256}}
May 21 01:48:51.370546 np0000001124 neutron-periodic-workers[88826]: DEBUG cotyledon.oslo_config_glue [-] ovn.ovn_dhcp4_global_options = {} {{(pid=88826) log_opt_values /opt/stack/data/venv/lib/python3.12/site-packages/oslo_config/cfg.py:3256}}
May 21 01:48:51.370620 np0000001124 neutron-periodic-workers[88826]: DEBUG cotyledon.oslo_config_glue [-] ovn.ovn_dhcp6_global_options = {} {{(pid=88826) log_opt_values /opt/stack/data/venv/lib/python3.12/site-packages/oslo_config/cfg.py:3256}}
May 21 01:48:51.370708 np0000001124 neutron-periodic-workers[88826]: DEBUG cotyledon.oslo_config_glue [-] ovn.ovn_l3_scheduler = leastloaded {{(pid=88826) log_opt_values /opt/stack/data/venv/lib/python3.12/site-packages/oslo_config/cfg.py:3256}}
May 21 01:48:51.370764 np0000001124 neutron-periodic-workers[88826]: DEBUG cotyledon.oslo_config_glue [-] ovn.ovn_metadata_enabled = True {{(pid=88826) log_opt_values /opt/stack/data/venv/lib/python3.12/site-packages/oslo_config/cfg.py:3256}}
May 21 01:48:51.370831 np0000001124 neutron-periodic-workers[88826]: DEBUG cotyledon.oslo_config_glue [-] ovn.ovn_nb_ca_cert = /opt/stack/data/CA/int-ca/ca-chain.pem {{(pid=88826) log_opt_values /opt/stack/data/venv/lib/python3.12/site-packages/oslo_config/cfg.py:3256}}
May 21 01:48:51.370896 np0000001124 neutron-periodic-workers[88826]: DEBUG cotyledon.oslo_config_glue [-] ovn.ovn_nb_certificate = /opt/stack/data/CA/int-ca/devstack-cert.crt {{(pid=88826) log_opt_values /opt/stack/data/venv/lib/python3.12/site-packages/oslo_config/cfg.py:3256}}
May 21 01:48:51.370953 np0000001124 neutron-periodic-workers[88826]: DEBUG cotyledon.oslo_config_glue [-] ovn.ovn_nb_connection = ['ssl:10.4.3.114:6641'] {{(pid=88826) log_opt_values /opt/stack/data/venv/lib/python3.12/site-packages/oslo_config/cfg.py:3256}}
May 21 01:48:51.371012 np0000001124 neutron-periodic-workers[88826]: DEBUG cotyledon.oslo_config_glue [-] ovn.ovn_nb_private_key = /opt/stack/data/CA/int-ca/private/devstack-cert.key {{(pid=88826) log_opt_values /opt/stack/data/venv/lib/python3.12/site-packages/oslo_config/cfg.py:3256}}
May 21 01:48:51.371069 np0000001124 neutron-periodic-workers[88826]: DEBUG cotyledon.oslo_config_glue [-] ovn.ovn_router_indirect_snat = False {{(pid=88826) log_opt_values /opt/stack/data/venv/lib/python3.12/site-packages/oslo_config/cfg.py:3256}}
May 21 01:48:51.371125 np0000001124 neutron-periodic-workers[88826]: DEBUG cotyledon.oslo_config_glue [-] ovn.ovn_sb_ca_cert = /opt/stack/data/CA/int-ca/ca-chain.pem {{(pid=88826) log_opt_values /opt/stack/data/venv/lib/python3.12/site-packages/oslo_config/cfg.py:3256}}
May 21 01:48:51.371180 np0000001124 neutron-periodic-workers[88826]: DEBUG cotyledon.oslo_config_glue [-] ovn.ovn_sb_certificate = /opt/stack/data/CA/int-ca/devstack-cert.crt {{(pid=88826) log_opt_values /opt/stack/data/venv/lib/python3.12/site-packages/oslo_config/cfg.py:3256}}
May 21 01:48:51.371248 np0000001124 neutron-periodic-workers[88826]: DEBUG cotyledon.oslo_config_glue [-] ovn.ovn_sb_connection = ['ssl:10.4.3.114:6642'] {{(pid=88826) log_opt_values /opt/stack/data/venv/lib/python3.12/site-packages/oslo_config/cfg.py:3256}}
May 21 01:48:51.371307 np0000001124 neutron-periodic-workers[88826]: DEBUG cotyledon.oslo_config_glue [-] ovn.ovn_sb_private_key = /opt/stack/data/CA/int-ca/private/devstack-cert.key {{(pid=88826) log_opt_values /opt/stack/data/venv/lib/python3.12/site-packages/oslo_config/cfg.py:3256}}
May 21 01:48:51.371363 np0000001124 neutron-periodic-workers[88826]: DEBUG cotyledon.oslo_config_glue [-] ovn.ovs_create_tap = False {{(pid=88826) log_opt_values /opt/stack/data/venv/lib/python3.12/site-packages/oslo_config/cfg.py:3256}}
May 21 01:48:51.371420 np0000001124 neutron-periodic-workers[88826]: DEBUG cotyledon.oslo_config_glue [-] ovn.ovsdb_connection_timeout = 180 {{(pid=88826) log_opt_values /opt/stack/data/venv/lib/python3.12/site-packages/oslo_config/cfg.py:3256}}
May 21 01:48:51.371474 np0000001124 neutron-periodic-workers[88826]: DEBUG cotyledon.oslo_config_glue [-] ovn.ovsdb_log_level = INFO {{(pid=88826) log_opt_values /opt/stack/data/venv/lib/python3.12/site-packages/oslo_config/cfg.py:3256}}
May 21 01:48:51.371531 np0000001124 neutron-periodic-workers[88826]: DEBUG cotyledon.oslo_config_glue [-] ovn.ovsdb_probe_interval = 60000 {{(pid=88826) log_opt_values /opt/stack/data/venv/lib/python3.12/site-packages/oslo_config/cfg.py:3256}}
May 21 01:48:51.371588 np0000001124 neutron-periodic-workers[88826]: DEBUG cotyledon.oslo_config_glue [-] ovn.ovsdb_retry_max_interval = 180 {{(pid=88826) log_opt_values /opt/stack/data/venv/lib/python3.12/site-packages/oslo_config/cfg.py:3256}}
May 21 01:48:51.371670 np0000001124 neutron-periodic-workers[88826]: DEBUG cotyledon.oslo_config_glue [-] ovn.stateless_nat_enabled = False {{(pid=88826) log_opt_values /opt/stack/data/venv/lib/python3.12/site-packages/oslo_config/cfg.py:3256}}
May 21 01:48:51.371742 np0000001124 neutron-periodic-workers[88826]: DEBUG cotyledon.oslo_config_glue [-] ovn.vhost_sock_dir = /var/run/openvswitch {{(pid=88826) log_opt_values /opt/stack/data/venv/lib/python3.12/site-packages/oslo_config/cfg.py:3256}}
May 21 01:48:51.371820 np0000001124 neutron-periodic-workers[88826]: DEBUG cotyledon.oslo_config_glue [-] OVS.bridge_mac_table_size = 50000 {{(pid=88826) log_opt_values /opt/stack/data/venv/lib/python3.12/site-packages/oslo_config/cfg.py:3256}}
May 21 01:48:51.371879 np0000001124 neutron-periodic-workers[88826]: DEBUG cotyledon.oslo_config_glue [-] OVS.igmp_flood = False {{(pid=88826) log_opt_values /opt/stack/data/venv/lib/python3.12/site-packages/oslo_config/cfg.py:3256}}
May 21 01:48:51.371944 np0000001124 neutron-periodic-workers[88826]: DEBUG cotyledon.oslo_config_glue [-] OVS.igmp_flood_reports = True {{(pid=88826) log_opt_values /opt/stack/data/venv/lib/python3.12/site-packages/oslo_config/cfg.py:3256}}
May 21 01:48:51.371999 np0000001124 neutron-periodic-workers[88826]: DEBUG cotyledon.oslo_config_glue [-] OVS.igmp_flood_unregistered = False {{(pid=88826) log_opt_values /opt/stack/data/venv/lib/python3.12/site-packages/oslo_config/cfg.py:3256}}
May 21 01:48:51.372054 np0000001124 neutron-periodic-workers[88826]: DEBUG cotyledon.oslo_config_glue [-] OVS.igmp_snooping_enable = False {{(pid=88826) log_opt_values /opt/stack/data/venv/lib/python3.12/site-packages/oslo_config/cfg.py:3256}}
May 21 01:48:51.372110 np0000001124 neutron-periodic-workers[88826]: DEBUG cotyledon.oslo_config_glue [-] OVS.ovsdb_timeout = 10 {{(pid=88826) log_opt_values /opt/stack/data/venv/lib/python3.12/site-packages/oslo_config/cfg.py:3256}}
May 21 01:48:51.372180 np0000001124 neutron-periodic-workers[88826]: DEBUG cotyledon.oslo_config_glue [-] ovn_nb_global.fdb_removal_limit = 0 {{(pid=88826) log_opt_values /opt/stack/data/venv/lib/python3.12/site-packages/oslo_config/cfg.py:3256}}
May 21 01:48:51.372238 np0000001124 neutron-periodic-workers[88826]: DEBUG cotyledon.oslo_config_glue [-] ovn_nb_global.ignore_lsp_down = False {{(pid=88826) log_opt_values /opt/stack/data/venv/lib/python3.12/site-packages/oslo_config/cfg.py:3256}}
May 21 01:48:51.372291 np0000001124 neutron-periodic-workers[88826]: DEBUG cotyledon.oslo_config_glue [-] ovn_nb_global.mac_binding_removal_limit = 0 {{(pid=88826) log_opt_values /opt/stack/data/venv/lib/python3.12/site-packages/oslo_config/cfg.py:3256}}
May 21 01:48:51.372347 np0000001124 neutron-periodic-workers[88826]: DEBUG cotyledon.oslo_config_glue [-] ******************************************************************************** {{(pid=88826) log_opt_values /opt/stack/data/venv/lib/python3.12/site-packages/oslo_config/cfg.py:3263}}
May 21 01:48:51.372535 np0000001124 neutron-periodic-workers[88826]: DEBUG cotyledon._service_worker [-] Run service ServiceWrapper(0) [88826] {{(pid=88826) wait_forever /opt/stack/data/venv/lib/python3.12/site-packages/cotyledon/_service_worker.py:218}}
May 21 01:49:01.030527 np0000001124 neutron-periodic-workers[87981]: DEBUG dbcounter [-] [87981] Writing DB stats neutron:SELECT=4 {{(pid=87981) stat_writer /opt/stack/data/venv/lib/python3.12/site-packages/dbcounter.py:115}}
May 21 01:49:30.325824 np0000001124 neutron-periodic-workers[88790]: DEBUG oslo_db.sqlalchemy.engines [None req-0babb699-41aa-4fd8-9aaa-d4e879030f1b None None] Parent process 87981 forked (88790) with an open database connection, which is being discarded and recreated. {{(pid=88790) checkout /opt/stack/data/venv/lib/python3.12/site-packages/oslo_db/sqlalchemy/engines.py:402}}
May 21 01:49:30.330974 np0000001124 neutron-periodic-workers[88790]: DEBUG dbcounter [-] [88790] Writer thread running {{(pid=88790) stat_writer /opt/stack/data/venv/lib/python3.12/site-packages/dbcounter.py:102}}
May 21 01:49:30.340097 np0000001124 neutron-periodic-workers[88790]: DEBUG oslo.service.backend._threading.loopingcall [None req-0babb699-41aa-4fd8-9aaa-d4e879030f1b None None] Fixed interval looping call 'neutron.plugins.ml2.plugin.DhcpAgentSchedulerDbMixin.remove_networks_from_down_agents' sleeping for 36.98 seconds {{(pid=88790) _run_loop /opt/stack/data/venv/lib/python3.12/site-packages/oslo_service/backend/_threading/loopingcall.py:125}}
May 21 01:49:40.338603 np0000001124 neutron-periodic-workers[88790]: DEBUG dbcounter [-] [88790] Writing DB stats neutron:SELECT=3 {{(pid=88790) stat_writer /opt/stack/data/venv/lib/python3.12/site-packages/dbcounter.py:115}}
May 21 01:49:59.337947 np0000001124 neutron-periodic-workers[88798]: DEBUG dbcounter [-] [88798] Writer thread running {{(pid=88798) stat_writer /opt/stack/data/venv/lib/python3.12/site-packages/dbcounter.py:102}}
May 21 01:49:59.340847 np0000001124 neutron-periodic-workers[88798]: DEBUG neutron.db.agents_db [None req-7a1e9374-ef84-4891-a70e-e620153e35ae None None] Agent healthcheck: found 0 active agents {{(pid=88798) agent_health_check /opt/stack/neutron/neutron/db/agents_db.py:322}}
May 21 01:49:59.341184 np0000001124 neutron-periodic-workers[88798]: DEBUG oslo.service.backend._threading.loopingcall [None req-7a1e9374-ef84-4891-a70e-e620153e35ae None None] Fixed interval looping call 'neutron.plugins.ml2.plugin.AgentDbMixin.agent_health_check' sleeping for 36.99 seconds {{(pid=88798) _run_loop /opt/stack/data/venv/lib/python3.12/site-packages/oslo_service/backend/_threading/loopingcall.py:125}}
May 21 01:50:07.326611 np0000001124 neutron-periodic-workers[88790]: DEBUG oslo.service.backend._threading.loopingcall [None req-0babb699-41aa-4fd8-9aaa-d4e879030f1b None None] Fixed interval looping call 'neutron.plugins.ml2.plugin.DhcpAgentSchedulerDbMixin.remove_networks_from_down_agents' sleeping for 36.99 seconds {{(pid=88790) _run_loop /opt/stack/data/venv/lib/python3.12/site-packages/oslo_service/backend/_threading/loopingcall.py:125}}
May 21 01:50:09.338309 np0000001124 neutron-periodic-workers[88798]: DEBUG dbcounter [-] [88798] Writing DB stats neutron:SELECT=1 {{(pid=88798) stat_writer /opt/stack/data/venv/lib/python3.12/site-packages/dbcounter.py:115}}
May 21 01:50:17.325882 np0000001124 neutron-periodic-workers[88790]: DEBUG dbcounter [-] [88790] Writing DB stats neutron:SELECT=3 {{(pid=88790) stat_writer /opt/stack/data/venv/lib/python3.12/site-packages/dbcounter.py:115}}
May 21 01:50:36.334805 np0000001124 neutron-periodic-workers[88798]: DEBUG neutron.db.agents_db [None req-7a1e9374-ef84-4891-a70e-e620153e35ae None None] Agent healthcheck: found 0 active agents {{(pid=88798) agent_health_check /opt/stack/neutron/neutron/db/agents_db.py:322}}
May 21 01:50:36.335300 np0000001124 neutron-periodic-workers[88798]: DEBUG oslo.service.backend._threading.loopingcall [None req-7a1e9374-ef84-4891-a70e-e620153e35ae None None] Fixed interval looping call 'neutron.plugins.ml2.plugin.AgentDbMixin.agent_health_check' sleeping for 37.00 seconds {{(pid=88798) _run_loop /opt/stack/data/venv/lib/python3.12/site-packages/oslo_service/backend/_threading/loopingcall.py:125}}
May 21 01:50:44.322430 np0000001124 neutron-periodic-workers[88790]: DEBUG oslo.service.backend._threading.loopingcall [None req-0babb699-41aa-4fd8-9aaa-d4e879030f1b None None] Fixed interval looping call 'neutron.plugins.ml2.plugin.DhcpAgentSchedulerDbMixin.remove_networks_from_down_agents' sleeping for 36.99 seconds {{(pid=88790) _run_loop /opt/stack/data/venv/lib/python3.12/site-packages/oslo_service/backend/_threading/loopingcall.py:125}}
May 21 01:50:46.333669 np0000001124 neutron-periodic-workers[88798]: DEBUG dbcounter [-] [88798] Writing DB stats neutron:SELECT=1 {{(pid=88798) stat_writer /opt/stack/data/venv/lib/python3.12/site-packages/dbcounter.py:115}}
May 21 01:50:51.364505 np0000001124 neutron-periodic-workers[88810]: DEBUG dbcounter [-] [88810] Writer thread running {{(pid=88810) stat_writer /opt/stack/data/venv/lib/python3.12/site-packages/dbcounter.py:102}}
May 21 01:50:51.366561 np0000001124 neutron-periodic-workers[88810]: DEBUG oslo.service.backend._threading.loopingcall [None req-94a695df-e77e-4019-87a3-8c3767ed742a None None] Fixed interval looping call 'neutron.db.quota.driver_nolock.DbQuotaNoLockDriver._remove_expired_reservations' sleeping for 119.99 seconds {{(pid=88810) _run_loop /opt/stack/data/venv/lib/python3.12/site-packages/oslo_service/backend/_threading/loopingcall.py:125}}
May 21 01:50:54.321678 np0000001124 neutron-periodic-workers[88790]: DEBUG dbcounter [-] [88790] Writing DB stats neutron:SELECT=3 {{(pid=88790) stat_writer /opt/stack/data/venv/lib/python3.12/site-packages/dbcounter.py:115}}
May 21 01:51:11.365003 np0000001124 neutron-periodic-workers[88810]: DEBUG dbcounter [-] [88810] Writing DB stats neutron:DELETE=1 {{(pid=88810) stat_writer /opt/stack/data/venv/lib/python3.12/site-packages/dbcounter.py:115}}
May 21 01:51:13.338085 np0000001124 neutron-periodic-workers[88798]: DEBUG neutron.db.agents_db [None req-7a1e9374-ef84-4891-a70e-e620153e35ae None None] Agent healthcheck: found 0 active agents {{(pid=88798) agent_health_check /opt/stack/neutron/neutron/db/agents_db.py:322}}
May 21 01:51:13.338777 np0000001124 neutron-periodic-workers[88798]: DEBUG oslo.service.backend._threading.loopingcall [None req-7a1e9374-ef84-4891-a70e-e620153e35ae None None] Fixed interval looping call 'neutron.plugins.ml2.plugin.AgentDbMixin.agent_health_check' sleeping for 37.00 seconds {{(pid=88798) _run_loop /opt/stack/data/venv/lib/python3.12/site-packages/oslo_service/backend/_threading/loopingcall.py:125}}
May 21 01:51:21.317721 np0000001124 neutron-periodic-workers[88790]: DEBUG oslo.service.backend._threading.loopingcall [None req-0babb699-41aa-4fd8-9aaa-d4e879030f1b None None] Fixed interval looping call 'neutron.plugins.ml2.plugin.DhcpAgentSchedulerDbMixin.remove_networks_from_down_agents' sleeping for 36.99 seconds {{(pid=88790) _run_loop /opt/stack/data/venv/lib/python3.12/site-packages/oslo_service/backend/_threading/loopingcall.py:125}}
May 21 01:51:23.337219 np0000001124 neutron-periodic-workers[88798]: DEBUG dbcounter [-] [88798] Writing DB stats neutron:SELECT=1 {{(pid=88798) stat_writer /opt/stack/data/venv/lib/python3.12/site-packages/dbcounter.py:115}}
May 21 01:51:31.316989 np0000001124 neutron-periodic-workers[88790]: DEBUG dbcounter [-] [88790] Writing DB stats neutron:SELECT=3 {{(pid=88790) stat_writer /opt/stack/data/venv/lib/python3.12/site-packages/dbcounter.py:115}}
May 21 01:51:50.341574 np0000001124 neutron-periodic-workers[88798]: DEBUG neutron.db.agents_db [None req-7a1e9374-ef84-4891-a70e-e620153e35ae None None] Agent healthcheck: found 0 active agents {{(pid=88798) agent_health_check /opt/stack/neutron/neutron/db/agents_db.py:322}}
May 21 01:51:50.342010 np0000001124 neutron-periodic-workers[88798]: DEBUG oslo.service.backend._threading.loopingcall [None req-7a1e9374-ef84-4891-a70e-e620153e35ae None None] Fixed interval looping call 'neutron.plugins.ml2.plugin.AgentDbMixin.agent_health_check' sleeping for 37.00 seconds {{(pid=88798) _run_loop /opt/stack/data/venv/lib/python3.12/site-packages/oslo_service/backend/_threading/loopingcall.py:125}}
May 21 01:51:58.318971 np0000001124 neutron-periodic-workers[88790]: DEBUG oslo.service.backend._threading.loopingcall [None req-0babb699-41aa-4fd8-9aaa-d4e879030f1b None None] Fixed interval looping call 'neutron.plugins.ml2.plugin.DhcpAgentSchedulerDbMixin.remove_networks_from_down_agents' sleeping for 36.99 seconds {{(pid=88790) _run_loop /opt/stack/data/venv/lib/python3.12/site-packages/oslo_service/backend/_threading/loopingcall.py:125}}
May 21 01:52:00.341094 np0000001124 neutron-periodic-workers[88798]: DEBUG dbcounter [-] [88798] Writing DB stats neutron:SELECT=1 {{(pid=88798) stat_writer /opt/stack/data/venv/lib/python3.12/site-packages/dbcounter.py:115}}
May 21 01:52:08.318872 np0000001124 neutron-periodic-workers[88790]: DEBUG dbcounter [-] [88790] Writing DB stats neutron:SELECT=3 {{(pid=88790) stat_writer /opt/stack/data/venv/lib/python3.12/site-packages/dbcounter.py:115}}
May 21 01:52:27.344835 np0000001124 neutron-periodic-workers[88798]: DEBUG neutron.db.agents_db [None req-7a1e9374-ef84-4891-a70e-e620153e35ae None None] Agent healthcheck: found 0 active agents {{(pid=88798) agent_health_check /opt/stack/neutron/neutron/db/agents_db.py:322}}
May 21 01:52:27.345285 np0000001124 neutron-periodic-workers[88798]: DEBUG oslo.service.backend._threading.loopingcall [None req-7a1e9374-ef84-4891-a70e-e620153e35ae None None] Fixed interval looping call 'neutron.plugins.ml2.plugin.AgentDbMixin.agent_health_check' sleeping for 37.00 seconds {{(pid=88798) _run_loop /opt/stack/data/venv/lib/python3.12/site-packages/oslo_service/backend/_threading/loopingcall.py:125}}
May 21 01:52:35.322871 np0000001124 neutron-periodic-workers[88790]: DEBUG oslo.service.backend._threading.loopingcall [None req-0babb699-41aa-4fd8-9aaa-d4e879030f1b None None] Fixed interval looping call 'neutron.plugins.ml2.plugin.DhcpAgentSchedulerDbMixin.remove_networks_from_down_agents' sleeping for 36.99 seconds {{(pid=88790) _run_loop /opt/stack/data/venv/lib/python3.12/site-packages/oslo_service/backend/_threading/loopingcall.py:125}}
May 21 01:52:37.344675 np0000001124 neutron-periodic-workers[88798]: DEBUG dbcounter [-] [88798] Writing DB stats neutron:SELECT=1 {{(pid=88798) stat_writer /opt/stack/data/venv/lib/python3.12/site-packages/dbcounter.py:115}}
May 21 01:52:45.322661 np0000001124 neutron-periodic-workers[88790]: DEBUG dbcounter [-] [88790] Writing DB stats neutron:SELECT=3 {{(pid=88790) stat_writer /opt/stack/data/venv/lib/python3.12/site-packages/dbcounter.py:115}}
May 21 01:52:51.359795 np0000001124 neutron-periodic-workers[88810]: DEBUG oslo.service.backend._threading.loopingcall [None req-94a695df-e77e-4019-87a3-8c3767ed742a None None] Fixed interval looping call 'neutron.db.quota.driver_nolock.DbQuotaNoLockDriver._remove_expired_reservations' sleeping for 120.00 seconds {{(pid=88810) _run_loop /opt/stack/data/venv/lib/python3.12/site-packages/oslo_service/backend/_threading/loopingcall.py:125}}
May 21 01:53:01.359577 np0000001124 neutron-periodic-workers[88810]: DEBUG dbcounter [-] [88810] Writing DB stats neutron:DELETE=1 {{(pid=88810) stat_writer /opt/stack/data/venv/lib/python3.12/site-packages/dbcounter.py:115}}
May 21 01:53:04.352101 np0000001124 neutron-periodic-workers[88798]: DEBUG neutron.db.agents_db [None req-7a1e9374-ef84-4891-a70e-e620153e35ae None None] Agent healthcheck: found 0 active agents {{(pid=88798) agent_health_check /opt/stack/neutron/neutron/db/agents_db.py:322}}
May 21 01:53:04.352552 np0000001124 neutron-periodic-workers[88798]: DEBUG oslo.service.backend._threading.loopingcall [None req-7a1e9374-ef84-4891-a70e-e620153e35ae None None] Fixed interval looping call 'neutron.plugins.ml2.plugin.AgentDbMixin.agent_health_check' sleeping for 36.99 seconds {{(pid=88798) _run_loop /opt/stack/data/venv/lib/python3.12/site-packages/oslo_service/backend/_threading/loopingcall.py:125}}
May 21 01:53:12.324592 np0000001124 neutron-periodic-workers[88790]: DEBUG oslo.service.backend._threading.loopingcall [None req-0babb699-41aa-4fd8-9aaa-d4e879030f1b None None] Fixed interval looping call 'neutron.plugins.ml2.plugin.DhcpAgentSchedulerDbMixin.remove_networks_from_down_agents' sleeping for 36.99 seconds {{(pid=88790) _run_loop /opt/stack/data/venv/lib/python3.12/site-packages/oslo_service/backend/_threading/loopingcall.py:125}}
May 21 01:53:14.350311 np0000001124 neutron-periodic-workers[88798]: DEBUG dbcounter [-] [88798] Writing DB stats neutron:SELECT=1 {{(pid=88798) stat_writer /opt/stack/data/venv/lib/python3.12/site-packages/dbcounter.py:115}}
May 21 01:53:22.324097 np0000001124 neutron-periodic-workers[88790]: DEBUG dbcounter [-] [88790] Writing DB stats neutron:SELECT=3 {{(pid=88790) stat_writer /opt/stack/data/venv/lib/python3.12/site-packages/dbcounter.py:115}}
May 21 01:53:28.409668 np0000001124 neutron-periodic-workers[88826]: DEBUG dbcounter [-] [88826] Writer thread running {{(pid=88826) stat_writer /opt/stack/data/venv/lib/python3.12/site-packages/dbcounter.py:102}}
May 21 01:53:28.425378 np0000001124 neutron-periodic-workers[88826]: DEBUG oslo.service.backend._threading.loopingcall [None req-f6816844-9853-4963-9d8b-446c8a7ff38a None None] Fixed interval looping call 'neutron.services.ovn_l3.plugin.L3_NAT_dbonly_mixin._clean_garbage' sleeping for 299.95 seconds {{(pid=88826) _run_loop /opt/stack/data/venv/lib/python3.12/site-packages/oslo_service/backend/_threading/loopingcall.py:125}}
May 21 01:53:38.409723 np0000001124 neutron-periodic-workers[88826]: DEBUG dbcounter [-] [88826] Writing DB stats neutron:SELECT=1 {{(pid=88826) stat_writer /opt/stack/data/venv/lib/python3.12/site-packages/dbcounter.py:115}}
May 21 01:53:41.348531 np0000001124 neutron-periodic-workers[88798]: DEBUG neutron.db.agents_db [None req-7a1e9374-ef84-4891-a70e-e620153e35ae None None] Agent healthcheck: found 0 active agents {{(pid=88798) agent_health_check /opt/stack/neutron/neutron/db/agents_db.py:322}}
May 21 01:53:41.348927 np0000001124 neutron-periodic-workers[88798]: DEBUG oslo.service.backend._threading.loopingcall [None req-7a1e9374-ef84-4891-a70e-e620153e35ae None None] Fixed interval looping call 'neutron.plugins.ml2.plugin.AgentDbMixin.agent_health_check' sleeping for 36.99 seconds {{(pid=88798) _run_loop /opt/stack/data/venv/lib/python3.12/site-packages/oslo_service/backend/_threading/loopingcall.py:125}}
May 21 01:53:49.347780 np0000001124 neutron-periodic-workers[88790]: DEBUG oslo.service.backend._threading.loopingcall [None req-0babb699-41aa-4fd8-9aaa-d4e879030f1b None None] Fixed interval looping call 'neutron.plugins.ml2.plugin.DhcpAgentSchedulerDbMixin.remove_networks_from_down_agents' sleeping for 36.97 seconds {{(pid=88790) _run_loop /opt/stack/data/venv/lib/python3.12/site-packages/oslo_service/backend/_threading/loopingcall.py:125}}
May 21 01:53:51.347551 np0000001124 neutron-periodic-workers[88798]: DEBUG dbcounter [-] [88798] Writing DB stats neutron:SELECT=1 {{(pid=88798) stat_writer /opt/stack/data/venv/lib/python3.12/site-packages/dbcounter.py:115}}
May 21 01:53:59.349162 np0000001124 neutron-periodic-workers[88790]: DEBUG dbcounter [-] [88790] Writing DB stats neutron:SELECT=3 {{(pid=88790) stat_writer /opt/stack/data/venv/lib/python3.12/site-packages/dbcounter.py:115}}
May 21 01:54:18.348349 np0000001124 neutron-periodic-workers[88798]: DEBUG neutron.db.agents_db [None req-7a1e9374-ef84-4891-a70e-e620153e35ae None None] Agent healthcheck: found 0 active agents {{(pid=88798) agent_health_check /opt/stack/neutron/neutron/db/agents_db.py:322}}
May 21 01:54:18.349815 np0000001124 neutron-periodic-workers[88798]: DEBUG oslo.service.backend._threading.loopingcall [None req-7a1e9374-ef84-4891-a70e-e620153e35ae None None] Fixed interval looping call 'neutron.plugins.ml2.plugin.AgentDbMixin.agent_health_check' sleeping for 36.99 seconds {{(pid=88798) _run_loop /opt/stack/data/venv/lib/python3.12/site-packages/oslo_service/backend/_threading/loopingcall.py:125}}
May 21 01:54:26.335482 np0000001124 neutron-periodic-workers[88790]: DEBUG oslo.service.backend._threading.loopingcall [None req-0babb699-41aa-4fd8-9aaa-d4e879030f1b None None] Fixed interval looping call 'neutron.plugins.ml2.plugin.DhcpAgentSchedulerDbMixin.remove_networks_from_down_agents' sleeping for 36.99 seconds {{(pid=88790) _run_loop /opt/stack/data/venv/lib/python3.12/site-packages/oslo_service/backend/_threading/loopingcall.py:125}}
May 21 01:54:28.344866 np0000001124 neutron-periodic-workers[88798]: DEBUG dbcounter [-] [88798] Writing DB stats neutron:SELECT=1 {{(pid=88798) stat_writer /opt/stack/data/venv/lib/python3.12/site-packages/dbcounter.py:115}}
May 21 01:54:36.325392 np0000001124 neutron-periodic-workers[88790]: DEBUG dbcounter [-] [88790] Writing DB stats neutron:SELECT=3 {{(pid=88790) stat_writer /opt/stack/data/venv/lib/python3.12/site-packages/dbcounter.py:115}}
May 21 01:54:51.362724 np0000001124 neutron-periodic-workers[88810]: DEBUG oslo.service.backend._threading.loopingcall [None req-94a695df-e77e-4019-87a3-8c3767ed742a None None] Fixed interval looping call 'neutron.db.quota.driver_nolock.DbQuotaNoLockDriver._remove_expired_reservations' sleeping for 120.00 seconds {{(pid=88810) _run_loop /opt/stack/data/venv/lib/python3.12/site-packages/oslo_service/backend/_threading/loopingcall.py:125}}
May 21 01:54:55.359081 np0000001124 neutron-periodic-workers[88798]: DEBUG neutron.db.agents_db [None req-7a1e9374-ef84-4891-a70e-e620153e35ae None None] Agent healthcheck: found 0 active agents {{(pid=88798) agent_health_check /opt/stack/neutron/neutron/db/agents_db.py:322}}
May 21 01:54:55.359568 np0000001124 neutron-periodic-workers[88798]: DEBUG oslo.service.backend._threading.loopingcall [None req-7a1e9374-ef84-4891-a70e-e620153e35ae None None] Fixed interval looping call 'neutron.plugins.ml2.plugin.AgentDbMixin.agent_health_check' sleeping for 36.98 seconds {{(pid=88798) _run_loop /opt/stack/data/venv/lib/python3.12/site-packages/oslo_service/backend/_threading/loopingcall.py:125}}
May 21 01:55:01.364664 np0000001124 neutron-periodic-workers[88810]: DEBUG dbcounter [-] [88810] Writing DB stats neutron:DELETE=1 {{(pid=88810) stat_writer /opt/stack/data/venv/lib/python3.12/site-packages/dbcounter.py:115}}
May 21 01:55:03.341984 np0000001124 neutron-periodic-workers[88790]: DEBUG oslo.service.backend._threading.loopingcall [None req-0babb699-41aa-4fd8-9aaa-d4e879030f1b None None] Fixed interval looping call 'neutron.plugins.ml2.plugin.DhcpAgentSchedulerDbMixin.remove_networks_from_down_agents' sleeping for 36.98 seconds {{(pid=88790) _run_loop /opt/stack/data/venv/lib/python3.12/site-packages/oslo_service/backend/_threading/loopingcall.py:125}}
May 21 01:55:05.350089 np0000001124 neutron-periodic-workers[88798]: DEBUG dbcounter [-] [88798] Writing DB stats neutron:SELECT=1 {{(pid=88798) stat_writer /opt/stack/data/venv/lib/python3.12/site-packages/dbcounter.py:115}}
May 21 01:55:13.345217 np0000001124 neutron-periodic-workers[88790]: DEBUG dbcounter [-] [88790] Writing DB stats neutron:SELECT=3 {{(pid=88790) stat_writer /opt/stack/data/venv/lib/python3.12/site-packages/dbcounter.py:115}}
May 21 01:55:32.345579 np0000001124 neutron-periodic-workers[88798]: DEBUG neutron.db.agents_db [None req-7a1e9374-ef84-4891-a70e-e620153e35ae None None] Agent healthcheck: found 0 active agents {{(pid=88798) agent_health_check /opt/stack/neutron/neutron/db/agents_db.py:322}}
May 21 01:55:32.346092 np0000001124 neutron-periodic-workers[88798]: DEBUG oslo.service.backend._threading.loopingcall [None req-7a1e9374-ef84-4891-a70e-e620153e35ae None None] Fixed interval looping call 'neutron.plugins.ml2.plugin.AgentDbMixin.agent_health_check' sleeping for 36.99 seconds {{(pid=88798) _run_loop /opt/stack/data/venv/lib/python3.12/site-packages/oslo_service/backend/_threading/loopingcall.py:125}}
May 21 01:55:40.328311 np0000001124 neutron-periodic-workers[88790]: DEBUG oslo.service.backend._threading.loopingcall [None req-0babb699-41aa-4fd8-9aaa-d4e879030f1b None None] Fixed interval looping call 'neutron.plugins.ml2.plugin.DhcpAgentSchedulerDbMixin.remove_networks_from_down_agents' sleeping for 36.99 seconds {{(pid=88790) _run_loop /opt/stack/data/venv/lib/python3.12/site-packages/oslo_service/backend/_threading/loopingcall.py:125}}
May 21 01:55:42.342997 np0000001124 neutron-periodic-workers[88798]: DEBUG dbcounter [-] [88798] Writing DB stats neutron:SELECT=1 {{(pid=88798) stat_writer /opt/stack/data/venv/lib/python3.12/site-packages/dbcounter.py:115}}
May 21 01:55:50.327320 np0000001124 neutron-periodic-workers[88790]: DEBUG dbcounter [-] [88790] Writing DB stats neutron:SELECT=3 {{(pid=88790) stat_writer /opt/stack/data/venv/lib/python3.12/site-packages/dbcounter.py:115}}
May 21 01:56:09.344299 np0000001124 neutron-periodic-workers[88798]: DEBUG neutron.db.agents_db [None req-7a1e9374-ef84-4891-a70e-e620153e35ae None None] Agent healthcheck: found 0 active agents {{(pid=88798) agent_health_check /opt/stack/neutron/neutron/db/agents_db.py:322}}
May 21 01:56:09.344299 np0000001124 neutron-periodic-workers[88798]: DEBUG oslo.service.backend._threading.loopingcall [None req-7a1e9374-ef84-4891-a70e-e620153e35ae None None] Fixed interval looping call 'neutron.plugins.ml2.plugin.AgentDbMixin.agent_health_check' sleeping for 36.99 seconds {{(pid=88798) _run_loop /opt/stack/data/venv/lib/python3.12/site-packages/oslo_service/backend/_threading/loopingcall.py:125}}
May 21 01:56:17.324998 np0000001124 neutron-periodic-workers[88790]: DEBUG oslo.service.backend._threading.loopingcall [None req-0babb699-41aa-4fd8-9aaa-d4e879030f1b None None] Fixed interval looping call 'neutron.plugins.ml2.plugin.DhcpAgentSchedulerDbMixin.remove_networks_from_down_agents' sleeping for 36.99 seconds {{(pid=88790) _run_loop /opt/stack/data/venv/lib/python3.12/site-packages/oslo_service/backend/_threading/loopingcall.py:125}}
May 21 01:56:19.339157 np0000001124 neutron-periodic-workers[88798]: DEBUG dbcounter [-] [88798] Writing DB stats neutron:SELECT=1 {{(pid=88798) stat_writer /opt/stack/data/venv/lib/python3.12/site-packages/dbcounter.py:115}}
May 21 01:56:27.323933 np0000001124 neutron-periodic-workers[88790]: DEBUG dbcounter [-] [88790] Writing DB stats neutron:SELECT=3 {{(pid=88790) stat_writer /opt/stack/data/venv/lib/python3.12/site-packages/dbcounter.py:115}}
May 21 01:56:46.344728 np0000001124 neutron-periodic-workers[88798]: DEBUG neutron.db.agents_db [None req-7a1e9374-ef84-4891-a70e-e620153e35ae None None] Agent healthcheck: found 0 active agents {{(pid=88798) agent_health_check /opt/stack/neutron/neutron/db/agents_db.py:322}}
May 21 01:56:46.346806 np0000001124 neutron-periodic-workers[88798]: DEBUG oslo.service.backend._threading.loopingcall [None req-7a1e9374-ef84-4891-a70e-e620153e35ae None None] Fixed interval looping call 'neutron.plugins.ml2.plugin.AgentDbMixin.agent_health_check' sleeping for 36.99 seconds {{(pid=88798) _run_loop /opt/stack/data/venv/lib/python3.12/site-packages/oslo_service/backend/_threading/loopingcall.py:125}}
May 21 01:56:51.369612 np0000001124 neutron-periodic-workers[88810]: DEBUG oslo.service.backend._threading.loopingcall [None req-94a695df-e77e-4019-87a3-8c3767ed742a None None] Fixed interval looping call 'neutron.db.quota.driver_nolock.DbQuotaNoLockDriver._remove_expired_reservations' sleeping for 119.99 seconds {{(pid=88810) _run_loop /opt/stack/data/venv/lib/python3.12/site-packages/oslo_service/backend/_threading/loopingcall.py:125}}
May 21 01:56:54.326329 np0000001124 neutron-periodic-workers[88790]: DEBUG oslo.service.backend._threading.loopingcall [None req-0babb699-41aa-4fd8-9aaa-d4e879030f1b None None] Fixed interval looping call 'neutron.plugins.ml2.plugin.DhcpAgentSchedulerDbMixin.remove_networks_from_down_agents' sleeping for 36.99 seconds {{(pid=88790) _run_loop /opt/stack/data/venv/lib/python3.12/site-packages/oslo_service/backend/_threading/loopingcall.py:125}}
May 21 01:56:56.342955 np0000001124 neutron-periodic-workers[88798]: DEBUG dbcounter [-] [88798] Writing DB stats neutron:SELECT=1 {{(pid=88798) stat_writer /opt/stack/data/venv/lib/python3.12/site-packages/dbcounter.py:115}}
May 21 01:57:01.369283 np0000001124 neutron-periodic-workers[88810]: DEBUG dbcounter [-] [88810] Writing DB stats neutron:DELETE=1 {{(pid=88810) stat_writer /opt/stack/data/venv/lib/python3.12/site-packages/dbcounter.py:115}}
May 21 01:57:04.324959 np0000001124 neutron-periodic-workers[88790]: DEBUG dbcounter [-] [88790] Writing DB stats neutron:SELECT=3 {{(pid=88790) stat_writer /opt/stack/data/venv/lib/python3.12/site-packages/dbcounter.py:115}}
May 21 01:57:23.344216 np0000001124 neutron-periodic-workers[88798]: DEBUG neutron.db.agents_db [None req-7a1e9374-ef84-4891-a70e-e620153e35ae None None] Agent healthcheck: found 0 active agents {{(pid=88798) agent_health_check /opt/stack/neutron/neutron/db/agents_db.py:322}}
May 21 01:57:23.345024 np0000001124 neutron-periodic-workers[88798]: DEBUG oslo.service.backend._threading.loopingcall [None req-7a1e9374-ef84-4891-a70e-e620153e35ae None None] Fixed interval looping call 'neutron.plugins.ml2.plugin.AgentDbMixin.agent_health_check' sleeping for 36.99 seconds {{(pid=88798) _run_loop /opt/stack/data/venv/lib/python3.12/site-packages/oslo_service/backend/_threading/loopingcall.py:125}}
May 21 01:57:31.325759 np0000001124 neutron-periodic-workers[88790]: DEBUG oslo.service.backend._threading.loopingcall [None req-0babb699-41aa-4fd8-9aaa-d4e879030f1b None None] Fixed interval looping call 'neutron.plugins.ml2.plugin.DhcpAgentSchedulerDbMixin.remove_networks_from_down_agents' sleeping for 36.99 seconds {{(pid=88790) _run_loop /opt/stack/data/venv/lib/python3.12/site-packages/oslo_service/backend/_threading/loopingcall.py:125}}
May 21 01:57:33.341590 np0000001124 neutron-periodic-workers[88798]: DEBUG dbcounter [-] [88798] Writing DB stats neutron:SELECT=1 {{(pid=88798) stat_writer /opt/stack/data/venv/lib/python3.12/site-packages/dbcounter.py:115}}
May 21 01:57:41.323638 np0000001124 neutron-periodic-workers[88790]: DEBUG dbcounter [-] [88790] Writing DB stats neutron:SELECT=3 {{(pid=88790) stat_writer /opt/stack/data/venv/lib/python3.12/site-packages/dbcounter.py:115}}
May 21 01:58:00.348744 np0000001124 neutron-periodic-workers[88798]: DEBUG neutron.db.agents_db [None req-7a1e9374-ef84-4891-a70e-e620153e35ae None None] Agent healthcheck: found 0 active agents {{(pid=88798) agent_health_check /opt/stack/neutron/neutron/db/agents_db.py:322}}
May 21 01:58:00.348744 np0000001124 neutron-periodic-workers[88798]: DEBUG oslo.service.backend._threading.loopingcall [None req-7a1e9374-ef84-4891-a70e-e620153e35ae None None] Fixed interval looping call 'neutron.plugins.ml2.plugin.AgentDbMixin.agent_health_check' sleeping for 36.99 seconds {{(pid=88798) _run_loop /opt/stack/data/venv/lib/python3.12/site-packages/oslo_service/backend/_threading/loopingcall.py:125}}
May 21 01:58:08.328332 np0000001124 neutron-periodic-workers[88790]: DEBUG oslo.service.backend._threading.loopingcall [None req-0babb699-41aa-4fd8-9aaa-d4e879030f1b None None] Fixed interval looping call 'neutron.plugins.ml2.plugin.DhcpAgentSchedulerDbMixin.remove_networks_from_down_agents' sleeping for 36.99 seconds {{(pid=88790) _run_loop /opt/stack/data/venv/lib/python3.12/site-packages/oslo_service/backend/_threading/loopingcall.py:125}}
May 21 01:58:10.344083 np0000001124 neutron-periodic-workers[88798]: DEBUG dbcounter [-] [88798] Writing DB stats neutron:SELECT=1 {{(pid=88798) stat_writer /opt/stack/data/venv/lib/python3.12/site-packages/dbcounter.py:115}}
May 21 01:58:18.327006 np0000001124 neutron-periodic-workers[88790]: DEBUG dbcounter [-] [88790] Writing DB stats neutron:SELECT=3 {{(pid=88790) stat_writer /opt/stack/data/venv/lib/python3.12/site-packages/dbcounter.py:115}}
May 21 01:58:28.384792 np0000001124 neutron-periodic-workers[88826]: DEBUG oslo.service.backend._threading.loopingcall [None req-f6816844-9853-4963-9d8b-446c8a7ff38a None None] Fixed interval looping call 'neutron.services.ovn_l3.plugin.L3_NAT_dbonly_mixin._clean_garbage' sleeping for 299.99 seconds {{(pid=88826) _run_loop /opt/stack/data/venv/lib/python3.12/site-packages/oslo_service/backend/_threading/loopingcall.py:125}}
May 21 01:58:37.347237 np0000001124 neutron-periodic-workers[88798]: DEBUG neutron.db.agents_db [None req-7a1e9374-ef84-4891-a70e-e620153e35ae None None] Agent healthcheck: found 0 active agents {{(pid=88798) agent_health_check /opt/stack/neutron/neutron/db/agents_db.py:322}}
May 21 01:58:37.347763 np0000001124 neutron-periodic-workers[88798]: DEBUG oslo.service.backend._threading.loopingcall [None req-7a1e9374-ef84-4891-a70e-e620153e35ae None None] Fixed interval looping call 'neutron.plugins.ml2.plugin.AgentDbMixin.agent_health_check' sleeping for 36.99 seconds {{(pid=88798) _run_loop /opt/stack/data/venv/lib/python3.12/site-packages/oslo_service/backend/_threading/loopingcall.py:125}}
May 21 01:58:38.378202 np0000001124 neutron-periodic-workers[88826]: DEBUG dbcounter [-] [88826] Writing DB stats neutron:SELECT=1 {{(pid=88826) stat_writer /opt/stack/data/venv/lib/python3.12/site-packages/dbcounter.py:115}}
May 21 01:58:45.337454 np0000001124 neutron-periodic-workers[88790]: DEBUG oslo.service.backend._threading.loopingcall [None req-0babb699-41aa-4fd8-9aaa-d4e879030f1b None None] Fixed interval looping call 'neutron.plugins.ml2.plugin.DhcpAgentSchedulerDbMixin.remove_networks_from_down_agents' sleeping for 36.99 seconds {{(pid=88790) _run_loop /opt/stack/data/venv/lib/python3.12/site-packages/oslo_service/backend/_threading/loopingcall.py:125}}
May 21 01:58:47.347600 np0000001124 neutron-periodic-workers[88798]: DEBUG dbcounter [-] [88798] Writing DB stats neutron:SELECT=1 {{(pid=88798) stat_writer /opt/stack/data/venv/lib/python3.12/site-packages/dbcounter.py:115}}
May 21 01:58:51.369562 np0000001124 neutron-periodic-workers[88810]: DEBUG oslo.service.backend._threading.loopingcall [None req-94a695df-e77e-4019-87a3-8c3767ed742a None None] Fixed interval looping call 'neutron.db.quota.driver_nolock.DbQuotaNoLockDriver._remove_expired_reservations' sleeping for 119.99 seconds {{(pid=88810) _run_loop /opt/stack/data/venv/lib/python3.12/site-packages/oslo_service/backend/_threading/loopingcall.py:125}}
May 21 01:58:55.334584 np0000001124 neutron-periodic-workers[88790]: DEBUG dbcounter [-] [88790] Writing DB stats neutron:SELECT=3 {{(pid=88790) stat_writer /opt/stack/data/venv/lib/python3.12/site-packages/dbcounter.py:115}}
May 21 01:59:01.369000 np0000001124 neutron-periodic-workers[88810]: DEBUG dbcounter [-] [88810] Writing DB stats neutron:DELETE=1 {{(pid=88810) stat_writer /opt/stack/data/venv/lib/python3.12/site-packages/dbcounter.py:115}}
May 21 01:59:14.343220 np0000001124 neutron-periodic-workers[88798]: DEBUG neutron.db.agents_db [None req-7a1e9374-ef84-4891-a70e-e620153e35ae None None] Agent healthcheck: found 0 active agents {{(pid=88798) agent_health_check /opt/stack/neutron/neutron/db/agents_db.py:322}}
May 21 01:59:14.343783 np0000001124 neutron-periodic-workers[88798]: DEBUG oslo.service.backend._threading.loopingcall [None req-7a1e9374-ef84-4891-a70e-e620153e35ae None None] Fixed interval looping call 'neutron.plugins.ml2.plugin.AgentDbMixin.agent_health_check' sleeping for 37.00 seconds {{(pid=88798) _run_loop /opt/stack/data/venv/lib/python3.12/site-packages/oslo_service/backend/_threading/loopingcall.py:125}}
May 21 01:59:22.335886 np0000001124 neutron-periodic-workers[88790]: DEBUG oslo.service.backend._threading.loopingcall [None req-0babb699-41aa-4fd8-9aaa-d4e879030f1b None None] Fixed interval looping call 'neutron.plugins.ml2.plugin.DhcpAgentSchedulerDbMixin.remove_networks_from_down_agents' sleeping for 36.99 seconds {{(pid=88790) _run_loop /opt/stack/data/venv/lib/python3.12/site-packages/oslo_service/backend/_threading/loopingcall.py:125}}
May 21 01:59:24.342072 np0000001124 neutron-periodic-workers[88798]: DEBUG dbcounter [-] [88798] Writing DB stats neutron:SELECT=1 {{(pid=88798) stat_writer /opt/stack/data/venv/lib/python3.12/site-packages/dbcounter.py:115}}
May 21 01:59:32.335023 np0000001124 neutron-periodic-workers[88790]: DEBUG dbcounter [-] [88790] Writing DB stats neutron:SELECT=3 {{(pid=88790) stat_writer /opt/stack/data/venv/lib/python3.12/site-packages/dbcounter.py:115}}
May 21 01:59:51.346560 np0000001124 neutron-periodic-workers[88798]: DEBUG neutron.db.agents_db [None req-7a1e9374-ef84-4891-a70e-e620153e35ae None None] Agent healthcheck: found 0 active agents {{(pid=88798) agent_health_check /opt/stack/neutron/neutron/db/agents_db.py:322}}
May 21 01:59:51.347142 np0000001124 neutron-periodic-workers[88798]: DEBUG oslo.service.backend._threading.loopingcall [None req-7a1e9374-ef84-4891-a70e-e620153e35ae None None] Fixed interval looping call 'neutron.plugins.ml2.plugin.AgentDbMixin.agent_health_check' sleeping for 37.00 seconds {{(pid=88798) _run_loop /opt/stack/data/venv/lib/python3.12/site-packages/oslo_service/backend/_threading/loopingcall.py:125}}
May 21 01:59:59.336401 np0000001124 neutron-periodic-workers[88790]: DEBUG oslo.service.backend._threading.loopingcall [None req-0babb699-41aa-4fd8-9aaa-d4e879030f1b None None] Fixed interval looping call 'neutron.plugins.ml2.plugin.DhcpAgentSchedulerDbMixin.remove_networks_from_down_agents' sleeping for 36.99 seconds {{(pid=88790) _run_loop /opt/stack/data/venv/lib/python3.12/site-packages/oslo_service/backend/_threading/loopingcall.py:125}}
May 21 02:00:01.346316 np0000001124 neutron-periodic-workers[88798]: DEBUG dbcounter [-] [88798] Writing DB stats neutron:SELECT=1 {{(pid=88798) stat_writer /opt/stack/data/venv/lib/python3.12/site-packages/dbcounter.py:115}}
May 21 02:00:09.335621 np0000001124 neutron-periodic-workers[88790]: DEBUG dbcounter [-] [88790] Writing DB stats neutron:SELECT=3 {{(pid=88790) stat_writer /opt/stack/data/venv/lib/python3.12/site-packages/dbcounter.py:115}}
May 21 02:00:28.352382 np0000001124 neutron-periodic-workers[88798]: DEBUG neutron.db.agents_db [None req-7a1e9374-ef84-4891-a70e-e620153e35ae None None] Agent healthcheck: found 0 active agents {{(pid=88798) agent_health_check /opt/stack/neutron/neutron/db/agents_db.py:322}}
May 21 02:00:28.353375 np0000001124 neutron-periodic-workers[88798]: DEBUG oslo.service.backend._threading.loopingcall [None req-7a1e9374-ef84-4891-a70e-e620153e35ae None None] Fixed interval looping call 'neutron.plugins.ml2.plugin.AgentDbMixin.agent_health_check' sleeping for 36.99 seconds {{(pid=88798) _run_loop /opt/stack/data/venv/lib/python3.12/site-packages/oslo_service/backend/_threading/loopingcall.py:125}}
May 21 02:00:36.345924 np0000001124 neutron-periodic-workers[88790]: DEBUG oslo.service.backend._threading.loopingcall [None req-0babb699-41aa-4fd8-9aaa-d4e879030f1b None None] Fixed interval looping call 'neutron.plugins.ml2.plugin.DhcpAgentSchedulerDbMixin.remove_networks_from_down_agents' sleeping for 36.98 seconds {{(pid=88790) _run_loop /opt/stack/data/venv/lib/python3.12/site-packages/oslo_service/backend/_threading/loopingcall.py:125}}
May 21 02:00:38.352468 np0000001124 neutron-periodic-workers[88798]: DEBUG dbcounter [-] [88798] Writing DB stats neutron:SELECT=1 {{(pid=88798) stat_writer /opt/stack/data/venv/lib/python3.12/site-packages/dbcounter.py:115}}
May 21 02:00:46.343135 np0000001124 neutron-periodic-workers[88790]: DEBUG dbcounter [-] [88790] Writing DB stats neutron:SELECT=3 {{(pid=88790) stat_writer /opt/stack/data/venv/lib/python3.12/site-packages/dbcounter.py:115}}
May 21 02:00:51.362625 np0000001124 neutron-periodic-workers[88810]: DEBUG oslo.service.backend._threading.loopingcall [None req-94a695df-e77e-4019-87a3-8c3767ed742a None None] Fixed interval looping call 'neutron.db.quota.driver_nolock.DbQuotaNoLockDriver._remove_expired_reservations' sleeping for 120.00 seconds {{(pid=88810) _run_loop /opt/stack/data/venv/lib/python3.12/site-packages/oslo_service/backend/_threading/loopingcall.py:125}}
May 21 02:01:01.363107 np0000001124 neutron-periodic-workers[88810]: DEBUG dbcounter [-] [88810] Writing DB stats neutron:DELETE=1 {{(pid=88810) stat_writer /opt/stack/data/venv/lib/python3.12/site-packages/dbcounter.py:115}}
May 21 02:01:05.355765 np0000001124 neutron-periodic-workers[88798]: DEBUG neutron.db.agents_db [None req-7a1e9374-ef84-4891-a70e-e620153e35ae None None] Agent healthcheck: found 0 active agents {{(pid=88798) agent_health_check /opt/stack/neutron/neutron/db/agents_db.py:322}}
May 21 02:01:05.356591 np0000001124 neutron-periodic-workers[88798]: DEBUG oslo.service.backend._threading.loopingcall [None req-7a1e9374-ef84-4891-a70e-e620153e35ae None None] Fixed interval looping call 'neutron.plugins.ml2.plugin.AgentDbMixin.agent_health_check' sleeping for 36.99 seconds {{(pid=88798) _run_loop /opt/stack/data/venv/lib/python3.12/site-packages/oslo_service/backend/_threading/loopingcall.py:125}}
May 21 02:01:13.336365 np0000001124 neutron-periodic-workers[88790]: DEBUG oslo.service.backend._threading.loopingcall [None req-0babb699-41aa-4fd8-9aaa-d4e879030f1b None None] Fixed interval looping call 'neutron.plugins.ml2.plugin.DhcpAgentSchedulerDbMixin.remove_networks_from_down_agents' sleeping for 36.99 seconds {{(pid=88790) _run_loop /opt/stack/data/venv/lib/python3.12/site-packages/oslo_service/backend/_threading/loopingcall.py:125}}
May 21 02:01:15.350106 np0000001124 neutron-periodic-workers[88798]: DEBUG dbcounter [-] [88798] Writing DB stats neutron:SELECT=1 {{(pid=88798) stat_writer /opt/stack/data/venv/lib/python3.12/site-packages/dbcounter.py:115}}
May 21 02:01:23.333764 np0000001124 neutron-periodic-workers[88790]: DEBUG dbcounter [-] [88790] Writing DB stats neutron:SELECT=3 {{(pid=88790) stat_writer /opt/stack/data/venv/lib/python3.12/site-packages/dbcounter.py:115}}
May 21 02:01:42.350459 np0000001124 neutron-periodic-workers[88798]: DEBUG neutron.db.agents_db [None req-7a1e9374-ef84-4891-a70e-e620153e35ae None None] Agent healthcheck: found 0 active agents {{(pid=88798) agent_health_check /opt/stack/neutron/neutron/db/agents_db.py:322}}
May 21 02:01:42.350988 np0000001124 neutron-periodic-workers[88798]: DEBUG oslo.service.backend._threading.loopingcall [None req-7a1e9374-ef84-4891-a70e-e620153e35ae None None] Fixed interval looping call 'neutron.plugins.ml2.plugin.AgentDbMixin.agent_health_check' sleeping for 37.00 seconds {{(pid=88798) _run_loop /opt/stack/data/venv/lib/python3.12/site-packages/oslo_service/backend/_threading/loopingcall.py:125}}
May 21 02:01:50.337092 np0000001124 neutron-periodic-workers[88790]: DEBUG oslo.service.backend._threading.loopingcall [None req-0babb699-41aa-4fd8-9aaa-d4e879030f1b None None] Fixed interval looping call 'neutron.plugins.ml2.plugin.DhcpAgentSchedulerDbMixin.remove_networks_from_down_agents' sleeping for 36.99 seconds {{(pid=88790) _run_loop /opt/stack/data/venv/lib/python3.12/site-packages/oslo_service/backend/_threading/loopingcall.py:125}}
May 21 02:01:52.348967 np0000001124 neutron-periodic-workers[88798]: DEBUG dbcounter [-] [88798] Writing DB stats neutron:SELECT=1 {{(pid=88798) stat_writer /opt/stack/data/venv/lib/python3.12/site-packages/dbcounter.py:115}}
May 21 02:02:00.337191 np0000001124 neutron-periodic-workers[88790]: DEBUG dbcounter [-] [88790] Writing DB stats neutron:SELECT=3 {{(pid=88790) stat_writer /opt/stack/data/venv/lib/python3.12/site-packages/dbcounter.py:115}}
May 21 02:02:19.355345 np0000001124 neutron-periodic-workers[88798]: DEBUG neutron.db.agents_db [None req-7a1e9374-ef84-4891-a70e-e620153e35ae None None] Agent healthcheck: found 0 active agents {{(pid=88798) agent_health_check /opt/stack/neutron/neutron/db/agents_db.py:322}}
