Jul 27 19:38:22.867340 np0000005936 devstack@c-api.service[100321]: DEBUG cinder.api.openstack.wsgi [None req-856091ff-87d2-4618-8a78-a09a3f1dd838 tempest-VolumesActionsTest-1664662305 tempest-VolumesActionsTest-1664662305-project-admin] Action: 'action', calling method: _reset_status, body: {"os-reset_status": {"status": "creating"}} {{(pid=100321) _process_stack /opt/stack/cinder/cinder/api/openstack/wsgi.py:876}}
Jul 27 19:38:22.883773 np0000005936 devstack@c-api.service[100321]: /opt/stack/data/venv/lib/python3.12/site-packages/oslo_context/context.py:102: DeprecationWarning: Policy enforcement is depending on the value of is_admin. This key is deprecated. Please update your policy file to use the standard policy values.
Jul 27 19:38:22.883773 np0000005936 devstack@c-api.service[100321]: warnings.warn(
Jul 27 19:38:22.884361 np0000005936 devstack@c-api.service[100321]: DEBUG cinder.api.contrib.admin_actions [None req-856091ff-87d2-4618-8a78-a09a3f1dd838 tempest-VolumesActionsTest-1664662305 tempest-VolumesActionsTest-1664662305-project-admin] Updating volume '952af401-6258-4d14-ad4f-d83ab4f3eff1' with '{'status': 'creating'}' {{(pid=100321) _reset_status /opt/stack/cinder/cinder/api/contrib/admin_actions.py:109}}
Jul 27 19:38:22.900234 np0000005936 devstack@c-api.service[100322]: DEBUG cinder.coordination [req-0334580f-de56-4379-9505-89231392776e req-226757ca-89eb-4120-8853-98673cf20dd5 tempest-ServerActionsTestOtherB-651034802 tempest-ServerActionsTestOtherB-651034802-project-member] Lock "cinder-attachment_update-12b8d368-4cc4-4997-9f1b-ceb06cdc3bbb-np0000005936" released by "attachment_update" :: held 0.149s {{(pid=100322) __release /opt/stack/cinder/cinder/coordination.py:152}}
Jul 27 19:38:22.900495 np0000005936 devstack@c-api.service[100322]: INFO cinder.api.openstack.wsgi [req-0334580f-de56-4379-9505-89231392776e req-226757ca-89eb-4120-8853-98673cf20dd5 tempest-ServerActionsTestOtherB-651034802 tempest-ServerActionsTestOtherB-651034802-project-member] https://10.4.3.242/volume/v3/attachments/f52dcad9-f3c1-4b83-b6a8-7753d87f36f3 returned with HTTP 200
Jul 27 19:38:22.901122 np0000005936 devstack@c-api.service[100322]: [pid: 100322|app: 0|req: 100/403] 10.4.3.242 () {74 vars in 1704 bytes} [Mon Jul 27 19:38:22 2026] PUT /volume/v3/attachments/f52dcad9-f3c1-4b83-b6a8-7753d87f36f3 => generated 969 bytes in 168 msecs (HTTP/1.1 200) 7 headers in 286 bytes (2 switches on core 0)
Jul 27 19:38:22.913677 np0000005936 devstack@c-api.service[100320]: DEBUG cinder.api.middleware.request_id [req-0334580f-de56-4379-9505-89231392776e req-a3a49159-15f4-4fdc-a7c0-91d615700101 None None] RequestId filter calling following filter/app {{(pid=100320) _context_setter /opt/stack/cinder/cinder/api/middleware/request_id.py:62}}
Jul 27 19:38:22.919194 np0000005936 devstack@c-api.service[100320]: INFO cinder.api.openstack.wsgi [req-0334580f-de56-4379-9505-89231392776e req-a3a49159-15f4-4fdc-a7c0-91d615700101 tempest-ServerActionsTestOtherB-651034802 tempest-ServerActionsTestOtherB-651034802-project-member] GET https://10.4.3.242/volume/v3/attachments/f52dcad9-f3c1-4b83-b6a8-7753d87f36f3
Jul 27 19:38:22.919194 np0000005936 devstack@c-api.service[100320]: DEBUG cinder.api.openstack.wsgi [req-0334580f-de56-4379-9505-89231392776e req-a3a49159-15f4-4fdc-a7c0-91d615700101 tempest-ServerActionsTestOtherB-651034802 tempest-ServerActionsTestOtherB-651034802-project-member] Empty body provided in request {{(pid=100320) get_body /opt/stack/cinder/cinder/api/openstack/wsgi.py:725}}
Jul 27 19:38:22.919194 np0000005936 devstack@c-api.service[100320]: DEBUG cinder.api.openstack.wsgi [req-0334580f-de56-4379-9505-89231392776e req-a3a49159-15f4-4fdc-a7c0-91d615700101 tempest-ServerActionsTestOtherB-651034802 tempest-ServerActionsTestOtherB-651034802-project-member] Calling method 'version_select' {{(pid=100320) _process_stack /opt/stack/cinder/cinder/api/openstack/wsgi.py:878}}
Jul 27 19:38:22.929237 np0000005936 devstack@c-api.service[100321]: INFO cinder.api.openstack.wsgi [None req-856091ff-87d2-4618-8a78-a09a3f1dd838 tempest-VolumesActionsTest-1664662305 tempest-VolumesActionsTest-1664662305-project-admin] https://10.4.3.242/volume/v3/volumes/952af401-6258-4d14-ad4f-d83ab4f3eff1/action returned with HTTP 202
Jul 27 19:38:22.929694 np0000005936 devstack@c-api.service[100321]: [pid: 100321|app: 0|req: 103/404] 10.4.3.242 () {68 vars in 1390 bytes} [Mon Jul 27 19:38:22 2026] POST /volume/v3/volumes/952af401-6258-4d14-ad4f-d83ab4f3eff1/action => generated 0 bytes in 70 msecs (HTTP/1.1 202) 7 headers in 289 bytes (1 switches on core 0)
Jul 27 19:38:22.939624 np0000005936 devstack@c-api.service[100320]: INFO cinder.api.openstack.wsgi [req-0334580f-de56-4379-9505-89231392776e req-a3a49159-15f4-4fdc-a7c0-91d615700101 tempest-ServerActionsTestOtherB-651034802 tempest-ServerActionsTestOtherB-651034802-project-member] https://10.4.3.242/volume/v3/attachments/f52dcad9-f3c1-4b83-b6a8-7753d87f36f3 returned with HTTP 200
Jul 27 19:38:22.940330 np0000005936 devstack@c-api.service[100320]: [pid: 100320|app: 0|req: 100/405] 10.4.3.242 () {70 vars in 1651 bytes} [Mon Jul 27 19:38:22 2026] GET /volume/v3/attachments/f52dcad9-f3c1-4b83-b6a8-7753d87f36f3 => generated 994 bytes in 27 msecs (HTTP/1.1 200) 7 headers in 286 bytes (1 switches on core 0)
Jul 27 19:38:22.941376 np0000005936 devstack@c-api.service[100323]: DEBUG cinder.api.middleware.request_id [None req-40d2b4d9-7289-4673-8bad-f2d10bf6852a None None] RequestId filter calling following filter/app {{(pid=100323) _context_setter /opt/stack/cinder/cinder/api/middleware/request_id.py:62}}
Jul 27 19:38:22.947655 np0000005936 devstack@c-api.service[100323]: INFO cinder.api.openstack.wsgi [None req-40d2b4d9-7289-4673-8bad-f2d10bf6852a tempest-VolumesActionsTest-1035662951 tempest-VolumesActionsTest-1035662951-project-member] GET https://10.4.3.242/volume/v3/volumes/952af401-6258-4d14-ad4f-d83ab4f3eff1
Jul 27 19:38:22.947655 np0000005936 devstack@c-api.service[100323]: DEBUG cinder.api.openstack.wsgi [None req-40d2b4d9-7289-4673-8bad-f2d10bf6852a tempest-VolumesActionsTest-1035662951 tempest-VolumesActionsTest-1035662951-project-member] Empty body provided in request {{(pid=100323) get_body /opt/stack/cinder/cinder/api/openstack/wsgi.py:725}}
Jul 27 19:38:22.947955 np0000005936 devstack@c-api.service[100323]: DEBUG cinder.api.openstack.wsgi [None req-40d2b4d9-7289-4673-8bad-f2d10bf6852a tempest-VolumesActionsTest-1035662951 tempest-VolumesActionsTest-1035662951-project-member] Calling method 'show' {{(pid=100323) _process_stack /opt/stack/cinder/cinder/api/openstack/wsgi.py:878}}
Jul 27 19:38:22.958752 np0000005936 devstack@c-api.service[100323]: /opt/stack/data/venv/lib/python3.12/site-packages/oslo_context/context.py:102: DeprecationWarning: Policy enforcement is depending on the value of is_admin. This key is deprecated. Please update your policy file to use the standard policy values.
Jul 27 19:38:22.958752 np0000005936 devstack@c-api.service[100323]: warnings.warn(
Jul 27 19:38:22.970727 np0000005936 devstack@c-api.service[100323]: INFO cinder.volume.api [None req-40d2b4d9-7289-4673-8bad-f2d10bf6852a tempest-VolumesActionsTest-1035662951 tempest-VolumesActionsTest-1035662951-project-member] Volume info retrieved successfully.
Jul 27 19:38:22.980629 np0000005936 devstack@c-api.service[100323]: INFO cinder.api.openstack.wsgi [None req-40d2b4d9-7289-4673-8bad-f2d10bf6852a tempest-VolumesActionsTest-1035662951 tempest-VolumesActionsTest-1035662951-project-member] https://10.4.3.242/volume/v3/volumes/952af401-6258-4d14-ad4f-d83ab4f3eff1 returned with HTTP 200
Jul 27 19:38:22.981336 np0000005936 devstack@c-api.service[100323]: [pid: 100323|app: 0|req: 103/406] 10.4.3.242 () {66 vars in 1348 bytes} [Mon Jul 27 19:38:22 2026] GET /volume/v3/volumes/952af401-6258-4d14-ad4f-d83ab4f3eff1 => generated 839 bytes in 40 msecs (HTTP/1.1 200) 7 headers in 285 bytes (1 switches on core 0)
Jul 27 19:38:22.999854 np0000005936 devstack@c-api.service[100322]: DEBUG cinder.api.middleware.request_id [None req-fc2a0d6a-f7c7-49b0-b5df-08076604391f None None] RequestId filter calling following filter/app {{(pid=100322) _context_setter /opt/stack/cinder/cinder/api/middleware/request_id.py:62}}
Jul 27 19:38:23.001515 np0000005936 devstack@c-api.service[100321]: DEBUG cinder.api.middleware.request_id [None req-7b3b0d43-be4a-4b40-99c4-0dd757e0ab6f None None] RequestId filter calling following filter/app {{(pid=100321) _context_setter /opt/stack/cinder/cinder/api/middleware/request_id.py:62}}
Jul 27 19:38:23.002894 np0000005936 devstack@c-api.service[100322]: INFO cinder.api.openstack.wsgi [None req-fc2a0d6a-f7c7-49b0-b5df-08076604391f tempest-VolumesAssistedSnapshotsTest-1142672928 tempest-VolumesAssistedSnapshotsTest-1142672928-project-admin] GET https://10.4.3.242/volume/v3/volumes/997e3fe3-c595-495c-89c1-64193bcab4cd
Jul 27 19:38:23.003150 np0000005936 devstack@c-api.service[100322]: DEBUG cinder.api.openstack.wsgi [None req-fc2a0d6a-f7c7-49b0-b5df-08076604391f tempest-VolumesAssistedSnapshotsTest-1142672928 tempest-VolumesAssistedSnapshotsTest-1142672928-project-admin] Empty body provided in request {{(pid=100322) get_body /opt/stack/cinder/cinder/api/openstack/wsgi.py:725}}
Jul 27 19:38:23.003375 np0000005936 devstack@c-api.service[100322]: DEBUG cinder.api.openstack.wsgi [None req-fc2a0d6a-f7c7-49b0-b5df-08076604391f tempest-VolumesAssistedSnapshotsTest-1142672928 tempest-VolumesAssistedSnapshotsTest-1142672928-project-admin] Calling method 'show' {{(pid=100322) _process_stack /opt/stack/cinder/cinder/api/openstack/wsgi.py:878}}
Jul 27 19:38:23.004548 np0000005936 devstack@c-api.service[100321]: INFO cinder.api.openstack.wsgi [None req-7b3b0d43-be4a-4b40-99c4-0dd757e0ab6f tempest-VolumesActionsTest-1664662305 tempest-VolumesActionsTest-1664662305-project-admin] POST https://10.4.3.242/volume/v3/volumes/952af401-6258-4d14-ad4f-d83ab4f3eff1/action
Jul 27 19:38:23.004548 np0000005936 devstack@c-api.service[100321]: DEBUG cinder.api.openstack.wsgi [None req-7b3b0d43-be4a-4b40-99c4-0dd757e0ab6f tempest-VolumesActionsTest-1664662305 tempest-VolumesActionsTest-1664662305-project-admin] Action body: b'{"os-force_delete": {}}' {{(pid=100321) get_method /opt/stack/cinder/cinder/api/openstack/wsgi.py:993}}
Jul 27 19:38:23.004766 np0000005936 devstack@c-api.service[100321]: DEBUG cinder.api.openstack.wsgi [None req-7b3b0d43-be4a-4b40-99c4-0dd757e0ab6f tempest-VolumesActionsTest-1664662305 tempest-VolumesActionsTest-1664662305-project-admin] Action: 'action', calling method: _force_delete, body: {"os-force_delete": {}} {{(pid=100321) _process_stack /opt/stack/cinder/cinder/api/openstack/wsgi.py:876}}
Jul 27 19:38:23.018617 np0000005936 devstack@c-api.service[100322]: INFO cinder.api.openstack.wsgi [None req-fc2a0d6a-f7c7-49b0-b5df-08076604391f tempest-VolumesAssistedSnapshotsTest-1142672928 tempest-VolumesAssistedSnapshotsTest-1142672928-project-admin] https://10.4.3.242/volume/v3/volumes/997e3fe3-c595-495c-89c1-64193bcab4cd returned with HTTP 404
Jul 27 19:38:23.019488 np0000005936 devstack@c-api.service[100322]: [pid: 100322|app: 0|req: 101/407] 10.4.3.242 () {66 vars in 1348 bytes} [Mon Jul 27 19:38:22 2026] GET /volume/v3/volumes/997e3fe3-c595-495c-89c1-64193bcab4cd => generated 109 bytes in 22 msecs (HTTP/1.1 404) 7 headers in 292 bytes (1 switches on core 0)
Jul 27 19:38:23.020701 np0000005936 devstack@c-api.service[100321]: /opt/stack/data/venv/lib/python3.12/site-packages/oslo_context/context.py:102: DeprecationWarning: Policy enforcement is depending on the value of is_admin. This key is deprecated. Please update your policy file to use the standard policy values.
Jul 27 19:38:23.020701 np0000005936 devstack@c-api.service[100321]: warnings.warn(
Jul 27 19:38:23.021279 np0000005936 devstack@c-api.service[100321]: INFO cinder.volume.api [None req-7b3b0d43-be4a-4b40-99c4-0dd757e0ab6f tempest-VolumesActionsTest-1664662305 tempest-VolumesActionsTest-1664662305-project-admin] Volume info retrieved successfully.
Jul 27 19:38:23.054093 np0000005936 devstack@c-api.service[100321]: INFO cinder.volume.api [None req-7b3b0d43-be4a-4b40-99c4-0dd757e0ab6f tempest-VolumesActionsTest-1664662305 tempest-VolumesActionsTest-1664662305-project-admin] Delete volume request issued successfully.
Jul 27 19:38:23.054573 np0000005936 devstack@c-api.service[100321]: INFO cinder.api.openstack.wsgi [None req-7b3b0d43-be4a-4b40-99c4-0dd757e0ab6f tempest-VolumesActionsTest-1664662305 tempest-VolumesActionsTest-1664662305-project-admin] https://10.4.3.242/volume/v3/volumes/952af401-6258-4d14-ad4f-d83ab4f3eff1/action returned with HTTP 202
Jul 27 19:38:23.055247 np0000005936 devstack@c-api.service[100321]: [pid: 100321|app: 0|req: 104/408] 10.4.3.242 () {68 vars in 1390 bytes} [Mon Jul 27 19:38:23 2026] POST /volume/v3/volumes/952af401-6258-4d14-ad4f-d83ab4f3eff1/action => generated 0 bytes in 55 msecs (HTTP/1.1 202) 7 headers in 289 bytes (1 switches on core 0)
Jul 27 19:38:23.064294 np0000005936 devstack@c-api.service[100320]: DEBUG cinder.api.middleware.request_id [None req-c1ca3291-44ab-49b5-ab86-106e5607d3a5 None None] RequestId filter calling following filter/app {{(pid=100320) _context_setter /opt/stack/cinder/cinder/api/middleware/request_id.py:62}}
Jul 27 19:38:23.067917 np0000005936 devstack@c-api.service[100320]: INFO cinder.api.openstack.wsgi [None req-c1ca3291-44ab-49b5-ab86-106e5607d3a5 tempest-VolumesActionsTest-1035662951 tempest-VolumesActionsTest-1035662951-project-member] GET https://10.4.3.242/volume/v3/volumes/952af401-6258-4d14-ad4f-d83ab4f3eff1
Jul 27 19:38:23.068233 np0000005936 devstack@c-api.service[100320]: DEBUG cinder.api.openstack.wsgi [None req-c1ca3291-44ab-49b5-ab86-106e5607d3a5 tempest-VolumesActionsTest-1035662951 tempest-VolumesActionsTest-1035662951-project-member] Empty body provided in request {{(pid=100320) get_body /opt/stack/cinder/cinder/api/openstack/wsgi.py:725}}
Jul 27 19:38:23.068865 np0000005936 devstack@c-api.service[100320]: DEBUG cinder.api.openstack.wsgi [None req-c1ca3291-44ab-49b5-ab86-106e5607d3a5 tempest-VolumesActionsTest-1035662951 tempest-VolumesActionsTest-1035662951-project-member] Calling method 'show' {{(pid=100320) _process_stack /opt/stack/cinder/cinder/api/openstack/wsgi.py:878}}
Jul 27 19:38:23.084455 np0000005936 devstack@c-api.service[100320]: /opt/stack/data/venv/lib/python3.12/site-packages/oslo_context/context.py:102: DeprecationWarning: Policy enforcement is depending on the value of is_admin. This key is deprecated. Please update your policy file to use the standard policy values.
Jul 27 19:38:23.084455 np0000005936 devstack@c-api.service[100320]: warnings.warn(
Jul 27 19:38:23.089765 np0000005936 devstack@c-api.service[100320]: INFO cinder.volume.api [None req-c1ca3291-44ab-49b5-ab86-106e5607d3a5 tempest-VolumesActionsTest-1035662951 tempest-VolumesActionsTest-1035662951-project-member] Volume info retrieved successfully.
Jul 27 19:38:23.095673 np0000005936 devstack@c-api.service[100320]: INFO cinder.api.openstack.wsgi [None req-c1ca3291-44ab-49b5-ab86-106e5607d3a5 tempest-VolumesActionsTest-1035662951 tempest-VolumesActionsTest-1035662951-project-member] https://10.4.3.242/volume/v3/volumes/952af401-6258-4d14-ad4f-d83ab4f3eff1 returned with HTTP 200
Jul 27 19:38:23.096222 np0000005936 devstack@c-api.service[100320]: [pid: 100320|app: 0|req: 101/409] 10.4.3.242 () {66 vars in 1348 bytes} [Mon Jul 27 19:38:23 2026] GET /volume/v3/volumes/952af401-6258-4d14-ad4f-d83ab4f3eff1 => generated 839 bytes in 32 msecs (HTTP/1.1 200) 7 headers in 285 bytes (1 switches on core 0)
Jul 27 19:38:23.713874 np0000005936 devstack@c-api.service[100323]: DEBUG cinder.api.middleware.request_id [None req-b76af0cc-6f07-4e99-8c69-7d8db6d0c479 None None] RequestId filter calling following filter/app {{(pid=100323) _context_setter /opt/stack/cinder/cinder/api/middleware/request_id.py:62}}
Jul 27 19:38:24.028039 np0000005936 devstack@c-api.service[100323]: INFO cinder.api.openstack.wsgi [None req-b76af0cc-6f07-4e99-8c69-7d8db6d0c479 tempest-GroupSnapshotsTest-1663563055 tempest-GroupSnapshotsTest-1663563055-project-admin] POST https://10.4.3.242/volume/v3/types
Jul 27 19:38:24.029518 np0000005936 devstack@c-api.service[100323]: DEBUG cinder.api.openstack.wsgi [None req-b76af0cc-6f07-4e99-8c69-7d8db6d0c479 tempest-GroupSnapshotsTest-1663563055 tempest-GroupSnapshotsTest-1663563055-project-admin] Action: 'create', calling method: _create, body: {"volume_type": {"name": "tempest-GroupSnapshotsTest-volume-type-1211349345"}} {{(pid=100323) _process_stack /opt/stack/cinder/cinder/api/openstack/wsgi.py:876}}
Jul 27 19:38:24.063130 np0000005936 devstack@c-api.service[100323]: INFO cinder.api.openstack.wsgi [None req-b76af0cc-6f07-4e99-8c69-7d8db6d0c479 tempest-GroupSnapshotsTest-1663563055 tempest-GroupSnapshotsTest-1663563055-project-admin] https://10.4.3.242/volume/v3/types returned with HTTP 200
Jul 27 19:38:24.063130 np0000005936 devstack@c-api.service[100323]: [pid: 100323|app: 0|req: 104/410] 10.4.3.242 () {68 vars in 1252 bytes} [Mon Jul 27 19:38:23 2026] POST /volume/v3/types => generated 224 bytes in 349 msecs (HTTP/1.1 200) 7 headers in 285 bytes (1 switches on core 0)
Jul 27 19:38:24.072267 np0000005936 devstack@c-api.service[100322]: DEBUG cinder.api.middleware.request_id [None req-3fe79c64-961b-4744-a3c6-7cd4dd1aa88b None None] RequestId filter calling following filter/app {{(pid=100322) _context_setter /opt/stack/cinder/cinder/api/middleware/request_id.py:62}}
Jul 27 19:38:24.074642 np0000005936 devstack@c-api.service[100322]: INFO cinder.api.openstack.wsgi [None req-3fe79c64-961b-4744-a3c6-7cd4dd1aa88b tempest-GroupSnapshotsTest-1663563055 tempest-GroupSnapshotsTest-1663563055-project-admin] POST https://10.4.3.242/volume/v3/group_types
Jul 27 19:38:24.075807 np0000005936 devstack@c-api.service[100322]: DEBUG cinder.api.openstack.wsgi [None req-3fe79c64-961b-4744-a3c6-7cd4dd1aa88b tempest-GroupSnapshotsTest-1663563055 tempest-GroupSnapshotsTest-1663563055-project-admin] Action: 'create', calling method: version_select, body: {"group_type": {"name": "tempest-GroupSnapshotsTest-group-type-111623183"}} {{(pid=100322) _process_stack /opt/stack/cinder/cinder/api/openstack/wsgi.py:876}}
Jul 27 19:38:24.077952 np0000005936 devstack@c-api.service[100322]: /opt/stack/data/venv/lib/python3.12/site-packages/oslo_context/context.py:102: DeprecationWarning: Policy enforcement is depending on the value of is_admin. This key is deprecated. Please update your policy file to use the standard policy values.
Jul 27 19:38:24.077952 np0000005936 devstack@c-api.service[100322]: warnings.warn(
Jul 27 19:38:24.095337 np0000005936 devstack@c-api.service[100322]: INFO cinder.api.openstack.wsgi [None req-3fe79c64-961b-4744-a3c6-7cd4dd1aa88b tempest-GroupSnapshotsTest-1663563055 tempest-GroupSnapshotsTest-1663563055-project-admin] https://10.4.3.242/volume/v3/group_types returned with HTTP 202
Jul 27 19:38:24.095555 np0000005936 devstack@c-api.service[100322]: [pid: 100322|app: 0|req: 102/411] 10.4.3.242 () {70 vars in 1311 bytes} [Mon Jul 27 19:38:24 2026] POST /volume/v3/group_types => generated 180 bytes in 24 msecs (HTTP/1.1 202) 7 headers in 292 bytes (1 switches on core 0)
Jul 27 19:38:24.105920 np0000005936 devstack@c-api.service[100321]: DEBUG cinder.api.middleware.request_id [None req-f8bf1601-1d1d-450c-9896-94e821539d81 None None] RequestId filter calling following filter/app {{(pid=100321) _context_setter /opt/stack/cinder/cinder/api/middleware/request_id.py:62}}
Jul 27 19:38:24.111407 np0000005936 devstack@c-api.service[100320]: DEBUG cinder.api.middleware.request_id [None req-b4b615f5-f6f6-4f77-a4ca-5e5c95218059 None None] RequestId filter calling following filter/app {{(pid=100320) _context_setter /opt/stack/cinder/cinder/api/middleware/request_id.py:62}}
Jul 27 19:38:24.113422 np0000005936 devstack@c-api.service[100320]: INFO cinder.api.openstack.wsgi [None req-b4b615f5-f6f6-4f77-a4ca-5e5c95218059 tempest-VolumesActionsTest-1035662951 tempest-VolumesActionsTest-1035662951-project-member] GET https://10.4.3.242/volume/v3/volumes/952af401-6258-4d14-ad4f-d83ab4f3eff1
Jul 27 19:38:24.113719 np0000005936 devstack@c-api.service[100320]: DEBUG cinder.api.openstack.wsgi [None req-b4b615f5-f6f6-4f77-a4ca-5e5c95218059 tempest-VolumesActionsTest-1035662951 tempest-VolumesActionsTest-1035662951-project-member] Empty body provided in request {{(pid=100320) get_body /opt/stack/cinder/cinder/api/openstack/wsgi.py:725}}
Jul 27 19:38:24.113875 np0000005936 devstack@c-api.service[100320]: DEBUG cinder.api.openstack.wsgi [None req-b4b615f5-f6f6-4f77-a4ca-5e5c95218059 tempest-VolumesActionsTest-1035662951 tempest-VolumesActionsTest-1035662951-project-member] Calling method 'show' {{(pid=100320) _process_stack /opt/stack/cinder/cinder/api/openstack/wsgi.py:878}}
Jul 27 19:38:24.122270 np0000005936 devstack@c-api.service[100320]: INFO cinder.api.openstack.wsgi [None req-b4b615f5-f6f6-4f77-a4ca-5e5c95218059 tempest-VolumesActionsTest-1035662951 tempest-VolumesActionsTest-1035662951-project-member] https://10.4.3.242/volume/v3/volumes/952af401-6258-4d14-ad4f-d83ab4f3eff1 returned with HTTP 404
Jul 27 19:38:24.123035 np0000005936 devstack@c-api.service[100320]: [pid: 100320|app: 0|req: 102/412] 10.4.3.242 () {66 vars in 1348 bytes} [Mon Jul 27 19:38:24 2026] GET /volume/v3/volumes/952af401-6258-4d14-ad4f-d83ab4f3eff1 => generated 109 bytes in 12 msecs (HTTP/1.1 404) 7 headers in 292 bytes (1 switches on core 0)
Jul 27 19:38:24.138009 np0000005936 devstack@c-api.service[100323]: DEBUG cinder.api.middleware.request_id [None req-64a3366e-d16c-4004-b4ae-4cf31576fccc None None] RequestId filter calling following filter/app {{(pid=100323) _context_setter /opt/stack/cinder/cinder/api/middleware/request_id.py:62}}
Jul 27 19:38:24.140761 np0000005936 devstack@c-api.service[100323]: INFO cinder.api.openstack.wsgi [None req-64a3366e-d16c-4004-b4ae-4cf31576fccc tempest-VolumesActionsTest-1035662951 tempest-VolumesActionsTest-1035662951-project-member] GET https://10.4.3.242/volume/v3/volumes/952af401-6258-4d14-ad4f-d83ab4f3eff1
Jul 27 19:38:24.141557 np0000005936 devstack@c-api.service[100323]: DEBUG cinder.api.openstack.wsgi [None req-64a3366e-d16c-4004-b4ae-4cf31576fccc tempest-VolumesActionsTest-1035662951 tempest-VolumesActionsTest-1035662951-project-member] Empty body provided in request {{(pid=100323) get_body /opt/stack/cinder/cinder/api/openstack/wsgi.py:725}}
Jul 27 19:38:24.141757 np0000005936 devstack@c-api.service[100323]: DEBUG cinder.api.openstack.wsgi [None req-64a3366e-d16c-4004-b4ae-4cf31576fccc tempest-VolumesActionsTest-1035662951 tempest-VolumesActionsTest-1035662951-project-member] Calling method 'show' {{(pid=100323) _process_stack /opt/stack/cinder/cinder/api/openstack/wsgi.py:878}}
Jul 27 19:38:24.158574 np0000005936 devstack@c-api.service[100323]: INFO cinder.api.openstack.wsgi [None req-64a3366e-d16c-4004-b4ae-4cf31576fccc tempest-VolumesActionsTest-1035662951 tempest-VolumesActionsTest-1035662951-project-member] https://10.4.3.242/volume/v3/volumes/952af401-6258-4d14-ad4f-d83ab4f3eff1 returned with HTTP 404
Jul 27 19:38:24.159304 np0000005936 devstack@c-api.service[100323]: [pid: 100323|app: 0|req: 105/413] 10.4.3.242 () {66 vars in 1348 bytes} [Mon Jul 27 19:38:24 2026] GET /volume/v3/volumes/952af401-6258-4d14-ad4f-d83ab4f3eff1 => generated 109 bytes in 22 msecs (HTTP/1.1 404) 7 headers in 292 bytes (1 switches on core 0)
Jul 27 19:38:24.171956 np0000005936 devstack@c-api.service[100322]: DEBUG cinder.api.middleware.request_id [None req-b5dd0d68-b7de-4fd0-befc-c73e5ce3d378 None None] RequestId filter calling following filter/app {{(pid=100322) _context_setter /opt/stack/cinder/cinder/api/middleware/request_id.py:62}}
Jul 27 19:38:24.174582 np0000005936 devstack@c-api.service[100322]: INFO cinder.api.openstack.wsgi [None req-b5dd0d68-b7de-4fd0-befc-c73e5ce3d378 tempest-VolumesActionsTest-1035662951 tempest-VolumesActionsTest-1035662951-project-member] DELETE https://10.4.3.242/volume/v3/volumes/952af401-6258-4d14-ad4f-d83ab4f3eff1
Jul 27 19:38:24.174940 np0000005936 devstack@c-api.service[100322]: DEBUG cinder.api.openstack.wsgi [None req-b5dd0d68-b7de-4fd0-befc-c73e5ce3d378 tempest-VolumesActionsTest-1035662951 tempest-VolumesActionsTest-1035662951-project-member] Empty body provided in request {{(pid=100322) get_body /opt/stack/cinder/cinder/api/openstack/wsgi.py:725}}
Jul 27 19:38:24.175230 np0000005936 devstack@c-api.service[100322]: DEBUG cinder.api.openstack.wsgi [None req-b5dd0d68-b7de-4fd0-befc-c73e5ce3d378 tempest-VolumesActionsTest-1035662951 tempest-VolumesActionsTest-1035662951-project-member] Calling method 'delete' {{(pid=100322) _process_stack /opt/stack/cinder/cinder/api/openstack/wsgi.py:878}}
Jul 27 19:38:24.175545 np0000005936 devstack@c-api.service[100322]: INFO cinder.api.v3.volumes [None req-b5dd0d68-b7de-4fd0-befc-c73e5ce3d378 tempest-VolumesActionsTest-1035662951 tempest-VolumesActionsTest-1035662951-project-member] Delete volume with id: 952af401-6258-4d14-ad4f-d83ab4f3eff1
Jul 27 19:38:24.183975 np0000005936 devstack@c-api.service[100322]: INFO cinder.api.openstack.wsgi [None req-b5dd0d68-b7de-4fd0-befc-c73e5ce3d378 tempest-VolumesActionsTest-1035662951 tempest-VolumesActionsTest-1035662951-project-member] https://10.4.3.242/volume/v3/volumes/952af401-6258-4d14-ad4f-d83ab4f3eff1 returned with HTTP 404
Jul 27 19:38:24.184684 np0000005936 devstack@c-api.service[100322]: [pid: 100322|app: 0|req: 103/414] 10.4.3.242 () {66 vars in 1351 bytes} [Mon Jul 27 19:38:24 2026] DELETE /volume/v3/volumes/952af401-6258-4d14-ad4f-d83ab4f3eff1 => generated 109 bytes in 13 msecs (HTTP/1.1 404) 7 headers in 292 bytes (1 switches on core 0)
Jul 27 19:38:24.197880 np0000005936 devstack@c-api.service[100320]: DEBUG cinder.api.middleware.request_id [None req-c10f8502-8b87-4421-bb9a-7eca671f0c82 None None] RequestId filter calling following filter/app {{(pid=100320) _context_setter /opt/stack/cinder/cinder/api/middleware/request_id.py:62}}
Jul 27 19:38:24.200567 np0000005936 devstack@c-api.service[100320]: INFO cinder.api.openstack.wsgi [None req-c10f8502-8b87-4421-bb9a-7eca671f0c82 tempest-VolumesActionsTest-1035662951 tempest-VolumesActionsTest-1035662951-project-member] POST https://10.4.3.242/volume/v3/volumes
Jul 27 19:38:24.201361 np0000005936 devstack@c-api.service[100320]: DEBUG cinder.api.openstack.wsgi [None req-c10f8502-8b87-4421-bb9a-7eca671f0c82 tempest-VolumesActionsTest-1035662951 tempest-VolumesActionsTest-1035662951-project-member] Action: 'create', calling method: create, body: {"volume": {"size": 1, "name": "tempest-VolumesActionsTest-Volume-2118864825"}} {{(pid=100320) _process_stack /opt/stack/cinder/cinder/api/openstack/wsgi.py:876}}
Jul 27 19:38:24.203293 np0000005936 devstack@c-api.service[100320]: DEBUG cinder.api.v3.volumes [None req-c10f8502-8b87-4421-bb9a-7eca671f0c82 tempest-VolumesActionsTest-1035662951 tempest-VolumesActionsTest-1035662951-project-member] Create volume request body: {'volume': {'size': 1, 'name': 'tempest-VolumesActionsTest-Volume-2118864825'}} {{(pid=100320) create /opt/stack/cinder/cinder/api/v3/volumes.py:368}}
Jul 27 19:38:24.203587 np0000005936 devstack@c-api.service[100320]: INFO cinder.api.v3.volumes [None req-c10f8502-8b87-4421-bb9a-7eca671f0c82 tempest-VolumesActionsTest-1035662951 tempest-VolumesActionsTest-1035662951-project-member] Create volume of 1 GB
Jul 27 19:38:24.218725 np0000005936 devstack@c-api.service[100320]: INFO cinder.volume.api [None req-c10f8502-8b87-4421-bb9a-7eca671f0c82 tempest-VolumesActionsTest-1035662951 tempest-VolumesActionsTest-1035662951-project-member] Availability Zones retrieved successfully.
Jul 27 19:38:24.226408 np0000005936 devstack@c-api.service[100320]: DEBUG cinder.volume.api [None req-c10f8502-8b87-4421-bb9a-7eca671f0c82 tempest-VolumesActionsTest-1035662951 tempest-VolumesActionsTest-1035662951-project-member] Flow 'volume_create_api' (efa56bca-5199-4a4b-b77f-8053f2c1ea4c) transitioned into state 'RUNNING' from state 'PENDING' {{(pid=100320) _flow_receiver /opt/stack/data/venv/lib/python3.12/site-packages/taskflow/listeners/logging.py:160}}
Jul 27 19:38:24.228490 np0000005936 devstack@c-api.service[100320]: DEBUG cinder.volume.api [None req-c10f8502-8b87-4421-bb9a-7eca671f0c82 tempest-VolumesActionsTest-1035662951 tempest-VolumesActionsTest-1035662951-project-member] Task 'cinder.volume.flows.api.create_volume.ExtractVolumeRequestTask;volume:create' (33f00735-5762-4a9b-a710-bc14fbcc0952) transitioned into state 'RUNNING' from state 'PENDING' {{(pid=100320) _task_receiver /opt/stack/data/venv/lib/python3.12/site-packages/taskflow/listeners/logging.py:242}}
Jul 27 19:38:24.230121 np0000005936 devstack@c-api.service[100320]: DEBUG cinder.volume.flows.api.create_volume [None req-c10f8502-8b87-4421-bb9a-7eca671f0c82 tempest-VolumesActionsTest-1035662951 tempest-VolumesActionsTest-1035662951-project-member] Validating volume size '1' using validate_int {{(pid=100320) _extract_size /opt/stack/cinder/cinder/volume/flows/api/create_volume.py:226}}
Jul 27 19:38:24.278962 np0000005936 devstack@c-api.service[100320]: DEBUG cinder.volume.api [None req-c10f8502-8b87-4421-bb9a-7eca671f0c82 tempest-VolumesActionsTest-1035662951 tempest-VolumesActionsTest-1035662951-project-member] Task 'cinder.volume.flows.api.create_volume.ExtractVolumeRequestTask;volume:create' (33f00735-5762-4a9b-a710-bc14fbcc0952) transitioned into state 'SUCCESS' from state 'RUNNING' with result '{'size': 1, 'snapshot_id': None, 'source_volid': None, 'volume_type': VolumeType(created_at=2026-07-27T19:35:00Z,deleted=False,deleted_at=None,description=None,extra_specs={volume_backend_name='storpool'},id=c2261b5f-429c-433e-812d-48c66a3c1879,is_public=True,name='storpool',projects=[],qos_specs=,qos_specs_id=None,updated_at=None), 'volume_type_id': 'c2261b5f-429c-433e-812d-48c66a3c1879', 'encryption_key_id': None, 'qos_specs': None, 'consistencygroup_id': None, 'cgsnapshot_id': None, 'group_id': None, 'replication_status': 'disabled', 'refresh_az': False, 'backup_id': None, 'multiattach': False, 'availability_zones': ['nova']}' {{(pid=100320) _task_receiver /opt/stack/data/venv/lib/python3.12/site-packages/taskflow/listeners/logging.py:218}}
Jul 27 19:38:24.280248 np0000005936 devstack@c-api.service[100320]: DEBUG cinder.volume.api [None req-c10f8502-8b87-4421-bb9a-7eca671f0c82 tempest-VolumesActionsTest-1035662951 tempest-VolumesActionsTest-1035662951-project-member] Task 'cinder.volume.flows.api.create_volume.QuotaReserveTask;volume:create' (79040a60-c3cb-4d45-a852-eccc4a365549) transitioned into state 'RUNNING' from state 'PENDING' {{(pid=100320) _task_receiver /opt/stack/data/venv/lib/python3.12/site-packages/taskflow/listeners/logging.py:242}}
Jul 27 19:38:24.366512 np0000005936 devstack@c-api.service[100320]: DEBUG cinder.quota [None req-c10f8502-8b87-4421-bb9a-7eca671f0c82 tempest-VolumesActionsTest-1035662951 tempest-VolumesActionsTest-1035662951-project-member] Created reservations ['154a7e44-d114-433e-9a3a-de4f44f115da', '85efb0ba-b2aa-47f7-83b1-76478603fc83', '781491ec-9f8a-44d3-98ad-b913a40251ba', '9b30631c-d4de-4da8-a2d9-41d9d03e3c4a'] {{(pid=100320) reserve /opt/stack/cinder/cinder/quota.py:752}}
Jul 27 19:38:24.367687 np0000005936 devstack@c-api.service[100320]: DEBUG cinder.volume.api [None req-c10f8502-8b87-4421-bb9a-7eca671f0c82 tempest-VolumesActionsTest-1035662951 tempest-VolumesActionsTest-1035662951-project-member] Task 'cinder.volume.flows.api.create_volume.QuotaReserveTask;volume:create' (79040a60-c3cb-4d45-a852-eccc4a365549) transitioned into state 'SUCCESS' from state 'RUNNING' with result '{'reservations': ['154a7e44-d114-433e-9a3a-de4f44f115da', '85efb0ba-b2aa-47f7-83b1-76478603fc83', '781491ec-9f8a-44d3-98ad-b913a40251ba', '9b30631c-d4de-4da8-a2d9-41d9d03e3c4a']}' {{(pid=100320) _task_receiver /opt/stack/data/venv/lib/python3.12/site-packages/taskflow/listeners/logging.py:218}}
Jul 27 19:38:24.369564 np0000005936 devstack@c-api.service[100320]: DEBUG cinder.volume.api [None req-c10f8502-8b87-4421-bb9a-7eca671f0c82 tempest-VolumesActionsTest-1035662951 tempest-VolumesActionsTest-1035662951-project-member] Task 'cinder.volume.flows.api.create_volume.EntryCreateTask;volume:create' (8917ed5d-18b6-4be1-bb17-d9f34684f92e) transitioned into state 'RUNNING' from state 'PENDING' {{(pid=100320) _task_receiver /opt/stack/data/venv/lib/python3.12/site-packages/taskflow/listeners/logging.py:242}}
Jul 27 19:38:24.408577 np0000005936 devstack@c-api.service[100320]: DEBUG cinder.volume.api [None req-c10f8502-8b87-4421-bb9a-7eca671f0c82 tempest-VolumesActionsTest-1035662951 tempest-VolumesActionsTest-1035662951-project-member] Task 'cinder.volume.flows.api.create_volume.EntryCreateTask;volume:create' (8917ed5d-18b6-4be1-bb17-d9f34684f92e) transitioned into state 'SUCCESS' from state 'RUNNING' with result '{'volume_id': 'aa901dc5-4491-4804-97c4-cdaa2272497c', 'volume_properties': VolumeProperties(attach_status='detached',availability_zone='nova',cgsnapshot_id=None,consistencygroup_id=None,display_description=None,display_name='tempest-VolumesActionsTest-Volume-2118864825',encryption_key_id=None,group_id=None,group_type_id=,metadata={},multiattach=False,project_id='251429a12aaf4dd9bf81720a33f271fd',qos_specs=None,replication_status=,reservations=['154a7e44-d114-433e-9a3a-de4f44f115da','85efb0ba-b2aa-47f7-83b1-76478603fc83','781491ec-9f8a-44d3-98ad-b913a40251ba','9b30631c-d4de-4da8-a2d9-41d9d03e3c4a'],size=1,snapshot_id=None,source_replicaid=,source_volid=None,status='creating',user_id='11d51eb7cc174cdaa05ec1d7174becab',volume_type_id=c2261b5f-429c-433e-812d-48c66a3c1879), 'volume': Volume(_name_id=None,admin_metadata=,attach_status='detached',availability_zone='nova',bootable=False,cluster=,cluster_name=None,consistencygroup=,consistencygroup_id=None,created_at=2026-07-27T19:38:24Z,deleted=False,deleted_at=None,display_description=None,display_name='tempest-VolumesActionsTest-Volume-2118864825',ec2_id=None,encryption_key_id=None,glance_metadata=,group=,group_id=None,host=None,id=aa901dc5-4491-4804-97c4-cdaa2272497c,launched_at=None,metadata={},migration_status=None,multiattach=False,previous_status=None,project_id='251429a12aaf4dd9bf81720a33f271fd',provider_auth=None,provider_geometry=None,provider_id=None,provider_location=None,replication_driver_data=None,replication_extended_status=None,replication_status=None,scheduled_at=None,service_uuid=None,shared_targets=True,size=1,snapshot_id=None,snapshots=,source_volid=None,status='creating',terminated_at=None,updated_at=None,use_quota=True,user_id='11d51eb7cc174cdaa05ec1d7174becab',volume_attachment=VolumeAttachmentList,volume_type=VolumeType(c2261b5f-429c-433e-812d-48c66a3c1879),volume_type_id=c2261b5f-429c-433e-812d-48c66a3c1879)}' {{(pid=100320) _task_receiver /opt/stack/data/venv/lib/python3.12/site-packages/taskflow/listeners/logging.py:218}}
Jul 27 19:38:24.409937 np0000005936 devstack@c-api.service[100320]: DEBUG cinder.volume.api [None req-c10f8502-8b87-4421-bb9a-7eca671f0c82 tempest-VolumesActionsTest-1035662951 tempest-VolumesActionsTest-1035662951-project-member] Task 'cinder.volume.flows.api.create_volume.QuotaCommitTask;volume:create' (3120e7cb-dc9b-4271-82dd-eb2d8b7229b4) transitioned into state 'RUNNING' from state 'PENDING' {{(pid=100320) _task_receiver /opt/stack/data/venv/lib/python3.12/site-packages/taskflow/listeners/logging.py:242}}
Jul 27 19:38:24.444172 np0000005936 devstack@c-api.service[100320]: DEBUG cinder.volume.api [None req-c10f8502-8b87-4421-bb9a-7eca671f0c82 tempest-VolumesActionsTest-1035662951 tempest-VolumesActionsTest-1035662951-project-member] Task 'cinder.volume.flows.api.create_volume.QuotaCommitTask;volume:create' (3120e7cb-dc9b-4271-82dd-eb2d8b7229b4) transitioned into state 'SUCCESS' from state 'RUNNING' with result '{'volume_properties': VolumeProperties(attach_status='detached',availability_zone='nova',cgsnapshot_id=None,consistencygroup_id=None,display_description=None,display_name='tempest-VolumesActionsTest-Volume-2118864825',encryption_key_id=None,group_id=None,group_type_id=,metadata={},multiattach=False,project_id='251429a12aaf4dd9bf81720a33f271fd',qos_specs=None,replication_status=,reservations=['154a7e44-d114-433e-9a3a-de4f44f115da','85efb0ba-b2aa-47f7-83b1-76478603fc83','781491ec-9f8a-44d3-98ad-b913a40251ba','9b30631c-d4de-4da8-a2d9-41d9d03e3c4a'],size=1,snapshot_id=None,source_replicaid=,source_volid=None,status='creating',user_id='11d51eb7cc174cdaa05ec1d7174becab',volume_type_id=c2261b5f-429c-433e-812d-48c66a3c1879)}' {{(pid=100320) _task_receiver /opt/stack/data/venv/lib/python3.12/site-packages/taskflow/listeners/logging.py:218}}
Jul 27 19:38:24.444940 np0000005936 devstack@c-api.service[100320]: DEBUG cinder.volume.api [None req-c10f8502-8b87-4421-bb9a-7eca671f0c82 tempest-VolumesActionsTest-1035662951 tempest-VolumesActionsTest-1035662951-project-member] Task 'cinder.volume.flows.api.create_volume.VolumeCastTask;volume:create' (0a0ffa13-a7c2-4dd4-a605-b9e6fe403453) transitioned into state 'RUNNING' from state 'PENDING' {{(pid=100320) _task_receiver /opt/stack/data/venv/lib/python3.12/site-packages/taskflow/listeners/logging.py:242}}
Jul 27 19:38:24.462250 np0000005936 devstack@c-api.service[100320]: DEBUG cinder.volume.api [None req-c10f8502-8b87-4421-bb9a-7eca671f0c82 tempest-VolumesActionsTest-1035662951 tempest-VolumesActionsTest-1035662951-project-member] Task 'cinder.volume.flows.api.create_volume.VolumeCastTask;volume:create' (0a0ffa13-a7c2-4dd4-a605-b9e6fe403453) transitioned into state 'SUCCESS' from state 'RUNNING' with result 'None' {{(pid=100320) _task_receiver /opt/stack/data/venv/lib/python3.12/site-packages/taskflow/listeners/logging.py:218}}
Jul 27 19:38:24.464335 np0000005936 devstack@c-api.service[100320]: DEBUG cinder.volume.api [None req-c10f8502-8b87-4421-bb9a-7eca671f0c82 tempest-VolumesActionsTest-1035662951 tempest-VolumesActionsTest-1035662951-project-member] Flow 'volume_create_api' (efa56bca-5199-4a4b-b77f-8053f2c1ea4c) transitioned into state 'SUCCESS' from state 'RUNNING' {{(pid=100320) _flow_receiver /opt/stack/data/venv/lib/python3.12/site-packages/taskflow/listeners/logging.py:160}}
Jul 27 19:38:24.464793 np0000005936 devstack@c-api.service[100320]: INFO cinder.volume.api [None req-c10f8502-8b87-4421-bb9a-7eca671f0c82 tempest-VolumesActionsTest-1035662951 tempest-VolumesActionsTest-1035662951-project-member] Create volume request issued successfully.
Jul 27 19:38:24.465625 np0000005936 devstack@c-api.service[100320]: INFO cinder.api.openstack.wsgi [None req-c10f8502-8b87-4421-bb9a-7eca671f0c82 tempest-VolumesActionsTest-1035662951 tempest-VolumesActionsTest-1035662951-project-member] https://10.4.3.242/volume/v3/volumes returned with HTTP 202
Jul 27 19:38:24.466211 np0000005936 devstack@c-api.service[100320]: [pid: 100320|app: 0|req: 103/415] 10.4.3.242 () {68 vars in 1258 bytes} [Mon Jul 27 19:38:24 2026] POST /volume/v3/volumes => generated 749 bytes in 269 msecs (HTTP/1.1 202) 7 headers in 291 bytes (1 switches on core 0)
Jul 27 19:38:24.481012 np0000005936 devstack@c-api.service[100321]: INFO cinder.api.openstack.wsgi [None req-f8bf1601-1d1d-450c-9896-94e821539d81 tempest-GroupSnapshotsTest-2087707865 tempest-GroupSnapshotsTest-2087707865-project-member] POST https://10.4.3.242/volume/v3/groups
Jul 27 19:38:24.481473 np0000005936 devstack@c-api.service[100321]: DEBUG cinder.api.openstack.wsgi [None req-f8bf1601-1d1d-450c-9896-94e821539d81 tempest-GroupSnapshotsTest-2087707865 tempest-GroupSnapshotsTest-2087707865-project-member] Action: 'create', calling method: version_select, body: {"group": {"group_type": "6bef3074-7cf3-4e5a-b888-e08f4a415489", "volume_types": ["f560aed3-6ba1-4a55-8e5c-90b274e013f3"], "name": "tempest-GroupSnapshotsTest-Group-1290797206"}} {{(pid=100321) _process_stack /opt/stack/cinder/cinder/api/openstack/wsgi.py:876}}
Jul 27 19:38:24.485702 np0000005936 devstack@c-api.service[100323]: DEBUG cinder.api.middleware.request_id [None req-fec385a2-121a-461c-a028-293a35245821 None None] RequestId filter calling following filter/app {{(pid=100323) _context_setter /opt/stack/cinder/cinder/api/middleware/request_id.py:62}}
Jul 27 19:38:24.486895 np0000005936 devstack@c-api.service[100321]: DEBUG cinder.api.v3.groups [None req-f8bf1601-1d1d-450c-9896-94e821539d81 tempest-GroupSnapshotsTest-2087707865 tempest-GroupSnapshotsTest-2087707865-project-member] Creating new group {'group': {'group_type': '6bef3074-7cf3-4e5a-b888-e08f4a415489', 'volume_types': ['f560aed3-6ba1-4a55-8e5c-90b274e013f3'], 'name': 'tempest-GroupSnapshotsTest-Group-1290797206'}} {{(pid=100321) create /opt/stack/cinder/cinder/api/v3/groups.py:190}}
Jul 27 19:38:24.488385 np0000005936 devstack@c-api.service[100323]: INFO cinder.api.openstack.wsgi [None req-fec385a2-121a-461c-a028-293a35245821 tempest-VolumesActionsTest-1035662951 tempest-VolumesActionsTest-1035662951-project-member] GET https://10.4.3.242/volume/v3/volumes/aa901dc5-4491-4804-97c4-cdaa2272497c
Jul 27 19:38:24.488481 np0000005936 devstack@c-api.service[100323]: DEBUG cinder.api.openstack.wsgi [None req-fec385a2-121a-461c-a028-293a35245821 tempest-VolumesActionsTest-1035662951 tempest-VolumesActionsTest-1035662951-project-member] Empty body provided in request {{(pid=100323) get_body /opt/stack/cinder/cinder/api/openstack/wsgi.py:725}}
Jul 27 19:38:24.488763 np0000005936 devstack@c-api.service[100323]: DEBUG cinder.api.openstack.wsgi [None req-fec385a2-121a-461c-a028-293a35245821 tempest-VolumesActionsTest-1035662951 tempest-VolumesActionsTest-1035662951-project-member] Calling method 'show' {{(pid=100323) _process_stack /opt/stack/cinder/cinder/api/openstack/wsgi.py:878}}
Jul 27 19:38:24.491229 np0000005936 devstack@c-api.service[100321]: INFO cinder.api.v3.groups [None req-f8bf1601-1d1d-450c-9896-94e821539d81 tempest-GroupSnapshotsTest-2087707865 tempest-GroupSnapshotsTest-2087707865-project-member] Creating group tempest-GroupSnapshotsTest-Group-1290797206.
Jul 27 19:38:24.499109 np0000005936 devstack@c-api.service[100323]: /opt/stack/data/venv/lib/python3.12/site-packages/oslo_context/context.py:102: DeprecationWarning: Policy enforcement is depending on the value of is_admin. This key is deprecated. Please update your policy file to use the standard policy values.
Jul 27 19:38:24.499109 np0000005936 devstack@c-api.service[100323]: warnings.warn(
Jul 27 19:38:24.506412 np0000005936 devstack@c-api.service[100323]: INFO cinder.volume.api [None req-fec385a2-121a-461c-a028-293a35245821 tempest-VolumesActionsTest-1035662951 tempest-VolumesActionsTest-1035662951-project-member] Volume info retrieved successfully.
Jul 27 19:38:24.517352 np0000005936 devstack@c-api.service[100323]: INFO cinder.api.openstack.wsgi [None req-fec385a2-121a-461c-a028-293a35245821 tempest-VolumesActionsTest-1035662951 tempest-VolumesActionsTest-1035662951-project-member] https://10.4.3.242/volume/v3/volumes/aa901dc5-4491-4804-97c4-cdaa2272497c returned with HTTP 200
Jul 27 19:38:24.517352 np0000005936 devstack@c-api.service[100323]: [pid: 100323|app: 0|req: 106/416] 10.4.3.242 () {66 vars in 1348 bytes} [Mon Jul 27 19:38:24 2026] GET /volume/v3/volumes/aa901dc5-4491-4804-97c4-cdaa2272497c => generated 817 bytes in 28 msecs (HTTP/1.1 200) 7 headers in 285 bytes (1 switches on core 0)
Jul 27 19:38:24.518331 np0000005936 devstack@c-api.service[100321]: DEBUG cinder.volume.api [None req-f8bf1601-1d1d-450c-9896-94e821539d81 tempest-GroupSnapshotsTest-2087707865 tempest-GroupSnapshotsTest-2087707865-project-member] Availability zone cache updated, next update will occur around 2026-07-27 20:38:24.517899. {{(pid=100321) list_availability_zones /opt/stack/cinder/cinder/volume/api.py:155}}
Jul 27 19:38:24.518514 np0000005936 devstack@c-api.service[100321]: INFO cinder.volume.api [None req-f8bf1601-1d1d-450c-9896-94e821539d81 tempest-GroupSnapshotsTest-2087707865 tempest-GroupSnapshotsTest-2087707865-project-member] Availability Zones retrieved successfully.
Jul 27 19:38:24.573740 np0000005936 devstack@c-api.service[100321]: DEBUG cinder.quota [None req-f8bf1601-1d1d-450c-9896-94e821539d81 tempest-GroupSnapshotsTest-2087707865 tempest-GroupSnapshotsTest-2087707865-project-member] Created reservations ['351d62a8-64b9-42a5-bb66-336d980bddc3'] {{(pid=100321) reserve /opt/stack/cinder/cinder/quota.py:752}}
Jul 27 19:38:24.633725 np0000005936 devstack@c-api.service[100321]: INFO cinder.api.openstack.wsgi [None req-f8bf1601-1d1d-450c-9896-94e821539d81 tempest-GroupSnapshotsTest-2087707865 tempest-GroupSnapshotsTest-2087707865-project-member] https://10.4.3.242/volume/v3/groups returned with HTTP 202
Jul 27 19:38:24.634422 np0000005936 devstack@c-api.service[100321]: [pid: 100321|app: 0|req: 105/417] 10.4.3.242 () {70 vars in 1297 bytes} [Mon Jul 27 19:38:24 2026] POST /volume/v3/groups => generated 112 bytes in 529 msecs (HTTP/1.1 202) 7 headers in 292 bytes (1 switches on core 0)
Jul 27 19:38:24.644303 np0000005936 devstack@c-api.service[100322]: DEBUG cinder.api.middleware.request_id [None req-79030069-6e45-4f4d-b30b-9fcf2303f4e9 None None] RequestId filter calling following filter/app {{(pid=100322) _context_setter /opt/stack/cinder/cinder/api/middleware/request_id.py:62}}
Jul 27 19:38:24.648174 np0000005936 devstack@c-api.service[100322]: INFO cinder.api.openstack.wsgi [None req-79030069-6e45-4f4d-b30b-9fcf2303f4e9 tempest-GroupSnapshotsTest-2087707865 tempest-GroupSnapshotsTest-2087707865-project-member] GET https://10.4.3.242/volume/v3/groups/313d7d85-1db2-4f98-8c9d-7bd6aba25378
Jul 27 19:38:24.648174 np0000005936 devstack@c-api.service[100322]: DEBUG cinder.api.openstack.wsgi [None req-79030069-6e45-4f4d-b30b-9fcf2303f4e9 tempest-GroupSnapshotsTest-2087707865 tempest-GroupSnapshotsTest-2087707865-project-member] Empty body provided in request {{(pid=100322) get_body /opt/stack/cinder/cinder/api/openstack/wsgi.py:725}}
Jul 27 19:38:24.648174 np0000005936 devstack@c-api.service[100322]: DEBUG cinder.api.openstack.wsgi [None req-79030069-6e45-4f4d-b30b-9fcf2303f4e9 tempest-GroupSnapshotsTest-2087707865 tempest-GroupSnapshotsTest-2087707865-project-member] Calling method 'version_select' {{(pid=100322) _process_stack /opt/stack/cinder/cinder/api/openstack/wsgi.py:878}}
Jul 27 19:38:24.648174 np0000005936 devstack@c-api.service[100322]: DEBUG cinder.api.v3.groups [None req-79030069-6e45-4f4d-b30b-9fcf2303f4e9 tempest-GroupSnapshotsTest-2087707865 tempest-GroupSnapshotsTest-2087707865-project-member] show called for member 313d7d85-1db2-4f98-8c9d-7bd6aba25378 {{(pid=100322) show /opt/stack/cinder/cinder/api/v3/groups.py:58}}
Jul 27 19:38:24.654157 np0000005936 devstack@c-api.service[100322]: /opt/stack/data/venv/lib/python3.12/site-packages/oslo_context/context.py:102: DeprecationWarning: Policy enforcement is depending on the value of is_admin. This key is deprecated. Please update your policy file to use the standard policy values.
Jul 27 19:38:24.654157 np0000005936 devstack@c-api.service[100322]: warnings.warn(
Jul 27 19:38:24.664182 np0000005936 devstack@c-api.service[100322]: INFO cinder.api.openstack.wsgi [None req-79030069-6e45-4f4d-b30b-9fcf2303f4e9 tempest-GroupSnapshotsTest-2087707865 tempest-GroupSnapshotsTest-2087707865-project-member] https://10.4.3.242/volume/v3/groups/313d7d85-1db2-4f98-8c9d-7bd6aba25378 returned with HTTP 200
Jul 27 19:38:24.664703 np0000005936 devstack@c-api.service[100322]: [pid: 100322|app: 0|req: 104/418] 10.4.3.242 () {68 vars in 1386 bytes} [Mon Jul 27 19:38:24 2026] GET /volume/v3/groups/313d7d85-1db2-4f98-8c9d-7bd6aba25378 => generated 392 bytes in 21 msecs (HTTP/1.1 200) 7 headers in 286 bytes (1 switches on core 0)
Jul 27 19:38:25.534230 np0000005936 devstack@c-api.service[100320]: DEBUG cinder.api.middleware.request_id [None req-0be29929-ada6-4651-a965-faa2f814540e None None] RequestId filter calling following filter/app {{(pid=100320) _context_setter /opt/stack/cinder/cinder/api/middleware/request_id.py:62}}
Jul 27 19:38:25.535849 np0000005936 devstack@c-api.service[100320]: INFO cinder.api.openstack.wsgi [None req-0be29929-ada6-4651-a965-faa2f814540e tempest-VolumesActionsTest-1035662951 tempest-VolumesActionsTest-1035662951-project-member] GET https://10.4.3.242/volume/v3/volumes/aa901dc5-4491-4804-97c4-cdaa2272497c
Jul 27 19:38:25.535849 np0000005936 devstack@c-api.service[100320]: DEBUG cinder.api.openstack.wsgi [None req-0be29929-ada6-4651-a965-faa2f814540e tempest-VolumesActionsTest-1035662951 tempest-VolumesActionsTest-1035662951-project-member] Empty body provided in request {{(pid=100320) get_body /opt/stack/cinder/cinder/api/openstack/wsgi.py:725}}
Jul 27 19:38:25.535849 np0000005936 devstack@c-api.service[100320]: DEBUG cinder.api.openstack.wsgi [None req-0be29929-ada6-4651-a965-faa2f814540e tempest-VolumesActionsTest-1035662951 tempest-VolumesActionsTest-1035662951-project-member] Calling method 'show' {{(pid=100320) _process_stack /opt/stack/cinder/cinder/api/openstack/wsgi.py:878}}
Jul 27 19:38:25.550154 np0000005936 devstack@c-api.service[100320]: /opt/stack/data/venv/lib/python3.12/site-packages/oslo_context/context.py:102: DeprecationWarning: Policy enforcement is depending on the value of is_admin. This key is deprecated. Please update your policy file to use the standard policy values.
Jul 27 19:38:25.550154 np0000005936 devstack@c-api.service[100320]: warnings.warn(
Jul 27 19:38:25.560208 np0000005936 devstack@c-api.service[100320]: INFO cinder.volume.api [None req-0be29929-ada6-4651-a965-faa2f814540e tempest-VolumesActionsTest-1035662951 tempest-VolumesActionsTest-1035662951-project-member] Volume info retrieved successfully.
Jul 27 19:38:25.571122 np0000005936 devstack@c-api.service[100320]: INFO cinder.api.openstack.wsgi [None req-0be29929-ada6-4651-a965-faa2f814540e tempest-VolumesActionsTest-1035662951 tempest-VolumesActionsTest-1035662951-project-member] https://10.4.3.242/volume/v3/volumes/aa901dc5-4491-4804-97c4-cdaa2272497c returned with HTTP 200
