Jul 27 19:34:47.990497 np0000005936 nova-conductor[99208]: DEBUG cotyledon.oslo_config_glue [-] workarounds.disable_group_policy_check_upcall = False {{(pid=99208) log_opt_values /opt/stack/data/venv/lib/python3.12/site-packages/oslo_config/cfg.py:3253}}
Jul 27 19:34:47.990497 np0000005936 nova-conductor[99208]: DEBUG cotyledon.oslo_config_glue [-] workarounds.disable_libvirt_livesnapshot = False {{(pid=99208) log_opt_values /opt/stack/data/venv/lib/python3.12/site-packages/oslo_config/cfg.py:3253}}
Jul 27 19:34:47.990497 np0000005936 nova-conductor[99208]: DEBUG cotyledon.oslo_config_glue [-] workarounds.disable_rootwrap = False {{(pid=99208) log_opt_values /opt/stack/data/venv/lib/python3.12/site-packages/oslo_config/cfg.py:3253}}
Jul 27 19:34:47.990497 np0000005936 nova-conductor[99208]: DEBUG cotyledon.oslo_config_glue [-] workarounds.enable_numa_live_migration = False {{(pid=99208) log_opt_values /opt/stack/data/venv/lib/python3.12/site-packages/oslo_config/cfg.py:3253}}
Jul 27 19:34:47.990497 np0000005936 nova-conductor[99208]: DEBUG cotyledon.oslo_config_glue [-] workarounds.enable_qemu_monitor_announce_self = False {{(pid=99208) log_opt_values /opt/stack/data/venv/lib/python3.12/site-packages/oslo_config/cfg.py:3253}}
Jul 27 19:34:47.990679 np0000005936 nova-conductor[99208]: DEBUG cotyledon.oslo_config_glue [-] workarounds.ensure_libvirt_rbd_instance_dir_cleanup = False {{(pid=99208) log_opt_values /opt/stack/data/venv/lib/python3.12/site-packages/oslo_config/cfg.py:3253}}
Jul 27 19:34:47.990679 np0000005936 nova-conductor[99208]: DEBUG cotyledon.oslo_config_glue [-] workarounds.handle_virt_lifecycle_events = True {{(pid=99208) log_opt_values /opt/stack/data/venv/lib/python3.12/site-packages/oslo_config/cfg.py:3253}}
Jul 27 19:34:47.990679 np0000005936 nova-conductor[99208]: DEBUG cotyledon.oslo_config_glue [-] workarounds.libvirt_disable_apic = False {{(pid=99208) log_opt_values /opt/stack/data/venv/lib/python3.12/site-packages/oslo_config/cfg.py:3253}}
Jul 27 19:34:47.990679 np0000005936 nova-conductor[99208]: DEBUG cotyledon.oslo_config_glue [-] workarounds.never_download_image_if_on_rbd = False {{(pid=99208) log_opt_values /opt/stack/data/venv/lib/python3.12/site-packages/oslo_config/cfg.py:3253}}
Jul 27 19:34:47.990679 np0000005936 nova-conductor[99208]: DEBUG cotyledon.oslo_config_glue [-] workarounds.qemu_monitor_announce_self_count = 3 {{(pid=99208) log_opt_values /opt/stack/data/venv/lib/python3.12/site-packages/oslo_config/cfg.py:3253}}
Jul 27 19:34:47.990679 np0000005936 nova-conductor[99208]: DEBUG cotyledon.oslo_config_glue [-] workarounds.qemu_monitor_announce_self_interval = 1 {{(pid=99208) log_opt_values /opt/stack/data/venv/lib/python3.12/site-packages/oslo_config/cfg.py:3253}}
Jul 27 19:34:47.990679 np0000005936 nova-conductor[99208]: DEBUG cotyledon.oslo_config_glue [-] workarounds.reserve_disk_resource_for_image_cache = False {{(pid=99208) log_opt_values /opt/stack/data/venv/lib/python3.12/site-packages/oslo_config/cfg.py:3253}}
Jul 27 19:34:47.990679 np0000005936 nova-conductor[99208]: DEBUG cotyledon.oslo_config_glue [-] workarounds.skip_cpu_compare_at_startup = False {{(pid=99208) log_opt_values /opt/stack/data/venv/lib/python3.12/site-packages/oslo_config/cfg.py:3253}}
Jul 27 19:34:47.990679 np0000005936 nova-conductor[99208]: DEBUG cotyledon.oslo_config_glue [-] workarounds.skip_cpu_compare_on_dest = False {{(pid=99208) log_opt_values /opt/stack/data/venv/lib/python3.12/site-packages/oslo_config/cfg.py:3253}}
Jul 27 19:34:47.990931 np0000005936 nova-conductor[99208]: DEBUG cotyledon.oslo_config_glue [-] workarounds.skip_hypervisor_version_check_on_lm = False {{(pid=99208) log_opt_values /opt/stack/data/venv/lib/python3.12/site-packages/oslo_config/cfg.py:3253}}
Jul 27 19:34:47.990931 np0000005936 nova-conductor[99208]: DEBUG cotyledon.oslo_config_glue [-] workarounds.skip_reserve_in_use_ironic_nodes = False {{(pid=99208) log_opt_values /opt/stack/data/venv/lib/python3.12/site-packages/oslo_config/cfg.py:3253}}
Jul 27 19:34:47.990931 np0000005936 nova-conductor[99208]: DEBUG cotyledon.oslo_config_glue [-] workarounds.unified_limits_count_pcpu_as_vcpu = False {{(pid=99208) log_opt_values /opt/stack/data/venv/lib/python3.12/site-packages/oslo_config/cfg.py:3253}}
Jul 27 19:34:47.990931 np0000005936 nova-conductor[99208]: DEBUG cotyledon.oslo_config_glue [-] workarounds.wait_for_vif_plugged_event_during_hard_reboot = [] {{(pid=99208) log_opt_values /opt/stack/data/venv/lib/python3.12/site-packages/oslo_config/cfg.py:3253}}
Jul 27 19:34:47.990931 np0000005936 nova-conductor[99208]: DEBUG cotyledon.oslo_config_glue [-] wsgi.api_paste_config = /etc/nova/api-paste.ini {{(pid=99208) log_opt_values /opt/stack/data/venv/lib/python3.12/site-packages/oslo_config/cfg.py:3253}}
Jul 27 19:34:47.990931 np0000005936 nova-conductor[99208]: DEBUG cotyledon.oslo_config_glue [-] wsgi.secure_proxy_ssl_header = None {{(pid=99208) log_opt_values /opt/stack/data/venv/lib/python3.12/site-packages/oslo_config/cfg.py:3253}}
Jul 27 19:34:47.990931 np0000005936 nova-conductor[99208]: DEBUG cotyledon.oslo_config_glue [-] zvm.ca_file = None {{(pid=99208) log_opt_values /opt/stack/data/venv/lib/python3.12/site-packages/oslo_config/cfg.py:3253}}
Jul 27 19:34:47.990931 np0000005936 nova-conductor[99208]: DEBUG cotyledon.oslo_config_glue [-] zvm.cloud_connector_url = None {{(pid=99208) log_opt_values /opt/stack/data/venv/lib/python3.12/site-packages/oslo_config/cfg.py:3253}}
Jul 27 19:34:47.990931 np0000005936 nova-conductor[99208]: DEBUG cotyledon.oslo_config_glue [-] zvm.image_tmp_path = /opt/stack/data/nova/images {{(pid=99208) log_opt_values /opt/stack/data/venv/lib/python3.12/site-packages/oslo_config/cfg.py:3253}}
Jul 27 19:34:47.991257 np0000005936 nova-conductor[99208]: DEBUG cotyledon.oslo_config_glue [-] zvm.reachable_timeout = 300 {{(pid=99208) log_opt_values /opt/stack/data/venv/lib/python3.12/site-packages/oslo_config/cfg.py:3253}}
Jul 27 19:34:47.991257 np0000005936 nova-conductor[99208]: DEBUG cotyledon.oslo_config_glue [-] oslo_versionedobjects.fatal_exception_format_errors = False {{(pid=99208) log_opt_values /opt/stack/data/venv/lib/python3.12/site-packages/oslo_config/cfg.py:3253}}
Jul 27 19:34:47.991257 np0000005936 nova-conductor[99208]: DEBUG cotyledon.oslo_config_glue [-] oslo_middleware.http_basic_auth_user_file = /etc/htpasswd {{(pid=99208) log_opt_values /opt/stack/data/venv/lib/python3.12/site-packages/oslo_config/cfg.py:3253}}
Jul 27 19:34:47.991257 np0000005936 nova-conductor[99208]: DEBUG cotyledon.oslo_config_glue [-] profiler.connection_string = messaging:// {{(pid=99208) log_opt_values /opt/stack/data/venv/lib/python3.12/site-packages/oslo_config/cfg.py:3253}}
Jul 27 19:34:47.991257 np0000005936 nova-conductor[99208]: DEBUG cotyledon.oslo_config_glue [-] profiler.enabled = False {{(pid=99208) log_opt_values /opt/stack/data/venv/lib/python3.12/site-packages/oslo_config/cfg.py:3253}}
Jul 27 19:34:47.991257 np0000005936 nova-conductor[99208]: DEBUG cotyledon.oslo_config_glue [-] profiler.es_doc_type = notification {{(pid=99208) log_opt_values /opt/stack/data/venv/lib/python3.12/site-packages/oslo_config/cfg.py:3253}}
Jul 27 19:34:47.991257 np0000005936 nova-conductor[99208]: DEBUG cotyledon.oslo_config_glue [-] profiler.es_scroll_size = 10000 {{(pid=99208) log_opt_values /opt/stack/data/venv/lib/python3.12/site-packages/oslo_config/cfg.py:3253}}
Jul 27 19:34:47.991257 np0000005936 nova-conductor[99208]: DEBUG cotyledon.oslo_config_glue [-] profiler.es_scroll_time = 2m {{(pid=99208) log_opt_values /opt/stack/data/venv/lib/python3.12/site-packages/oslo_config/cfg.py:3253}}
Jul 27 19:34:47.991257 np0000005936 nova-conductor[99208]: DEBUG cotyledon.oslo_config_glue [-] profiler.filter_error_trace = False {{(pid=99208) log_opt_values /opt/stack/data/venv/lib/python3.12/site-packages/oslo_config/cfg.py:3253}}
Jul 27 19:34:47.991580 np0000005936 nova-conductor[99208]: DEBUG cotyledon.oslo_config_glue [-] profiler.hmac_keys = **** {{(pid=99208) log_opt_values /opt/stack/data/venv/lib/python3.12/site-packages/oslo_config/cfg.py:3253}}
Jul 27 19:34:47.991580 np0000005936 nova-conductor[99208]: DEBUG cotyledon.oslo_config_glue [-] profiler.sentinel_service_name = mymaster {{(pid=99208) log_opt_values /opt/stack/data/venv/lib/python3.12/site-packages/oslo_config/cfg.py:3253}}
Jul 27 19:34:47.991580 np0000005936 nova-conductor[99208]: DEBUG cotyledon.oslo_config_glue [-] profiler.socket_timeout = 0.1 {{(pid=99208) log_opt_values /opt/stack/data/venv/lib/python3.12/site-packages/oslo_config/cfg.py:3253}}
Jul 27 19:34:47.991580 np0000005936 nova-conductor[99208]: DEBUG cotyledon.oslo_config_glue [-] profiler.trace_requests = False {{(pid=99208) log_opt_values /opt/stack/data/venv/lib/python3.12/site-packages/oslo_config/cfg.py:3253}}
Jul 27 19:34:47.991580 np0000005936 nova-conductor[99208]: DEBUG cotyledon.oslo_config_glue [-] profiler.trace_sqlalchemy = False {{(pid=99208) log_opt_values /opt/stack/data/venv/lib/python3.12/site-packages/oslo_config/cfg.py:3253}}
Jul 27 19:34:47.991580 np0000005936 nova-conductor[99208]: DEBUG cotyledon.oslo_config_glue [-] profiler_jaeger.process_tags = {} {{(pid=99208) log_opt_values /opt/stack/data/venv/lib/python3.12/site-packages/oslo_config/cfg.py:3253}}
Jul 27 19:34:47.991580 np0000005936 nova-conductor[99208]: DEBUG cotyledon.oslo_config_glue [-] profiler_jaeger.service_name_prefix = None {{(pid=99208) log_opt_values /opt/stack/data/venv/lib/python3.12/site-packages/oslo_config/cfg.py:3253}}
Jul 27 19:34:47.991580 np0000005936 nova-conductor[99208]: DEBUG cotyledon.oslo_config_glue [-] profiler_otlp.service_name_prefix = None {{(pid=99208) log_opt_values /opt/stack/data/venv/lib/python3.12/site-packages/oslo_config/cfg.py:3253}}
Jul 27 19:34:47.991580 np0000005936 nova-conductor[99208]: DEBUG cotyledon.oslo_config_glue [-] oslo_messaging_rabbit.amqp_auto_delete = False {{(pid=99208) log_opt_values /opt/stack/data/venv/lib/python3.12/site-packages/oslo_config/cfg.py:3253}}
Jul 27 19:34:47.991826 np0000005936 nova-conductor[99208]: DEBUG cotyledon.oslo_config_glue [-] oslo_messaging_rabbit.amqp_durable_queues = False {{(pid=99208) log_opt_values /opt/stack/data/venv/lib/python3.12/site-packages/oslo_config/cfg.py:3253}}
Jul 27 19:34:47.991826 np0000005936 nova-conductor[99208]: DEBUG cotyledon.oslo_config_glue [-] oslo_messaging_rabbit.conn_pool_min_size = 2 {{(pid=99208) log_opt_values /opt/stack/data/venv/lib/python3.12/site-packages/oslo_config/cfg.py:3253}}
Jul 27 19:34:47.991826 np0000005936 nova-conductor[99208]: DEBUG cotyledon.oslo_config_glue [-] oslo_messaging_rabbit.conn_pool_ttl = 1200 {{(pid=99208) log_opt_values /opt/stack/data/venv/lib/python3.12/site-packages/oslo_config/cfg.py:3253}}
Jul 27 19:34:47.991826 np0000005936 nova-conductor[99208]: DEBUG cotyledon.oslo_config_glue [-] oslo_messaging_rabbit.direct_mandatory_flag = True {{(pid=99208) log_opt_values /opt/stack/data/venv/lib/python3.12/site-packages/oslo_config/cfg.py:3253}}
Jul 27 19:34:47.991826 np0000005936 nova-conductor[99208]: DEBUG cotyledon.oslo_config_glue [-] oslo_messaging_rabbit.enable_cancel_on_failover = False {{(pid=99208) log_opt_values /opt/stack/data/venv/lib/python3.12/site-packages/oslo_config/cfg.py:3253}}
Jul 27 19:34:47.991826 np0000005936 nova-conductor[99208]: DEBUG cotyledon.oslo_config_glue [-] oslo_messaging_rabbit.heartbeat_rate = 3 {{(pid=99208) log_opt_values /opt/stack/data/venv/lib/python3.12/site-packages/oslo_config/cfg.py:3253}}
Jul 27 19:34:47.991826 np0000005936 nova-conductor[99208]: DEBUG cotyledon.oslo_config_glue [-] oslo_messaging_rabbit.heartbeat_timeout_threshold = 60 {{(pid=99208) log_opt_values /opt/stack/data/venv/lib/python3.12/site-packages/oslo_config/cfg.py:3253}}
Jul 27 19:34:47.991826 np0000005936 nova-conductor[99208]: DEBUG cotyledon.oslo_config_glue [-] oslo_messaging_rabbit.hostname = np0000005936 {{(pid=99208) log_opt_values /opt/stack/data/venv/lib/python3.12/site-packages/oslo_config/cfg.py:3253}}
Jul 27 19:34:47.991826 np0000005936 nova-conductor[99208]: DEBUG cotyledon.oslo_config_glue [-] oslo_messaging_rabbit.kombu_compression = None {{(pid=99208) log_opt_values /opt/stack/data/venv/lib/python3.12/site-packages/oslo_config/cfg.py:3253}}
Jul 27 19:34:47.992135 np0000005936 nova-conductor[99208]: DEBUG cotyledon.oslo_config_glue [-] oslo_messaging_rabbit.kombu_failover_strategy = round-robin {{(pid=99208) log_opt_values /opt/stack/data/venv/lib/python3.12/site-packages/oslo_config/cfg.py:3253}}
Jul 27 19:34:47.992135 np0000005936 nova-conductor[99208]: DEBUG cotyledon.oslo_config_glue [-] oslo_messaging_rabbit.kombu_missing_consumer_retry_timeout = 60 {{(pid=99208) log_opt_values /opt/stack/data/venv/lib/python3.12/site-packages/oslo_config/cfg.py:3253}}
Jul 27 19:34:47.992135 np0000005936 nova-conductor[99208]: DEBUG cotyledon.oslo_config_glue [-] oslo_messaging_rabbit.kombu_reconnect_delay = 1.0 {{(pid=99208) log_opt_values /opt/stack/data/venv/lib/python3.12/site-packages/oslo_config/cfg.py:3253}}
Jul 27 19:34:47.992135 np0000005936 nova-conductor[99208]: DEBUG cotyledon.oslo_config_glue [-] oslo_messaging_rabbit.kombu_reconnect_splay = 0.0 {{(pid=99208) log_opt_values /opt/stack/data/venv/lib/python3.12/site-packages/oslo_config/cfg.py:3253}}
Jul 27 19:34:47.992135 np0000005936 nova-conductor[99208]: DEBUG cotyledon.oslo_config_glue [-] oslo_messaging_rabbit.processname = nova-conductor {{(pid=99208) log_opt_values /opt/stack/data/venv/lib/python3.12/site-packages/oslo_config/cfg.py:3253}}
Jul 27 19:34:47.992135 np0000005936 nova-conductor[99208]: DEBUG cotyledon.oslo_config_glue [-] oslo_messaging_rabbit.rabbit_ha_queues = False {{(pid=99208) log_opt_values /opt/stack/data/venv/lib/python3.12/site-packages/oslo_config/cfg.py:3253}}
Jul 27 19:34:47.992135 np0000005936 nova-conductor[99208]: DEBUG cotyledon.oslo_config_glue [-] oslo_messaging_rabbit.rabbit_interval_max = 30 {{(pid=99208) log_opt_values /opt/stack/data/venv/lib/python3.12/site-packages/oslo_config/cfg.py:3253}}
Jul 27 19:34:47.992135 np0000005936 nova-conductor[99208]: DEBUG cotyledon.oslo_config_glue [-] oslo_messaging_rabbit.rabbit_login_method = AMQPLAIN {{(pid=99208) log_opt_values /opt/stack/data/venv/lib/python3.12/site-packages/oslo_config/cfg.py:3253}}
Jul 27 19:34:47.992724 np0000005936 nova-conductor[99208]: DEBUG cotyledon.oslo_config_glue [-] oslo_messaging_rabbit.rabbit_qos_prefetch_count = 0 {{(pid=99208) log_opt_values /opt/stack/data/venv/lib/python3.12/site-packages/oslo_config/cfg.py:3253}}
Jul 27 19:34:47.992724 np0000005936 nova-conductor[99208]: DEBUG cotyledon.oslo_config_glue [-] oslo_messaging_rabbit.rabbit_quorum_delivery_limit = 0 {{(pid=99208) log_opt_values /opt/stack/data/venv/lib/python3.12/site-packages/oslo_config/cfg.py:3253}}
Jul 27 19:34:47.992724 np0000005936 nova-conductor[99208]: DEBUG cotyledon.oslo_config_glue [-] oslo_messaging_rabbit.rabbit_quorum_max_memory_bytes = 0 {{(pid=99208) log_opt_values /opt/stack/data/venv/lib/python3.12/site-packages/oslo_config/cfg.py:3253}}
Jul 27 19:34:47.992724 np0000005936 nova-conductor[99208]: DEBUG cotyledon.oslo_config_glue [-] oslo_messaging_rabbit.rabbit_quorum_max_memory_length = 0 {{(pid=99208) log_opt_values /opt/stack/data/venv/lib/python3.12/site-packages/oslo_config/cfg.py:3253}}
Jul 27 19:34:47.992724 np0000005936 nova-conductor[99208]: DEBUG cotyledon.oslo_config_glue [-] oslo_messaging_rabbit.rabbit_quorum_queue = False {{(pid=99208) log_opt_values /opt/stack/data/venv/lib/python3.12/site-packages/oslo_config/cfg.py:3253}}
Jul 27 19:34:47.992724 np0000005936 nova-conductor[99208]: DEBUG cotyledon.oslo_config_glue [-] oslo_messaging_rabbit.rabbit_retry_backoff = 2 {{(pid=99208) log_opt_values /opt/stack/data/venv/lib/python3.12/site-packages/oslo_config/cfg.py:3253}}
Jul 27 19:34:47.992724 np0000005936 nova-conductor[99208]: DEBUG cotyledon.oslo_config_glue [-] oslo_messaging_rabbit.rabbit_retry_interval = 1 {{(pid=99208) log_opt_values /opt/stack/data/venv/lib/python3.12/site-packages/oslo_config/cfg.py:3253}}
Jul 27 19:34:47.992724 np0000005936 nova-conductor[99208]: DEBUG cotyledon.oslo_config_glue [-] oslo_messaging_rabbit.rabbit_stream_fanout = False {{(pid=99208) log_opt_values /opt/stack/data/venv/lib/python3.12/site-packages/oslo_config/cfg.py:3253}}
Jul 27 19:34:47.992976 np0000005936 nova-conductor[99208]: DEBUG cotyledon.oslo_config_glue [-] oslo_messaging_rabbit.rabbit_transient_queues_ttl = 1800 {{(pid=99208) log_opt_values /opt/stack/data/venv/lib/python3.12/site-packages/oslo_config/cfg.py:3253}}
Jul 27 19:34:47.992976 np0000005936 nova-conductor[99208]: DEBUG cotyledon.oslo_config_glue [-] oslo_messaging_rabbit.rabbit_transient_quorum_queue = False {{(pid=99208) log_opt_values /opt/stack/data/venv/lib/python3.12/site-packages/oslo_config/cfg.py:3253}}
Jul 27 19:34:47.992976 np0000005936 nova-conductor[99208]: DEBUG cotyledon.oslo_config_glue [-] oslo_messaging_rabbit.rpc_conn_pool_size = 30 {{(pid=99208) log_opt_values /opt/stack/data/venv/lib/python3.12/site-packages/oslo_config/cfg.py:3253}}
Jul 27 19:34:47.992976 np0000005936 nova-conductor[99208]: DEBUG cotyledon.oslo_config_glue [-] oslo_messaging_rabbit.ssl = False {{(pid=99208) log_opt_values /opt/stack/data/venv/lib/python3.12/site-packages/oslo_config/cfg.py:3253}}
Jul 27 19:34:47.992976 np0000005936 nova-conductor[99208]: DEBUG cotyledon.oslo_config_glue [-] oslo_messaging_rabbit.ssl_ca_file = {{(pid=99208) log_opt_values /opt/stack/data/venv/lib/python3.12/site-packages/oslo_config/cfg.py:3253}}
Jul 27 19:34:47.992976 np0000005936 nova-conductor[99208]: DEBUG cotyledon.oslo_config_glue [-] oslo_messaging_rabbit.ssl_cert_file = {{(pid=99208) log_opt_values /opt/stack/data/venv/lib/python3.12/site-packages/oslo_config/cfg.py:3253}}
Jul 27 19:34:47.992976 np0000005936 nova-conductor[99208]: DEBUG cotyledon.oslo_config_glue [-] oslo_messaging_rabbit.ssl_enforce_fips_mode = False {{(pid=99208) log_opt_values /opt/stack/data/venv/lib/python3.12/site-packages/oslo_config/cfg.py:3253}}
Jul 27 19:34:47.992976 np0000005936 nova-conductor[99208]: DEBUG cotyledon.oslo_config_glue [-] oslo_messaging_rabbit.ssl_enforce_hostname_verification = True {{(pid=99208) log_opt_values /opt/stack/data/venv/lib/python3.12/site-packages/oslo_config/cfg.py:3253}}
Jul 27 19:34:47.992976 np0000005936 nova-conductor[99208]: DEBUG cotyledon.oslo_config_glue [-] oslo_messaging_rabbit.ssl_key_file = {{(pid=99208) log_opt_values /opt/stack/data/venv/lib/python3.12/site-packages/oslo_config/cfg.py:3253}}
Jul 27 19:34:47.993398 np0000005936 nova-conductor[99208]: DEBUG cotyledon.oslo_config_glue [-] oslo_messaging_rabbit.ssl_version = {{(pid=99208) log_opt_values /opt/stack/data/venv/lib/python3.12/site-packages/oslo_config/cfg.py:3253}}
Jul 27 19:34:47.993398 np0000005936 nova-conductor[99208]: DEBUG cotyledon.oslo_config_glue [-] oslo_messaging_rabbit.use_queue_manager = False {{(pid=99208) log_opt_values /opt/stack/data/venv/lib/python3.12/site-packages/oslo_config/cfg.py:3253}}
Jul 27 19:34:47.993398 np0000005936 nova-conductor[99208]: DEBUG cotyledon.oslo_config_glue [-] oslo_messaging_notifications.driver = ['messagingv2'] {{(pid=99208) log_opt_values /opt/stack/data/venv/lib/python3.12/site-packages/oslo_config/cfg.py:3253}}
Jul 27 19:34:47.993398 np0000005936 nova-conductor[99208]: DEBUG cotyledon.oslo_config_glue [-] oslo_messaging_notifications.retry = -1 {{(pid=99208) log_opt_values /opt/stack/data/venv/lib/python3.12/site-packages/oslo_config/cfg.py:3253}}
Jul 27 19:34:47.993398 np0000005936 nova-conductor[99208]: DEBUG cotyledon.oslo_config_glue [-] oslo_messaging_notifications.topics = ['notifications'] {{(pid=99208) log_opt_values /opt/stack/data/venv/lib/python3.12/site-packages/oslo_config/cfg.py:3253}}
Jul 27 19:34:47.993398 np0000005936 nova-conductor[99208]: DEBUG cotyledon.oslo_config_glue [-] oslo_messaging_notifications.transport_url = **** {{(pid=99208) log_opt_values /opt/stack/data/venv/lib/python3.12/site-packages/oslo_config/cfg.py:3253}}
Jul 27 19:34:47.993398 np0000005936 nova-conductor[99208]: DEBUG cotyledon.oslo_config_glue [-] oslo_limit.auth_section = None {{(pid=99208) log_opt_values /opt/stack/data/venv/lib/python3.12/site-packages/oslo_config/cfg.py:3253}}
Jul 27 19:34:47.993398 np0000005936 nova-conductor[99208]: DEBUG cotyledon.oslo_config_glue [-] oslo_limit.auth_type = None {{(pid=99208) log_opt_values /opt/stack/data/venv/lib/python3.12/site-packages/oslo_config/cfg.py:3253}}
Jul 27 19:34:47.993398 np0000005936 nova-conductor[99208]: DEBUG cotyledon.oslo_config_glue [-] oslo_limit.cafile = None {{(pid=99208) log_opt_values /opt/stack/data/venv/lib/python3.12/site-packages/oslo_config/cfg.py:3253}}
Jul 27 19:34:47.993753 np0000005936 nova-conductor[99208]: DEBUG cotyledon.oslo_config_glue [-] oslo_limit.certfile = None {{(pid=99208) log_opt_values /opt/stack/data/venv/lib/python3.12/site-packages/oslo_config/cfg.py:3253}}
Jul 27 19:34:47.993753 np0000005936 nova-conductor[99208]: DEBUG cotyledon.oslo_config_glue [-] oslo_limit.collect_timing = False {{(pid=99208) log_opt_values /opt/stack/data/venv/lib/python3.12/site-packages/oslo_config/cfg.py:3253}}
Jul 27 19:34:47.993753 np0000005936 nova-conductor[99208]: DEBUG cotyledon.oslo_config_glue [-] oslo_limit.connect_retries = None {{(pid=99208) log_opt_values /opt/stack/data/venv/lib/python3.12/site-packages/oslo_config/cfg.py:3253}}
Jul 27 19:34:47.993753 np0000005936 nova-conductor[99208]: DEBUG cotyledon.oslo_config_glue [-] oslo_limit.connect_retry_delay = None {{(pid=99208) log_opt_values /opt/stack/data/venv/lib/python3.12/site-packages/oslo_config/cfg.py:3253}}
Jul 27 19:34:47.993753 np0000005936 nova-conductor[99208]: DEBUG cotyledon.oslo_config_glue [-] oslo_limit.endpoint_id = None {{(pid=99208) log_opt_values /opt/stack/data/venv/lib/python3.12/site-packages/oslo_config/cfg.py:3253}}
Jul 27 19:34:47.993753 np0000005936 nova-conductor[99208]: DEBUG cotyledon.oslo_config_glue [-] oslo_limit.endpoint_interface = public {{(pid=99208) log_opt_values /opt/stack/data/venv/lib/python3.12/site-packages/oslo_config/cfg.py:3253}}
Jul 27 19:34:47.993753 np0000005936 nova-conductor[99208]: DEBUG cotyledon.oslo_config_glue [-] oslo_limit.endpoint_override = None {{(pid=99208) log_opt_values /opt/stack/data/venv/lib/python3.12/site-packages/oslo_config/cfg.py:3253}}
Jul 27 19:34:47.993753 np0000005936 nova-conductor[99208]: DEBUG cotyledon.oslo_config_glue [-] oslo_limit.endpoint_region_name = None {{(pid=99208) log_opt_values /opt/stack/data/venv/lib/python3.12/site-packages/oslo_config/cfg.py:3253}}
Jul 27 19:34:47.993753 np0000005936 nova-conductor[99208]: DEBUG cotyledon.oslo_config_glue [-] oslo_limit.endpoint_service_name = None {{(pid=99208) log_opt_values /opt/stack/data/venv/lib/python3.12/site-packages/oslo_config/cfg.py:3253}}
Jul 27 19:34:47.994046 np0000005936 nova-conductor[99208]: DEBUG cotyledon.oslo_config_glue [-] oslo_limit.endpoint_service_type = None {{(pid=99208) log_opt_values /opt/stack/data/venv/lib/python3.12/site-packages/oslo_config/cfg.py:3253}}
Jul 27 19:34:47.994046 np0000005936 nova-conductor[99208]: DEBUG cotyledon.oslo_config_glue [-] oslo_limit.insecure = False {{(pid=99208) log_opt_values /opt/stack/data/venv/lib/python3.12/site-packages/oslo_config/cfg.py:3253}}
Jul 27 19:34:47.994046 np0000005936 nova-conductor[99208]: DEBUG cotyledon.oslo_config_glue [-] oslo_limit.keyfile = None {{(pid=99208) log_opt_values /opt/stack/data/venv/lib/python3.12/site-packages/oslo_config/cfg.py:3253}}
Jul 27 19:34:47.994046 np0000005936 nova-conductor[99208]: DEBUG cotyledon.oslo_config_glue [-] oslo_limit.max_version = None {{(pid=99208) log_opt_values /opt/stack/data/venv/lib/python3.12/site-packages/oslo_config/cfg.py:3253}}
Jul 27 19:34:47.994046 np0000005936 nova-conductor[99208]: DEBUG cotyledon.oslo_config_glue [-] oslo_limit.min_version = None {{(pid=99208) log_opt_values /opt/stack/data/venv/lib/python3.12/site-packages/oslo_config/cfg.py:3253}}
Jul 27 19:34:47.994046 np0000005936 nova-conductor[99208]: DEBUG cotyledon.oslo_config_glue [-] oslo_limit.region_name = None {{(pid=99208) log_opt_values /opt/stack/data/venv/lib/python3.12/site-packages/oslo_config/cfg.py:3253}}
Jul 27 19:34:47.994046 np0000005936 nova-conductor[99208]: DEBUG cotyledon.oslo_config_glue [-] oslo_limit.retriable_status_codes = None {{(pid=99208) log_opt_values /opt/stack/data/venv/lib/python3.12/site-packages/oslo_config/cfg.py:3253}}
Jul 27 19:34:47.994046 np0000005936 nova-conductor[99208]: DEBUG cotyledon.oslo_config_glue [-] oslo_limit.service_name = None {{(pid=99208) log_opt_values /opt/stack/data/venv/lib/python3.12/site-packages/oslo_config/cfg.py:3253}}
Jul 27 19:34:47.994046 np0000005936 nova-conductor[99208]: DEBUG cotyledon.oslo_config_glue [-] oslo_limit.service_type = None {{(pid=99208) log_opt_values /opt/stack/data/venv/lib/python3.12/site-packages/oslo_config/cfg.py:3253}}
Jul 27 19:34:47.994341 np0000005936 nova-conductor[99208]: DEBUG cotyledon.oslo_config_glue [-] oslo_limit.split_loggers = False {{(pid=99208) log_opt_values /opt/stack/data/venv/lib/python3.12/site-packages/oslo_config/cfg.py:3253}}
Jul 27 19:34:47.994341 np0000005936 nova-conductor[99208]: DEBUG cotyledon.oslo_config_glue [-] oslo_limit.status_code_retries = None {{(pid=99208) log_opt_values /opt/stack/data/venv/lib/python3.12/site-packages/oslo_config/cfg.py:3253}}
Jul 27 19:34:47.994341 np0000005936 nova-conductor[99208]: DEBUG cotyledon.oslo_config_glue [-] oslo_limit.status_code_retry_delay = None {{(pid=99208) log_opt_values /opt/stack/data/venv/lib/python3.12/site-packages/oslo_config/cfg.py:3253}}
Jul 27 19:34:47.994341 np0000005936 nova-conductor[99208]: DEBUG cotyledon.oslo_config_glue [-] oslo_limit.timeout = None {{(pid=99208) log_opt_values /opt/stack/data/venv/lib/python3.12/site-packages/oslo_config/cfg.py:3253}}
Jul 27 19:34:47.994341 np0000005936 nova-conductor[99208]: DEBUG cotyledon.oslo_config_glue [-] oslo_limit.valid_interfaces = None {{(pid=99208) log_opt_values /opt/stack/data/venv/lib/python3.12/site-packages/oslo_config/cfg.py:3253}}
Jul 27 19:34:47.994341 np0000005936 nova-conductor[99208]: DEBUG cotyledon.oslo_config_glue [-] oslo_limit.version = None {{(pid=99208) log_opt_values /opt/stack/data/venv/lib/python3.12/site-packages/oslo_config/cfg.py:3253}}
Jul 27 19:34:47.994341 np0000005936 nova-conductor[99208]: DEBUG cotyledon.oslo_config_glue [-] oslo_reports.file_event_handler = None {{(pid=99208) log_opt_values /opt/stack/data/venv/lib/python3.12/site-packages/oslo_config/cfg.py:3253}}
Jul 27 19:34:47.994341 np0000005936 nova-conductor[99208]: DEBUG cotyledon.oslo_config_glue [-] oslo_reports.file_event_handler_interval = 1 {{(pid=99208) log_opt_values /opt/stack/data/venv/lib/python3.12/site-packages/oslo_config/cfg.py:3253}}
Jul 27 19:34:47.994341 np0000005936 nova-conductor[99208]: DEBUG cotyledon.oslo_config_glue [-] oslo_reports.log_dir = None {{(pid=99208) log_opt_values /opt/stack/data/venv/lib/python3.12/site-packages/oslo_config/cfg.py:3253}}
Jul 27 19:34:47.994648 np0000005936 nova-conductor[99208]: DEBUG cotyledon.oslo_config_glue [-] ******************************************************************************** {{(pid=99208) log_opt_values /opt/stack/data/venv/lib/python3.12/site-packages/oslo_config/cfg.py:3260}}
Jul 27 19:34:47.994648 np0000005936 nova-conductor[99208]: DEBUG cotyledon._service_worker [-] Run service ServiceWrapper(3) [99208] {{(pid=99208) wait_forever /opt/stack/data/venv/lib/python3.12/site-packages/cotyledon/_service_worker.py:218}}
Jul 27 19:34:47.994648 np0000005936 nova-conductor[99208]: INFO nova.service [-] Starting conductor node (version 33.1.0)
Jul 27 19:34:47.994648 np0000005936 nova-conductor[99208]: INFO dbcounter [None req-627b7250-c7cf-4ab6-8299-f42f5ecd54fe None None] Registered counter for database nova_cell0
Jul 27 19:34:47.994790 np0000005936 nova-conductor[99177]: DEBUG oslo_db.sqlalchemy.engines [None req-5f6ff0c8-5da8-4211-b38d-957aeae30221 None None] MySQL server mode set to STRICT_TRANS_TABLES,STRICT_ALL_TABLES,NO_ZERO_IN_DATE,NO_ZERO_DATE,ERROR_FOR_DIVISION_BY_ZERO,TRADITIONAL,NO_ENGINE_SUBSTITUTION {{(pid=99177) _check_effective_sql_mode /opt/stack/data/venv/lib/python3.12/site-packages/oslo_db/sqlalchemy/engines.py:325}}
Jul 27 19:34:47.994790 np0000005936 nova-conductor[99177]: DEBUG dbcounter [-] [99177] Writer thread running {{(pid=99177) stat_writer /opt/stack/data/venv/lib/python3.12/site-packages/dbcounter.py:102}}
Jul 27 19:34:47.996609 np0000005936 nova-conductor[99185]: DEBUG oslo_db.sqlalchemy.engines [None req-f1cc0c21-f171-45a8-be18-6e56eeb8eb17 None None] MySQL server mode set to STRICT_TRANS_TABLES,STRICT_ALL_TABLES,NO_ZERO_IN_DATE,NO_ZERO_DATE,ERROR_FOR_DIVISION_BY_ZERO,TRADITIONAL,NO_ENGINE_SUBSTITUTION {{(pid=99185) _check_effective_sql_mode /opt/stack/data/venv/lib/python3.12/site-packages/oslo_db/sqlalchemy/engines.py:325}}
Jul 27 19:34:48.005011 np0000005936 nova-conductor[99183]: DEBUG oslo_db.sqlalchemy.engines [None req-1b29f29d-3ff5-41ba-a35e-eb49c97627d0 None None] MySQL server mode set to STRICT_TRANS_TABLES,STRICT_ALL_TABLES,NO_ZERO_IN_DATE,NO_ZERO_DATE,ERROR_FOR_DIVISION_BY_ZERO,TRADITIONAL,NO_ENGINE_SUBSTITUTION {{(pid=99183) _check_effective_sql_mode /opt/stack/data/venv/lib/python3.12/site-packages/oslo_db/sqlalchemy/engines.py:325}}
Jul 27 19:34:48.005171 np0000005936 nova-conductor[99177]: DEBUG nova.service [None req-5f6ff0c8-5da8-4211-b38d-957aeae30221 None None] Creating RPC server for service: nova-conductor on topic: conductor {{(pid=99177) start /opt/stack/nova/nova/service.py:196}}
Jul 27 19:34:48.005766 np0000005936 nova-conductor[99185]: DEBUG dbcounter [-] [99185] Writer thread running {{(pid=99185) stat_writer /opt/stack/data/venv/lib/python3.12/site-packages/dbcounter.py:102}}
Jul 27 19:34:48.008898 np0000005936 nova-conductor[99185]: DEBUG nova.service [None req-f1cc0c21-f171-45a8-be18-6e56eeb8eb17 None None] Creating RPC server for service: nova-conductor on topic: conductor {{(pid=99185) start /opt/stack/nova/nova/service.py:196}}
Jul 27 19:34:48.016233 np0000005936 nova-conductor[99208]: DEBUG oslo_db.sqlalchemy.engines [None req-627b7250-c7cf-4ab6-8299-f42f5ecd54fe None None] MySQL server mode set to STRICT_TRANS_TABLES,STRICT_ALL_TABLES,NO_ZERO_IN_DATE,NO_ZERO_DATE,ERROR_FOR_DIVISION_BY_ZERO,TRADITIONAL,NO_ENGINE_SUBSTITUTION {{(pid=99208) _check_effective_sql_mode /opt/stack/data/venv/lib/python3.12/site-packages/oslo_db/sqlalchemy/engines.py:325}}
Jul 27 19:34:48.016359 np0000005936 nova-conductor[99183]: DEBUG dbcounter [-] [99183] Writer thread running {{(pid=99183) stat_writer /opt/stack/data/venv/lib/python3.12/site-packages/dbcounter.py:102}}
Jul 27 19:34:48.020408 np0000005936 nova-conductor[99183]: DEBUG nova.service [None req-1b29f29d-3ff5-41ba-a35e-eb49c97627d0 None None] Creating RPC server for service: nova-conductor on topic: conductor {{(pid=99183) start /opt/stack/nova/nova/service.py:196}}
Jul 27 19:34:48.025255 np0000005936 nova-conductor[99208]: DEBUG dbcounter [-] [99208] Writer thread running {{(pid=99208) stat_writer /opt/stack/data/venv/lib/python3.12/site-packages/dbcounter.py:102}}
Jul 27 19:34:48.031593 np0000005936 nova-conductor[99208]: DEBUG nova.service [None req-627b7250-c7cf-4ab6-8299-f42f5ecd54fe None None] Creating RPC server for service: nova-conductor on topic: conductor {{(pid=99208) start /opt/stack/nova/nova/service.py:196}}
Jul 27 19:34:48.037895 np0000005936 nova-conductor[99185]: DEBUG nova.service [None req-f1cc0c21-f171-45a8-be18-6e56eeb8eb17 None None] Join ServiceGroup membership for this service conductor {{(pid=99185) start /opt/stack/nova/nova/service.py:222}}
Jul 27 19:34:48.038601 np0000005936 nova-conductor[99185]: DEBUG nova.servicegroup.drivers.db [None req-f1cc0c21-f171-45a8-be18-6e56eeb8eb17 None None] DB_Driver: join new ServiceGroup member np0000005936 to the conductor group, service = {{(pid=99185) join /opt/stack/nova/nova/servicegroup/drivers/db.py:44}}
Jul 27 19:34:48.038662 np0000005936 nova-conductor[99183]: DEBUG nova.service [None req-1b29f29d-3ff5-41ba-a35e-eb49c97627d0 None None] Join ServiceGroup membership for this service conductor {{(pid=99183) start /opt/stack/nova/nova/service.py:222}}
Jul 27 19:34:48.038662 np0000005936 nova-conductor[99183]: DEBUG nova.servicegroup.drivers.db [None req-1b29f29d-3ff5-41ba-a35e-eb49c97627d0 None None] DB_Driver: join new ServiceGroup member np0000005936 to the conductor group, service = {{(pid=99183) join /opt/stack/nova/nova/servicegroup/drivers/db.py:44}}
Jul 27 19:34:48.042201 np0000005936 nova-conductor[99177]: DEBUG nova.service [None req-5f6ff0c8-5da8-4211-b38d-957aeae30221 None None] Join ServiceGroup membership for this service conductor {{(pid=99177) start /opt/stack/nova/nova/service.py:222}}
Jul 27 19:34:48.042559 np0000005936 nova-conductor[99177]: DEBUG nova.servicegroup.drivers.db [None req-5f6ff0c8-5da8-4211-b38d-957aeae30221 None None] DB_Driver: join new ServiceGroup member np0000005936 to the conductor group, service = {{(pid=99177) join /opt/stack/nova/nova/servicegroup/drivers/db.py:44}}
Jul 27 19:34:48.050934 np0000005936 nova-conductor[99208]: DEBUG nova.service [None req-627b7250-c7cf-4ab6-8299-f42f5ecd54fe None None] Join ServiceGroup membership for this service conductor {{(pid=99208) start /opt/stack/nova/nova/service.py:222}}
Jul 27 19:34:48.051155 np0000005936 nova-conductor[99208]: DEBUG nova.servicegroup.drivers.db [None req-627b7250-c7cf-4ab6-8299-f42f5ecd54fe None None] DB_Driver: join new ServiceGroup member np0000005936 to the conductor group, service = {{(pid=99208) join /opt/stack/nova/nova/servicegroup/drivers/db.py:44}}
Jul 27 19:34:53.053851 np0000005936 nova-conductor[99177]: DEBUG oslo.service.backend._threading.loopingcall [-] Fixed interval looping call 'nova.servicegroup.drivers.db.DbDriver._report_state' sleeping for 119.99 seconds {{(pid=99177) _run_loop /opt/stack/data/venv/lib/python3.12/site-packages/oslo_service/backend/_threading/loopingcall.py:125}}
Jul 27 19:34:53.055248 np0000005936 nova-conductor[99185]: DEBUG oslo.service.backend._threading.loopingcall [-] Fixed interval looping call 'nova.servicegroup.drivers.db.DbDriver._report_state' sleeping for 119.99 seconds {{(pid=99185) _run_loop /opt/stack/data/venv/lib/python3.12/site-packages/oslo_service/backend/_threading/loopingcall.py:125}}
Jul 27 19:34:53.056672 np0000005936 nova-conductor[99183]: DEBUG oslo.service.backend._threading.loopingcall [-] Fixed interval looping call 'nova.servicegroup.drivers.db.DbDriver._report_state' sleeping for 119.98 seconds {{(pid=99183) _run_loop /opt/stack/data/venv/lib/python3.12/site-packages/oslo_service/backend/_threading/loopingcall.py:125}}
Jul 27 19:34:53.063486 np0000005936 nova-conductor[99208]: DEBUG oslo.service.backend._threading.loopingcall [-] Fixed interval looping call 'nova.servicegroup.drivers.db.DbDriver._report_state' sleeping for 119.99 seconds {{(pid=99208) _run_loop /opt/stack/data/venv/lib/python3.12/site-packages/oslo_service/backend/_threading/loopingcall.py:125}}
Jul 27 19:34:56.620347 np0000005936 nova-conductor[97672]: DEBUG dbcounter [-] [97672] Writing DB stats nova_api:SELECT=1 {{(pid=97672) stat_writer /opt/stack/data/venv/lib/python3.12/site-packages/dbcounter.py:115}}
Jul 27 19:34:56.750760 np0000005936 nova-conductor[97672]: DEBUG dbcounter [-] [97672] Writing DB stats nova_cell0:SELECT=1 {{(pid=97672) stat_writer /opt/stack/data/venv/lib/python3.12/site-packages/dbcounter.py:115}}
Jul 27 19:34:56.768619 np0000005936 nova-conductor[97672]: DEBUG dbcounter [-] [97672] Writing DB stats nova_cell1:SELECT=1 {{(pid=97672) stat_writer /opt/stack/data/venv/lib/python3.12/site-packages/dbcounter.py:115}}
Jul 27 19:34:58.054044 np0000005936 nova-conductor[99208]: DEBUG oslo.service.backend._threading.loopingcall [None req-199ad34a-7416-4207-a884-6123f0c5413b None None] Dynamic interval looping call 'nova.service.Service.periodic_tasks' sleeping for 60.00 seconds {{(pid=99208) _run_loop /opt/stack/data/venv/lib/python3.12/site-packages/oslo_service/backend/_threading/loopingcall.py:125}}
Jul 27 19:35:01.044699 np0000005936 nova-conductor[99177]: DEBUG oslo.service.backend._threading.loopingcall [None req-d526fb6d-7d9f-47b4-8161-b9be4bf644b0 None None] Dynamic interval looping call 'nova.service.Service.periodic_tasks' sleeping for 60.00 seconds {{(pid=99177) _run_loop /opt/stack/data/venv/lib/python3.12/site-packages/oslo_service/backend/_threading/loopingcall.py:125}}
Jul 27 19:35:03.049526 np0000005936 nova-conductor[99185]: DEBUG dbcounter [-] [99185] Writing DB stats nova_cell0:SELECT=3,nova_cell0:UPDATE=1 {{(pid=99185) stat_writer /opt/stack/data/venv/lib/python3.12/site-packages/dbcounter.py:115}}
Jul 27 19:35:03.052797 np0000005936 nova-conductor[99177]: DEBUG dbcounter [-] [99177] Writing DB stats nova_cell0:SELECT=4,nova_cell0:INSERT=1,nova_cell0:UPDATE=1 {{(pid=99177) stat_writer /opt/stack/data/venv/lib/python3.12/site-packages/dbcounter.py:115}}
Jul 27 19:35:03.056067 np0000005936 nova-conductor[99183]: DEBUG dbcounter [-] [99183] Writing DB stats nova_cell0:SELECT=3 {{(pid=99183) stat_writer /opt/stack/data/venv/lib/python3.12/site-packages/dbcounter.py:115}}
Jul 27 19:35:03.060471 np0000005936 nova-conductor[99208]: DEBUG dbcounter [-] [99208] Writing DB stats nova_cell0:SELECT=3 {{(pid=99208) stat_writer /opt/stack/data/venv/lib/python3.12/site-packages/dbcounter.py:115}}
Jul 27 19:35:15.040840 np0000005936 nova-conductor[99185]: DEBUG oslo.service.backend._threading.loopingcall [None req-c865066a-d51e-4fd4-bf2b-c0fd93ea3ed8 None None] Dynamic interval looping call 'nova.service.Service.periodic_tasks' sleeping for 60.00 seconds {{(pid=99185) _run_loop /opt/stack/data/venv/lib/python3.12/site-packages/oslo_service/backend/_threading/loopingcall.py:125}}
Jul 27 19:35:27.040722 np0000005936 nova-conductor[99183]: DEBUG oslo.service.backend._threading.loopingcall [None req-dee854b7-335f-457c-a83c-07744dec8234 None None] Dynamic interval looping call 'nova.service.Service.periodic_tasks' sleeping for 60.00 seconds {{(pid=99183) _run_loop /opt/stack/data/venv/lib/python3.12/site-packages/oslo_service/backend/_threading/loopingcall.py:125}}
Jul 27 19:35:58.054231 np0000005936 nova-conductor[99208]: DEBUG oslo.service.backend._threading.loopingcall [None req-199ad34a-7416-4207-a884-6123f0c5413b None None] Dynamic interval looping call 'nova.service.Service.periodic_tasks' sleeping for 60.00 seconds {{(pid=99208) _run_loop /opt/stack/data/venv/lib/python3.12/site-packages/oslo_service/backend/_threading/loopingcall.py:125}}
Jul 27 19:36:01.045319 np0000005936 nova-conductor[99177]: DEBUG oslo.service.backend._threading.loopingcall [None req-d526fb6d-7d9f-47b4-8161-b9be4bf644b0 None None] Dynamic interval looping call 'nova.service.Service.periodic_tasks' sleeping for 60.00 seconds {{(pid=99177) _run_loop /opt/stack/data/venv/lib/python3.12/site-packages/oslo_service/backend/_threading/loopingcall.py:125}}
Jul 27 19:36:15.041416 np0000005936 nova-conductor[99185]: DEBUG oslo.service.backend._threading.loopingcall [None req-c865066a-d51e-4fd4-bf2b-c0fd93ea3ed8 None None] Dynamic interval looping call 'nova.service.Service.periodic_tasks' sleeping for 60.00 seconds {{(pid=99185) _run_loop /opt/stack/data/venv/lib/python3.12/site-packages/oslo_service/backend/_threading/loopingcall.py:125}}
Jul 27 19:36:27.041406 np0000005936 nova-conductor[99183]: DEBUG oslo.service.backend._threading.loopingcall [None req-dee854b7-335f-457c-a83c-07744dec8234 None None] Dynamic interval looping call 'nova.service.Service.periodic_tasks' sleeping for 60.00 seconds {{(pid=99183) _run_loop /opt/stack/data/venv/lib/python3.12/site-packages/oslo_service/backend/_threading/loopingcall.py:125}}
Jul 27 19:36:53.058297 np0000005936 nova-conductor[99183]: DEBUG oslo.service.backend._threading.loopingcall [-] Fixed interval looping call 'nova.servicegroup.drivers.db.DbDriver._report_state' sleeping for 119.98 seconds {{(pid=99183) _run_loop /opt/stack/data/venv/lib/python3.12/site-packages/oslo_service/backend/_threading/loopingcall.py:125}}
Jul 27 19:36:53.061601 np0000005936 nova-conductor[99185]: DEBUG oslo.service.backend._threading.loopingcall [-] Fixed interval looping call 'nova.servicegroup.drivers.db.DbDriver._report_state' sleeping for 119.98 seconds {{(pid=99185) _run_loop /opt/stack/data/venv/lib/python3.12/site-packages/oslo_service/backend/_threading/loopingcall.py:125}}
Jul 27 19:36:53.062291 np0000005936 nova-conductor[99177]: DEBUG oslo.service.backend._threading.loopingcall [-] Fixed interval looping call 'nova.servicegroup.drivers.db.DbDriver._report_state' sleeping for 119.98 seconds {{(pid=99177) _run_loop /opt/stack/data/venv/lib/python3.12/site-packages/oslo_service/backend/_threading/loopingcall.py:125}}
Jul 27 19:36:53.063918 np0000005936 nova-conductor[99208]: DEBUG oslo.service.backend._threading.loopingcall [-] Fixed interval looping call 'nova.servicegroup.drivers.db.DbDriver._report_state' sleeping for 119.99 seconds {{(pid=99208) _run_loop /opt/stack/data/venv/lib/python3.12/site-packages/oslo_service/backend/_threading/loopingcall.py:125}}
Jul 27 19:36:54.427469 np0000005936 nova-conductor[99185]: DEBUG oslo_db.sqlalchemy.engines [None req-f6247f29-41a7-46f4-8ff9-83e9c536317b tempest-DeleteServersTestJSON-2015408369 tempest-DeleteServersTestJSON-2015408369-project-member] Parent process 97672 forked (99185) with an open database connection, which is being discarded and recreated. {{(pid=99185) checkout /opt/stack/data/venv/lib/python3.12/site-packages/oslo_db/sqlalchemy/engines.py:402}}
Jul 27 19:36:54.473055 np0000005936 nova-conductor[99185]: DEBUG dbcounter [-] [99185] Writer thread running {{(pid=99185) stat_writer /opt/stack/data/venv/lib/python3.12/site-packages/dbcounter.py:102}}
Jul 27 19:36:55.562277 np0000005936 nova-conductor[99185]: DEBUG nova.conductor.manager [None req-f6247f29-41a7-46f4-8ff9-83e9c536317b tempest-DeleteServersTestJSON-2015408369 tempest-DeleteServersTestJSON-2015408369-project-member] Took 1.08 seconds to select destinations for 1 instance(s). {{(pid=99185) _schedule_instances /opt/stack/nova/nova/conductor/manager.py:968}}
Jul 27 19:36:55.606745 np0000005936 nova-conductor[99185]: DEBUG oslo_concurrency.lockutils [None req-f6247f29-41a7-46f4-8ff9-83e9c536317b tempest-DeleteServersTestJSON-2015408369 tempest-DeleteServersTestJSON-2015408369-project-member] Acquiring lock "0826ad90-e21f-42ea-9240-3bedcb4831d2" by "nova.context.set_target_cell..get_or_set_cached_cell_and_set_connections" {{(pid=99185) inner /opt/stack/data/venv/lib/python3.12/site-packages/oslo_concurrency/lockutils.py:512}}
Jul 27 19:36:55.607207 np0000005936 nova-conductor[99185]: DEBUG oslo_concurrency.lockutils [None req-f6247f29-41a7-46f4-8ff9-83e9c536317b tempest-DeleteServersTestJSON-2015408369 tempest-DeleteServersTestJSON-2015408369-project-member] Lock "0826ad90-e21f-42ea-9240-3bedcb4831d2" acquired by "nova.context.set_target_cell..get_or_set_cached_cell_and_set_connections" :: waited 0.001s {{(pid=99185) inner /opt/stack/data/venv/lib/python3.12/site-packages/oslo_concurrency/lockutils.py:525}}
Jul 27 19:36:55.608683 np0000005936 nova-conductor[99185]: DEBUG oslo_concurrency.lockutils [None req-f6247f29-41a7-46f4-8ff9-83e9c536317b tempest-DeleteServersTestJSON-2015408369 tempest-DeleteServersTestJSON-2015408369-project-member] Lock "0826ad90-e21f-42ea-9240-3bedcb4831d2" "released" by "nova.context.set_target_cell..get_or_set_cached_cell_and_set_connections" :: held 0.001s {{(pid=99185) inner /opt/stack/data/venv/lib/python3.12/site-packages/oslo_concurrency/lockutils.py:544}}
Jul 27 19:36:55.611559 np0000005936 nova-conductor[99185]: INFO dbcounter [None req-f6247f29-41a7-46f4-8ff9-83e9c536317b tempest-DeleteServersTestJSON-2015408369 tempest-DeleteServersTestJSON-2015408369-project-member] Registered counter for database nova_cell1
Jul 27 19:36:55.660834 np0000005936 nova-conductor[99185]: DEBUG oslo_db.sqlalchemy.engines [None req-f6247f29-41a7-46f4-8ff9-83e9c536317b tempest-DeleteServersTestJSON-2015408369 tempest-DeleteServersTestJSON-2015408369-project-member] MySQL server mode set to STRICT_TRANS_TABLES,STRICT_ALL_TABLES,NO_ZERO_IN_DATE,NO_ZERO_DATE,ERROR_FOR_DIVISION_BY_ZERO,TRADITIONAL,NO_ENGINE_SUBSTITUTION {{(pid=99185) _check_effective_sql_mode /opt/stack/data/venv/lib/python3.12/site-packages/oslo_db/sqlalchemy/engines.py:325}}
Jul 27 19:36:55.670115 np0000005936 nova-conductor[99185]: DEBUG dbcounter [-] [99185] Writer thread running {{(pid=99185) stat_writer /opt/stack/data/venv/lib/python3.12/site-packages/dbcounter.py:102}}
Jul 27 19:36:55.742014 np0000005936 nova-conductor[99185]: INFO nova.utils [None req-f6247f29-41a7-46f4-8ff9-83e9c536317b tempest-DeleteServersTestJSON-2015408369 tempest-DeleteServersTestJSON-2015408369-project-member] The cell worker thread pool ForkProcess-3.cell_worker is initialized
Jul 27 19:36:55.742014 np0000005936 nova-conductor[99185]: DEBUG oslo_concurrency.lockutils [None req-f6247f29-41a7-46f4-8ff9-83e9c536317b tempest-DeleteServersTestJSON-2015408369 tempest-DeleteServersTestJSON-2015408369-project-member] Acquiring lock "00000000-0000-0000-0000-000000000000" by "nova.context.set_target_cell..get_or_set_cached_cell_and_set_connections" {{(pid=99185) inner /opt/stack/data/venv/lib/python3.12/site-packages/oslo_concurrency/lockutils.py:512}}
Jul 27 19:36:55.742014 np0000005936 nova-conductor[99185]: DEBUG oslo_concurrency.lockutils [None req-f6247f29-41a7-46f4-8ff9-83e9c536317b tempest-DeleteServersTestJSON-2015408369 tempest-DeleteServersTestJSON-2015408369-project-member] Lock "00000000-0000-0000-0000-000000000000" acquired by "nova.context.set_target_cell..get_or_set_cached_cell_and_set_connections" :: waited 0.000s {{(pid=99185) inner /opt/stack/data/venv/lib/python3.12/site-packages/oslo_concurrency/lockutils.py:525}}
Jul 27 19:36:55.742014 np0000005936 nova-conductor[99185]: DEBUG oslo_concurrency.lockutils [None req-f6247f29-41a7-46f4-8ff9-83e9c536317b tempest-DeleteServersTestJSON-2015408369 tempest-DeleteServersTestJSON-2015408369-project-member] Lock "00000000-0000-0000-0000-000000000000" "released" by "nova.context.set_target_cell..get_or_set_cached_cell_and_set_connections" :: held 0.000s {{(pid=99185) inner /opt/stack/data/venv/lib/python3.12/site-packages/oslo_concurrency/lockutils.py:544}}
Jul 27 19:36:55.742638 np0000005936 nova-conductor[99185]: DEBUG oslo_concurrency.lockutils [None req-f6247f29-41a7-46f4-8ff9-83e9c536317b tempest-DeleteServersTestJSON-2015408369 tempest-DeleteServersTestJSON-2015408369-project-member] Acquiring lock "0826ad90-e21f-42ea-9240-3bedcb4831d2" by "nova.context.set_target_cell..get_or_set_cached_cell_and_set_connections" {{(pid=99185) inner /opt/stack/data/venv/lib/python3.12/site-packages/oslo_concurrency/lockutils.py:512}}
Jul 27 19:36:55.744732 np0000005936 nova-conductor[99185]: DEBUG oslo_concurrency.lockutils [None req-f6247f29-41a7-46f4-8ff9-83e9c536317b tempest-DeleteServersTestJSON-2015408369 tempest-DeleteServersTestJSON-2015408369-project-member] Lock "0826ad90-e21f-42ea-9240-3bedcb4831d2" acquired by "nova.context.set_target_cell..get_or_set_cached_cell_and_set_connections" :: waited 0.002s {{(pid=99185) inner /opt/stack/data/venv/lib/python3.12/site-packages/oslo_concurrency/lockutils.py:525}}
Jul 27 19:36:55.746371 np0000005936 nova-conductor[99185]: INFO dbcounter [None req-f6247f29-41a7-46f4-8ff9-83e9c536317b tempest-DeleteServersTestJSON-2015408369 tempest-DeleteServersTestJSON-2015408369-project-member] Registered counter for database nova_cell0
Jul 27 19:36:55.747903 np0000005936 nova-conductor[99185]: DEBUG oslo_concurrency.lockutils [None req-f6247f29-41a7-46f4-8ff9-83e9c536317b tempest-DeleteServersTestJSON-2015408369 tempest-DeleteServersTestJSON-2015408369-project-member] Lock "0826ad90-e21f-42ea-9240-3bedcb4831d2" "released" by "nova.context.set_target_cell..get_or_set_cached_cell_and_set_connections" :: held 0.001s {{(pid=99185) inner /opt/stack/data/venv/lib/python3.12/site-packages/oslo_concurrency/lockutils.py:544}}
Jul 27 19:36:55.803009 np0000005936 nova-conductor[99185]: DEBUG oslo_db.sqlalchemy.engines [None req-f6247f29-41a7-46f4-8ff9-83e9c536317b tempest-DeleteServersTestJSON-2015408369 tempest-DeleteServersTestJSON-2015408369-project-member] MySQL server mode set to STRICT_TRANS_TABLES,STRICT_ALL_TABLES,NO_ZERO_IN_DATE,NO_ZERO_DATE,ERROR_FOR_DIVISION_BY_ZERO,TRADITIONAL,NO_ENGINE_SUBSTITUTION {{(pid=99185) _check_effective_sql_mode /opt/stack/data/venv/lib/python3.12/site-packages/oslo_db/sqlalchemy/engines.py:325}}
Jul 27 19:36:55.811920 np0000005936 nova-conductor[99185]: DEBUG dbcounter [-] [99185] Writer thread running {{(pid=99185) stat_writer /opt/stack/data/venv/lib/python3.12/site-packages/dbcounter.py:102}}
Jul 27 19:36:55.823154 np0000005936 nova-conductor[99185]: DEBUG nova.quota [None req-f6247f29-41a7-46f4-8ff9-83e9c536317b tempest-DeleteServersTestJSON-2015408369 tempest-DeleteServersTestJSON-2015408369-project-member] Getting quotas for project 69b2a3f8684741a98fbe3a70f1cbc18a. Resources: {'ram', 'instances', 'cores'} {{(pid=99185) _get_quotas /opt/stack/nova/nova/quota.py:389}}
Jul 27 19:36:55.827728 np0000005936 nova-conductor[99185]: DEBUG nova.quota [None req-f6247f29-41a7-46f4-8ff9-83e9c536317b tempest-DeleteServersTestJSON-2015408369 tempest-DeleteServersTestJSON-2015408369-project-member] Getting quotas for user 85475831dd1340519161dbe03cd420af and project 69b2a3f8684741a98fbe3a70f1cbc18a. Resources: {'ram', 'instances', 'cores'} {{(pid=99185) _get_quotas /opt/stack/nova/nova/quota.py:379}}
