Jun 29 12:10:24.803458 np0000003908 devstack@g-api.service[102801]: DEBUG glance.api.middleware.version_negotiation [None req-1935bbbc-2f90-4124-ba5e-504551834064 tempest-AttachSCSIVolumeTestJSON-1612916593 tempest-AttachSCSIVolumeTestJSON-1612916593-project-admin] new path /v2/schemas/image {{(pid=102801) process_request /opt/stack/glance/glance/api/middleware/version_negotiation.py:70}}
Jun 29 12:10:24.807774 np0000003908 devstack@g-api.service[102801]: [pid: 102801|app: 0|req: 7/27] 127.0.0.1 () {44 vars in 1055 bytes} [Mon Jun 29 12:10:24 2026] GET /v2/schemas/image => generated 6083 bytes in 5 msecs (HTTP/1.1 200) 4 headers in 158 bytes (1 switches on core 0)
Jun 29 12:10:24.817449 np0000003908 devstack@g-api.service[102802]: DEBUG swiftclient [None req-f006ad39-3785-4528-9be3-f27224728b69 tempest-AttachSCSIVolumeTestJSON-1612916593 tempest-AttachSCSIVolumeTestJSON-1612916593-project-admin] REQ: curl -i https://10.4.3.111:8080/v1/AUTH_a4d6a535758b42e0a9ae6bc1f40d137a/glance -I -H "X-Auth-Token: gAAAAABqQmCwbcwK..." {{(pid=102802) http_log /opt/stack/data/venv/lib/python3.12/site-packages/swiftclient/client.py:160}}
Jun 29 12:10:24.817580 np0000003908 devstack@g-api.service[102802]: DEBUG swiftclient [None req-f006ad39-3785-4528-9be3-f27224728b69 tempest-AttachSCSIVolumeTestJSON-1612916593 tempest-AttachSCSIVolumeTestJSON-1612916593-project-admin] RESP STATUS: 204 No Content {{(pid=102802) http_log /opt/stack/data/venv/lib/python3.12/site-packages/swiftclient/client.py:161}}
Jun 29 12:10:24.817809 np0000003908 devstack@g-api.service[102802]: DEBUG swiftclient [None req-f006ad39-3785-4528-9be3-f27224728b69 tempest-AttachSCSIVolumeTestJSON-1612916593 tempest-AttachSCSIVolumeTestJSON-1612916593-project-admin] RESP HEADERS: {'Date': 'Mon, 29 Jun 2026 12:10:24 GMT', 'Server': 'Apache/2.4.58 (Ubuntu)', 'Content-Type': 'text/plain; charset=utf-8', 'X-Container-Object-Count': '3', 'X-Container-Bytes-Used': '64356352', 'X-Timestamp': '1782734822.33817', 'Last-Modified': 'Mon, 29 Jun 2026 12:07:03 GMT', 'Accept-Ranges': 'bytes', 'X-Storage-Policy': 'Policy-0', 'X-Container-Sharding': 'False', 'Vary': 'Accept', 'X-Trans-Id': 'tx6724b7f2236d445fbb342-006a4260b0', 'X-Openstack-Request-Id': 'tx6724b7f2236d445fbb342-006a4260b0', 'Connection': 'close'} {{(pid=102802) http_log /opt/stack/data/venv/lib/python3.12/site-packages/swiftclient/client.py:162}}
Jun 29 12:10:24.817976 np0000003908 devstack@g-api.service[102802]: DEBUG glance_store._drivers.swift.store [None req-f006ad39-3785-4528-9be3-f27224728b69 tempest-AttachSCSIVolumeTestJSON-1612916593 tempest-AttachSCSIVolumeTestJSON-1612916593-project-admin] Adding image object 'f4186397-a55a-4344-b2d9-aa56f04d7d39' to Swift {{(pid=102802) add /opt/stack/data/venv/lib/python3.12/site-packages/glance_store/_drivers/swift/store.py:970}}
Jun 29 12:10:24.819164 np0000003908 devstack@g-api.service[102802]: DEBUG glance_store._drivers.swift.store [None req-f006ad39-3785-4528-9be3-f27224728b69 tempest-AttachSCSIVolumeTestJSON-1612916593 tempest-AttachSCSIVolumeTestJSON-1612916593-project-admin] Cannot determine image size because it is either not provided in the request or chunked-transfer encoding is used. Adding image as a segmented object to Swift. {{(pid=102802) add /opt/stack/data/venv/lib/python3.12/site-packages/glance_store/_drivers/swift/store.py:994}}
Jun 29 12:10:24.819224 np0000003908 devstack@g-api.service[102799]: DEBUG glance.api.middleware.version_negotiation [None req-404ff102-135e-4f26-be78-1a1618214e00 tempest-TaggedBootDevicesTest-1506690106 tempest-TaggedBootDevicesTest-1506690106-project-member] Determining version of request: GET /v2/images/63252154-982f-413e-8f36-b27894f6cedf Accept: */* {{(pid=102799) process_request /opt/stack/glance/glance/api/middleware/version_negotiation.py:44}}
Jun 29 12:10:24.819224 np0000003908 devstack@g-api.service[102799]: DEBUG glance.api.middleware.version_negotiation [None req-404ff102-135e-4f26-be78-1a1618214e00 tempest-TaggedBootDevicesTest-1506690106 tempest-TaggedBootDevicesTest-1506690106-project-member] Using url versioning {{(pid=102799) process_request /opt/stack/glance/glance/api/middleware/version_negotiation.py:57}}
Jun 29 12:10:24.819224 np0000003908 devstack@g-api.service[102799]: DEBUG glance.api.middleware.version_negotiation [None req-404ff102-135e-4f26-be78-1a1618214e00 tempest-TaggedBootDevicesTest-1506690106 tempest-TaggedBootDevicesTest-1506690106-project-member] Matched version: v2 {{(pid=102799) process_request /opt/stack/glance/glance/api/middleware/version_negotiation.py:69}}
Jun 29 12:10:24.819224 np0000003908 devstack@g-api.service[102799]: DEBUG glance.api.middleware.version_negotiation [None req-404ff102-135e-4f26-be78-1a1618214e00 tempest-TaggedBootDevicesTest-1506690106 tempest-TaggedBootDevicesTest-1506690106-project-member] new path /v2/images/63252154-982f-413e-8f36-b27894f6cedf {{(pid=102799) process_request /opt/stack/glance/glance/api/middleware/version_negotiation.py:70}}
Jun 29 12:10:24.826001 np0000003908 devstack@g-api.service[102802]: DEBUG oslo_utils.imageutils.format_inspector [None req-f006ad39-3785-4528-9be3-f27224728b69 tempest-AttachSCSIVolumeTestJSON-1612916593 tempest-AttachSCSIVolumeTestJSON-1612916593-project-admin] Format inspector for vmdk does not match, excluding from consideration (Signature KDMV not found: b'QFI\xfb') {{(pid=102802) _process_chunk /opt/stack/data/venv/lib/python3.12/site-packages/oslo_utils/imageutils/format_inspector.py:1758}}
Jun 29 12:10:24.829865 np0000003908 devstack@g-api.service[102802]: DEBUG oslo_utils.imageutils.format_inspector [None req-f006ad39-3785-4528-9be3-f27224728b69 tempest-AttachSCSIVolumeTestJSON-1612916593 tempest-AttachSCSIVolumeTestJSON-1612916593-project-admin] Format inspector for vhdx does not match, excluding from consideration (Region signature not found at 30000) {{(pid=102802) _process_chunk /opt/stack/data/venv/lib/python3.12/site-packages/oslo_utils/imageutils/format_inspector.py:1758}}
Jun 29 12:10:24.830098 np0000003908 devstack@g-api.service[102799]: [pid: 102799|app: 0|req: 9/28] 127.0.0.1 () {44 vars in 1115 bytes} [Mon Jun 29 12:10:24 2026] GET /v2/images/63252154-982f-413e-8f36-b27894f6cedf => generated 1044 bytes in 11 msecs (HTTP/1.1 200) 4 headers in 158 bytes (1 switches on core 0)
Jun 29 12:10:24.839162 np0000003908 devstack@g-api.service[102800]: DEBUG glance.api.middleware.version_negotiation [None req-404ff102-135e-4f26-be78-1a1618214e00 tempest-TaggedBootDevicesTest-1506690106 tempest-TaggedBootDevicesTest-1506690106-project-member] Determining version of request: GET /v2/schemas/image Accept: */* {{(pid=102800) process_request /opt/stack/glance/glance/api/middleware/version_negotiation.py:44}}
Jun 29 12:10:24.839296 np0000003908 devstack@g-api.service[102800]: DEBUG glance.api.middleware.version_negotiation [None req-404ff102-135e-4f26-be78-1a1618214e00 tempest-TaggedBootDevicesTest-1506690106 tempest-TaggedBootDevicesTest-1506690106-project-member] Using url versioning {{(pid=102800) process_request /opt/stack/glance/glance/api/middleware/version_negotiation.py:57}}
Jun 29 12:10:24.839486 np0000003908 devstack@g-api.service[102800]: DEBUG glance.api.middleware.version_negotiation [None req-404ff102-135e-4f26-be78-1a1618214e00 tempest-TaggedBootDevicesTest-1506690106 tempest-TaggedBootDevicesTest-1506690106-project-member] Matched version: v2 {{(pid=102800) process_request /opt/stack/glance/glance/api/middleware/version_negotiation.py:69}}
Jun 29 12:10:24.839823 np0000003908 devstack@g-api.service[102800]: DEBUG glance.api.middleware.version_negotiation [None req-404ff102-135e-4f26-be78-1a1618214e00 tempest-TaggedBootDevicesTest-1506690106 tempest-TaggedBootDevicesTest-1506690106-project-member] new path /v2/schemas/image {{(pid=102800) process_request /opt/stack/glance/glance/api/middleware/version_negotiation.py:70}}
Jun 29 12:10:24.842316 np0000003908 devstack@g-api.service[102800]: [pid: 102800|app: 0|req: 8/29] 127.0.0.1 () {44 vars in 1055 bytes} [Mon Jun 29 12:10:24 2026] GET /v2/schemas/image => generated 6083 bytes in 3 msecs (HTTP/1.1 200) 4 headers in 158 bytes (1 switches on core 0)
Jun 29 12:10:24.852096 np0000003908 devstack@g-api.service[102801]: DEBUG glance.api.middleware.version_negotiation [None req-404ff102-135e-4f26-be78-1a1618214e00 tempest-TaggedBootDevicesTest-1506690106 tempest-TaggedBootDevicesTest-1506690106-project-member] Determining version of request: GET /v2/schemas/image Accept: */* {{(pid=102801) process_request /opt/stack/glance/glance/api/middleware/version_negotiation.py:44}}
Jun 29 12:10:24.852096 np0000003908 devstack@g-api.service[102801]: DEBUG glance.api.middleware.version_negotiation [None req-404ff102-135e-4f26-be78-1a1618214e00 tempest-TaggedBootDevicesTest-1506690106 tempest-TaggedBootDevicesTest-1506690106-project-member] Using url versioning {{(pid=102801) process_request /opt/stack/glance/glance/api/middleware/version_negotiation.py:57}}
Jun 29 12:10:24.852355 np0000003908 devstack@g-api.service[102801]: DEBUG glance.api.middleware.version_negotiation [None req-404ff102-135e-4f26-be78-1a1618214e00 tempest-TaggedBootDevicesTest-1506690106 tempest-TaggedBootDevicesTest-1506690106-project-member] Matched version: v2 {{(pid=102801) process_request /opt/stack/glance/glance/api/middleware/version_negotiation.py:69}}
Jun 29 12:10:24.852484 np0000003908 devstack@g-api.service[102801]: DEBUG glance.api.middleware.version_negotiation [None req-404ff102-135e-4f26-be78-1a1618214e00 tempest-TaggedBootDevicesTest-1506690106 tempest-TaggedBootDevicesTest-1506690106-project-member] new path /v2/schemas/image {{(pid=102801) process_request /opt/stack/glance/glance/api/middleware/version_negotiation.py:70}}
Jun 29 12:10:24.856943 np0000003908 devstack@g-api.service[102801]: [pid: 102801|app: 0|req: 8/30] 127.0.0.1 () {44 vars in 1055 bytes} [Mon Jun 29 12:10:24 2026] GET /v2/schemas/image => generated 6083 bytes in 3 msecs (HTTP/1.1 200) 4 headers in 158 bytes (1 switches on core 0)
Jun 29 12:10:24.942183 np0000003908 devstack@g-api.service[102799]: DEBUG glance.api.middleware.version_negotiation [None req-404ff102-135e-4f26-be78-1a1618214e00 tempest-TaggedBootDevicesTest-1506690106 tempest-TaggedBootDevicesTest-1506690106-project-member] Determining version of request: GET /v2/images/63252154-982f-413e-8f36-b27894f6cedf Accept: */* {{(pid=102799) process_request /opt/stack/glance/glance/api/middleware/version_negotiation.py:44}}
Jun 29 12:10:24.942737 np0000003908 devstack@g-api.service[102799]: DEBUG glance.api.middleware.version_negotiation [None req-404ff102-135e-4f26-be78-1a1618214e00 tempest-TaggedBootDevicesTest-1506690106 tempest-TaggedBootDevicesTest-1506690106-project-member] Using url versioning {{(pid=102799) process_request /opt/stack/glance/glance/api/middleware/version_negotiation.py:57}}
Jun 29 12:10:24.942737 np0000003908 devstack@g-api.service[102799]: DEBUG glance.api.middleware.version_negotiation [None req-404ff102-135e-4f26-be78-1a1618214e00 tempest-TaggedBootDevicesTest-1506690106 tempest-TaggedBootDevicesTest-1506690106-project-member] Matched version: v2 {{(pid=102799) process_request /opt/stack/glance/glance/api/middleware/version_negotiation.py:69}}
Jun 29 12:10:24.943195 np0000003908 devstack@g-api.service[102799]: DEBUG glance.api.middleware.version_negotiation [None req-404ff102-135e-4f26-be78-1a1618214e00 tempest-TaggedBootDevicesTest-1506690106 tempest-TaggedBootDevicesTest-1506690106-project-member] new path /v2/images/63252154-982f-413e-8f36-b27894f6cedf {{(pid=102799) process_request /opt/stack/glance/glance/api/middleware/version_negotiation.py:70}}
Jun 29 12:10:24.954335 np0000003908 devstack@g-api.service[102799]: [pid: 102799|app: 0|req: 10/31] 127.0.0.1 () {44 vars in 1115 bytes} [Mon Jun 29 12:10:24 2026] GET /v2/images/63252154-982f-413e-8f36-b27894f6cedf => generated 1044 bytes in 12 msecs (HTTP/1.1 200) 4 headers in 158 bytes (1 switches on core 0)
Jun 29 12:10:24.968164 np0000003908 devstack@g-api.service[102800]: DEBUG glance.api.middleware.version_negotiation [None req-404ff102-135e-4f26-be78-1a1618214e00 tempest-TaggedBootDevicesTest-1506690106 tempest-TaggedBootDevicesTest-1506690106-project-member] Determining version of request: GET /v2/schemas/image Accept: */* {{(pid=102800) process_request /opt/stack/glance/glance/api/middleware/version_negotiation.py:44}}
Jun 29 12:10:24.968315 np0000003908 devstack@g-api.service[102800]: DEBUG glance.api.middleware.version_negotiation [None req-404ff102-135e-4f26-be78-1a1618214e00 tempest-TaggedBootDevicesTest-1506690106 tempest-TaggedBootDevicesTest-1506690106-project-member] Using url versioning {{(pid=102800) process_request /opt/stack/glance/glance/api/middleware/version_negotiation.py:57}}
Jun 29 12:10:24.968490 np0000003908 devstack@g-api.service[102800]: DEBUG glance.api.middleware.version_negotiation [None req-404ff102-135e-4f26-be78-1a1618214e00 tempest-TaggedBootDevicesTest-1506690106 tempest-TaggedBootDevicesTest-1506690106-project-member] Matched version: v2 {{(pid=102800) process_request /opt/stack/glance/glance/api/middleware/version_negotiation.py:69}}
Jun 29 12:10:24.968490 np0000003908 devstack@g-api.service[102800]: DEBUG glance.api.middleware.version_negotiation [None req-404ff102-135e-4f26-be78-1a1618214e00 tempest-TaggedBootDevicesTest-1506690106 tempest-TaggedBootDevicesTest-1506690106-project-member] new path /v2/schemas/image {{(pid=102800) process_request /opt/stack/glance/glance/api/middleware/version_negotiation.py:70}}
Jun 29 12:10:24.972054 np0000003908 devstack@g-api.service[102800]: [pid: 102800|app: 0|req: 9/32] 127.0.0.1 () {44 vars in 1055 bytes} [Mon Jun 29 12:10:24 2026] GET /v2/schemas/image => generated 6083 bytes in 3 msecs (HTTP/1.1 200) 4 headers in 158 bytes (1 switches on core 0)
Jun 29 12:10:24.985848 np0000003908 devstack@g-api.service[102801]: DEBUG glance.api.middleware.version_negotiation [None req-404ff102-135e-4f26-be78-1a1618214e00 tempest-TaggedBootDevicesTest-1506690106 tempest-TaggedBootDevicesTest-1506690106-project-member] Determining version of request: GET /v2/schemas/image Accept: */* {{(pid=102801) process_request /opt/stack/glance/glance/api/middleware/version_negotiation.py:44}}
Jun 29 12:10:24.985848 np0000003908 devstack@g-api.service[102801]: DEBUG glance.api.middleware.version_negotiation [None req-404ff102-135e-4f26-be78-1a1618214e00 tempest-TaggedBootDevicesTest-1506690106 tempest-TaggedBootDevicesTest-1506690106-project-member] Using url versioning {{(pid=102801) process_request /opt/stack/glance/glance/api/middleware/version_negotiation.py:57}}
Jun 29 12:10:24.988606 np0000003908 devstack@g-api.service[102801]: DEBUG glance.api.middleware.version_negotiation [None req-404ff102-135e-4f26-be78-1a1618214e00 tempest-TaggedBootDevicesTest-1506690106 tempest-TaggedBootDevicesTest-1506690106-project-member] Matched version: v2 {{(pid=102801) process_request /opt/stack/glance/glance/api/middleware/version_negotiation.py:69}}
Jun 29 12:10:24.988797 np0000003908 devstack@g-api.service[102801]: DEBUG glance.api.middleware.version_negotiation [None req-404ff102-135e-4f26-be78-1a1618214e00 tempest-TaggedBootDevicesTest-1506690106 tempest-TaggedBootDevicesTest-1506690106-project-member] new path /v2/schemas/image {{(pid=102801) process_request /opt/stack/glance/glance/api/middleware/version_negotiation.py:70}}
Jun 29 12:10:24.992771 np0000003908 devstack@g-api.service[102801]: [pid: 102801|app: 0|req: 9/33] 127.0.0.1 () {44 vars in 1055 bytes} [Mon Jun 29 12:10:24 2026] GET /v2/schemas/image => generated 6083 bytes in 8 msecs (HTTP/1.1 200) 4 headers in 158 bytes (1 switches on core 0)
Jun 29 12:10:25.123957 np0000003908 devstack@g-api.service[102802]: DEBUG swiftclient [None req-f006ad39-3785-4528-9be3-f27224728b69 tempest-AttachSCSIVolumeTestJSON-1612916593 tempest-AttachSCSIVolumeTestJSON-1612916593-project-admin] REQ: curl -i https://10.4.3.111:8080/v1/AUTH_a4d6a535758b42e0a9ae6bc1f40d137a/glance/f4186397-a55a-4344-b2d9-aa56f04d7d39-00001 -X PUT -H "X-Auth-Token: gAAAAABqQmCwbcwK..." {{(pid=102802) http_log /opt/stack/data/venv/lib/python3.12/site-packages/swiftclient/client.py:160}}
Jun 29 12:10:25.123957 np0000003908 devstack@g-api.service[102802]: DEBUG swiftclient [None req-f006ad39-3785-4528-9be3-f27224728b69 tempest-AttachSCSIVolumeTestJSON-1612916593 tempest-AttachSCSIVolumeTestJSON-1612916593-project-admin] RESP STATUS: 201 Created {{(pid=102802) http_log /opt/stack/data/venv/lib/python3.12/site-packages/swiftclient/client.py:161}}
Jun 29 12:10:25.123957 np0000003908 devstack@g-api.service[102802]: DEBUG swiftclient [None req-f006ad39-3785-4528-9be3-f27224728b69 tempest-AttachSCSIVolumeTestJSON-1612916593 tempest-AttachSCSIVolumeTestJSON-1612916593-project-admin] RESP HEADERS: {'Date': 'Mon, 29 Jun 2026 12:10:25 GMT', 'Server': 'Apache/2.4.58 (Ubuntu)', 'Content-Type': 'text/html; charset=UTF-8', 'Content-Length': '0', 'Etag': '87617e24a5e30cb3b87fda8c0764838f', 'Last-Modified': 'Mon, 29 Jun 2026 12:10:25 GMT', 'X-Trans-Id': 'txc5e0f9ddf0f741ed8a2a9-006a4260b0', 'X-Openstack-Request-Id': 'txc5e0f9ddf0f741ed8a2a9-006a4260b0', 'Connection': 'close'} {{(pid=102802) http_log /opt/stack/data/venv/lib/python3.12/site-packages/swiftclient/client.py:162}}
Jun 29 12:10:25.124586 np0000003908 devstack@g-api.service[102802]: DEBUG glance_store._drivers.swift.store [None req-f006ad39-3785-4528-9be3-f27224728b69 tempest-AttachSCSIVolumeTestJSON-1612916593 tempest-AttachSCSIVolumeTestJSON-1612916593-project-admin] Wrote chunk f4186397-a55a-4344-b2d9-aa56f04d7d39-00001 (1/?) of length 21692416 to Swift returning MD5 of content: 87617e24a5e30cb3b87fda8c0764838f {{(pid=102802) add /opt/stack/data/venv/lib/python3.12/site-packages/glance_store/_drivers/swift/store.py:1059}}
Jun 29 12:10:25.124586 np0000003908 devstack@g-api.service[102802]: DEBUG glance_store._drivers.swift.store [None req-f006ad39-3785-4528-9be3-f27224728b69 tempest-AttachSCSIVolumeTestJSON-1612916593 tempest-AttachSCSIVolumeTestJSON-1612916593-project-admin] Not writing zero-length chunk. {{(pid=102802) add /opt/stack/data/venv/lib/python3.12/site-packages/glance_store/_drivers/swift/store.py:1028}}
Jun 29 12:10:25.191741 np0000003908 devstack@g-api.service[102802]: DEBUG swiftclient [None req-f006ad39-3785-4528-9be3-f27224728b69 tempest-AttachSCSIVolumeTestJSON-1612916593 tempest-AttachSCSIVolumeTestJSON-1612916593-project-admin] REQ: curl -i https://10.4.3.111:8080/v1/AUTH_a4d6a535758b42e0a9ae6bc1f40d137a/glance/f4186397-a55a-4344-b2d9-aa56f04d7d39 -X PUT -H "X-Object-Manifest: glance/f4186397-a55a-4344-b2d9-aa56f04d7d39-" -H "X-Auth-Token: gAAAAABqQmCwbcwK..." -H "Content-Length: 0" {{(pid=102802) http_log /opt/stack/data/venv/lib/python3.12/site-packages/swiftclient/client.py:160}}
Jun 29 12:10:25.191741 np0000003908 devstack@g-api.service[102802]: DEBUG swiftclient [None req-f006ad39-3785-4528-9be3-f27224728b69 tempest-AttachSCSIVolumeTestJSON-1612916593 tempest-AttachSCSIVolumeTestJSON-1612916593-project-admin] RESP STATUS: 201 Created {{(pid=102802) http_log /opt/stack/data/venv/lib/python3.12/site-packages/swiftclient/client.py:161}}
Jun 29 12:10:25.191984 np0000003908 devstack@g-api.service[102802]: DEBUG swiftclient [None req-f006ad39-3785-4528-9be3-f27224728b69 tempest-AttachSCSIVolumeTestJSON-1612916593 tempest-AttachSCSIVolumeTestJSON-1612916593-project-admin] RESP HEADERS: {'Date': 'Mon, 29 Jun 2026 12:10:25 GMT', 'Server': 'Apache/2.4.58 (Ubuntu)', 'Content-Type': 'text/html; charset=UTF-8', 'Content-Length': '0', 'Etag': 'd41d8cd98f00b204e9800998ecf8427e', 'Last-Modified': 'Mon, 29 Jun 2026 12:10:26 GMT', 'X-Trans-Id': 'txf3fd7cb045eb45f0b6f86-006a4260b1', 'X-Openstack-Request-Id': 'txf3fd7cb045eb45f0b6f86-006a4260b1', 'Connection': 'close'} {{(pid=102802) http_log /opt/stack/data/venv/lib/python3.12/site-packages/swiftclient/client.py:162}}
Jun 29 12:10:25.192707 np0000003908 devstack@g-api.service[102802]: INFO glance.location [None req-f006ad39-3785-4528-9be3-f27224728b69 tempest-AttachSCSIVolumeTestJSON-1612916593 tempest-AttachSCSIVolumeTestJSON-1612916593-project-admin] Image format matched and virtual size computed: 117440512
Jun 29 12:10:25.241994 np0000003908 devstack@g-api.service[102802]: DEBUG glance_store.backend [None req-f006ad39-3785-4528-9be3-f27224728b69 tempest-AttachSCSIVolumeTestJSON-1612916593 tempest-AttachSCSIVolumeTestJSON-1612916593-project-admin] Attempting to import store swift {{(pid=102802) _load_store /opt/stack/data/venv/lib/python3.12/site-packages/glance_store/backend.py:215}}
Jun 29 12:10:25.245528 np0000003908 devstack@g-api.service[102802]: DEBUG glance_store.capabilities [None req-f006ad39-3785-4528-9be3-f27224728b69 tempest-AttachSCSIVolumeTestJSON-1612916593 tempest-AttachSCSIVolumeTestJSON-1612916593-project-admin] Store glance_store._drivers.swift.store.SingleTenantStore doesn't support updating dynamic storage capabilities. Please overwrite 'update_capabilities' method of the store to implement updating logics if needed. {{(pid=102802) update_capabilities /opt/stack/data/venv/lib/python3.12/site-packages/glance_store/capabilities.py:91}}
Jun 29 12:10:25.245690 np0000003908 devstack@g-api.service[102802]: DEBUG glance_store.driver [None req-f006ad39-3785-4528-9be3-f27224728b69 tempest-AttachSCSIVolumeTestJSON-1612916593 tempest-AttachSCSIVolumeTestJSON-1612916593-project-admin] Late loading location class glance_store._drivers.swift.store.StoreLocation {{(pid=102802) get_store_location_class /opt/stack/data/venv/lib/python3.12/site-packages/glance_store/driver.py:134}}
Jun 29 12:10:25.245833 np0000003908 devstack@g-api.service[102802]: DEBUG glance_store.location [None req-f006ad39-3785-4528-9be3-f27224728b69 tempest-AttachSCSIVolumeTestJSON-1612916593 tempest-AttachSCSIVolumeTestJSON-1612916593-project-admin] Registering scheme swift+https with {'store': , 'location_class': , 'store_entry': 'swift'} {{(pid=102802) register_scheme_map /opt/stack/data/venv/lib/python3.12/site-packages/glance_store/location.py:146}}
Jun 29 12:10:25.246303 np0000003908 devstack@g-api.service[102802]: DEBUG glance_store.location [None req-f006ad39-3785-4528-9be3-f27224728b69 tempest-AttachSCSIVolumeTestJSON-1612916593 tempest-AttachSCSIVolumeTestJSON-1612916593-project-admin] Registering scheme swift+https with {'store': , 'location_class': , 'store_entry': 'swift'} {{(pid=102802) register_scheme_map /opt/stack/data/venv/lib/python3.12/site-packages/glance_store/location.py:146}}
Jun 29 12:10:25.246373 np0000003908 devstack@g-api.service[102802]: DEBUG glance_store.location [None req-f006ad39-3785-4528-9be3-f27224728b69 tempest-AttachSCSIVolumeTestJSON-1612916593 tempest-AttachSCSIVolumeTestJSON-1612916593-project-admin] Registering scheme swift with {'store': , 'location_class': , 'store_entry': 'swift'} {{(pid=102802) register_scheme_map /opt/stack/data/venv/lib/python3.12/site-packages/glance_store/location.py:146}}
Jun 29 12:10:25.247087 np0000003908 devstack@g-api.service[102802]: DEBUG glance_store.location [None req-f006ad39-3785-4528-9be3-f27224728b69 tempest-AttachSCSIVolumeTestJSON-1612916593 tempest-AttachSCSIVolumeTestJSON-1612916593-project-admin] Registering scheme swift+https with {'store': , 'location_class': , 'store_entry': 'swift'} {{(pid=102802) register_scheme_map /opt/stack/data/venv/lib/python3.12/site-packages/glance_store/location.py:146}}
Jun 29 12:10:25.247087 np0000003908 devstack@g-api.service[102802]: DEBUG glance_store.location [None req-f006ad39-3785-4528-9be3-f27224728b69 tempest-AttachSCSIVolumeTestJSON-1612916593 tempest-AttachSCSIVolumeTestJSON-1612916593-project-admin] Registering scheme swift with {'store': , 'location_class': , 'store_entry': 'swift'} {{(pid=102802) register_scheme_map /opt/stack/data/venv/lib/python3.12/site-packages/glance_store/location.py:146}}
Jun 29 12:10:25.248544 np0000003908 devstack@g-api.service[102802]: DEBUG glance_store.location [None req-f006ad39-3785-4528-9be3-f27224728b69 tempest-AttachSCSIVolumeTestJSON-1612916593 tempest-AttachSCSIVolumeTestJSON-1612916593-project-admin] Registering scheme swift+http with {'store': , 'location_class': , 'store_entry': 'swift'} {{(pid=102802) register_scheme_map /opt/stack/data/venv/lib/python3.12/site-packages/glance_store/location.py:146}}
Jun 29 12:10:25.248544 np0000003908 devstack@g-api.service[102802]: DEBUG glance_store.location [None req-f006ad39-3785-4528-9be3-f27224728b69 tempest-AttachSCSIVolumeTestJSON-1612916593 tempest-AttachSCSIVolumeTestJSON-1612916593-project-admin] Registering scheme swift+https with {'store': , 'location_class': , 'store_entry': 'swift'} {{(pid=102802) register_scheme_map /opt/stack/data/venv/lib/python3.12/site-packages/glance_store/location.py:146}}
Jun 29 12:10:25.248544 np0000003908 devstack@g-api.service[102802]: DEBUG glance_store.location [None req-f006ad39-3785-4528-9be3-f27224728b69 tempest-AttachSCSIVolumeTestJSON-1612916593 tempest-AttachSCSIVolumeTestJSON-1612916593-project-admin] Registering scheme swift with {'store': , 'location_class': , 'store_entry': 'swift'} {{(pid=102802) register_scheme_map /opt/stack/data/venv/lib/python3.12/site-packages/glance_store/location.py:146}}
Jun 29 12:10:25.248800 np0000003908 devstack@g-api.service[102802]: DEBUG glance_store.location [None req-f006ad39-3785-4528-9be3-f27224728b69 tempest-AttachSCSIVolumeTestJSON-1612916593 tempest-AttachSCSIVolumeTestJSON-1612916593-project-admin] Registering scheme swift+http with {'store': , 'location_class': , 'store_entry': 'swift'} {{(pid=102802) register_scheme_map /opt/stack/data/venv/lib/python3.12/site-packages/glance_store/location.py:146}}
Jun 29 12:10:25.248800 np0000003908 devstack@g-api.service[102802]: DEBUG glance_store.location [None req-f006ad39-3785-4528-9be3-f27224728b69 tempest-AttachSCSIVolumeTestJSON-1612916593 tempest-AttachSCSIVolumeTestJSON-1612916593-project-admin] Registering scheme swift+config with {'store': , 'location_class': , 'store_entry': 'swift'} {{(pid=102802) register_scheme_map /opt/stack/data/venv/lib/python3.12/site-packages/glance_store/location.py:146}}
Jun 29 12:10:25.248800 np0000003908 devstack@g-api.service[102802]: DEBUG glance_store.backend [None req-f006ad39-3785-4528-9be3-f27224728b69 tempest-AttachSCSIVolumeTestJSON-1612916593 tempest-AttachSCSIVolumeTestJSON-1612916593-project-admin] Skipping store.set_acls... not implemented. {{(pid=102802) set_acls /opt/stack/data/venv/lib/python3.12/site-packages/glance_store/backend.py:507}}
Jun 29 12:10:25.250869 np0000003908 devstack@g-api.service[102802]: [pid: 102802|app: 0|req: 6/34] 127.0.0.1 () {40 vars in 858 bytes} [Mon Jun 29 12:10:22 2026] PUT /v2/images/f4186397-a55a-4344-b2d9-aa56f04d7d39/file => generated 0 bytes in 2818 msecs (HTTP/1.1 204) 4 headers in 171 bytes (1 switches on core 0)
Jun 29 12:10:26.003842 np0000003908 devstack@g-api.service[102799]: DEBUG glance.api.middleware.version_negotiation [None req-404ff102-135e-4f26-be78-1a1618214e00 tempest-TaggedBootDevicesTest-1506690106 tempest-TaggedBootDevicesTest-1506690106-project-member] Determining version of request: GET /versions Accept: */* {{(pid=102799) process_request /opt/stack/glance/glance/api/middleware/version_negotiation.py:44}}
Jun 29 12:10:26.004440 np0000003908 devstack@g-api.service[102799]: [pid: 102799|app: 0|req: 11/35] 127.0.0.1 () {44 vars in 1039 bytes} [Mon Jun 29 12:10:26 2026] GET /versions => generated 1407 bytes in 1 msecs (HTTP/1.1 200) 3 headers in 92 bytes (1 switches on core 0)
Jun 29 12:10:26.016155 np0000003908 devstack@g-api.service[102800]: DEBUG glance.api.middleware.version_negotiation [None req-404ff102-135e-4f26-be78-1a1618214e00 tempest-TaggedBootDevicesTest-1506690106 tempest-TaggedBootDevicesTest-1506690106-project-member] Determining version of request: GET /v2/images/63252154-982f-413e-8f36-b27894f6cedf/locations Accept: */* {{(pid=102800) process_request /opt/stack/glance/glance/api/middleware/version_negotiation.py:44}}
Jun 29 12:10:26.017120 np0000003908 devstack@g-api.service[102800]: DEBUG glance.api.middleware.version_negotiation [None req-404ff102-135e-4f26-be78-1a1618214e00 tempest-TaggedBootDevicesTest-1506690106 tempest-TaggedBootDevicesTest-1506690106-project-member] Using url versioning {{(pid=102800) process_request /opt/stack/glance/glance/api/middleware/version_negotiation.py:57}}
Jun 29 12:10:26.017120 np0000003908 devstack@g-api.service[102800]: DEBUG glance.api.middleware.version_negotiation [None req-404ff102-135e-4f26-be78-1a1618214e00 tempest-TaggedBootDevicesTest-1506690106 tempest-TaggedBootDevicesTest-1506690106-project-member] Matched version: v2 {{(pid=102800) process_request /opt/stack/glance/glance/api/middleware/version_negotiation.py:69}}
Jun 29 12:10:26.017120 np0000003908 devstack@g-api.service[102800]: DEBUG glance.api.middleware.version_negotiation [None req-404ff102-135e-4f26-be78-1a1618214e00 tempest-TaggedBootDevicesTest-1506690106 tempest-TaggedBootDevicesTest-1506690106-project-member] new path /v2/images/63252154-982f-413e-8f36-b27894f6cedf/locations {{(pid=102800) process_request /opt/stack/glance/glance/api/middleware/version_negotiation.py:70}}
Jun 29 12:10:26.569603 np0000003908 devstack@g-api.service[102800]: [pid: 102800|app: 0|req: 10/36] 127.0.0.1 () {44 vars in 1135 bytes} [Mon Jun 29 12:10:26 2026] GET /v2/images/63252154-982f-413e-8f36-b27894f6cedf/locations => generated 92 bytes in 554 msecs (HTTP/1.1 200) 4 headers in 156 bytes (1 switches on core 0)
Jun 29 12:10:26.582190 np0000003908 devstack@g-api.service[102801]: DEBUG glance.api.middleware.version_negotiation [None req-404ff102-135e-4f26-be78-1a1618214e00 tempest-TaggedBootDevicesTest-1506690106 tempest-TaggedBootDevicesTest-1506690106-project-member] Determining version of request: GET /v2/images/63252154-982f-413e-8f36-b27894f6cedf Accept: */* {{(pid=102801) process_request /opt/stack/glance/glance/api/middleware/version_negotiation.py:44}}
Jun 29 12:10:26.582640 np0000003908 devstack@g-api.service[102801]: DEBUG glance.api.middleware.version_negotiation [None req-404ff102-135e-4f26-be78-1a1618214e00 tempest-TaggedBootDevicesTest-1506690106 tempest-TaggedBootDevicesTest-1506690106-project-member] Using url versioning {{(pid=102801) process_request /opt/stack/glance/glance/api/middleware/version_negotiation.py:57}}
Jun 29 12:10:26.582640 np0000003908 devstack@g-api.service[102801]: DEBUG glance.api.middleware.version_negotiation [None req-404ff102-135e-4f26-be78-1a1618214e00 tempest-TaggedBootDevicesTest-1506690106 tempest-TaggedBootDevicesTest-1506690106-project-member] Matched version: v2 {{(pid=102801) process_request /opt/stack/glance/glance/api/middleware/version_negotiation.py:69}}
Jun 29 12:10:26.582640 np0000003908 devstack@g-api.service[102801]: DEBUG glance.api.middleware.version_negotiation [None req-404ff102-135e-4f26-be78-1a1618214e00 tempest-TaggedBootDevicesTest-1506690106 tempest-TaggedBootDevicesTest-1506690106-project-member] new path /v2/images/63252154-982f-413e-8f36-b27894f6cedf {{(pid=102801) process_request /opt/stack/glance/glance/api/middleware/version_negotiation.py:70}}
Jun 29 12:10:26.599540 np0000003908 devstack@g-api.service[102801]: [pid: 102801|app: 0|req: 10/37] 127.0.0.1 () {44 vars in 1115 bytes} [Mon Jun 29 12:10:26 2026] GET /v2/images/63252154-982f-413e-8f36-b27894f6cedf => generated 1044 bytes in 17 msecs (HTTP/1.1 200) 4 headers in 158 bytes (1 switches on core 0)
Jun 29 12:10:26.610832 np0000003908 devstack@g-api.service[102802]: DEBUG glance.api.middleware.version_negotiation [None req-f006ad39-3785-4528-9be3-f27224728b69 tempest-AttachSCSIVolumeTestJSON-1612916593 tempest-AttachSCSIVolumeTestJSON-1612916593-project-admin] Determining version of request: GET /v2/schemas/image Accept: */* {{(pid=102802) process_request /opt/stack/glance/glance/api/middleware/version_negotiation.py:44}}
Jun 29 12:10:26.611789 np0000003908 devstack@g-api.service[102802]: DEBUG glance.api.middleware.version_negotiation [None req-f006ad39-3785-4528-9be3-f27224728b69 tempest-AttachSCSIVolumeTestJSON-1612916593 tempest-AttachSCSIVolumeTestJSON-1612916593-project-admin] Using url versioning {{(pid=102802) process_request /opt/stack/glance/glance/api/middleware/version_negotiation.py:57}}
Jun 29 12:10:26.611789 np0000003908 devstack@g-api.service[102802]: DEBUG glance.api.middleware.version_negotiation [None req-f006ad39-3785-4528-9be3-f27224728b69 tempest-AttachSCSIVolumeTestJSON-1612916593 tempest-AttachSCSIVolumeTestJSON-1612916593-project-admin] Matched version: v2 {{(pid=102802) process_request /opt/stack/glance/glance/api/middleware/version_negotiation.py:69}}
Jun 29 12:10:26.611789 np0000003908 devstack@g-api.service[102802]: DEBUG glance.api.middleware.version_negotiation [None req-f006ad39-3785-4528-9be3-f27224728b69 tempest-AttachSCSIVolumeTestJSON-1612916593 tempest-AttachSCSIVolumeTestJSON-1612916593-project-admin] new path /v2/schemas/image {{(pid=102802) process_request /opt/stack/glance/glance/api/middleware/version_negotiation.py:70}}
Jun 29 12:10:26.614001 np0000003908 devstack@g-api.service[102802]: [pid: 102802|app: 0|req: 7/38] 127.0.0.1 () {44 vars in 1055 bytes} [Mon Jun 29 12:10:26 2026] GET /v2/schemas/image => generated 6083 bytes in 3 msecs (HTTP/1.1 200) 4 headers in 158 bytes (1 switches on core 0)
Jun 29 12:10:26.626738 np0000003908 devstack@g-api.service[102799]: DEBUG glance.api.middleware.version_negotiation [None req-404ff102-135e-4f26-be78-1a1618214e00 tempest-TaggedBootDevicesTest-1506690106 tempest-TaggedBootDevicesTest-1506690106-project-member] Determining version of request: GET /v2/schemas/image Accept: */* {{(pid=102799) process_request /opt/stack/glance/glance/api/middleware/version_negotiation.py:44}}
Jun 29 12:10:26.626858 np0000003908 devstack@g-api.service[102799]: DEBUG glance.api.middleware.version_negotiation [None req-404ff102-135e-4f26-be78-1a1618214e00 tempest-TaggedBootDevicesTest-1506690106 tempest-TaggedBootDevicesTest-1506690106-project-member] Using url versioning {{(pid=102799) process_request /opt/stack/glance/glance/api/middleware/version_negotiation.py:57}}
Jun 29 12:10:26.627070 np0000003908 devstack@g-api.service[102799]: DEBUG glance.api.middleware.version_negotiation [None req-404ff102-135e-4f26-be78-1a1618214e00 tempest-TaggedBootDevicesTest-1506690106 tempest-TaggedBootDevicesTest-1506690106-project-member] Matched version: v2 {{(pid=102799) process_request /opt/stack/glance/glance/api/middleware/version_negotiation.py:69}}
Jun 29 12:10:26.627172 np0000003908 devstack@g-api.service[102799]: DEBUG glance.api.middleware.version_negotiation [None req-404ff102-135e-4f26-be78-1a1618214e00 tempest-TaggedBootDevicesTest-1506690106 tempest-TaggedBootDevicesTest-1506690106-project-member] new path /v2/schemas/image {{(pid=102799) process_request /opt/stack/glance/glance/api/middleware/version_negotiation.py:70}}
Jun 29 12:10:26.633935 np0000003908 devstack@g-api.service[102799]: [pid: 102799|app: 0|req: 12/39] 127.0.0.1 () {44 vars in 1055 bytes} [Mon Jun 29 12:10:26 2026] GET /v2/schemas/image => generated 6083 bytes in 7 msecs (HTTP/1.1 200) 4 headers in 158 bytes (1 switches on core 0)
Jun 29 12:10:26.672791 np0000003908 devstack@g-api.service[102800]: DEBUG glance.api.middleware.version_negotiation [None req-404ff102-135e-4f26-be78-1a1618214e00 service glance] Determining version of request: GET /v2/images/63252154-982f-413e-8f36-b27894f6cedf Accept: */* {{(pid=102800) process_request /opt/stack/glance/glance/api/middleware/version_negotiation.py:44}}
Jun 29 12:10:26.673093 np0000003908 devstack@g-api.service[102800]: DEBUG glance.api.middleware.version_negotiation [None req-404ff102-135e-4f26-be78-1a1618214e00 service glance] Using url versioning {{(pid=102800) process_request /opt/stack/glance/glance/api/middleware/version_negotiation.py:57}}
Jun 29 12:10:26.673310 np0000003908 devstack@g-api.service[102800]: DEBUG glance.api.middleware.version_negotiation [None req-404ff102-135e-4f26-be78-1a1618214e00 service glance] Matched version: v2 {{(pid=102800) process_request /opt/stack/glance/glance/api/middleware/version_negotiation.py:69}}
Jun 29 12:10:26.673495 np0000003908 devstack@g-api.service[102800]: DEBUG glance.api.middleware.version_negotiation [None req-404ff102-135e-4f26-be78-1a1618214e00 service glance] new path /v2/images/63252154-982f-413e-8f36-b27894f6cedf {{(pid=102800) process_request /opt/stack/glance/glance/api/middleware/version_negotiation.py:70}}
Jun 29 12:10:26.684880 np0000003908 devstack@g-api.service[102800]: [pid: 102800|app: 0|req: 11/40] 127.0.0.1 () {44 vars in 1115 bytes} [Mon Jun 29 12:10:26 2026] GET /v2/images/63252154-982f-413e-8f36-b27894f6cedf => generated 1044 bytes in 12 msecs (HTTP/1.1 200) 4 headers in 158 bytes (1 switches on core 0)
Jun 29 12:10:26.692683 np0000003908 devstack@g-api.service[102801]: DEBUG glance.api.middleware.version_negotiation [None req-404ff102-135e-4f26-be78-1a1618214e00 tempest-TaggedBootDevicesTest-1506690106 tempest-TaggedBootDevicesTest-1506690106-project-member] Determining version of request: GET /v2/images/63252154-982f-413e-8f36-b27894f6cedf/file Accept: */* {{(pid=102801) process_request /opt/stack/glance/glance/api/middleware/version_negotiation.py:44}}
Jun 29 12:10:26.692815 np0000003908 devstack@g-api.service[102801]: DEBUG glance.api.middleware.version_negotiation [None req-404ff102-135e-4f26-be78-1a1618214e00 tempest-TaggedBootDevicesTest-1506690106 tempest-TaggedBootDevicesTest-1506690106-project-member] Using url versioning {{(pid=102801) process_request /opt/stack/glance/glance/api/middleware/version_negotiation.py:57}}
Jun 29 12:10:26.693660 np0000003908 devstack@g-api.service[102801]: DEBUG glance.api.middleware.version_negotiation [None req-404ff102-135e-4f26-be78-1a1618214e00 tempest-TaggedBootDevicesTest-1506690106 tempest-TaggedBootDevicesTest-1506690106-project-member] Matched version: v2 {{(pid=102801) process_request /opt/stack/glance/glance/api/middleware/version_negotiation.py:69}}
Jun 29 12:10:26.693660 np0000003908 devstack@g-api.service[102801]: DEBUG glance.api.middleware.version_negotiation [None req-404ff102-135e-4f26-be78-1a1618214e00 tempest-TaggedBootDevicesTest-1506690106 tempest-TaggedBootDevicesTest-1506690106-project-member] new path /v2/images/63252154-982f-413e-8f36-b27894f6cedf/file {{(pid=102801) process_request /opt/stack/glance/glance/api/middleware/version_negotiation.py:70}}
Jun 29 12:10:26.704114 np0000003908 devstack@g-api.service[102801]: DEBUG glance.api.middleware.cache [None req-404ff102-135e-4f26-be78-1a1618214e00 tempest-TaggedBootDevicesTest-1506690106 tempest-TaggedBootDevicesTest-1506690106-project-member] Cache hit for image '63252154-982f-413e-8f36-b27894f6cedf' {{(pid=102801) process_request /opt/stack/glance/glance/api/middleware/cache.py:160}}
Jun 29 12:10:26.784791 np0000003908 devstack@g-api.service[102801]: [pid: 102801|app: 0|req: 11/41] 127.0.0.1 () {44 vars in 1125 bytes} [Mon Jun 29 12:10:26 2026] GET /v2/images/63252154-982f-413e-8f36-b27894f6cedf/file => generated 21692416 bytes in 92 msecs (HTTP/1.1 200) 5 headers in 217 bytes (344 switches on core 0)
Jun 29 12:10:26.883013 np0000003908 devstack@g-api.service[102802]: DEBUG glance.api.middleware.version_negotiation [None req-404ff102-135e-4f26-be78-1a1618214e00 tempest-TaggedBootDevicesTest-1506690106 tempest-TaggedBootDevicesTest-1506690106-project-member] Determining version of request: GET /v2/images/63252154-982f-413e-8f36-b27894f6cedf Accept: */* {{(pid=102802) process_request /opt/stack/glance/glance/api/middleware/version_negotiation.py:44}}
Jun 29 12:10:26.883427 np0000003908 devstack@g-api.service[102802]: DEBUG glance.api.middleware.version_negotiation [None req-404ff102-135e-4f26-be78-1a1618214e00 tempest-TaggedBootDevicesTest-1506690106 tempest-TaggedBootDevicesTest-1506690106-project-member] Using url versioning {{(pid=102802) process_request /opt/stack/glance/glance/api/middleware/version_negotiation.py:57}}
Jun 29 12:10:26.883427 np0000003908 devstack@g-api.service[102802]: DEBUG glance.api.middleware.version_negotiation [None req-404ff102-135e-4f26-be78-1a1618214e00 tempest-TaggedBootDevicesTest-1506690106 tempest-TaggedBootDevicesTest-1506690106-project-member] Matched version: v2 {{(pid=102802) process_request /opt/stack/glance/glance/api/middleware/version_negotiation.py:69}}
Jun 29 12:10:26.883590 np0000003908 devstack@g-api.service[102802]: DEBUG glance.api.middleware.version_negotiation [None req-404ff102-135e-4f26-be78-1a1618214e00 tempest-TaggedBootDevicesTest-1506690106 tempest-TaggedBootDevicesTest-1506690106-project-member] new path /v2/images/63252154-982f-413e-8f36-b27894f6cedf {{(pid=102802) process_request /opt/stack/glance/glance/api/middleware/version_negotiation.py:70}}
Jun 29 12:10:26.902564 np0000003908 devstack@g-api.service[102802]: [pid: 102802|app: 0|req: 8/42] 127.0.0.1 () {44 vars in 1115 bytes} [Mon Jun 29 12:10:26 2026] GET /v2/images/63252154-982f-413e-8f36-b27894f6cedf => generated 1044 bytes in 20 msecs (HTTP/1.1 200) 4 headers in 158 bytes (1 switches on core 0)
Jun 29 12:10:26.916223 np0000003908 devstack@g-api.service[102799]: DEBUG glance.api.middleware.version_negotiation [None req-404ff102-135e-4f26-be78-1a1618214e00 tempest-TaggedBootDevicesTest-1506690106 tempest-TaggedBootDevicesTest-1506690106-project-member] Determining version of request: GET /v2/schemas/image Accept: */* {{(pid=102799) process_request /opt/stack/glance/glance/api/middleware/version_negotiation.py:44}}
Jun 29 12:10:26.916433 np0000003908 devstack@g-api.service[102799]: DEBUG glance.api.middleware.version_negotiation [None req-404ff102-135e-4f26-be78-1a1618214e00 tempest-TaggedBootDevicesTest-1506690106 tempest-TaggedBootDevicesTest-1506690106-project-member] Using url versioning {{(pid=102799) process_request /opt/stack/glance/glance/api/middleware/version_negotiation.py:57}}
Jun 29 12:10:26.916613 np0000003908 devstack@g-api.service[102799]: DEBUG glance.api.middleware.version_negotiation [None req-404ff102-135e-4f26-be78-1a1618214e00 tempest-TaggedBootDevicesTest-1506690106 tempest-TaggedBootDevicesTest-1506690106-project-member] Matched version: v2 {{(pid=102799) process_request /opt/stack/glance/glance/api/middleware/version_negotiation.py:69}}
Jun 29 12:10:26.916808 np0000003908 devstack@g-api.service[102799]: DEBUG glance.api.middleware.version_negotiation [None req-404ff102-135e-4f26-be78-1a1618214e00 tempest-TaggedBootDevicesTest-1506690106 tempest-TaggedBootDevicesTest-1506690106-project-member] new path /v2/schemas/image {{(pid=102799) process_request /opt/stack/glance/glance/api/middleware/version_negotiation.py:70}}
Jun 29 12:10:26.919277 np0000003908 devstack@g-api.service[102799]: [pid: 102799|app: 0|req: 13/43] 127.0.0.1 () {44 vars in 1055 bytes} [Mon Jun 29 12:10:26 2026] GET /v2/schemas/image => generated 6083 bytes in 3 msecs (HTTP/1.1 200) 4 headers in 158 bytes (1 switches on core 0)
Jun 29 12:10:28.191527 np0000003908 devstack@g-api.service[102800]: DEBUG glance.api.middleware.version_negotiation [None req-404ff102-135e-4f26-be78-1a1618214e00 tempest-TaggedBootDevicesTest-1506690106 tempest-TaggedBootDevicesTest-1506690106-project-member] Determining version of request: GET /v2/images/63252154-982f-413e-8f36-b27894f6cedf Accept: */* {{(pid=102800) process_request /opt/stack/glance/glance/api/middleware/version_negotiation.py:44}}
Jun 29 12:10:28.192040 np0000003908 devstack@g-api.service[102800]: DEBUG glance.api.middleware.version_negotiation [None req-404ff102-135e-4f26-be78-1a1618214e00 tempest-TaggedBootDevicesTest-1506690106 tempest-TaggedBootDevicesTest-1506690106-project-member] Using url versioning {{(pid=102800) process_request /opt/stack/glance/glance/api/middleware/version_negotiation.py:57}}
Jun 29 12:10:28.192040 np0000003908 devstack@g-api.service[102800]: DEBUG glance.api.middleware.version_negotiation [None req-404ff102-135e-4f26-be78-1a1618214e00 tempest-TaggedBootDevicesTest-1506690106 tempest-TaggedBootDevicesTest-1506690106-project-member] Matched version: v2 {{(pid=102800) process_request /opt/stack/glance/glance/api/middleware/version_negotiation.py:69}}
Jun 29 12:10:28.192040 np0000003908 devstack@g-api.service[102800]: DEBUG glance.api.middleware.version_negotiation [None req-404ff102-135e-4f26-be78-1a1618214e00 tempest-TaggedBootDevicesTest-1506690106 tempest-TaggedBootDevicesTest-1506690106-project-member] new path /v2/images/63252154-982f-413e-8f36-b27894f6cedf {{(pid=102800) process_request /opt/stack/glance/glance/api/middleware/version_negotiation.py:70}}
Jun 29 12:10:28.227822 np0000003908 devstack@g-api.service[102800]: [pid: 102800|app: 0|req: 12/44] 127.0.0.1 () {44 vars in 1115 bytes} [Mon Jun 29 12:10:28 2026] GET /v2/images/63252154-982f-413e-8f36-b27894f6cedf => generated 1044 bytes in 25 msecs (HTTP/1.1 200) 4 headers in 158 bytes (1 switches on core 0)
Jun 29 12:10:28.260330 np0000003908 devstack@g-api.service[102801]: DEBUG glance.api.middleware.version_negotiation [None req-404ff102-135e-4f26-be78-1a1618214e00 tempest-TaggedBootDevicesTest-1506690106 tempest-TaggedBootDevicesTest-1506690106-project-member] Determining version of request: GET /v2/images/63252154-982f-413e-8f36-b27894f6cedf/file Accept: */* {{(pid=102801) process_request /opt/stack/glance/glance/api/middleware/version_negotiation.py:44}}
Jun 29 12:10:28.260755 np0000003908 devstack@g-api.service[102801]: DEBUG glance.api.middleware.version_negotiation [None req-404ff102-135e-4f26-be78-1a1618214e00 tempest-TaggedBootDevicesTest-1506690106 tempest-TaggedBootDevicesTest-1506690106-project-member] Using url versioning {{(pid=102801) process_request /opt/stack/glance/glance/api/middleware/version_negotiation.py:57}}
Jun 29 12:10:28.260755 np0000003908 devstack@g-api.service[102801]: DEBUG glance.api.middleware.version_negotiation [None req-404ff102-135e-4f26-be78-1a1618214e00 tempest-TaggedBootDevicesTest-1506690106 tempest-TaggedBootDevicesTest-1506690106-project-member] Matched version: v2 {{(pid=102801) process_request /opt/stack/glance/glance/api/middleware/version_negotiation.py:69}}
Jun 29 12:10:28.261021 np0000003908 devstack@g-api.service[102801]: DEBUG glance.api.middleware.version_negotiation [None req-404ff102-135e-4f26-be78-1a1618214e00 tempest-TaggedBootDevicesTest-1506690106 tempest-TaggedBootDevicesTest-1506690106-project-member] new path /v2/images/63252154-982f-413e-8f36-b27894f6cedf/file {{(pid=102801) process_request /opt/stack/glance/glance/api/middleware/version_negotiation.py:70}}
Jun 29 12:10:28.280621 np0000003908 devstack@g-api.service[102801]: DEBUG glance.api.middleware.cache [None req-e18320df-11c8-4a32-bb34-dc09ed5c5947 tempest-DeleteServersTestJSON-1545625016 tempest-DeleteServersTestJSON-1545625016-project-member] Cache hit for image '63252154-982f-413e-8f36-b27894f6cedf' {{(pid=102801) process_request /opt/stack/glance/glance/api/middleware/cache.py:160}}
Jun 29 12:10:28.358967 np0000003908 devstack@g-api.service[102801]: [pid: 102801|app: 0|req: 12/45] 127.0.0.1 () {44 vars in 1125 bytes} [Mon Jun 29 12:10:28 2026] GET /v2/images/63252154-982f-413e-8f36-b27894f6cedf/file => generated 21692416 bytes in 99 msecs (HTTP/1.1 200) 5 headers in 217 bytes (345 switches on core 0)
Jun 29 12:10:28.405135 np0000003908 devstack@g-api.service[102802]: DEBUG glance.api.middleware.version_negotiation [None req-404ff102-135e-4f26-be78-1a1618214e00 tempest-TaggedBootDevicesTest-1506690106 tempest-TaggedBootDevicesTest-1506690106-project-member] Determining version of request: GET /v2/images/63252154-982f-413e-8f36-b27894f6cedf Accept: */* {{(pid=102802) process_request /opt/stack/glance/glance/api/middleware/version_negotiation.py:44}}
Jun 29 12:10:28.405561 np0000003908 devstack@g-api.service[102802]: DEBUG glance.api.middleware.version_negotiation [None req-404ff102-135e-4f26-be78-1a1618214e00 tempest-TaggedBootDevicesTest-1506690106 tempest-TaggedBootDevicesTest-1506690106-project-member] Using url versioning {{(pid=102802) process_request /opt/stack/glance/glance/api/middleware/version_negotiation.py:57}}
Jun 29 12:10:28.405561 np0000003908 devstack@g-api.service[102802]: DEBUG glance.api.middleware.version_negotiation [None req-404ff102-135e-4f26-be78-1a1618214e00 tempest-TaggedBootDevicesTest-1506690106 tempest-TaggedBootDevicesTest-1506690106-project-member] Matched version: v2 {{(pid=102802) process_request /opt/stack/glance/glance/api/middleware/version_negotiation.py:69}}
Jun 29 12:10:28.405908 np0000003908 devstack@g-api.service[102802]: DEBUG glance.api.middleware.version_negotiation [None req-404ff102-135e-4f26-be78-1a1618214e00 tempest-TaggedBootDevicesTest-1506690106 tempest-TaggedBootDevicesTest-1506690106-project-member] new path /v2/images/63252154-982f-413e-8f36-b27894f6cedf {{(pid=102802) process_request /opt/stack/glance/glance/api/middleware/version_negotiation.py:70}}
Jun 29 12:10:28.429265 np0000003908 devstack@g-api.service[102802]: [pid: 102802|app: 0|req: 9/46] 127.0.0.1 () {44 vars in 1115 bytes} [Mon Jun 29 12:10:28 2026] GET /v2/images/63252154-982f-413e-8f36-b27894f6cedf => generated 1044 bytes in 24 msecs (HTTP/1.1 200) 4 headers in 158 bytes (1 switches on core 0)
Jun 29 12:10:28.447758 np0000003908 devstack@g-api.service[102799]: DEBUG glance.api.middleware.version_negotiation [None req-404ff102-135e-4f26-be78-1a1618214e00 tempest-TaggedBootDevicesTest-1506690106 tempest-TaggedBootDevicesTest-1506690106-project-member] Determining version of request: GET /v2/schemas/image Accept: */* {{(pid=102799) process_request /opt/stack/glance/glance/api/middleware/version_negotiation.py:44}}
