Aug 05 18:21:22.632958 np0000006578 devstack@c-api.service[97224]: INFO cinder.api.openstack.wsgi [None req-609916d9-08e2-4742-b8fd-c4c4a9d108a6 tempest-TaggedBootDevicesTest_v242-1515688476 tempest-TaggedBootDevicesTest_v242-1515688476-project-member] DELETE https://10.4.3.39/volume/v3/volumes/2f141738-535e-4a1a-a2ae-c1125c6799a3
Aug 05 18:21:22.636806 np0000006578 devstack@c-api.service[97224]: DEBUG cinder.api.openstack.wsgi [None req-609916d9-08e2-4742-b8fd-c4c4a9d108a6 tempest-TaggedBootDevicesTest_v242-1515688476 tempest-TaggedBootDevicesTest_v242-1515688476-project-member] Empty body provided in request {{(pid=97224) get_body /opt/stack/cinder/cinder/api/openstack/wsgi.py:725}}
Aug 05 18:21:22.636806 np0000006578 devstack@c-api.service[97224]: DEBUG cinder.api.openstack.wsgi [None req-609916d9-08e2-4742-b8fd-c4c4a9d108a6 tempest-TaggedBootDevicesTest_v242-1515688476 tempest-TaggedBootDevicesTest_v242-1515688476-project-member] Calling method 'delete' {{(pid=97224) _process_stack /opt/stack/cinder/cinder/api/openstack/wsgi.py:878}}
Aug 05 18:21:22.636806 np0000006578 devstack@c-api.service[97224]: INFO cinder.api.v3.volumes [None req-609916d9-08e2-4742-b8fd-c4c4a9d108a6 tempest-TaggedBootDevicesTest_v242-1515688476 tempest-TaggedBootDevicesTest_v242-1515688476-project-member] Delete volume with id: 2f141738-535e-4a1a-a2ae-c1125c6799a3
Aug 05 18:21:22.647919 np0000006578 devstack@c-api.service[97224]: /opt/stack/data/venv/lib/python3.12/site-packages/oslo_context/context.py:102: DeprecationWarning: Policy enforcement is depending on the value of is_admin. This key is deprecated. Please update your policy file to use the standard policy values.
Aug 05 18:21:22.647919 np0000006578 devstack@c-api.service[97224]: warnings.warn(
Aug 05 18:21:22.649203 np0000006578 devstack@c-api.service[97224]: INFO cinder.volume.api [None req-609916d9-08e2-4742-b8fd-c4c4a9d108a6 tempest-TaggedBootDevicesTest_v242-1515688476 tempest-TaggedBootDevicesTest_v242-1515688476-project-member] Volume info retrieved successfully.
Aug 05 18:21:22.696666 np0000006578 devstack@c-api.service[97224]: INFO cinder.volume.api [None req-609916d9-08e2-4742-b8fd-c4c4a9d108a6 tempest-TaggedBootDevicesTest_v242-1515688476 tempest-TaggedBootDevicesTest_v242-1515688476-project-member] Delete volume request issued successfully.
Aug 05 18:21:22.696666 np0000006578 devstack@c-api.service[97224]: INFO cinder.api.openstack.wsgi [None req-609916d9-08e2-4742-b8fd-c4c4a9d108a6 tempest-TaggedBootDevicesTest_v242-1515688476 tempest-TaggedBootDevicesTest_v242-1515688476-project-member] https://10.4.3.39/volume/v3/volumes/2f141738-535e-4a1a-a2ae-c1125c6799a3 returned with HTTP 202
Aug 05 18:21:22.696666 np0000006578 devstack@c-api.service[97224]: [pid: 97224|app: 0|req: 165/488] 10.4.3.39 () {66 vars in 1344 bytes} [Wed Aug 5 18:21:22 2026] DELETE /volume/v3/volumes/2f141738-535e-4a1a-a2ae-c1125c6799a3 => generated 0 bytes in 67 msecs (HTTP/1.1 202) 6 headers in 233 bytes (1 switches on core 0)
Aug 05 18:21:22.708165 np0000006578 devstack@c-api.service[97223]: DEBUG cinder.api.middleware.request_id [None req-a8eb4829-1c8d-47b5-b414-22d4c2f655d0 None None] RequestId filter calling following filter/app {{(pid=97223) _context_setter /opt/stack/cinder/cinder/api/middleware/request_id.py:62}}
Aug 05 18:21:22.714557 np0000006578 devstack@c-api.service[97223]: INFO cinder.api.openstack.wsgi [None req-a8eb4829-1c8d-47b5-b414-22d4c2f655d0 tempest-TaggedBootDevicesTest_v242-1515688476 tempest-TaggedBootDevicesTest_v242-1515688476-project-member] GET https://10.4.3.39/volume/v3/volumes/2f141738-535e-4a1a-a2ae-c1125c6799a3
Aug 05 18:21:22.715030 np0000006578 devstack@c-api.service[97223]: DEBUG cinder.api.openstack.wsgi [None req-a8eb4829-1c8d-47b5-b414-22d4c2f655d0 tempest-TaggedBootDevicesTest_v242-1515688476 tempest-TaggedBootDevicesTest_v242-1515688476-project-member] Empty body provided in request {{(pid=97223) get_body /opt/stack/cinder/cinder/api/openstack/wsgi.py:725}}
Aug 05 18:21:22.715328 np0000006578 devstack@c-api.service[97223]: DEBUG cinder.api.openstack.wsgi [None req-a8eb4829-1c8d-47b5-b414-22d4c2f655d0 tempest-TaggedBootDevicesTest_v242-1515688476 tempest-TaggedBootDevicesTest_v242-1515688476-project-member] Calling method 'show' {{(pid=97223) _process_stack /opt/stack/cinder/cinder/api/openstack/wsgi.py:878}}
Aug 05 18:21:22.730832 np0000006578 devstack@c-api.service[97223]: /opt/stack/data/venv/lib/python3.12/site-packages/oslo_context/context.py:102: DeprecationWarning: Policy enforcement is depending on the value of is_admin. This key is deprecated. Please update your policy file to use the standard policy values.
Aug 05 18:21:22.730832 np0000006578 devstack@c-api.service[97223]: warnings.warn(
Aug 05 18:21:22.737809 np0000006578 devstack@c-api.service[97223]: INFO cinder.volume.api [None req-a8eb4829-1c8d-47b5-b414-22d4c2f655d0 tempest-TaggedBootDevicesTest_v242-1515688476 tempest-TaggedBootDevicesTest_v242-1515688476-project-member] Volume info retrieved successfully.
Aug 05 18:21:22.745709 np0000006578 devstack@c-api.service[97223]: INFO cinder.api.openstack.wsgi [None req-a8eb4829-1c8d-47b5-b414-22d4c2f655d0 tempest-TaggedBootDevicesTest_v242-1515688476 tempest-TaggedBootDevicesTest_v242-1515688476-project-member] https://10.4.3.39/volume/v3/volumes/2f141738-535e-4a1a-a2ae-c1125c6799a3 returned with HTTP 200
Aug 05 18:21:22.746453 np0000006578 devstack@c-api.service[97223]: [pid: 97223|app: 0|req: 167/489] 10.4.3.39 () {66 vars in 1341 bytes} [Wed Aug 5 18:21:22 2026] GET /volume/v3/volumes/2f141738-535e-4a1a-a2ae-c1125c6799a3 => generated 1392 bytes in 39 msecs (HTTP/1.1 200) 7 headers in 286 bytes (1 switches on core 0)
Aug 05 18:21:23.768957 np0000006578 devstack@c-api.service[97225]: DEBUG cinder.api.middleware.request_id [None req-a26230ba-cf0f-4903-972a-811c04ced1d2 None None] RequestId filter calling following filter/app {{(pid=97225) _context_setter /opt/stack/cinder/cinder/api/middleware/request_id.py:62}}
Aug 05 18:21:23.775686 np0000006578 devstack@c-api.service[97225]: INFO cinder.api.openstack.wsgi [None req-a26230ba-cf0f-4903-972a-811c04ced1d2 tempest-TaggedBootDevicesTest_v242-1515688476 tempest-TaggedBootDevicesTest_v242-1515688476-project-member] GET https://10.4.3.39/volume/v3/volumes/2f141738-535e-4a1a-a2ae-c1125c6799a3
Aug 05 18:21:23.775686 np0000006578 devstack@c-api.service[97225]: DEBUG cinder.api.openstack.wsgi [None req-a26230ba-cf0f-4903-972a-811c04ced1d2 tempest-TaggedBootDevicesTest_v242-1515688476 tempest-TaggedBootDevicesTest_v242-1515688476-project-member] Empty body provided in request {{(pid=97225) get_body /opt/stack/cinder/cinder/api/openstack/wsgi.py:725}}
Aug 05 18:21:23.775686 np0000006578 devstack@c-api.service[97225]: DEBUG cinder.api.openstack.wsgi [None req-a26230ba-cf0f-4903-972a-811c04ced1d2 tempest-TaggedBootDevicesTest_v242-1515688476 tempest-TaggedBootDevicesTest_v242-1515688476-project-member] Calling method 'show' {{(pid=97225) _process_stack /opt/stack/cinder/cinder/api/openstack/wsgi.py:878}}
Aug 05 18:21:23.782425 np0000006578 devstack@c-api.service[97225]: INFO cinder.api.openstack.wsgi [None req-a26230ba-cf0f-4903-972a-811c04ced1d2 tempest-TaggedBootDevicesTest_v242-1515688476 tempest-TaggedBootDevicesTest_v242-1515688476-project-member] https://10.4.3.39/volume/v3/volumes/2f141738-535e-4a1a-a2ae-c1125c6799a3 returned with HTTP 404
Aug 05 18:21:23.783312 np0000006578 devstack@c-api.service[97225]: [pid: 97225|app: 0|req: 158/490] 10.4.3.39 () {66 vars in 1341 bytes} [Wed Aug 5 18:21:23 2026] GET /volume/v3/volumes/2f141738-535e-4a1a-a2ae-c1125c6799a3 => generated 109 bytes in 15 msecs (HTTP/1.1 404) 7 headers in 292 bytes (1 switches on core 0)
Aug 05 18:21:23.846929 np0000006578 devstack@c-api.service[97224]: DEBUG cinder.api.middleware.request_id [None req-bb3befad-295f-4478-be68-8f66ef31c9db None None] RequestId filter calling following filter/app {{(pid=97224) _context_setter /opt/stack/cinder/cinder/api/middleware/request_id.py:62}}
Aug 05 18:21:23.991885 np0000006578 devstack@c-api.service[97224]: INFO cinder.api.openstack.wsgi [None req-bb3befad-295f-4478-be68-8f66ef31c9db tempest-ExtensionsTestJSON-606685339 tempest-ExtensionsTestJSON-606685339-project-member] GET https://10.4.3.39/volume/v3/extensions
Aug 05 18:21:23.992227 np0000006578 devstack@c-api.service[97224]: DEBUG cinder.api.openstack.wsgi [None req-bb3befad-295f-4478-be68-8f66ef31c9db tempest-ExtensionsTestJSON-606685339 tempest-ExtensionsTestJSON-606685339-project-member] Empty body provided in request {{(pid=97224) get_body /opt/stack/cinder/cinder/api/openstack/wsgi.py:725}}
Aug 05 18:21:23.992466 np0000006578 devstack@c-api.service[97224]: DEBUG cinder.api.openstack.wsgi [None req-bb3befad-295f-4478-be68-8f66ef31c9db tempest-ExtensionsTestJSON-606685339 tempest-ExtensionsTestJSON-606685339-project-member] Calling method 'index' {{(pid=97224) _process_stack /opt/stack/cinder/cinder/api/openstack/wsgi.py:878}}
Aug 05 18:21:23.992933 np0000006578 devstack@c-api.service[97224]: INFO cinder.api.openstack.wsgi [None req-bb3befad-295f-4478-be68-8f66ef31c9db tempest-ExtensionsTestJSON-606685339 tempest-ExtensionsTestJSON-606685339-project-member] https://10.4.3.39/volume/v3/extensions returned with HTTP 200
Aug 05 18:21:23.993448 np0000006578 devstack@c-api.service[97224]: [pid: 97224|app: 0|req: 166/491] 10.4.3.39 () {66 vars in 1239 bytes} [Wed Aug 5 18:21:23 2026] GET /volume/v3/extensions => generated 5245 bytes in 147 msecs (HTTP/1.1 200) 7 headers in 286 bytes (1 switches on core 0)
Aug 05 18:21:26.190725 np0000006578 devstack@c-api.service[97223]: DEBUG cinder.api.middleware.request_id [None req-67dc44de-76c1-4d40-9f85-9594eb94e167 None None] RequestId filter calling following filter/app {{(pid=97223) _context_setter /opt/stack/cinder/cinder/api/middleware/request_id.py:62}}
Aug 05 18:21:26.195943 np0000006578 devstack@c-api.service[97223]: INFO cinder.api.openstack.wsgi [None req-67dc44de-76c1-4d40-9f85-9594eb94e167 tempest-VolumesImageMetadata-782432933 tempest-VolumesImageMetadata-782432933-project-member] POST https://10.4.3.39/volume/v3/volumes
Aug 05 18:21:26.199246 np0000006578 devstack@c-api.service[97223]: DEBUG cinder.api.openstack.wsgi [None req-67dc44de-76c1-4d40-9f85-9594eb94e167 tempest-VolumesImageMetadata-782432933 tempest-VolumesImageMetadata-782432933-project-member] Action: 'create', calling method: create, body: {"volume": {"imageRef": "de6af001-bb6f-4710-bb3e-2d18280adda7", "size": 1, "name": "tempest-VolumesImageMetadata-Volume-482631743"}} {{(pid=97223) _process_stack /opt/stack/cinder/cinder/api/openstack/wsgi.py:876}}
Aug 05 18:21:26.199246 np0000006578 devstack@c-api.service[97223]: DEBUG cinder.api.v3.volumes [None req-67dc44de-76c1-4d40-9f85-9594eb94e167 tempest-VolumesImageMetadata-782432933 tempest-VolumesImageMetadata-782432933-project-member] Create volume request body: {'volume': {'imageRef': 'de6af001-bb6f-4710-bb3e-2d18280adda7', 'size': 1, 'name': 'tempest-VolumesImageMetadata-Volume-482631743'}} {{(pid=97223) create /opt/stack/cinder/cinder/api/v3/volumes.py:368}}
Aug 05 18:21:26.540469 np0000006578 devstack@c-api.service[97223]: INFO cinder.api.v3.volumes [None req-67dc44de-76c1-4d40-9f85-9594eb94e167 tempest-VolumesImageMetadata-782432933 tempest-VolumesImageMetadata-782432933-project-member] Create volume of 1 GB
Aug 05 18:21:26.547785 np0000006578 devstack@c-api.service[97223]: INFO cinder.volume.api [None req-67dc44de-76c1-4d40-9f85-9594eb94e167 tempest-VolumesImageMetadata-782432933 tempest-VolumesImageMetadata-782432933-project-member] Availability Zones retrieved successfully.
Aug 05 18:21:26.554931 np0000006578 devstack@c-api.service[97223]: DEBUG cinder.volume.api [None req-67dc44de-76c1-4d40-9f85-9594eb94e167 tempest-VolumesImageMetadata-782432933 tempest-VolumesImageMetadata-782432933-project-member] Flow 'volume_create_api' (34d3b650-aa6a-4054-83b9-6a19b573f69f) transitioned into state 'RUNNING' from state 'PENDING' {{(pid=97223) _flow_receiver /opt/stack/data/venv/lib/python3.12/site-packages/taskflow/listeners/logging.py:160}}
Aug 05 18:21:26.557931 np0000006578 devstack@c-api.service[97223]: DEBUG cinder.volume.api [None req-67dc44de-76c1-4d40-9f85-9594eb94e167 tempest-VolumesImageMetadata-782432933 tempest-VolumesImageMetadata-782432933-project-member] Task 'cinder.volume.flows.api.create_volume.ExtractVolumeRequestTask;volume:create' (e2fa0e37-3fbb-43dd-96c2-ca540281f709) transitioned into state 'RUNNING' from state 'PENDING' {{(pid=97223) _task_receiver /opt/stack/data/venv/lib/python3.12/site-packages/taskflow/listeners/logging.py:242}}
Aug 05 18:21:26.558217 np0000006578 devstack@c-api.service[97223]: DEBUG cinder.volume.flows.api.create_volume [None req-67dc44de-76c1-4d40-9f85-9594eb94e167 tempest-VolumesImageMetadata-782432933 tempest-VolumesImageMetadata-782432933-project-member] Validating volume size '1' using validate_int {{(pid=97223) _extract_size /opt/stack/cinder/cinder/volume/flows/api/create_volume.py:226}}
Aug 05 18:21:26.694788 np0000006578 devstack@c-api.service[97223]: DEBUG cinder.volume.api [None req-67dc44de-76c1-4d40-9f85-9594eb94e167 tempest-VolumesImageMetadata-782432933 tempest-VolumesImageMetadata-782432933-project-member] Task 'cinder.volume.flows.api.create_volume.ExtractVolumeRequestTask;volume:create' (e2fa0e37-3fbb-43dd-96c2-ca540281f709) transitioned into state 'SUCCESS' from state 'RUNNING' with result '{'size': 1, 'snapshot_id': None, 'source_volid': None, 'volume_type': VolumeType(created_at=2026-08-05T18:16:28Z,deleted=False,deleted_at=None,description=None,extra_specs={volume_backend_name='storpool'},id=80393ced-1084-4726-acb8-4820d45ee570,is_public=True,name='storpool',projects=[],qos_specs=,qos_specs_id=None,updated_at=None), 'volume_type_id': '80393ced-1084-4726-acb8-4820d45ee570', 'encryption_key_id': None, 'qos_specs': None, 'consistencygroup_id': None, 'cgsnapshot_id': None, 'group_id': None, 'replication_status': 'disabled', 'refresh_az': False, 'backup_id': None, 'multiattach': False, 'availability_zones': ['nova']}' {{(pid=97223) _task_receiver /opt/stack/data/venv/lib/python3.12/site-packages/taskflow/listeners/logging.py:218}}
Aug 05 18:21:26.696069 np0000006578 devstack@c-api.service[97223]: DEBUG cinder.volume.api [None req-67dc44de-76c1-4d40-9f85-9594eb94e167 tempest-VolumesImageMetadata-782432933 tempest-VolumesImageMetadata-782432933-project-member] Task 'cinder.volume.flows.api.create_volume.QuotaReserveTask;volume:create' (1533b446-c649-4c6c-a2a7-167f05ed1642) transitioned into state 'RUNNING' from state 'PENDING' {{(pid=97223) _task_receiver /opt/stack/data/venv/lib/python3.12/site-packages/taskflow/listeners/logging.py:242}}
Aug 05 18:21:26.827125 np0000006578 devstack@c-api.service[97223]: DEBUG cinder.quota [None req-67dc44de-76c1-4d40-9f85-9594eb94e167 tempest-VolumesImageMetadata-782432933 tempest-VolumesImageMetadata-782432933-project-member] Created reservations ['d39447ce-56a1-41e8-877a-a841e4267983', '41487974-50e9-4baa-94e5-dd748b678b8c', '67cc1573-eef7-4f29-ad8a-6d8adbed2756', 'af79151c-5d09-401d-84be-7dca388e50a0'] {{(pid=97223) reserve /opt/stack/cinder/cinder/quota.py:752}}
Aug 05 18:21:26.828150 np0000006578 devstack@c-api.service[97223]: DEBUG cinder.volume.api [None req-67dc44de-76c1-4d40-9f85-9594eb94e167 tempest-VolumesImageMetadata-782432933 tempest-VolumesImageMetadata-782432933-project-member] Task 'cinder.volume.flows.api.create_volume.QuotaReserveTask;volume:create' (1533b446-c649-4c6c-a2a7-167f05ed1642) transitioned into state 'SUCCESS' from state 'RUNNING' with result '{'reservations': ['d39447ce-56a1-41e8-877a-a841e4267983', '41487974-50e9-4baa-94e5-dd748b678b8c', '67cc1573-eef7-4f29-ad8a-6d8adbed2756', 'af79151c-5d09-401d-84be-7dca388e50a0']}' {{(pid=97223) _task_receiver /opt/stack/data/venv/lib/python3.12/site-packages/taskflow/listeners/logging.py:218}}
Aug 05 18:21:26.829231 np0000006578 devstack@c-api.service[97223]: DEBUG cinder.volume.api [None req-67dc44de-76c1-4d40-9f85-9594eb94e167 tempest-VolumesImageMetadata-782432933 tempest-VolumesImageMetadata-782432933-project-member] Task 'cinder.volume.flows.api.create_volume.EntryCreateTask;volume:create' (14b6e9dd-3510-41dd-9139-6ccf186a813c) transitioned into state 'RUNNING' from state 'PENDING' {{(pid=97223) _task_receiver /opt/stack/data/venv/lib/python3.12/site-packages/taskflow/listeners/logging.py:242}}
Aug 05 18:21:26.871377 np0000006578 devstack@c-api.service[97223]: DEBUG cinder.volume.api [None req-67dc44de-76c1-4d40-9f85-9594eb94e167 tempest-VolumesImageMetadata-782432933 tempest-VolumesImageMetadata-782432933-project-member] Task 'cinder.volume.flows.api.create_volume.EntryCreateTask;volume:create' (14b6e9dd-3510-41dd-9139-6ccf186a813c) transitioned into state 'SUCCESS' from state 'RUNNING' with result '{'volume_id': 'b99ab500-efca-45a6-8d49-524bcbb104c1', 'volume_properties': VolumeProperties(attach_status='detached',availability_zone='nova',cgsnapshot_id=None,consistencygroup_id=None,display_description=None,display_name='tempest-VolumesImageMetadata-Volume-482631743',encryption_key_id=None,group_id=None,group_type_id=,metadata={},multiattach=False,project_id='dff68b4ef2924185a356eb61a7402084',qos_specs=None,replication_status=,reservations=['d39447ce-56a1-41e8-877a-a841e4267983','41487974-50e9-4baa-94e5-dd748b678b8c','67cc1573-eef7-4f29-ad8a-6d8adbed2756','af79151c-5d09-401d-84be-7dca388e50a0'],size=1,snapshot_id=None,source_replicaid=,source_volid=None,status='creating',user_id='fa78b6f503e1415c843b69ca7bd2a765',volume_type_id=80393ced-1084-4726-acb8-4820d45ee570), 'volume': Volume(_name_id=None,admin_metadata=,attach_status='detached',availability_zone='nova',bootable=False,cluster=,cluster_name=None,consistencygroup=,consistencygroup_id=None,created_at=2026-08-05T18:21:26Z,deleted=False,deleted_at=None,display_description=None,display_name='tempest-VolumesImageMetadata-Volume-482631743',ec2_id=None,encryption_key_id=None,glance_metadata=,group=,group_id=None,host=None,id=b99ab500-efca-45a6-8d49-524bcbb104c1,launched_at=None,metadata={},migration_status=None,multiattach=False,previous_status=None,project_id='dff68b4ef2924185a356eb61a7402084',provider_auth=None,provider_geometry=None,provider_id=None,provider_location=None,replication_driver_data=None,replication_extended_status=None,replication_status=None,scheduled_at=None,service_uuid=None,shared_targets=True,size=1,snapshot_id=None,snapshots=,source_volid=None,status='creating',terminated_at=None,updated_at=None,use_quota=True,user_id='fa78b6f503e1415c843b69ca7bd2a765',volume_attachment=VolumeAttachmentList,volume_type=VolumeType(80393ced-1084-4726-acb8-4820d45ee570),volume_type_id=80393ced-1084-4726-acb8-4820d45ee570)}' {{(pid=97223) _task_receiver /opt/stack/data/venv/lib/python3.12/site-packages/taskflow/listeners/logging.py:218}}
Aug 05 18:21:26.873574 np0000006578 devstack@c-api.service[97223]: DEBUG cinder.volume.api [None req-67dc44de-76c1-4d40-9f85-9594eb94e167 tempest-VolumesImageMetadata-782432933 tempest-VolumesImageMetadata-782432933-project-member] Task 'cinder.volume.flows.api.create_volume.QuotaCommitTask;volume:create' (231cc63a-9544-4ddb-83dc-d19497b79b5b) transitioned into state 'RUNNING' from state 'PENDING' {{(pid=97223) _task_receiver /opt/stack/data/venv/lib/python3.12/site-packages/taskflow/listeners/logging.py:242}}
Aug 05 18:21:26.936862 np0000006578 devstack@c-api.service[97223]: DEBUG cinder.volume.api [None req-67dc44de-76c1-4d40-9f85-9594eb94e167 tempest-VolumesImageMetadata-782432933 tempest-VolumesImageMetadata-782432933-project-member] Task 'cinder.volume.flows.api.create_volume.QuotaCommitTask;volume:create' (231cc63a-9544-4ddb-83dc-d19497b79b5b) transitioned into state 'SUCCESS' from state 'RUNNING' with result '{'volume_properties': VolumeProperties(attach_status='detached',availability_zone='nova',cgsnapshot_id=None,consistencygroup_id=None,display_description=None,display_name='tempest-VolumesImageMetadata-Volume-482631743',encryption_key_id=None,group_id=None,group_type_id=,metadata={},multiattach=False,project_id='dff68b4ef2924185a356eb61a7402084',qos_specs=None,replication_status=,reservations=['d39447ce-56a1-41e8-877a-a841e4267983','41487974-50e9-4baa-94e5-dd748b678b8c','67cc1573-eef7-4f29-ad8a-6d8adbed2756','af79151c-5d09-401d-84be-7dca388e50a0'],size=1,snapshot_id=None,source_replicaid=,source_volid=None,status='creating',user_id='fa78b6f503e1415c843b69ca7bd2a765',volume_type_id=80393ced-1084-4726-acb8-4820d45ee570)}' {{(pid=97223) _task_receiver /opt/stack/data/venv/lib/python3.12/site-packages/taskflow/listeners/logging.py:218}}
Aug 05 18:21:26.938069 np0000006578 devstack@c-api.service[97223]: DEBUG cinder.volume.api [None req-67dc44de-76c1-4d40-9f85-9594eb94e167 tempest-VolumesImageMetadata-782432933 tempest-VolumesImageMetadata-782432933-project-member] Task 'cinder.volume.flows.api.create_volume.VolumeCastTask;volume:create' (6ea8f832-73c2-452d-adeb-b27715caa05e) transitioned into state 'RUNNING' from state 'PENDING' {{(pid=97223) _task_receiver /opt/stack/data/venv/lib/python3.12/site-packages/taskflow/listeners/logging.py:242}}
Aug 05 18:21:26.952844 np0000006578 devstack@c-api.service[97223]: DEBUG cinder.volume.api [None req-67dc44de-76c1-4d40-9f85-9594eb94e167 tempest-VolumesImageMetadata-782432933 tempest-VolumesImageMetadata-782432933-project-member] Task 'cinder.volume.flows.api.create_volume.VolumeCastTask;volume:create' (6ea8f832-73c2-452d-adeb-b27715caa05e) transitioned into state 'SUCCESS' from state 'RUNNING' with result 'None' {{(pid=97223) _task_receiver /opt/stack/data/venv/lib/python3.12/site-packages/taskflow/listeners/logging.py:218}}
Aug 05 18:21:26.954554 np0000006578 devstack@c-api.service[97223]: DEBUG cinder.volume.api [None req-67dc44de-76c1-4d40-9f85-9594eb94e167 tempest-VolumesImageMetadata-782432933 tempest-VolumesImageMetadata-782432933-project-member] Flow 'volume_create_api' (34d3b650-aa6a-4054-83b9-6a19b573f69f) transitioned into state 'SUCCESS' from state 'RUNNING' {{(pid=97223) _flow_receiver /opt/stack/data/venv/lib/python3.12/site-packages/taskflow/listeners/logging.py:160}}
Aug 05 18:21:26.956106 np0000006578 devstack@c-api.service[97223]: INFO cinder.volume.api [None req-67dc44de-76c1-4d40-9f85-9594eb94e167 tempest-VolumesImageMetadata-782432933 tempest-VolumesImageMetadata-782432933-project-member] Create volume request issued successfully.
Aug 05 18:21:26.957445 np0000006578 devstack@c-api.service[97223]: INFO cinder.api.openstack.wsgi [None req-67dc44de-76c1-4d40-9f85-9594eb94e167 tempest-VolumesImageMetadata-782432933 tempest-VolumesImageMetadata-782432933-project-member] https://10.4.3.39/volume/v3/volumes returned with HTTP 202
Aug 05 18:21:26.958074 np0000006578 devstack@c-api.service[97223]: [pid: 97223|app: 0|req: 168/492] 10.4.3.39 () {68 vars in 1252 bytes} [Wed Aug 5 18:21:26 2026] POST /volume/v3/volumes => generated 748 bytes in 768 msecs (HTTP/1.1 202) 7 headers in 291 bytes (1 switches on core 0)
Aug 05 18:21:26.978881 np0000006578 devstack@c-api.service[97225]: DEBUG cinder.api.middleware.request_id [None req-69beef90-abcc-49ce-aae9-2c80d5189a1b None None] RequestId filter calling following filter/app {{(pid=97225) _context_setter /opt/stack/cinder/cinder/api/middleware/request_id.py:62}}
Aug 05 18:21:26.984655 np0000006578 devstack@c-api.service[97225]: INFO cinder.api.openstack.wsgi [None req-69beef90-abcc-49ce-aae9-2c80d5189a1b tempest-VolumesImageMetadata-782432933 tempest-VolumesImageMetadata-782432933-project-member] GET https://10.4.3.39/volume/v3/volumes/b99ab500-efca-45a6-8d49-524bcbb104c1
Aug 05 18:21:26.984655 np0000006578 devstack@c-api.service[97225]: DEBUG cinder.api.openstack.wsgi [None req-69beef90-abcc-49ce-aae9-2c80d5189a1b tempest-VolumesImageMetadata-782432933 tempest-VolumesImageMetadata-782432933-project-member] Empty body provided in request {{(pid=97225) get_body /opt/stack/cinder/cinder/api/openstack/wsgi.py:725}}
Aug 05 18:21:26.984655 np0000006578 devstack@c-api.service[97225]: DEBUG cinder.api.openstack.wsgi [None req-69beef90-abcc-49ce-aae9-2c80d5189a1b tempest-VolumesImageMetadata-782432933 tempest-VolumesImageMetadata-782432933-project-member] Calling method 'show' {{(pid=97225) _process_stack /opt/stack/cinder/cinder/api/openstack/wsgi.py:878}}
Aug 05 18:21:26.994960 np0000006578 devstack@c-api.service[97225]: /opt/stack/data/venv/lib/python3.12/site-packages/oslo_context/context.py:102: DeprecationWarning: Policy enforcement is depending on the value of is_admin. This key is deprecated. Please update your policy file to use the standard policy values.
Aug 05 18:21:26.994960 np0000006578 devstack@c-api.service[97225]: warnings.warn(
Aug 05 18:21:27.004518 np0000006578 devstack@c-api.service[97225]: INFO cinder.volume.api [None req-69beef90-abcc-49ce-aae9-2c80d5189a1b tempest-VolumesImageMetadata-782432933 tempest-VolumesImageMetadata-782432933-project-member] Volume info retrieved successfully.
Aug 05 18:21:27.020395 np0000006578 devstack@c-api.service[97225]: INFO cinder.api.openstack.wsgi [None req-69beef90-abcc-49ce-aae9-2c80d5189a1b tempest-VolumesImageMetadata-782432933 tempest-VolumesImageMetadata-782432933-project-member] https://10.4.3.39/volume/v3/volumes/b99ab500-efca-45a6-8d49-524bcbb104c1 returned with HTTP 200
Aug 05 18:21:27.021177 np0000006578 devstack@c-api.service[97225]: [pid: 97225|app: 0|req: 159/493] 10.4.3.39 () {66 vars in 1341 bytes} [Wed Aug 5 18:21:26 2026] GET /volume/v3/volumes/b99ab500-efca-45a6-8d49-524bcbb104c1 => generated 816 bytes in 43 msecs (HTTP/1.1 200) 7 headers in 285 bytes (1 switches on core 0)
Aug 05 18:21:28.039708 np0000006578 devstack@c-api.service[97224]: DEBUG cinder.api.middleware.request_id [None req-93ae380e-0686-4c00-a119-772e08a89e68 None None] RequestId filter calling following filter/app {{(pid=97224) _context_setter /opt/stack/cinder/cinder/api/middleware/request_id.py:62}}
Aug 05 18:21:28.044488 np0000006578 devstack@c-api.service[97224]: INFO cinder.api.openstack.wsgi [None req-93ae380e-0686-4c00-a119-772e08a89e68 tempest-ServerRescueNegativeTestJSON-140957756 tempest-ServerRescueNegativeTestJSON-140957756-project-member] POST https://10.4.3.39/volume/v3/volumes
Aug 05 18:21:28.046015 np0000006578 devstack@c-api.service[97224]: DEBUG cinder.api.openstack.wsgi [None req-93ae380e-0686-4c00-a119-772e08a89e68 tempest-ServerRescueNegativeTestJSON-140957756 tempest-ServerRescueNegativeTestJSON-140957756-project-member] Action: 'create', calling method: create, body: {"volume": {"size": 1, "display_name": "tempest-ServerRescueNegativeTestJSON-volume-310317649"}} {{(pid=97224) _process_stack /opt/stack/cinder/cinder/api/openstack/wsgi.py:876}}
Aug 05 18:21:28.047763 np0000006578 devstack@c-api.service[97223]: DEBUG cinder.api.middleware.request_id [None req-06ec4c42-c571-4992-acd9-b61b39857e59 None None] RequestId filter calling following filter/app {{(pid=97223) _context_setter /opt/stack/cinder/cinder/api/middleware/request_id.py:62}}
Aug 05 18:21:28.048982 np0000006578 devstack@c-api.service[97224]: DEBUG cinder.api.v3.volumes [None req-93ae380e-0686-4c00-a119-772e08a89e68 tempest-ServerRescueNegativeTestJSON-140957756 tempest-ServerRescueNegativeTestJSON-140957756-project-member] Create volume request body: {'volume': {'size': 1, 'display_name': 'tempest-ServerRescueNegativeTestJSON-volume-310317649'}} {{(pid=97224) create /opt/stack/cinder/cinder/api/v3/volumes.py:368}}
Aug 05 18:21:28.048982 np0000006578 devstack@c-api.service[97224]: INFO cinder.api.v3.volumes [None req-93ae380e-0686-4c00-a119-772e08a89e68 tempest-ServerRescueNegativeTestJSON-140957756 tempest-ServerRescueNegativeTestJSON-140957756-project-member] Create volume of 1 GB
Aug 05 18:21:28.051727 np0000006578 devstack@c-api.service[97223]: INFO cinder.api.openstack.wsgi [None req-06ec4c42-c571-4992-acd9-b61b39857e59 tempest-VolumesImageMetadata-782432933 tempest-VolumesImageMetadata-782432933-project-member] GET https://10.4.3.39/volume/v3/volumes/b99ab500-efca-45a6-8d49-524bcbb104c1
Aug 05 18:21:28.051882 np0000006578 devstack@c-api.service[97223]: DEBUG cinder.api.openstack.wsgi [None req-06ec4c42-c571-4992-acd9-b61b39857e59 tempest-VolumesImageMetadata-782432933 tempest-VolumesImageMetadata-782432933-project-member] Empty body provided in request {{(pid=97223) get_body /opt/stack/cinder/cinder/api/openstack/wsgi.py:725}}
Aug 05 18:21:28.052317 np0000006578 devstack@c-api.service[97223]: DEBUG cinder.api.openstack.wsgi [None req-06ec4c42-c571-4992-acd9-b61b39857e59 tempest-VolumesImageMetadata-782432933 tempest-VolumesImageMetadata-782432933-project-member] Calling method 'show' {{(pid=97223) _process_stack /opt/stack/cinder/cinder/api/openstack/wsgi.py:878}}
Aug 05 18:21:28.053753 np0000006578 devstack@c-api.service[97224]: DEBUG dbcounter [-] [97224] Writing DB stats cinder:SELECT=537,cinder:INSERT=85,cinder:UPDATE=141,cinder:DELETE=2 {{(pid=97224) stat_writer /opt/stack/data/venv/lib/python3.12/site-packages/dbcounter.py:115}}
Aug 05 18:21:28.057772 np0000006578 devstack@c-api.service[97224]: INFO cinder.volume.api [None req-93ae380e-0686-4c00-a119-772e08a89e68 tempest-ServerRescueNegativeTestJSON-140957756 tempest-ServerRescueNegativeTestJSON-140957756-project-member] Availability Zones retrieved successfully.
Aug 05 18:21:28.069181 np0000006578 devstack@c-api.service[97224]: DEBUG cinder.volume.api [None req-93ae380e-0686-4c00-a119-772e08a89e68 tempest-ServerRescueNegativeTestJSON-140957756 tempest-ServerRescueNegativeTestJSON-140957756-project-member] Flow 'volume_create_api' (f1e62b62-f34e-4d48-96cd-b55fa2752891) transitioned into state 'RUNNING' from state 'PENDING' {{(pid=97224) _flow_receiver /opt/stack/data/venv/lib/python3.12/site-packages/taskflow/listeners/logging.py:160}}
Aug 05 18:21:28.070520 np0000006578 devstack@c-api.service[97224]: DEBUG cinder.volume.api [None req-93ae380e-0686-4c00-a119-772e08a89e68 tempest-ServerRescueNegativeTestJSON-140957756 tempest-ServerRescueNegativeTestJSON-140957756-project-member] Task 'cinder.volume.flows.api.create_volume.ExtractVolumeRequestTask;volume:create' (99c6f53f-cc0d-4512-8618-65cea0bc69f4) transitioned into state 'RUNNING' from state 'PENDING' {{(pid=97224) _task_receiver /opt/stack/data/venv/lib/python3.12/site-packages/taskflow/listeners/logging.py:242}}
Aug 05 18:21:28.071958 np0000006578 devstack@c-api.service[97223]: /opt/stack/data/venv/lib/python3.12/site-packages/oslo_context/context.py:102: DeprecationWarning: Policy enforcement is depending on the value of is_admin. This key is deprecated. Please update your policy file to use the standard policy values.
Aug 05 18:21:28.071958 np0000006578 devstack@c-api.service[97223]: warnings.warn(
Aug 05 18:21:28.072705 np0000006578 devstack@c-api.service[97224]: DEBUG cinder.volume.flows.api.create_volume [None req-93ae380e-0686-4c00-a119-772e08a89e68 tempest-ServerRescueNegativeTestJSON-140957756 tempest-ServerRescueNegativeTestJSON-140957756-project-member] Validating volume size '1' using validate_int {{(pid=97224) _extract_size /opt/stack/cinder/cinder/volume/flows/api/create_volume.py:226}}
Aug 05 18:21:28.079116 np0000006578 devstack@c-api.service[97223]: INFO cinder.volume.api [None req-06ec4c42-c571-4992-acd9-b61b39857e59 tempest-VolumesImageMetadata-782432933 tempest-VolumesImageMetadata-782432933-project-member] Volume info retrieved successfully.
Aug 05 18:21:28.088501 np0000006578 devstack@c-api.service[97223]: INFO cinder.api.openstack.wsgi [None req-06ec4c42-c571-4992-acd9-b61b39857e59 tempest-VolumesImageMetadata-782432933 tempest-VolumesImageMetadata-782432933-project-member] https://10.4.3.39/volume/v3/volumes/b99ab500-efca-45a6-8d49-524bcbb104c1 returned with HTTP 200
Aug 05 18:21:28.089035 np0000006578 devstack@c-api.service[97223]: [pid: 97223|app: 0|req: 169/494] 10.4.3.39 () {66 vars in 1341 bytes} [Wed Aug 5 18:21:28 2026] GET /volume/v3/volumes/b99ab500-efca-45a6-8d49-524bcbb104c1 => generated 1356 bytes in 42 msecs (HTTP/1.1 200) 7 headers in 286 bytes (1 switches on core 0)
Aug 05 18:21:28.111111 np0000006578 devstack@c-api.service[97225]: DEBUG cinder.api.middleware.request_id [None req-144b252d-e1f7-4bb8-8499-f9f3aaf10cbf None None] RequestId filter calling following filter/app {{(pid=97225) _context_setter /opt/stack/cinder/cinder/api/middleware/request_id.py:62}}
Aug 05 18:21:28.113419 np0000006578 devstack@c-api.service[97225]: INFO cinder.api.openstack.wsgi [None req-144b252d-e1f7-4bb8-8499-f9f3aaf10cbf tempest-VolumesImageMetadata-782432933 tempest-VolumesImageMetadata-782432933-project-member] POST https://10.4.3.39/volume/v3/volumes/b99ab500-efca-45a6-8d49-524bcbb104c1/action
Aug 05 18:21:28.113803 np0000006578 devstack@c-api.service[97225]: DEBUG cinder.api.openstack.wsgi [None req-144b252d-e1f7-4bb8-8499-f9f3aaf10cbf tempest-VolumesImageMetadata-782432933 tempest-VolumesImageMetadata-782432933-project-member] Action body: b'{"os-set_image_metadata": {"metadata": {"image_id": "5137a025-3c5f-43c1-bc64-5f41270040a5", "image_name": "image", "kernel_id": "6ff710d2-942b-4d6b-9168-8c9cc2404ab1", "ramdisk_id": "somedisk"}}}' {{(pid=97225) get_method /opt/stack/cinder/cinder/api/openstack/wsgi.py:993}}
Aug 05 18:21:28.113971 np0000006578 devstack@c-api.service[97225]: DEBUG cinder.api.openstack.wsgi [None req-144b252d-e1f7-4bb8-8499-f9f3aaf10cbf tempest-VolumesImageMetadata-782432933 tempest-VolumesImageMetadata-782432933-project-member] Action: 'action', calling method: create, body: {"os-set_image_metadata": {"metadata": {"image_id": "5137a025-3c5f-43c1-bc64-5f41270040a5", "image_name": "image", "kernel_id": "6ff710d2-942b-4d6b-9168-8c9cc2404ab1", "ramdisk_id": "somedisk"}}} {{(pid=97225) _process_stack /opt/stack/cinder/cinder/api/openstack/wsgi.py:876}}
Aug 05 18:21:28.125873 np0000006578 devstack@c-api.service[97225]: /opt/stack/data/venv/lib/python3.12/site-packages/oslo_context/context.py:102: DeprecationWarning: Policy enforcement is depending on the value of is_admin. This key is deprecated. Please update your policy file to use the standard policy values.
Aug 05 18:21:28.125873 np0000006578 devstack@c-api.service[97225]: warnings.warn(
Aug 05 18:21:28.126248 np0000006578 devstack@c-api.service[97224]: DEBUG cinder.volume.api [None req-93ae380e-0686-4c00-a119-772e08a89e68 tempest-ServerRescueNegativeTestJSON-140957756 tempest-ServerRescueNegativeTestJSON-140957756-project-member] Task 'cinder.volume.flows.api.create_volume.ExtractVolumeRequestTask;volume:create' (99c6f53f-cc0d-4512-8618-65cea0bc69f4) transitioned into state 'SUCCESS' from state 'RUNNING' with result '{'size': 1, 'snapshot_id': None, 'source_volid': None, 'volume_type': VolumeType(created_at=2026-08-05T18:16:28Z,deleted=False,deleted_at=None,description=None,extra_specs={volume_backend_name='storpool'},id=80393ced-1084-4726-acb8-4820d45ee570,is_public=True,name='storpool',projects=[],qos_specs=,qos_specs_id=None,updated_at=None), 'volume_type_id': '80393ced-1084-4726-acb8-4820d45ee570', 'encryption_key_id': None, 'qos_specs': None, 'consistencygroup_id': None, 'cgsnapshot_id': None, 'group_id': None, 'replication_status': 'disabled', 'refresh_az': False, 'backup_id': None, 'multiattach': False, 'availability_zones': ['nova']}' {{(pid=97224) _task_receiver /opt/stack/data/venv/lib/python3.12/site-packages/taskflow/listeners/logging.py:218}}
Aug 05 18:21:28.126948 np0000006578 devstack@c-api.service[97224]: DEBUG cinder.volume.api [None req-93ae380e-0686-4c00-a119-772e08a89e68 tempest-ServerRescueNegativeTestJSON-140957756 tempest-ServerRescueNegativeTestJSON-140957756-project-member] Task 'cinder.volume.flows.api.create_volume.QuotaReserveTask;volume:create' (32f10d47-5631-4ab7-9333-2285cc845aa3) transitioned into state 'RUNNING' from state 'PENDING' {{(pid=97224) _task_receiver /opt/stack/data/venv/lib/python3.12/site-packages/taskflow/listeners/logging.py:242}}
Aug 05 18:21:28.136684 np0000006578 devstack@c-api.service[97225]: /opt/stack/data/venv/lib/python3.12/site-packages/oslo_context/context.py:102: DeprecationWarning: Policy enforcement is depending on the value of is_admin. This key is deprecated. Please update your policy file to use the standard policy values.
Aug 05 18:21:28.136684 np0000006578 devstack@c-api.service[97225]: warnings.warn(
Aug 05 18:21:28.137313 np0000006578 devstack@c-api.service[97225]: INFO cinder.volume.api [None req-144b252d-e1f7-4bb8-8499-f9f3aaf10cbf tempest-VolumesImageMetadata-782432933 tempest-VolumesImageMetadata-782432933-project-member] Volume info retrieved successfully.
Aug 05 18:21:28.157762 np0000006578 devstack@c-api.service[97225]: INFO cinder.volume.api [None req-144b252d-e1f7-4bb8-8499-f9f3aaf10cbf tempest-VolumesImageMetadata-782432933 tempest-VolumesImageMetadata-782432933-project-member] Update volume metadata completed successfully.
Aug 05 18:21:28.158255 np0000006578 devstack@c-api.service[97225]: INFO cinder.api.openstack.wsgi [None req-144b252d-e1f7-4bb8-8499-f9f3aaf10cbf tempest-VolumesImageMetadata-782432933 tempest-VolumesImageMetadata-782432933-project-member] https://10.4.3.39/volume/v3/volumes/b99ab500-efca-45a6-8d49-524bcbb104c1/action returned with HTTP 200
Aug 05 18:21:28.158965 np0000006578 devstack@c-api.service[97225]: [pid: 97225|app: 0|req: 160/495] 10.4.3.39 () {68 vars in 1384 bytes} [Wed Aug 5 18:21:28 2026] POST /volume/v3/volumes/b99ab500-efca-45a6-8d49-524bcbb104c1/action => generated 563 bytes in 51 msecs (HTTP/1.1 200) 7 headers in 285 bytes (1 switches on core 0)
Aug 05 18:21:28.170594 np0000006578 devstack@c-api.service[97223]: DEBUG cinder.api.middleware.request_id [None req-ad64cf0f-4057-4f7e-988c-fca6bf3f8341 None None] RequestId filter calling following filter/app {{(pid=97223) _context_setter /opt/stack/cinder/cinder/api/middleware/request_id.py:62}}
Aug 05 18:21:28.173273 np0000006578 devstack@c-api.service[97223]: INFO cinder.api.openstack.wsgi [None req-ad64cf0f-4057-4f7e-988c-fca6bf3f8341 tempest-VolumesImageMetadata-782432933 tempest-VolumesImageMetadata-782432933-project-member] GET https://10.4.3.39/volume/v3/volumes/b99ab500-efca-45a6-8d49-524bcbb104c1
Aug 05 18:21:28.173614 np0000006578 devstack@c-api.service[97223]: DEBUG cinder.api.openstack.wsgi [None req-ad64cf0f-4057-4f7e-988c-fca6bf3f8341 tempest-VolumesImageMetadata-782432933 tempest-VolumesImageMetadata-782432933-project-member] Empty body provided in request {{(pid=97223) get_body /opt/stack/cinder/cinder/api/openstack/wsgi.py:725}}
Aug 05 18:21:28.173947 np0000006578 devstack@c-api.service[97223]: DEBUG cinder.api.openstack.wsgi [None req-ad64cf0f-4057-4f7e-988c-fca6bf3f8341 tempest-VolumesImageMetadata-782432933 tempest-VolumesImageMetadata-782432933-project-member] Calling method 'show' {{(pid=97223) _process_stack /opt/stack/cinder/cinder/api/openstack/wsgi.py:878}}
Aug 05 18:21:28.186994 np0000006578 devstack@c-api.service[97223]: /opt/stack/data/venv/lib/python3.12/site-packages/oslo_context/context.py:102: DeprecationWarning: Policy enforcement is depending on the value of is_admin. This key is deprecated. Please update your policy file to use the standard policy values.
Aug 05 18:21:28.186994 np0000006578 devstack@c-api.service[97223]: warnings.warn(
Aug 05 18:21:28.196006 np0000006578 devstack@c-api.service[97223]: INFO cinder.volume.api [None req-ad64cf0f-4057-4f7e-988c-fca6bf3f8341 tempest-VolumesImageMetadata-782432933 tempest-VolumesImageMetadata-782432933-project-member] Volume info retrieved successfully.
Aug 05 18:21:28.206126 np0000006578 devstack@c-api.service[97223]: INFO cinder.api.openstack.wsgi [None req-ad64cf0f-4057-4f7e-988c-fca6bf3f8341 tempest-VolumesImageMetadata-782432933 tempest-VolumesImageMetadata-782432933-project-member] https://10.4.3.39/volume/v3/volumes/b99ab500-efca-45a6-8d49-524bcbb104c1 returned with HTTP 200
Aug 05 18:21:28.207000 np0000006578 devstack@c-api.service[97223]: [pid: 97223|app: 0|req: 170/496] 10.4.3.39 () {66 vars in 1341 bytes} [Wed Aug 5 18:21:28 2026] GET /volume/v3/volumes/b99ab500-efca-45a6-8d49-524bcbb104c1 => generated 1416 bytes in 38 msecs (HTTP/1.1 200) 7 headers in 286 bytes (1 switches on core 0)
Aug 05 18:21:28.214784 np0000006578 devstack@c-api.service[97224]: DEBUG cinder.quota [None req-93ae380e-0686-4c00-a119-772e08a89e68 tempest-ServerRescueNegativeTestJSON-140957756 tempest-ServerRescueNegativeTestJSON-140957756-project-member] Created reservations ['55056b67-a7a6-452b-8bbe-0ea6e3b657f9', '482dbda7-0a81-4bd8-9d28-4135c15e72ff', '2ab83bf9-75f0-4ae3-b82b-8c7369d29eee', 'c2ddca38-f307-4c32-80e0-2963c0a97751'] {{(pid=97224) reserve /opt/stack/cinder/cinder/quota.py:752}}
Aug 05 18:21:28.216223 np0000006578 devstack@c-api.service[97224]: DEBUG cinder.volume.api [None req-93ae380e-0686-4c00-a119-772e08a89e68 tempest-ServerRescueNegativeTestJSON-140957756 tempest-ServerRescueNegativeTestJSON-140957756-project-member] Task 'cinder.volume.flows.api.create_volume.QuotaReserveTask;volume:create' (32f10d47-5631-4ab7-9333-2285cc845aa3) transitioned into state 'SUCCESS' from state 'RUNNING' with result '{'reservations': ['55056b67-a7a6-452b-8bbe-0ea6e3b657f9', '482dbda7-0a81-4bd8-9d28-4135c15e72ff', '2ab83bf9-75f0-4ae3-b82b-8c7369d29eee', 'c2ddca38-f307-4c32-80e0-2963c0a97751']}' {{(pid=97224) _task_receiver /opt/stack/data/venv/lib/python3.12/site-packages/taskflow/listeners/logging.py:218}}
Aug 05 18:21:28.218767 np0000006578 devstack@c-api.service[97224]: DEBUG cinder.volume.api [None req-93ae380e-0686-4c00-a119-772e08a89e68 tempest-ServerRescueNegativeTestJSON-140957756 tempest-ServerRescueNegativeTestJSON-140957756-project-member] Task 'cinder.volume.flows.api.create_volume.EntryCreateTask;volume:create' (b1d4ba87-09da-4601-80ae-9d835835fd38) transitioned into state 'RUNNING' from state 'PENDING' {{(pid=97224) _task_receiver /opt/stack/data/venv/lib/python3.12/site-packages/taskflow/listeners/logging.py:242}}
Aug 05 18:21:28.225626 np0000006578 devstack@c-api.service[97225]: DEBUG cinder.api.middleware.request_id [None req-c507a6cf-bc50-44aa-935b-a0ed7e4d50b5 None None] RequestId filter calling following filter/app {{(pid=97225) _context_setter /opt/stack/cinder/cinder/api/middleware/request_id.py:62}}
Aug 05 18:21:28.229390 np0000006578 devstack@c-api.service[97225]: INFO cinder.api.openstack.wsgi [None req-c507a6cf-bc50-44aa-935b-a0ed7e4d50b5 tempest-VolumesImageMetadata-782432933 tempest-VolumesImageMetadata-782432933-project-member] POST https://10.4.3.39/volume/v3/volumes/b99ab500-efca-45a6-8d49-524bcbb104c1/action
Aug 05 18:21:28.229683 np0000006578 devstack@c-api.service[97225]: DEBUG cinder.api.openstack.wsgi [None req-c507a6cf-bc50-44aa-935b-a0ed7e4d50b5 tempest-VolumesImageMetadata-782432933 tempest-VolumesImageMetadata-782432933-project-member] Action body: b'{"os-unset_image_metadata": {"key": "ramdisk_id"}}' {{(pid=97225) get_method /opt/stack/cinder/cinder/api/openstack/wsgi.py:993}}
Aug 05 18:21:28.230001 np0000006578 devstack@c-api.service[97225]: DEBUG cinder.api.openstack.wsgi [None req-c507a6cf-bc50-44aa-935b-a0ed7e4d50b5 tempest-VolumesImageMetadata-782432933 tempest-VolumesImageMetadata-782432933-project-member] Action: 'action', calling method: delete, body: {"os-unset_image_metadata": {"key": "ramdisk_id"}} {{(pid=97225) _process_stack /opt/stack/cinder/cinder/api/openstack/wsgi.py:876}}
Aug 05 18:21:28.244562 np0000006578 devstack@c-api.service[97225]: /opt/stack/data/venv/lib/python3.12/site-packages/oslo_context/context.py:102: DeprecationWarning: Policy enforcement is depending on the value of is_admin. This key is deprecated. Please update your policy file to use the standard policy values.
Aug 05 18:21:28.244562 np0000006578 devstack@c-api.service[97225]: warnings.warn(
Aug 05 18:21:28.254426 np0000006578 devstack@c-api.service[97224]: DEBUG cinder.volume.api [None req-93ae380e-0686-4c00-a119-772e08a89e68 tempest-ServerRescueNegativeTestJSON-140957756 tempest-ServerRescueNegativeTestJSON-140957756-project-member] Task 'cinder.volume.flows.api.create_volume.EntryCreateTask;volume:create' (b1d4ba87-09da-4601-80ae-9d835835fd38) transitioned into state 'SUCCESS' from state 'RUNNING' with result '{'volume_id': '3cfeb7e8-4352-4f63-aab6-ee7310fcca26', 'volume_properties': VolumeProperties(attach_status='detached',availability_zone='nova',cgsnapshot_id=None,consistencygroup_id=None,display_description=None,display_name='tempest-ServerRescueNegativeTestJSON-volume-310317649',encryption_key_id=None,group_id=None,group_type_id=,metadata={},multiattach=False,project_id='a3014c3a97f442ef9798131a657abbae',qos_specs=None,replication_status=,reservations=['55056b67-a7a6-452b-8bbe-0ea6e3b657f9','482dbda7-0a81-4bd8-9d28-4135c15e72ff','2ab83bf9-75f0-4ae3-b82b-8c7369d29eee','c2ddca38-f307-4c32-80e0-2963c0a97751'],size=1,snapshot_id=None,source_replicaid=,source_volid=None,status='creating',user_id='d3604a4af1a44c058f52323276d412ee',volume_type_id=80393ced-1084-4726-acb8-4820d45ee570), 'volume': Volume(_name_id=None,admin_metadata=,attach_status='detached',availability_zone='nova',bootable=False,cluster=,cluster_name=None,consistencygroup=,consistencygroup_id=None,created_at=2026-08-05T18:21:28Z,deleted=False,deleted_at=None,display_description=None,display_name='tempest-ServerRescueNegativeTestJSON-volume-310317649',ec2_id=None,encryption_key_id=None,glance_metadata=,group=,group_id=None,host=None,id=3cfeb7e8-4352-4f63-aab6-ee7310fcca26,launched_at=None,metadata={},migration_status=None,multiattach=False,previous_status=None,project_id='a3014c3a97f442ef9798131a657abbae',provider_auth=None,provider_geometry=None,provider_id=None,provider_location=None,replication_driver_data=None,replication_extended_status=None,replication_status=None,scheduled_at=None,service_uuid=None,shared_targets=True,size=1,snapshot_id=None,snapshots=,source_volid=None,status='creating',terminated_at=None,updated_at=None,use_quota=True,user_id='d3604a4af1a44c058f52323276d412ee',volume_attachment=VolumeAttachmentList,volume_type=VolumeType(80393ced-1084-4726-acb8-4820d45ee570),volume_type_id=80393ced-1084-4726-acb8-4820d45ee570)}' {{(pid=97224) _task_receiver /opt/stack/data/venv/lib/python3.12/site-packages/taskflow/listeners/logging.py:218}}
Aug 05 18:21:28.255396 np0000006578 devstack@c-api.service[97224]: DEBUG cinder.volume.api [None req-93ae380e-0686-4c00-a119-772e08a89e68 tempest-ServerRescueNegativeTestJSON-140957756 tempest-ServerRescueNegativeTestJSON-140957756-project-member] Task 'cinder.volume.flows.api.create_volume.QuotaCommitTask;volume:create' (5f95a156-c481-4b4e-86a7-1022dc01916e) transitioned into state 'RUNNING' from state 'PENDING' {{(pid=97224) _task_receiver /opt/stack/data/venv/lib/python3.12/site-packages/taskflow/listeners/logging.py:242}}
Aug 05 18:21:28.257241 np0000006578 devstack@c-api.service[97225]: /opt/stack/data/venv/lib/python3.12/site-packages/oslo_context/context.py:102: DeprecationWarning: Policy enforcement is depending on the value of is_admin. This key is deprecated. Please update your policy file to use the standard policy values.
Aug 05 18:21:28.257241 np0000006578 devstack@c-api.service[97225]: warnings.warn(
Aug 05 18:21:28.258232 np0000006578 devstack@c-api.service[97225]: INFO cinder.volume.api [None req-c507a6cf-bc50-44aa-935b-a0ed7e4d50b5 tempest-VolumesImageMetadata-782432933 tempest-VolumesImageMetadata-782432933-project-member] Volume info retrieved successfully.
Aug 05 18:21:28.268315 np0000006578 devstack@c-api.service[97225]: INFO cinder.volume.api [None req-c507a6cf-bc50-44aa-935b-a0ed7e4d50b5 tempest-VolumesImageMetadata-782432933 tempest-VolumesImageMetadata-782432933-project-member] Get volume image-metadata completed successfully.
Aug 05 18:21:28.281801 np0000006578 devstack@c-api.service[97224]: DEBUG cinder.volume.api [None req-93ae380e-0686-4c00-a119-772e08a89e68 tempest-ServerRescueNegativeTestJSON-140957756 tempest-ServerRescueNegativeTestJSON-140957756-project-member] Task 'cinder.volume.flows.api.create_volume.QuotaCommitTask;volume:create' (5f95a156-c481-4b4e-86a7-1022dc01916e) transitioned into state 'SUCCESS' from state 'RUNNING' with result '{'volume_properties': VolumeProperties(attach_status='detached',availability_zone='nova',cgsnapshot_id=None,consistencygroup_id=None,display_description=None,display_name='tempest-ServerRescueNegativeTestJSON-volume-310317649',encryption_key_id=None,group_id=None,group_type_id=,metadata={},multiattach=False,project_id='a3014c3a97f442ef9798131a657abbae',qos_specs=None,replication_status=,reservations=['55056b67-a7a6-452b-8bbe-0ea6e3b657f9','482dbda7-0a81-4bd8-9d28-4135c15e72ff','2ab83bf9-75f0-4ae3-b82b-8c7369d29eee','c2ddca38-f307-4c32-80e0-2963c0a97751'],size=1,snapshot_id=None,source_replicaid=,source_volid=None,status='creating',user_id='d3604a4af1a44c058f52323276d412ee',volume_type_id=80393ced-1084-4726-acb8-4820d45ee570)}' {{(pid=97224) _task_receiver /opt/stack/data/venv/lib/python3.12/site-packages/taskflow/listeners/logging.py:218}}
Aug 05 18:21:28.283244 np0000006578 devstack@c-api.service[97224]: DEBUG cinder.volume.api [None req-93ae380e-0686-4c00-a119-772e08a89e68 tempest-ServerRescueNegativeTestJSON-140957756 tempest-ServerRescueNegativeTestJSON-140957756-project-member] Task 'cinder.volume.flows.api.create_volume.VolumeCastTask;volume:create' (d98a1aff-eb4e-47d1-8815-281582748ca6) transitioned into state 'RUNNING' from state 'PENDING' {{(pid=97224) _task_receiver /opt/stack/data/venv/lib/python3.12/site-packages/taskflow/listeners/logging.py:242}}
Aug 05 18:21:28.290153 np0000006578 devstack@c-api.service[97225]: INFO cinder.volume.api [None req-c507a6cf-bc50-44aa-935b-a0ed7e4d50b5 tempest-VolumesImageMetadata-782432933 tempest-VolumesImageMetadata-782432933-project-member] Delete volume metadata completed successfully.
