Aug 05 18:20:23.029425 np0000006578 devstack@c-api.service[97224]: DEBUG cinder.volume.api [None req-bdb21580-7e5a-4bc6-8c59-f7790118f742 tempest-VolumeQuotasNegativeTestJSON-260263515 tempest-VolumeQuotasNegativeTestJSON-260263515-project-member] Task 'cinder.volume.flows.api.create_volume.VolumeCastTask;volume:create' (4b8567d2-0de6-431b-8807-59227ab7b0fc) transitioned into state 'RUNNING' from state 'PENDING' {{(pid=97224) _task_receiver /opt/stack/data/venv/lib/python3.12/site-packages/taskflow/listeners/logging.py:242}}
Aug 05 18:20:23.043963 np0000006578 devstack@c-api.service[97225]: DEBUG cinder.api.middleware.request_id [None req-dea18475-8fbf-49a2-ad96-4767ae212e03 None None] RequestId filter calling following filter/app {{(pid=97225) _context_setter /opt/stack/cinder/cinder/api/middleware/request_id.py:62}}
Aug 05 18:20:23.044749 np0000006578 devstack@c-api.service[97225]: INFO cinder.api.openstack.wsgi [None req-dea18475-8fbf-49a2-ad96-4767ae212e03 None None] GET https://10.4.3.39/volume//
Aug 05 18:20:23.047351 np0000006578 devstack@c-api.service[97225]: DEBUG cinder.api.openstack.wsgi [None req-dea18475-8fbf-49a2-ad96-4767ae212e03 None None] Empty body provided in request {{(pid=97225) get_body /opt/stack/cinder/cinder/api/openstack/wsgi.py:725}}
Aug 05 18:20:23.047504 np0000006578 devstack@c-api.service[97225]: DEBUG cinder.api.openstack.wsgi [None req-dea18475-8fbf-49a2-ad96-4767ae212e03 None None] Calling method 'all' {{(pid=97225) _process_stack /opt/stack/cinder/cinder/api/openstack/wsgi.py:878}}
Aug 05 18:20:23.048124 np0000006578 devstack@c-api.service[97225]: INFO cinder.api.openstack.wsgi [None req-dea18475-8fbf-49a2-ad96-4767ae212e03 None None] https://10.4.3.39/volume// returned with HTTP 300
Aug 05 18:20:23.050916 np0000006578 devstack@c-api.service[97225]: [pid: 97225|app: 0|req: 74/232] 10.4.3.39 () {66 vars in 1421 bytes} [Wed Aug 5 18:20:23 2026] GET /volume/ => generated 385 bytes in 8 msecs (HTTP/1.1 300) 7 headers in 299 bytes (1 switches on core 0)
Aug 05 18:20:23.053209 np0000006578 devstack@c-api.service[97224]: DEBUG cinder.volume.api [None req-bdb21580-7e5a-4bc6-8c59-f7790118f742 tempest-VolumeQuotasNegativeTestJSON-260263515 tempest-VolumeQuotasNegativeTestJSON-260263515-project-member] Task 'cinder.volume.flows.api.create_volume.VolumeCastTask;volume:create' (4b8567d2-0de6-431b-8807-59227ab7b0fc) transitioned into state 'SUCCESS' from state 'RUNNING' with result 'None' {{(pid=97224) _task_receiver /opt/stack/data/venv/lib/python3.12/site-packages/taskflow/listeners/logging.py:218}}
Aug 05 18:20:23.055503 np0000006578 devstack@c-api.service[97224]: DEBUG cinder.volume.api [None req-bdb21580-7e5a-4bc6-8c59-f7790118f742 tempest-VolumeQuotasNegativeTestJSON-260263515 tempest-VolumeQuotasNegativeTestJSON-260263515-project-member] Flow 'volume_create_api' (b4820e14-d87f-4020-aef9-317e74f597c5) transitioned into state 'SUCCESS' from state 'RUNNING' {{(pid=97224) _flow_receiver /opt/stack/data/venv/lib/python3.12/site-packages/taskflow/listeners/logging.py:160}}
Aug 05 18:20:23.056846 np0000006578 devstack@c-api.service[97224]: INFO cinder.volume.api [None req-bdb21580-7e5a-4bc6-8c59-f7790118f742 tempest-VolumeQuotasNegativeTestJSON-260263515 tempest-VolumeQuotasNegativeTestJSON-260263515-project-member] Create volume request issued successfully.
Aug 05 18:20:23.059172 np0000006578 devstack@c-api.service[97224]: INFO cinder.api.openstack.wsgi [None req-bdb21580-7e5a-4bc6-8c59-f7790118f742 tempest-VolumeQuotasNegativeTestJSON-260263515 tempest-VolumeQuotasNegativeTestJSON-260263515-project-member] https://10.4.3.39/volume/v3/volumes returned with HTTP 202
Aug 05 18:20:23.062036 np0000006578 devstack@c-api.service[97224]: [pid: 97224|app: 0|req: 80/233] 10.4.3.39 () {68 vars in 1251 bytes} [Wed Aug 5 18:20:22 2026] POST /volume/v3/volumes => generated 757 bytes in 835 msecs (HTTP/1.1 202) 7 headers in 291 bytes (1 switches on core 0)
Aug 05 18:20:23.064327 np0000006578 devstack@c-api.service[97223]: DEBUG cinder.api.middleware.request_id [req-c71e2c28-d62f-4d2a-9358-713422ec9a80 req-bf230af5-2e02-40ac-a58a-4c0f6b898d3b None None] RequestId filter calling following filter/app {{(pid=97223) _context_setter /opt/stack/cinder/cinder/api/middleware/request_id.py:62}}
Aug 05 18:20:23.068027 np0000006578 devstack@c-api.service[97223]: INFO cinder.api.openstack.wsgi [req-c71e2c28-d62f-4d2a-9358-713422ec9a80 req-bf230af5-2e02-40ac-a58a-4c0f6b898d3b tempest-TaggedAttachmentsTest-1664151272 tempest-TaggedAttachmentsTest-1664151272-project-member] POST https://10.4.3.39/volume/v3/attachments
Aug 05 18:20:23.068738 np0000006578 devstack@c-api.service[97223]: DEBUG cinder.api.openstack.wsgi [req-c71e2c28-d62f-4d2a-9358-713422ec9a80 req-bf230af5-2e02-40ac-a58a-4c0f6b898d3b tempest-TaggedAttachmentsTest-1664151272 tempest-TaggedAttachmentsTest-1664151272-project-member] Action: 'create', calling method: version_select, body: {"attachment": {"volume_uuid": "43edd316-0f31-445c-b5c2-df33a1305f4b", "connector": null, "instance_uuid": "d6bb0f84-3cfa-4b0d-8f63-62b31f265c82"}} {{(pid=97223) _process_stack /opt/stack/cinder/cinder/api/openstack/wsgi.py:876}}
Aug 05 18:20:23.072306 np0000006578 devstack@c-api.service[97225]: DEBUG cinder.api.middleware.request_id [None req-9881f64c-e29e-4a03-8d6a-a139fb5ac62f None None] RequestId filter calling following filter/app {{(pid=97225) _context_setter /opt/stack/cinder/cinder/api/middleware/request_id.py:62}}
Aug 05 18:20:23.080703 np0000006578 devstack@c-api.service[97225]: INFO cinder.api.openstack.wsgi [None req-9881f64c-e29e-4a03-8d6a-a139fb5ac62f tempest-AttachSCSIVolumeTestJSON-1866578060 tempest-AttachSCSIVolumeTestJSON-1866578060-project-member] GET https://10.4.3.39/volume/v3/volumes/5bbbb8f9-050b-42b9-911e-f9696615db7c
Aug 05 18:20:23.080962 np0000006578 devstack@c-api.service[97225]: DEBUG cinder.api.openstack.wsgi [None req-9881f64c-e29e-4a03-8d6a-a139fb5ac62f tempest-AttachSCSIVolumeTestJSON-1866578060 tempest-AttachSCSIVolumeTestJSON-1866578060-project-member] Empty body provided in request {{(pid=97225) get_body /opt/stack/cinder/cinder/api/openstack/wsgi.py:725}}
Aug 05 18:20:23.081353 np0000006578 devstack@c-api.service[97223]: /opt/stack/data/venv/lib/python3.12/site-packages/oslo_context/context.py:102: DeprecationWarning: Policy enforcement is depending on the value of is_admin. This key is deprecated. Please update your policy file to use the standard policy values.
Aug 05 18:20:23.081353 np0000006578 devstack@c-api.service[97223]: warnings.warn(
Aug 05 18:20:23.082261 np0000006578 devstack@c-api.service[97225]: DEBUG cinder.api.openstack.wsgi [None req-9881f64c-e29e-4a03-8d6a-a139fb5ac62f tempest-AttachSCSIVolumeTestJSON-1866578060 tempest-AttachSCSIVolumeTestJSON-1866578060-project-member] Calling method 'show' {{(pid=97225) _process_stack /opt/stack/cinder/cinder/api/openstack/wsgi.py:878}}
Aug 05 18:20:23.082670 np0000006578 devstack@c-api.service[97224]: DEBUG cinder.api.middleware.request_id [None req-318ed1b0-997f-4de3-9d62-aa9f6195440e None None] RequestId filter calling following filter/app {{(pid=97224) _context_setter /opt/stack/cinder/cinder/api/middleware/request_id.py:62}}
Aug 05 18:20:23.089764 np0000006578 devstack@c-api.service[97224]: INFO cinder.api.openstack.wsgi [None req-318ed1b0-997f-4de3-9d62-aa9f6195440e tempest-VolumeQuotasNegativeTestJSON-260263515 tempest-VolumeQuotasNegativeTestJSON-260263515-project-member] GET https://10.4.3.39/volume/v3/volumes/6b064618-44ee-46e7-954e-bc07c65e9bf6
Aug 05 18:20:23.090041 np0000006578 devstack@c-api.service[97224]: DEBUG cinder.api.openstack.wsgi [None req-318ed1b0-997f-4de3-9d62-aa9f6195440e tempest-VolumeQuotasNegativeTestJSON-260263515 tempest-VolumeQuotasNegativeTestJSON-260263515-project-member] Empty body provided in request {{(pid=97224) get_body /opt/stack/cinder/cinder/api/openstack/wsgi.py:725}}
Aug 05 18:20:23.091705 np0000006578 devstack@c-api.service[97224]: DEBUG cinder.api.openstack.wsgi [None req-318ed1b0-997f-4de3-9d62-aa9f6195440e tempest-VolumeQuotasNegativeTestJSON-260263515 tempest-VolumeQuotasNegativeTestJSON-260263515-project-member] Calling method 'show' {{(pid=97224) _process_stack /opt/stack/cinder/cinder/api/openstack/wsgi.py:878}}
Aug 05 18:20:23.094043 np0000006578 devstack@c-api.service[97225]: /opt/stack/data/venv/lib/python3.12/site-packages/oslo_context/context.py:102: DeprecationWarning: Policy enforcement is depending on the value of is_admin. This key is deprecated. Please update your policy file to use the standard policy values.
Aug 05 18:20:23.094043 np0000006578 devstack@c-api.service[97225]: warnings.warn(
Aug 05 18:20:23.100113 np0000006578 devstack@c-api.service[97225]: INFO cinder.volume.api [None req-9881f64c-e29e-4a03-8d6a-a139fb5ac62f tempest-AttachSCSIVolumeTestJSON-1866578060 tempest-AttachSCSIVolumeTestJSON-1866578060-project-member] Volume info retrieved successfully.
Aug 05 18:20:23.103390 np0000006578 devstack@c-api.service[97224]: /opt/stack/data/venv/lib/python3.12/site-packages/oslo_context/context.py:102: DeprecationWarning: Policy enforcement is depending on the value of is_admin. This key is deprecated. Please update your policy file to use the standard policy values.
Aug 05 18:20:23.103390 np0000006578 devstack@c-api.service[97224]: warnings.warn(
Aug 05 18:20:23.108459 np0000006578 devstack@c-api.service[97225]: INFO cinder.api.openstack.wsgi [None req-9881f64c-e29e-4a03-8d6a-a139fb5ac62f tempest-AttachSCSIVolumeTestJSON-1866578060 tempest-AttachSCSIVolumeTestJSON-1866578060-project-member] https://10.4.3.39/volume/v3/volumes/5bbbb8f9-050b-42b9-911e-f9696615db7c returned with HTTP 200
Aug 05 18:20:23.109323 np0000006578 devstack@c-api.service[97224]: INFO cinder.volume.api [None req-318ed1b0-997f-4de3-9d62-aa9f6195440e tempest-VolumeQuotasNegativeTestJSON-260263515 tempest-VolumeQuotasNegativeTestJSON-260263515-project-member] Volume info retrieved successfully.
Aug 05 18:20:23.109446 np0000006578 devstack@c-api.service[97225]: [pid: 97225|app: 0|req: 75/234] 10.4.3.39 () {66 vars in 1341 bytes} [Wed Aug 5 18:20:23 2026] GET /volume/v3/volumes/5bbbb8f9-050b-42b9-911e-f9696615db7c => generated 845 bytes in 38 msecs (HTTP/1.1 200) 7 headers in 285 bytes (1 switches on core 0)
Aug 05 18:20:23.120930 np0000006578 devstack@c-api.service[97224]: INFO cinder.api.openstack.wsgi [None req-318ed1b0-997f-4de3-9d62-aa9f6195440e tempest-VolumeQuotasNegativeTestJSON-260263515 tempest-VolumeQuotasNegativeTestJSON-260263515-project-member] https://10.4.3.39/volume/v3/volumes/6b064618-44ee-46e7-954e-bc07c65e9bf6 returned with HTTP 200
Aug 05 18:20:23.120930 np0000006578 devstack@c-api.service[97224]: [pid: 97224|app: 0|req: 81/235] 10.4.3.39 () {66 vars in 1341 bytes} [Wed Aug 5 18:20:23 2026] GET /volume/v3/volumes/6b064618-44ee-46e7-954e-bc07c65e9bf6 => generated 825 bytes in 38 msecs (HTTP/1.1 200) 7 headers in 285 bytes (1 switches on core 0)
Aug 05 18:20:23.137138 np0000006578 devstack@c-api.service[97223]: INFO cinder.api.openstack.wsgi [req-c71e2c28-d62f-4d2a-9358-713422ec9a80 req-bf230af5-2e02-40ac-a58a-4c0f6b898d3b tempest-TaggedAttachmentsTest-1664151272 tempest-TaggedAttachmentsTest-1664151272-project-member] https://10.4.3.39/volume/v3/attachments returned with HTTP 200
Aug 05 18:20:23.138038 np0000006578 devstack@c-api.service[97223]: [pid: 97223|app: 0|req: 80/236] 10.4.3.39 () {74 vars in 1587 bytes} [Wed Aug 5 18:20:23 2026] POST /volume/v3/attachments => generated 273 bytes in 74 msecs (HTTP/1.1 200) 7 headers in 286 bytes (1 switches on core 0)
Aug 05 18:20:23.185084 np0000006578 devstack@c-api.service[97225]: DEBUG cinder.api.middleware.request_id [req-24c8cf21-e7f2-4ff7-9564-343715d2d8f9 req-e91cbbcc-207e-42d2-8987-abd05e50bd80 None None] RequestId filter calling following filter/app {{(pid=97225) _context_setter /opt/stack/cinder/cinder/api/middleware/request_id.py:62}}
Aug 05 18:20:23.187576 np0000006578 devstack@c-api.service[97225]: INFO cinder.api.openstack.wsgi [req-24c8cf21-e7f2-4ff7-9564-343715d2d8f9 req-e91cbbcc-207e-42d2-8987-abd05e50bd80 tempest-ServerBootFromVolumeStableRescueTest-179788943 tempest-ServerBootFromVolumeStableRescueTest-179788943-project-member] PUT https://10.4.3.39/volume/v3/attachments/18e425aa-b9ca-4113-aac4-a4990b7a6c1d
Aug 05 18:20:23.188839 np0000006578 devstack@c-api.service[97225]: DEBUG cinder.api.openstack.wsgi [req-24c8cf21-e7f2-4ff7-9564-343715d2d8f9 req-e91cbbcc-207e-42d2-8987-abd05e50bd80 tempest-ServerBootFromVolumeStableRescueTest-179788943 tempest-ServerBootFromVolumeStableRescueTest-179788943-project-member] Action: 'update', calling method: version_select, body: {"attachment": {"connector": {"platform": "x86_64", "os_type": "linux", "ip": "10.4.3.39", "host": "np0000006578", "multipath": false, "enforce_multipath": true, "initiator": "iqn.2016-04.com.open-iscsi:3431956356e8", "do_local_attach": false, "nvme_hostid": "676083a9-7c79-4f43-baf2-22e57279452c", "uuid": "8515de1c-ba7e-467b-adde-6d9f8a8dbc1f", "system uuid": "6b925fa5-bd6a-41cd-96ef-1e9879eb1061", "nqn": "nqn.2014-08.org.nvmexpress:uuid:6b925fa5-bd6a-41cd-96ef-1e9879eb1061", "nvme_native_multipath": true, "found_dsc": "", "host_ips": ["10.4.3.39", "fe80::f816:3eff:fe59:62f5", "192.168.10.6", "fe80::f816:3eff:fe4f:d8f3", "192.168.20.6", "fe80::f816:3eff:fece:4f0f", "192.168.30.6", "fe80::f816:3eff:fec4:a5fb", "192.168.122.1", "172.24.5.1", "2001:db8::2", "fe80::9c2b:58ff:feee:2e42", "fe80::f816:3eff:feb4:3e51", "fe80::78c1:79ff:fe52:7585", "fe80::f816:3eff:fe6a:6dc7", "fe80::50f2:54ff:febd:78eb", "fe80::f816:3eff:fe5d:8cc3", "fe80::48d2:82ff:feda:6c6d", "fe80::f816:3eff:fe06:22cb", "fe80::f816:3eff:fef5:a8e1", "fe80::f816:3eff:fe5a:556c", "fe80::3c7c:3cff:fe63:91c2", "fe80::f816:3eff:fe55:6e5e", "fe80::f816:3eff:fe0e:e4b4", "fe80::f816:3eff:fe0c:d23e", "fe80::f816:3eff:fe96:2150", "fe80::f816:3eff:fe49:25cf", "fe80::3c62:33ff:fe62:aa26", "fe80::74fe:68ff:fe5e:bb35", "fe80::f816:3eff:fe99:116a", "fe80::f816:3eff:fe40:fec7", "fe80::8859:2dff:fe75:d951", "fe80::f816:3eff:fe13:3765", "fe80::483e:eaff:fe77:936d"], "mountpoint": "/dev/vda"}}} {{(pid=97225) _process_stack /opt/stack/cinder/cinder/api/openstack/wsgi.py:876}}
Aug 05 18:20:23.196808 np0000006578 devstack@c-api.service[97224]: DEBUG cinder.api.middleware.request_id [None req-9eaeba3a-d036-4093-818c-2092fa5c397b None None] RequestId filter calling following filter/app {{(pid=97224) _context_setter /opt/stack/cinder/cinder/api/middleware/request_id.py:62}}
Aug 05 18:20:23.200755 np0000006578 devstack@c-api.service[97225]: DEBUG cinder.coordination [req-24c8cf21-e7f2-4ff7-9564-343715d2d8f9 req-e91cbbcc-207e-42d2-8987-abd05e50bd80 tempest-ServerBootFromVolumeStableRescueTest-179788943 tempest-ServerBootFromVolumeStableRescueTest-179788943-project-member] Acquiring lock "cinder-attachment_update-e04d4496-6be2-4e41-b230-859cefb69d48-np0000006578" by "attachment_update" {{(pid=97225) __acquire /opt/stack/cinder/cinder/coordination.py:138}}
Aug 05 18:20:23.201395 np0000006578 devstack@c-api.service[97224]: INFO cinder.api.openstack.wsgi [None req-9eaeba3a-d036-4093-818c-2092fa5c397b tempest-TaggedAttachmentsTest-1664151272 tempest-TaggedAttachmentsTest-1664151272-project-member] GET https://10.4.3.39/volume/v3/volumes/43edd316-0f31-445c-b5c2-df33a1305f4b
Aug 05 18:20:23.201700 np0000006578 devstack@c-api.service[97224]: DEBUG cinder.api.openstack.wsgi [None req-9eaeba3a-d036-4093-818c-2092fa5c397b tempest-TaggedAttachmentsTest-1664151272 tempest-TaggedAttachmentsTest-1664151272-project-member] Empty body provided in request {{(pid=97224) get_body /opt/stack/cinder/cinder/api/openstack/wsgi.py:725}}
Aug 05 18:20:23.203017 np0000006578 devstack@c-api.service[97224]: DEBUG cinder.api.openstack.wsgi [None req-9eaeba3a-d036-4093-818c-2092fa5c397b tempest-TaggedAttachmentsTest-1664151272 tempest-TaggedAttachmentsTest-1664151272-project-member] Calling method 'show' {{(pid=97224) _process_stack /opt/stack/cinder/cinder/api/openstack/wsgi.py:878}}
Aug 05 18:20:23.207877 np0000006578 devstack@c-api.service[97225]: DEBUG cinder.coordination [req-24c8cf21-e7f2-4ff7-9564-343715d2d8f9 req-e91cbbcc-207e-42d2-8987-abd05e50bd80 tempest-ServerBootFromVolumeStableRescueTest-179788943 tempest-ServerBootFromVolumeStableRescueTest-179788943-project-member] Lock "cinder-attachment_update-e04d4496-6be2-4e41-b230-859cefb69d48-np0000006578" acquired by "attachment_update" :: waited 0.008s {{(pid=97225) __acquire /opt/stack/cinder/cinder/coordination.py:141}}
Aug 05 18:20:23.209575 np0000006578 devstack@c-api.service[97225]: /opt/stack/data/venv/lib/python3.12/site-packages/oslo_context/context.py:102: DeprecationWarning: Policy enforcement is depending on the value of is_admin. This key is deprecated. Please update your policy file to use the standard policy values.
Aug 05 18:20:23.209575 np0000006578 devstack@c-api.service[97225]: warnings.warn(
Aug 05 18:20:23.219860 np0000006578 devstack@c-api.service[97223]: DEBUG cinder.api.middleware.request_id [None req-a7814363-a3ae-4570-9cd7-308da59680b6 None None] RequestId filter calling following filter/app {{(pid=97223) _context_setter /opt/stack/cinder/cinder/api/middleware/request_id.py:62}}
Aug 05 18:20:23.220494 np0000006578 devstack@c-api.service[97224]: /opt/stack/data/venv/lib/python3.12/site-packages/oslo_context/context.py:102: DeprecationWarning: Policy enforcement is depending on the value of is_admin. This key is deprecated. Please update your policy file to use the standard policy values.
Aug 05 18:20:23.220494 np0000006578 devstack@c-api.service[97224]: warnings.warn(
Aug 05 18:20:23.220605 np0000006578 devstack@c-api.service[97223]: INFO cinder.api.openstack.wsgi [None req-a7814363-a3ae-4570-9cd7-308da59680b6 None None] GET https://10.4.3.39/volume//
Aug 05 18:20:23.220605 np0000006578 devstack@c-api.service[97223]: DEBUG cinder.api.openstack.wsgi [None req-a7814363-a3ae-4570-9cd7-308da59680b6 None None] Empty body provided in request {{(pid=97223) get_body /opt/stack/cinder/cinder/api/openstack/wsgi.py:725}}
Aug 05 18:20:23.220605 np0000006578 devstack@c-api.service[97223]: DEBUG cinder.api.openstack.wsgi [None req-a7814363-a3ae-4570-9cd7-308da59680b6 None None] Calling method 'all' {{(pid=97223) _process_stack /opt/stack/cinder/cinder/api/openstack/wsgi.py:878}}
Aug 05 18:20:23.220738 np0000006578 devstack@c-api.service[97223]: INFO cinder.api.openstack.wsgi [None req-a7814363-a3ae-4570-9cd7-308da59680b6 None None] https://10.4.3.39/volume// returned with HTTP 300
Aug 05 18:20:23.221192 np0000006578 devstack@c-api.service[97223]: [pid: 97223|app: 0|req: 81/237] 10.4.3.39 () {66 vars in 1419 bytes} [Wed Aug 5 18:20:23 2026] GET /volume/ => generated 385 bytes in 3 msecs (HTTP/1.1 300) 7 headers in 299 bytes (1 switches on core 0)
Aug 05 18:20:23.235307 np0000006578 devstack@c-api.service[97223]: DEBUG cinder.api.middleware.request_id [req-c71e2c28-d62f-4d2a-9358-713422ec9a80 req-b979175d-fc52-4337-b34f-294957775020 None None] RequestId filter calling following filter/app {{(pid=97223) _context_setter /opt/stack/cinder/cinder/api/middleware/request_id.py:62}}
Aug 05 18:20:23.236651 np0000006578 devstack@c-api.service[97224]: INFO cinder.volume.api [None req-9eaeba3a-d036-4093-818c-2092fa5c397b tempest-TaggedAttachmentsTest-1664151272 tempest-TaggedAttachmentsTest-1664151272-project-member] Volume info retrieved successfully.
Aug 05 18:20:23.240350 np0000006578 devstack@c-api.service[97224]: INFO cinder.api.openstack.wsgi [None req-9eaeba3a-d036-4093-818c-2092fa5c397b tempest-TaggedAttachmentsTest-1664151272 tempest-TaggedAttachmentsTest-1664151272-project-member] https://10.4.3.39/volume/v3/volumes/43edd316-0f31-445c-b5c2-df33a1305f4b returned with HTTP 200
Aug 05 18:20:23.240867 np0000006578 devstack@c-api.service[97224]: [pid: 97224|app: 0|req: 82/238] 10.4.3.39 () {66 vars in 1341 bytes} [Wed Aug 5 18:20:23 2026] GET /volume/v3/volumes/43edd316-0f31-445c-b5c2-df33a1305f4b => generated 842 bytes in 45 msecs (HTTP/1.1 200) 7 headers in 285 bytes (1 switches on core 0)
Aug 05 18:20:23.241288 np0000006578 devstack@c-api.service[97223]: INFO cinder.api.openstack.wsgi [req-c71e2c28-d62f-4d2a-9358-713422ec9a80 req-b979175d-fc52-4337-b34f-294957775020 tempest-TaggedAttachmentsTest-1664151272 tempest-TaggedAttachmentsTest-1664151272-project-member] GET https://10.4.3.39/volume/v3/volumes/43edd316-0f31-445c-b5c2-df33a1305f4b
Aug 05 18:20:23.241647 np0000006578 devstack@c-api.service[97223]: DEBUG cinder.api.openstack.wsgi [req-c71e2c28-d62f-4d2a-9358-713422ec9a80 req-b979175d-fc52-4337-b34f-294957775020 tempest-TaggedAttachmentsTest-1664151272 tempest-TaggedAttachmentsTest-1664151272-project-member] Empty body provided in request {{(pid=97223) get_body /opt/stack/cinder/cinder/api/openstack/wsgi.py:725}}
Aug 05 18:20:23.241948 np0000006578 devstack@c-api.service[97223]: DEBUG cinder.api.openstack.wsgi [req-c71e2c28-d62f-4d2a-9358-713422ec9a80 req-b979175d-fc52-4337-b34f-294957775020 tempest-TaggedAttachmentsTest-1664151272 tempest-TaggedAttachmentsTest-1664151272-project-member] Calling method 'show' {{(pid=97223) _process_stack /opt/stack/cinder/cinder/api/openstack/wsgi.py:878}}
Aug 05 18:20:23.263665 np0000006578 devstack@c-api.service[97223]: /opt/stack/data/venv/lib/python3.12/site-packages/oslo_context/context.py:102: DeprecationWarning: Policy enforcement is depending on the value of is_admin. This key is deprecated. Please update your policy file to use the standard policy values.
Aug 05 18:20:23.263665 np0000006578 devstack@c-api.service[97223]: warnings.warn(
Aug 05 18:20:23.269976 np0000006578 devstack@c-api.service[97223]: INFO cinder.volume.api [req-c71e2c28-d62f-4d2a-9358-713422ec9a80 req-b979175d-fc52-4337-b34f-294957775020 tempest-TaggedAttachmentsTest-1664151272 tempest-TaggedAttachmentsTest-1664151272-project-member] Volume info retrieved successfully.
Aug 05 18:20:23.281589 np0000006578 devstack@c-api.service[97223]: INFO cinder.api.openstack.wsgi [req-c71e2c28-d62f-4d2a-9358-713422ec9a80 req-b979175d-fc52-4337-b34f-294957775020 tempest-TaggedAttachmentsTest-1664151272 tempest-TaggedAttachmentsTest-1664151272-project-member] https://10.4.3.39/volume/v3/volumes/43edd316-0f31-445c-b5c2-df33a1305f4b returned with HTTP 200
Aug 05 18:20:23.281589 np0000006578 devstack@c-api.service[97223]: [pid: 97223|app: 0|req: 82/239] 10.4.3.39 () {70 vars in 1632 bytes} [Wed Aug 5 18:20:23 2026] GET /volume/v3/volumes/43edd316-0f31-445c-b5c2-df33a1305f4b => generated 1023 bytes in 50 msecs (HTTP/1.1 200) 7 headers in 287 bytes (1 switches on core 0)
Aug 05 18:20:23.404931 np0000006578 devstack@c-api.service[97225]: DEBUG cinder.coordination [req-24c8cf21-e7f2-4ff7-9564-343715d2d8f9 req-e91cbbcc-207e-42d2-8987-abd05e50bd80 tempest-ServerBootFromVolumeStableRescueTest-179788943 tempest-ServerBootFromVolumeStableRescueTest-179788943-project-member] Lock "cinder-attachment_update-e04d4496-6be2-4e41-b230-859cefb69d48-np0000006578" released by "attachment_update" :: held 0.196s {{(pid=97225) __release /opt/stack/cinder/cinder/coordination.py:152}}
Aug 05 18:20:23.405781 np0000006578 devstack@c-api.service[97225]: INFO cinder.api.openstack.wsgi [req-24c8cf21-e7f2-4ff7-9564-343715d2d8f9 req-e91cbbcc-207e-42d2-8987-abd05e50bd80 tempest-ServerBootFromVolumeStableRescueTest-179788943 tempest-ServerBootFromVolumeStableRescueTest-179788943-project-member] https://10.4.3.39/volume/v3/attachments/18e425aa-b9ca-4113-aac4-a4990b7a6c1d returned with HTTP 200
Aug 05 18:20:23.406369 np0000006578 devstack@c-api.service[97225]: [pid: 97225|app: 0|req: 76/240] 10.4.3.39 () {74 vars in 1698 bytes} [Wed Aug 5 18:20:23 2026] PUT /volume/v3/attachments/18e425aa-b9ca-4113-aac4-a4990b7a6c1d => generated 535 bytes in 223 msecs (HTTP/1.1 200) 7 headers in 286 bytes (1 switches on core 0)
Aug 05 18:20:23.474008 np0000006578 devstack@c-api.service[97224]: DEBUG cinder.api.middleware.request_id [req-c71e2c28-d62f-4d2a-9358-713422ec9a80 req-5c587765-e27f-4c83-9e64-11b129755baa None None] RequestId filter calling following filter/app {{(pid=97224) _context_setter /opt/stack/cinder/cinder/api/middleware/request_id.py:62}}
Aug 05 18:20:23.477621 np0000006578 devstack@c-api.service[97224]: INFO cinder.api.openstack.wsgi [req-c71e2c28-d62f-4d2a-9358-713422ec9a80 req-5c587765-e27f-4c83-9e64-11b129755baa tempest-TaggedAttachmentsTest-1664151272 tempest-TaggedAttachmentsTest-1664151272-project-member] PUT https://10.4.3.39/volume/v3/attachments/f74a7580-8e4a-46a5-9b18-749c2cb26a9a
Aug 05 18:20:23.479088 np0000006578 devstack@c-api.service[97224]: DEBUG cinder.api.openstack.wsgi [req-c71e2c28-d62f-4d2a-9358-713422ec9a80 req-5c587765-e27f-4c83-9e64-11b129755baa tempest-TaggedAttachmentsTest-1664151272 tempest-TaggedAttachmentsTest-1664151272-project-member] Action: 'update', calling method: version_select, body: {"attachment": {"connector": {"platform": "x86_64", "os_type": "linux", "ip": "10.4.3.39", "host": "np0000006578", "multipath": false, "enforce_multipath": true, "initiator": "iqn.2016-04.com.open-iscsi:3431956356e8", "do_local_attach": false, "nvme_hostid": "676083a9-7c79-4f43-baf2-22e57279452c", "uuid": "8515de1c-ba7e-467b-adde-6d9f8a8dbc1f", "system uuid": "6b925fa5-bd6a-41cd-96ef-1e9879eb1061", "nqn": "nqn.2014-08.org.nvmexpress:uuid:6b925fa5-bd6a-41cd-96ef-1e9879eb1061", "nvme_native_multipath": true, "found_dsc": "", "host_ips": ["10.4.3.39", "fe80::f816:3eff:fe59:62f5", "192.168.10.6", "fe80::f816:3eff:fe4f:d8f3", "192.168.20.6", "fe80::f816:3eff:fece:4f0f", "192.168.30.6", "fe80::f816:3eff:fec4:a5fb", "192.168.122.1", "172.24.5.1", "2001:db8::2", "fe80::9c2b:58ff:feee:2e42", "fe80::f816:3eff:feb4:3e51", "fe80::78c1:79ff:fe52:7585", "fe80::f816:3eff:fe6a:6dc7", "fe80::50f2:54ff:febd:78eb", "fe80::f816:3eff:fe5d:8cc3", "fe80::48d2:82ff:feda:6c6d", "fe80::f816:3eff:fe06:22cb", "fe80::f816:3eff:fef5:a8e1", "fe80::f816:3eff:fe5a:556c", "fe80::3c7c:3cff:fe63:91c2", "fe80::f816:3eff:fe55:6e5e", "fe80::f816:3eff:fe0e:e4b4", "fe80::f816:3eff:fe0c:d23e", "fe80::f816:3eff:fe96:2150", "fe80::f816:3eff:fe49:25cf", "fe80::3c62:33ff:fe62:aa26", "fe80::74fe:68ff:fe5e:bb35", "fe80::f816:3eff:fe99:116a", "fe80::f816:3eff:fe40:fec7", "fe80::8859:2dff:fe75:d951", "fe80::f816:3eff:fe13:3765", "fe80::483e:eaff:fe77:936d"], "mountpoint": "/dev/vdb"}}} {{(pid=97224) _process_stack /opt/stack/cinder/cinder/api/openstack/wsgi.py:876}}
Aug 05 18:20:23.497246 np0000006578 devstack@c-api.service[97224]: DEBUG cinder.coordination [req-c71e2c28-d62f-4d2a-9358-713422ec9a80 req-5c587765-e27f-4c83-9e64-11b129755baa tempest-TaggedAttachmentsTest-1664151272 tempest-TaggedAttachmentsTest-1664151272-project-member] Acquiring lock "cinder-attachment_update-43edd316-0f31-445c-b5c2-df33a1305f4b-np0000006578" by "attachment_update" {{(pid=97224) __acquire /opt/stack/cinder/cinder/coordination.py:138}}
Aug 05 18:20:23.498075 np0000006578 devstack@c-api.service[97223]: DEBUG cinder.api.middleware.request_id [req-24c8cf21-e7f2-4ff7-9564-343715d2d8f9 req-fc169bd6-5a61-4f7c-aed8-56d8b94eeb8d None None] RequestId filter calling following filter/app {{(pid=97223) _context_setter /opt/stack/cinder/cinder/api/middleware/request_id.py:62}}
Aug 05 18:20:23.502868 np0000006578 devstack@c-api.service[97223]: INFO cinder.api.openstack.wsgi [req-24c8cf21-e7f2-4ff7-9564-343715d2d8f9 req-fc169bd6-5a61-4f7c-aed8-56d8b94eeb8d tempest-ServerBootFromVolumeStableRescueTest-179788943 tempest-ServerBootFromVolumeStableRescueTest-179788943-project-member] POST https://10.4.3.39/volume/v3/attachments/18e425aa-b9ca-4113-aac4-a4990b7a6c1d/action
Aug 05 18:20:23.505644 np0000006578 devstack@c-api.service[97223]: DEBUG cinder.api.openstack.wsgi [req-24c8cf21-e7f2-4ff7-9564-343715d2d8f9 req-fc169bd6-5a61-4f7c-aed8-56d8b94eeb8d tempest-ServerBootFromVolumeStableRescueTest-179788943 tempest-ServerBootFromVolumeStableRescueTest-179788943-project-member] Action body: b'{"os-complete": null}' {{(pid=97223) get_method /opt/stack/cinder/cinder/api/openstack/wsgi.py:993}}
Aug 05 18:20:23.505852 np0000006578 devstack@c-api.service[97223]: DEBUG cinder.api.openstack.wsgi [req-24c8cf21-e7f2-4ff7-9564-343715d2d8f9 req-fc169bd6-5a61-4f7c-aed8-56d8b94eeb8d tempest-ServerBootFromVolumeStableRescueTest-179788943 tempest-ServerBootFromVolumeStableRescueTest-179788943-project-member] Action: 'action', calling method: complete, body: {"os-complete": null} {{(pid=97223) _process_stack /opt/stack/cinder/cinder/api/openstack/wsgi.py:876}}
Aug 05 18:20:23.509676 np0000006578 devstack@c-api.service[97224]: DEBUG cinder.coordination [req-c71e2c28-d62f-4d2a-9358-713422ec9a80 req-5c587765-e27f-4c83-9e64-11b129755baa tempest-TaggedAttachmentsTest-1664151272 tempest-TaggedAttachmentsTest-1664151272-project-member] Lock "cinder-attachment_update-43edd316-0f31-445c-b5c2-df33a1305f4b-np0000006578" acquired by "attachment_update" :: waited 0.014s {{(pid=97224) __acquire /opt/stack/cinder/cinder/coordination.py:141}}
Aug 05 18:20:23.512965 np0000006578 devstack@c-api.service[97224]: /opt/stack/data/venv/lib/python3.12/site-packages/oslo_context/context.py:102: DeprecationWarning: Policy enforcement is depending on the value of is_admin. This key is deprecated. Please update your policy file to use the standard policy values.
Aug 05 18:20:23.512965 np0000006578 devstack@c-api.service[97224]: warnings.warn(
Aug 05 18:20:23.541341 np0000006578 devstack@c-api.service[97223]: /opt/stack/data/venv/lib/python3.12/site-packages/oslo_context/context.py:102: DeprecationWarning: Policy enforcement is depending on the value of is_admin. This key is deprecated. Please update your policy file to use the standard policy values.
Aug 05 18:20:23.541341 np0000006578 devstack@c-api.service[97223]: warnings.warn(
Aug 05 18:20:23.570566 np0000006578 devstack@c-api.service[97223]: INFO cinder.api.openstack.wsgi [req-24c8cf21-e7f2-4ff7-9564-343715d2d8f9 req-fc169bd6-5a61-4f7c-aed8-56d8b94eeb8d tempest-ServerBootFromVolumeStableRescueTest-179788943 tempest-ServerBootFromVolumeStableRescueTest-179788943-project-member] https://10.4.3.39/volume/v3/attachments/18e425aa-b9ca-4113-aac4-a4990b7a6c1d/action returned with HTTP 204
Aug 05 18:20:23.571367 np0000006578 devstack@c-api.service[97223]: [pid: 97223|app: 0|req: 83/241] 10.4.3.39 () {74 vars in 1718 bytes} [Wed Aug 5 18:20:23 2026] POST /volume/v3/attachments/18e425aa-b9ca-4113-aac4-a4990b7a6c1d/action => generated 0 bytes in 74 msecs (HTTP/1.1 204) 7 headers in 292 bytes (1 switches on core 0)
Aug 05 18:20:23.644738 np0000006578 devstack@c-api.service[97224]: DEBUG cinder.coordination [req-c71e2c28-d62f-4d2a-9358-713422ec9a80 req-5c587765-e27f-4c83-9e64-11b129755baa tempest-TaggedAttachmentsTest-1664151272 tempest-TaggedAttachmentsTest-1664151272-project-member] Lock "cinder-attachment_update-43edd316-0f31-445c-b5c2-df33a1305f4b-np0000006578" released by "attachment_update" :: held 0.134s {{(pid=97224) __release /opt/stack/cinder/cinder/coordination.py:152}}
Aug 05 18:20:23.644738 np0000006578 devstack@c-api.service[97224]: INFO cinder.api.openstack.wsgi [req-c71e2c28-d62f-4d2a-9358-713422ec9a80 req-5c587765-e27f-4c83-9e64-11b129755baa tempest-TaggedAttachmentsTest-1664151272 tempest-TaggedAttachmentsTest-1664151272-project-member] https://10.4.3.39/volume/v3/attachments/f74a7580-8e4a-46a5-9b18-749c2cb26a9a returned with HTTP 200
Aug 05 18:20:23.645879 np0000006578 devstack@c-api.service[97224]: [pid: 97224|app: 0|req: 83/242] 10.4.3.39 () {74 vars in 1698 bytes} [Wed Aug 5 18:20:23 2026] PUT /volume/v3/attachments/f74a7580-8e4a-46a5-9b18-749c2cb26a9a => generated 535 bytes in 173 msecs (HTTP/1.1 200) 7 headers in 286 bytes (1 switches on core 0)
Aug 05 18:20:24.140410 np0000006578 devstack@c-api.service[97225]: DEBUG cinder.api.middleware.request_id [None req-a51049c6-7fb1-4851-9426-1f5102a75f65 None None] RequestId filter calling following filter/app {{(pid=97225) _context_setter /opt/stack/cinder/cinder/api/middleware/request_id.py:62}}
Aug 05 18:20:24.145839 np0000006578 devstack@c-api.service[97225]: INFO cinder.api.openstack.wsgi [None req-a51049c6-7fb1-4851-9426-1f5102a75f65 tempest-VolumeQuotasNegativeTestJSON-260263515 tempest-VolumeQuotasNegativeTestJSON-260263515-project-member] GET https://10.4.3.39/volume/v3/volumes/6b064618-44ee-46e7-954e-bc07c65e9bf6
Aug 05 18:20:24.146783 np0000006578 devstack@c-api.service[97225]: DEBUG cinder.api.openstack.wsgi [None req-a51049c6-7fb1-4851-9426-1f5102a75f65 tempest-VolumeQuotasNegativeTestJSON-260263515 tempest-VolumeQuotasNegativeTestJSON-260263515-project-member] Empty body provided in request {{(pid=97225) get_body /opt/stack/cinder/cinder/api/openstack/wsgi.py:725}}
Aug 05 18:20:24.146783 np0000006578 devstack@c-api.service[97225]: DEBUG cinder.api.openstack.wsgi [None req-a51049c6-7fb1-4851-9426-1f5102a75f65 tempest-VolumeQuotasNegativeTestJSON-260263515 tempest-VolumeQuotasNegativeTestJSON-260263515-project-member] Calling method 'show' {{(pid=97225) _process_stack /opt/stack/cinder/cinder/api/openstack/wsgi.py:878}}
Aug 05 18:20:24.163413 np0000006578 devstack@c-api.service[97225]: /opt/stack/data/venv/lib/python3.12/site-packages/oslo_context/context.py:102: DeprecationWarning: Policy enforcement is depending on the value of is_admin. This key is deprecated. Please update your policy file to use the standard policy values.
Aug 05 18:20:24.163413 np0000006578 devstack@c-api.service[97225]: warnings.warn(
Aug 05 18:20:24.181715 np0000006578 devstack@c-api.service[97225]: INFO cinder.volume.api [None req-a51049c6-7fb1-4851-9426-1f5102a75f65 tempest-VolumeQuotasNegativeTestJSON-260263515 tempest-VolumeQuotasNegativeTestJSON-260263515-project-member] Volume info retrieved successfully.
Aug 05 18:20:24.197033 np0000006578 devstack@c-api.service[97225]: INFO cinder.api.openstack.wsgi [None req-a51049c6-7fb1-4851-9426-1f5102a75f65 tempest-VolumeQuotasNegativeTestJSON-260263515 tempest-VolumeQuotasNegativeTestJSON-260263515-project-member] https://10.4.3.39/volume/v3/volumes/6b064618-44ee-46e7-954e-bc07c65e9bf6 returned with HTTP 200
Aug 05 18:20:24.197467 np0000006578 devstack@c-api.service[97225]: [pid: 97225|app: 0|req: 77/243] 10.4.3.39 () {66 vars in 1341 bytes} [Wed Aug 5 18:20:24 2026] GET /volume/v3/volumes/6b064618-44ee-46e7-954e-bc07c65e9bf6 => generated 850 bytes in 57 msecs (HTTP/1.1 200) 7 headers in 285 bytes (1 switches on core 0)
Aug 05 18:20:24.227279 np0000006578 devstack@c-api.service[97223]: DEBUG cinder.api.middleware.request_id [None req-9fbe4ee4-e266-40d1-8b0f-1ead89672fd4 None None] RequestId filter calling following filter/app {{(pid=97223) _context_setter /opt/stack/cinder/cinder/api/middleware/request_id.py:62}}
Aug 05 18:20:24.232988 np0000006578 devstack@c-api.service[97223]: INFO cinder.api.openstack.wsgi [None req-9fbe4ee4-e266-40d1-8b0f-1ead89672fd4 tempest-VolumeQuotasNegativeTestJSON-252319010 tempest-VolumeQuotasNegativeTestJSON-252319010-project-admin] PUT https://10.4.3.39/volume/v3/os-quota-sets/2c9b69467ff94e728dd7f899b13cbb7b
Aug 05 18:20:24.235323 np0000006578 devstack@c-api.service[97223]: DEBUG cinder.api.openstack.wsgi [None req-9fbe4ee4-e266-40d1-8b0f-1ead89672fd4 tempest-VolumeQuotasNegativeTestJSON-252319010 tempest-VolumeQuotasNegativeTestJSON-252319010-project-admin] Action: 'update', calling method: update, body: {"quota_set": {"gigabytes": 1, "volumes": -1}} {{(pid=97223) _process_stack /opt/stack/cinder/cinder/api/openstack/wsgi.py:876}}
Aug 05 18:20:24.243984 np0000006578 devstack@c-api.service[97224]: DEBUG cinder.api.middleware.request_id [req-c71e2c28-d62f-4d2a-9358-713422ec9a80 req-24f6f807-8305-4d93-b53e-5c08646036e0 None None] RequestId filter calling following filter/app {{(pid=97224) _context_setter /opt/stack/cinder/cinder/api/middleware/request_id.py:62}}
Aug 05 18:20:24.251128 np0000006578 devstack@c-api.service[97224]: INFO cinder.api.openstack.wsgi [req-c71e2c28-d62f-4d2a-9358-713422ec9a80 req-24f6f807-8305-4d93-b53e-5c08646036e0 tempest-TaggedAttachmentsTest-1664151272 tempest-TaggedAttachmentsTest-1664151272-project-member] POST https://10.4.3.39/volume/v3/attachments/f74a7580-8e4a-46a5-9b18-749c2cb26a9a/action
Aug 05 18:20:24.251128 np0000006578 devstack@c-api.service[97224]: DEBUG cinder.api.openstack.wsgi [req-c71e2c28-d62f-4d2a-9358-713422ec9a80 req-24f6f807-8305-4d93-b53e-5c08646036e0 tempest-TaggedAttachmentsTest-1664151272 tempest-TaggedAttachmentsTest-1664151272-project-member] Action body: b'{"os-complete": null}' {{(pid=97224) get_method /opt/stack/cinder/cinder/api/openstack/wsgi.py:993}}
Aug 05 18:20:24.251128 np0000006578 devstack@c-api.service[97224]: DEBUG cinder.api.openstack.wsgi [req-c71e2c28-d62f-4d2a-9358-713422ec9a80 req-24f6f807-8305-4d93-b53e-5c08646036e0 tempest-TaggedAttachmentsTest-1664151272 tempest-TaggedAttachmentsTest-1664151272-project-member] Action: 'action', calling method: complete, body: {"os-complete": null} {{(pid=97224) _process_stack /opt/stack/cinder/cinder/api/openstack/wsgi.py:876}}
Aug 05 18:20:24.264055 np0000006578 devstack@c-api.service[97225]: DEBUG cinder.api.middleware.request_id [None req-8073be0d-0c1d-4934-acb2-fb73de800462 None None] RequestId filter calling following filter/app {{(pid=97225) _context_setter /opt/stack/cinder/cinder/api/middleware/request_id.py:62}}
Aug 05 18:20:24.270638 np0000006578 devstack@c-api.service[97225]: INFO cinder.api.openstack.wsgi [None req-8073be0d-0c1d-4934-acb2-fb73de800462 tempest-TaggedAttachmentsTest-1664151272 tempest-TaggedAttachmentsTest-1664151272-project-member] GET https://10.4.3.39/volume/v3/volumes/43edd316-0f31-445c-b5c2-df33a1305f4b
Aug 05 18:20:24.270638 np0000006578 devstack@c-api.service[97225]: DEBUG cinder.api.openstack.wsgi [None req-8073be0d-0c1d-4934-acb2-fb73de800462 tempest-TaggedAttachmentsTest-1664151272 tempest-TaggedAttachmentsTest-1664151272-project-member] Empty body provided in request {{(pid=97225) get_body /opt/stack/cinder/cinder/api/openstack/wsgi.py:725}}
Aug 05 18:20:24.270638 np0000006578 devstack@c-api.service[97225]: DEBUG cinder.api.openstack.wsgi [None req-8073be0d-0c1d-4934-acb2-fb73de800462 tempest-TaggedAttachmentsTest-1664151272 tempest-TaggedAttachmentsTest-1664151272-project-member] Calling method 'show' {{(pid=97225) _process_stack /opt/stack/cinder/cinder/api/openstack/wsgi.py:878}}
Aug 05 18:20:24.292316 np0000006578 devstack@c-api.service[97224]: /opt/stack/data/venv/lib/python3.12/site-packages/oslo_context/context.py:102: DeprecationWarning: Policy enforcement is depending on the value of is_admin. This key is deprecated. Please update your policy file to use the standard policy values.
Aug 05 18:20:24.292316 np0000006578 devstack@c-api.service[97224]: warnings.warn(
Aug 05 18:20:24.303136 np0000006578 devstack@c-api.service[97225]: /opt/stack/data/venv/lib/python3.12/site-packages/oslo_context/context.py:102: DeprecationWarning: Policy enforcement is depending on the value of is_admin. This key is deprecated. Please update your policy file to use the standard policy values.
Aug 05 18:20:24.303136 np0000006578 devstack@c-api.service[97225]: warnings.warn(
Aug 05 18:20:24.311832 np0000006578 devstack@c-api.service[97225]: INFO cinder.volume.api [None req-8073be0d-0c1d-4934-acb2-fb73de800462 tempest-TaggedAttachmentsTest-1664151272 tempest-TaggedAttachmentsTest-1664151272-project-member] Volume info retrieved successfully.
Aug 05 18:20:24.320014 np0000006578 devstack@c-api.service[97225]: INFO cinder.api.openstack.wsgi [None req-8073be0d-0c1d-4934-acb2-fb73de800462 tempest-TaggedAttachmentsTest-1664151272 tempest-TaggedAttachmentsTest-1664151272-project-member] https://10.4.3.39/volume/v3/volumes/43edd316-0f31-445c-b5c2-df33a1305f4b returned with HTTP 200
Aug 05 18:20:24.320945 np0000006578 devstack@c-api.service[97225]: [pid: 97225|app: 0|req: 78/244] 10.4.3.39 () {66 vars in 1341 bytes} [Wed Aug 5 18:20:24 2026] GET /volume/v3/volumes/43edd316-0f31-445c-b5c2-df33a1305f4b => generated 843 bytes in 58 msecs (HTTP/1.1 200) 7 headers in 285 bytes (1 switches on core 0)
Aug 05 18:20:24.321918 np0000006578 devstack@c-api.service[97224]: INFO cinder.api.openstack.wsgi [req-c71e2c28-d62f-4d2a-9358-713422ec9a80 req-24f6f807-8305-4d93-b53e-5c08646036e0 tempest-TaggedAttachmentsTest-1664151272 tempest-TaggedAttachmentsTest-1664151272-project-member] https://10.4.3.39/volume/v3/attachments/f74a7580-8e4a-46a5-9b18-749c2cb26a9a/action returned with HTTP 204
Aug 05 18:20:24.327983 np0000006578 devstack@c-api.service[97224]: [pid: 97224|app: 0|req: 84/245] 10.4.3.39 () {74 vars in 1718 bytes} [Wed Aug 5 18:20:24 2026] POST /volume/v3/attachments/f74a7580-8e4a-46a5-9b18-749c2cb26a9a/action => generated 0 bytes in 81 msecs (HTTP/1.1 204) 7 headers in 292 bytes (1 switches on core 0)
Aug 05 18:20:24.371238 np0000006578 devstack@c-api.service[97223]: INFO cinder.api.openstack.wsgi [None req-9fbe4ee4-e266-40d1-8b0f-1ead89672fd4 tempest-VolumeQuotasNegativeTestJSON-252319010 tempest-VolumeQuotasNegativeTestJSON-252319010-project-admin] https://10.4.3.39/volume/v3/os-quota-sets/2c9b69467ff94e728dd7f899b13cbb7b returned with HTTP 200
Aug 05 18:20:24.372018 np0000006578 devstack@c-api.service[97223]: [pid: 97223|app: 0|req: 84/246] 10.4.3.39 () {68 vars in 1367 bytes} [Wed Aug 5 18:20:24 2026] PUT /volume/v3/os-quota-sets/2c9b69467ff94e728dd7f899b13cbb7b => generated 307 bytes in 149 msecs (HTTP/1.1 200) 7 headers in 285 bytes (1 switches on core 0)
Aug 05 18:20:24.386443 np0000006578 devstack@c-api.service[97225]: DEBUG cinder.api.middleware.request_id [None req-f7e05766-c5a4-4d01-9b7b-e1856e428b9c None None] RequestId filter calling following filter/app {{(pid=97225) _context_setter /opt/stack/cinder/cinder/api/middleware/request_id.py:62}}
Aug 05 18:20:24.389214 np0000006578 devstack@c-api.service[97225]: INFO cinder.api.openstack.wsgi [None req-f7e05766-c5a4-4d01-9b7b-e1856e428b9c tempest-VolumeQuotasNegativeTestJSON-260263515 tempest-VolumeQuotasNegativeTestJSON-260263515-project-member] POST https://10.4.3.39/volume/v3/volumes
Aug 05 18:20:24.389745 np0000006578 devstack@c-api.service[97225]: DEBUG cinder.api.openstack.wsgi [None req-f7e05766-c5a4-4d01-9b7b-e1856e428b9c tempest-VolumeQuotasNegativeTestJSON-260263515 tempest-VolumeQuotasNegativeTestJSON-260263515-project-member] Action: 'create', calling method: create, body: {"volume": {"size": 2}} {{(pid=97225) _process_stack /opt/stack/cinder/cinder/api/openstack/wsgi.py:876}}
Aug 05 18:20:24.392033 np0000006578 devstack@c-api.service[97225]: DEBUG cinder.api.v3.volumes [None req-f7e05766-c5a4-4d01-9b7b-e1856e428b9c tempest-VolumeQuotasNegativeTestJSON-260263515 tempest-VolumeQuotasNegativeTestJSON-260263515-project-member] Create volume request body: {'volume': {'size': 2}} {{(pid=97225) create /opt/stack/cinder/cinder/api/v3/volumes.py:368}}
Aug 05 18:20:24.392033 np0000006578 devstack@c-api.service[97225]: INFO cinder.api.v3.volumes [None req-f7e05766-c5a4-4d01-9b7b-e1856e428b9c tempest-VolumeQuotasNegativeTestJSON-260263515 tempest-VolumeQuotasNegativeTestJSON-260263515-project-member] Create volume of 2 GB
Aug 05 18:20:24.400331 np0000006578 devstack@c-api.service[97225]: INFO cinder.volume.api [None req-f7e05766-c5a4-4d01-9b7b-e1856e428b9c tempest-VolumeQuotasNegativeTestJSON-260263515 tempest-VolumeQuotasNegativeTestJSON-260263515-project-member] Availability Zones retrieved successfully.
Aug 05 18:20:24.418176 np0000006578 devstack@c-api.service[97225]: DEBUG cinder.volume.api [None req-f7e05766-c5a4-4d01-9b7b-e1856e428b9c tempest-VolumeQuotasNegativeTestJSON-260263515 tempest-VolumeQuotasNegativeTestJSON-260263515-project-member] Flow 'volume_create_api' (ae259dba-6f88-4294-81e2-ba696f329852) transitioned into state 'RUNNING' from state 'PENDING' {{(pid=97225) _flow_receiver /opt/stack/data/venv/lib/python3.12/site-packages/taskflow/listeners/logging.py:160}}
Aug 05 18:20:24.420671 np0000006578 devstack@c-api.service[97225]: DEBUG cinder.volume.api [None req-f7e05766-c5a4-4d01-9b7b-e1856e428b9c tempest-VolumeQuotasNegativeTestJSON-260263515 tempest-VolumeQuotasNegativeTestJSON-260263515-project-member] Task 'cinder.volume.flows.api.create_volume.ExtractVolumeRequestTask;volume:create' (a03c53c7-d696-4218-b49b-e7a4e74f07b3) transitioned into state 'RUNNING' from state 'PENDING' {{(pid=97225) _task_receiver /opt/stack/data/venv/lib/python3.12/site-packages/taskflow/listeners/logging.py:242}}
Aug 05 18:20:24.423313 np0000006578 devstack@c-api.service[97225]: DEBUG cinder.volume.flows.api.create_volume [None req-f7e05766-c5a4-4d01-9b7b-e1856e428b9c tempest-VolumeQuotasNegativeTestJSON-260263515 tempest-VolumeQuotasNegativeTestJSON-260263515-project-member] Validating volume size '2' using validate_int {{(pid=97225) _extract_size /opt/stack/cinder/cinder/volume/flows/api/create_volume.py:226}}
Aug 05 18:20:24.475869 np0000006578 devstack@c-api.service[97225]: DEBUG cinder.volume.api [None req-f7e05766-c5a4-4d01-9b7b-e1856e428b9c tempest-VolumeQuotasNegativeTestJSON-260263515 tempest-VolumeQuotasNegativeTestJSON-260263515-project-member] Task 'cinder.volume.flows.api.create_volume.ExtractVolumeRequestTask;volume:create' (a03c53c7-d696-4218-b49b-e7a4e74f07b3) transitioned into state 'SUCCESS' from state 'RUNNING' with result '{'size': 2, 'snapshot_id': None, 'source_volid': None, 'volume_type': VolumeType(created_at=2026-08-05T18:16:28Z,deleted=False,deleted_at=None,description=None,extra_specs={volume_backend_name='storpool'},id=80393ced-1084-4726-acb8-4820d45ee570,is_public=True,name='storpool',projects=[],qos_specs=,qos_specs_id=None,updated_at=None), 'volume_type_id': '80393ced-1084-4726-acb8-4820d45ee570', 'encryption_key_id': None, 'qos_specs': None, 'consistencygroup_id': None, 'cgsnapshot_id': None, 'group_id': None, 'replication_status': 'disabled', 'refresh_az': False, 'backup_id': None, 'multiattach': False, 'availability_zones': ['nova']}' {{(pid=97225) _task_receiver /opt/stack/data/venv/lib/python3.12/site-packages/taskflow/listeners/logging.py:218}}
Aug 05 18:20:24.477097 np0000006578 devstack@c-api.service[97225]: DEBUG cinder.volume.api [None req-f7e05766-c5a4-4d01-9b7b-e1856e428b9c tempest-VolumeQuotasNegativeTestJSON-260263515 tempest-VolumeQuotasNegativeTestJSON-260263515-project-member] Task 'cinder.volume.flows.api.create_volume.QuotaReserveTask;volume:create' (6151f826-d53c-485c-ad0e-f7621d1ede7d) transitioned into state 'RUNNING' from state 'PENDING' {{(pid=97225) _task_receiver /opt/stack/data/venv/lib/python3.12/site-packages/taskflow/listeners/logging.py:242}}
Aug 05 18:20:24.528365 np0000006578 devstack@c-api.service[97225]: WARNING cinder.quota_utils [None req-f7e05766-c5a4-4d01-9b7b-e1856e428b9c tempest-VolumeQuotasNegativeTestJSON-260263515 tempest-VolumeQuotasNegativeTestJSON-260263515-project-member] Quota exceeded for 2c9b69467ff94e728dd7f899b13cbb7b, tried to create 2G volume (1G of 1G already consumed).: cinder.exception.OverQuota: Quota exceeded for resources: ['gigabytes']
Aug 05 18:20:24.534167 np0000006578 devstack@c-api.service[97225]: WARNING cinder.volume.api [None req-f7e05766-c5a4-4d01-9b7b-e1856e428b9c tempest-VolumeQuotasNegativeTestJSON-260263515 tempest-VolumeQuotasNegativeTestJSON-260263515-project-member] Task 'cinder.volume.flows.api.create_volume.QuotaReserveTask;volume:create' (6151f826-d53c-485c-ad0e-f7621d1ede7d) transitioned into state 'FAILURE' from state 'RUNNING'
Aug 05 18:20:24.534167 np0000006578 devstack@c-api.service[97225]: Failure: cinder.exception.VolumeSizeExceedsAvailableQuota: Requested volume or snapshot exceeds allowed gigabytes quota. Requested 2G, quota is 1G and 1G has been consumed.
Aug 05 18:20:24.537060 np0000006578 devstack@c-api.service[97225]: DEBUG cinder.volume.api [None req-f7e05766-c5a4-4d01-9b7b-e1856e428b9c tempest-VolumeQuotasNegativeTestJSON-260263515 tempest-VolumeQuotasNegativeTestJSON-260263515-project-member] Task 'cinder.volume.flows.api.create_volume.QuotaReserveTask;volume:create' (6151f826-d53c-485c-ad0e-f7621d1ede7d) transitioned into state 'REVERTING' from state 'FAILURE' {{(pid=97225) _task_receiver /opt/stack/data/venv/lib/python3.12/site-packages/taskflow/listeners/logging.py:242}}
Aug 05 18:20:24.538521 np0000006578 devstack@c-api.service[97225]: WARNING cinder.volume.api [None req-f7e05766-c5a4-4d01-9b7b-e1856e428b9c tempest-VolumeQuotasNegativeTestJSON-260263515 tempest-VolumeQuotasNegativeTestJSON-260263515-project-member] Task 'cinder.volume.flows.api.create_volume.QuotaReserveTask;volume:create' (6151f826-d53c-485c-ad0e-f7621d1ede7d) transitioned into state 'REVERTED' from state 'REVERTING' with result 'None'
Aug 05 18:20:24.539824 np0000006578 devstack@c-api.service[97225]: DEBUG cinder.volume.api [None req-f7e05766-c5a4-4d01-9b7b-e1856e428b9c tempest-VolumeQuotasNegativeTestJSON-260263515 tempest-VolumeQuotasNegativeTestJSON-260263515-project-member] Task 'cinder.volume.flows.api.create_volume.ExtractVolumeRequestTask;volume:create' (a03c53c7-d696-4218-b49b-e7a4e74f07b3) transitioned into state 'REVERTING' from state 'SUCCESS' {{(pid=97225) _task_receiver /opt/stack/data/venv/lib/python3.12/site-packages/taskflow/listeners/logging.py:242}}
Aug 05 18:20:24.540721 np0000006578 devstack@c-api.service[97225]: WARNING cinder.volume.api [None req-f7e05766-c5a4-4d01-9b7b-e1856e428b9c tempest-VolumeQuotasNegativeTestJSON-260263515 tempest-VolumeQuotasNegativeTestJSON-260263515-project-member] Task 'cinder.volume.flows.api.create_volume.ExtractVolumeRequestTask;volume:create' (a03c53c7-d696-4218-b49b-e7a4e74f07b3) transitioned into state 'REVERTED' from state 'REVERTING' with result 'None'
Aug 05 18:20:24.542110 np0000006578 devstack@c-api.service[97225]: WARNING cinder.volume.api [None req-f7e05766-c5a4-4d01-9b7b-e1856e428b9c tempest-VolumeQuotasNegativeTestJSON-260263515 tempest-VolumeQuotasNegativeTestJSON-260263515-project-member] Flow 'volume_create_api' (ae259dba-6f88-4294-81e2-ba696f329852) transitioned into state 'REVERTED' from state 'RUNNING'
