Aug 05 18:16:32.140495 np0000006578 devstack@g-api.service[100017]: DEBUG glance_store.capabilities [-] Store glance_store._drivers.swift.store.SingleTenantStore doesn't support updating dynamic storage capabilities. Please overwrite 'update_capabilities' method of the store to implement updating logics if needed. {{(pid=100017) update_capabilities /opt/stack/data/venv/lib/python3.12/site-packages/glance_store/capabilities.py:91}}
Aug 05 18:16:32.140606 np0000006578 devstack@g-api.service[100017]: DEBUG glance_store.backend [-] Registering store swift with schemes ('swift+https', 'swift', 'swift+http', 'swift+config') {{(pid=100017) create_stores /opt/stack/data/venv/lib/python3.12/site-packages/glance_store/backend.py:261}}
Aug 05 18:16:32.140658 np0000006578 devstack@g-api.service[100017]: DEBUG glance_store.driver [-] Late loading location class glance_store._drivers.swift.store.StoreLocation {{(pid=100017) get_store_location_class /opt/stack/data/venv/lib/python3.12/site-packages/glance_store/driver.py:134}}
Aug 05 18:16:32.140754 np0000006578 devstack@g-api.service[100017]: DEBUG glance_store.location [-] Registering scheme swift+https with {'store': , 'location_class': , 'store_entry': 'swift'} {{(pid=100017) register_scheme_map /opt/stack/data/venv/lib/python3.12/site-packages/glance_store/location.py:146}}
Aug 05 18:16:32.140871 np0000006578 devstack@g-api.service[100017]: DEBUG glance_store.location [-] Registering scheme swift with {'store': , 'location_class': , 'store_entry': 'swift'} {{(pid=100017) register_scheme_map /opt/stack/data/venv/lib/python3.12/site-packages/glance_store/location.py:146}}
Aug 05 18:16:32.140960 np0000006578 devstack@g-api.service[100017]: DEBUG glance_store.location [-] Registering scheme swift+http with {'store': , 'location_class': , 'store_entry': 'swift'} {{(pid=100017) register_scheme_map /opt/stack/data/venv/lib/python3.12/site-packages/glance_store/location.py:146}}
Aug 05 18:16:32.141060 np0000006578 devstack@g-api.service[100017]: DEBUG glance_store.location [-] Registering scheme swift+config with {'store': , 'location_class': , 'store_entry': 'swift'} {{(pid=100017) register_scheme_map /opt/stack/data/venv/lib/python3.12/site-packages/glance_store/location.py:146}}
Aug 05 18:16:32.141140 np0000006578 devstack@g-api.service[100017]: DEBUG glance_store.backend [-] Attempting to import store file {{(pid=100017) _load_store /opt/stack/data/venv/lib/python3.12/site-packages/glance_store/backend.py:215}}
Aug 05 18:16:32.141818 np0000006578 devstack@g-api.service[100017]: DEBUG glance_store.capabilities [-] Store glance_store._drivers.filesystem.Store doesn't support updating dynamic storage capabilities. Please overwrite 'update_capabilities' method of the store to implement updating logics if needed. {{(pid=100017) update_capabilities /opt/stack/data/venv/lib/python3.12/site-packages/glance_store/capabilities.py:91}}
Aug 05 18:16:32.141927 np0000006578 devstack@g-api.service[100017]: DEBUG glance_store.backend [-] Registering store file with schemes ('file', 'filesystem') {{(pid=100017) create_stores /opt/stack/data/venv/lib/python3.12/site-packages/glance_store/backend.py:261}}
Aug 05 18:16:32.142026 np0000006578 devstack@g-api.service[100017]: DEBUG glance_store.driver [-] Late loading location class glance_store._drivers.filesystem.StoreLocation {{(pid=100017) get_store_location_class /opt/stack/data/venv/lib/python3.12/site-packages/glance_store/driver.py:134}}
Aug 05 18:16:32.142131 np0000006578 devstack@g-api.service[100017]: DEBUG glance_store.location [-] Registering scheme file with {'store': , 'location_class': , 'store_entry': 'file'} {{(pid=100017) register_scheme_map /opt/stack/data/venv/lib/python3.12/site-packages/glance_store/location.py:146}}
Aug 05 18:16:32.142229 np0000006578 devstack@g-api.service[100017]: DEBUG glance_store.location [-] Registering scheme filesystem with {'store': , 'location_class': , 'store_entry': 'file'} {{(pid=100017) register_scheme_map /opt/stack/data/venv/lib/python3.12/site-packages/glance_store/location.py:146}}
Aug 05 18:16:32.142403 np0000006578 devstack@g-api.service[100017]: DEBUG glance_store.backend [-] Attempting to import store swift {{(pid=100017) _load_store /opt/stack/data/venv/lib/python3.12/site-packages/glance_store/backend.py:215}}
Aug 05 18:16:32.144191 np0000006578 devstack@g-api.service[100017]: DEBUG glance_store.capabilities [-] Store glance_store._drivers.swift.store.SingleTenantStore doesn't support updating dynamic storage capabilities. Please overwrite 'update_capabilities' method of the store to implement updating logics if needed. {{(pid=100017) update_capabilities /opt/stack/data/venv/lib/python3.12/site-packages/glance_store/capabilities.py:91}}
Aug 05 18:16:32.144277 np0000006578 devstack@g-api.service[100017]: DEBUG glance_store.driver [-] Late loading location class glance_store._drivers.swift.store.StoreLocation {{(pid=100017) get_store_location_class /opt/stack/data/venv/lib/python3.12/site-packages/glance_store/driver.py:134}}
Aug 05 18:16:32.144343 np0000006578 devstack@g-api.service[100017]: DEBUG glance_store.location [-] Registering scheme swift+https with {'store': , 'location_class': , 'store_entry': 'swift'} {{(pid=100017) register_scheme_map /opt/stack/data/venv/lib/python3.12/site-packages/glance_store/location.py:146}}
Aug 05 18:16:32.144406 np0000006578 devstack@g-api.service[100017]: DEBUG glance_store.location [-] Registering scheme swift+https with {'store': , 'location_class': , 'store_entry': 'swift'} {{(pid=100017) register_scheme_map /opt/stack/data/venv/lib/python3.12/site-packages/glance_store/location.py:146}}
Aug 05 18:16:32.144488 np0000006578 devstack@g-api.service[100017]: DEBUG glance_store.location [-] Registering scheme swift with {'store': , 'location_class': , 'store_entry': 'swift'} {{(pid=100017) register_scheme_map /opt/stack/data/venv/lib/python3.12/site-packages/glance_store/location.py:146}}
Aug 05 18:16:32.144555 np0000006578 devstack@g-api.service[100017]: DEBUG glance_store.location [-] Registering scheme swift+https with {'store': , 'location_class': , 'store_entry': 'swift'} {{(pid=100017) register_scheme_map /opt/stack/data/venv/lib/python3.12/site-packages/glance_store/location.py:146}}
Aug 05 18:16:32.144628 np0000006578 devstack@g-api.service[100017]: DEBUG glance_store.location [-] Registering scheme swift with {'store': , 'location_class': , 'store_entry': 'swift'} {{(pid=100017) register_scheme_map /opt/stack/data/venv/lib/python3.12/site-packages/glance_store/location.py:146}}
Aug 05 18:16:32.144689 np0000006578 devstack@g-api.service[100017]: DEBUG glance_store.location [-] Registering scheme swift+http with {'store': , 'location_class': , 'store_entry': 'swift'} {{(pid=100017) register_scheme_map /opt/stack/data/venv/lib/python3.12/site-packages/glance_store/location.py:146}}
Aug 05 18:16:32.144757 np0000006578 devstack@g-api.service[100017]: DEBUG glance_store.location [-] Registering scheme swift+https with {'store': , 'location_class': , 'store_entry': 'swift'} {{(pid=100017) register_scheme_map /opt/stack/data/venv/lib/python3.12/site-packages/glance_store/location.py:146}}
Aug 05 18:16:32.144839 np0000006578 devstack@g-api.service[100017]: DEBUG glance_store.location [-] Registering scheme swift with {'store': , 'location_class': , 'store_entry': 'swift'} {{(pid=100017) register_scheme_map /opt/stack/data/venv/lib/python3.12/site-packages/glance_store/location.py:146}}
Aug 05 18:16:32.144927 np0000006578 devstack@g-api.service[100017]: DEBUG glance_store.location [-] Registering scheme swift+http with {'store': , 'location_class': , 'store_entry': 'swift'} {{(pid=100017) register_scheme_map /opt/stack/data/venv/lib/python3.12/site-packages/glance_store/location.py:146}}
Aug 05 18:16:32.144997 np0000006578 devstack@g-api.service[100017]: DEBUG glance_store.location [-] Registering scheme swift+config with {'store': , 'location_class': , 'store_entry': 'swift'} {{(pid=100017) register_scheme_map /opt/stack/data/venv/lib/python3.12/site-packages/glance_store/location.py:146}}
Aug 05 18:16:32.145363 np0000006578 devstack@g-api.service[100017]: DEBUG glance.sqlite_migration [-] SQLite caching database not located, skipping migration {{(pid=100017) get_db_path /opt/stack/glance/glance/sqlite_migration.py:68}}
Aug 05 18:16:32.145624 np0000006578 devstack@g-api.service[100017]: WARNING glance.common.wsgi_app [-] Import methods are enabled but staging directory /tmp/staging/ does not exist; Imports will fail!
Aug 05 18:16:32.290374 np0000006578 devstack@g-api.service[100020]: DEBUG glance.common.config [None req-f1e5a41c-07d7-4cba-8f4a-3b571c1935b2 None None] Loading glance-api-keystone+cachemanagement from /etc/glance/glance-api-paste.ini {{(pid=100020) load_paste_app /opt/stack/glance/glance/common/config.py:765}}
Aug 05 18:16:32.293260 np0000006578 devstack@g-api.service[100018]: DEBUG glance.common.config [None req-3dfe31de-60b4-44ea-9988-1e865622e937 None None] Loading glance-api-keystone+cachemanagement from /etc/glance/glance-api-paste.ini {{(pid=100018) load_paste_app /opt/stack/glance/glance/common/config.py:765}}
Aug 05 18:16:32.317988 np0000006578 devstack@g-api.service[100017]: DEBUG glance.common.config [None req-bc95fe8c-1f3f-42a7-9a6a-f0cb8245fe4d None None] Loading glance-api-keystone+cachemanagement from /etc/glance/glance-api-paste.ini {{(pid=100017) load_paste_app /opt/stack/glance/glance/common/config.py:765}}
Aug 05 18:16:32.998443 np0000006578 devstack@g-api.service[100018]: INFO glance.image_cache [None req-3dfe31de-60b4-44ea-9988-1e865622e937 None None] Image cache loaded driver 'centralized_db'.
Aug 05 18:16:33.011273 np0000006578 devstack@g-api.service[100017]: INFO glance.image_cache [None req-bc95fe8c-1f3f-42a7-9a6a-f0cb8245fe4d None None] Image cache loaded driver 'centralized_db'.
Aug 05 18:16:33.018962 np0000006578 devstack@g-api.service[100020]: INFO glance.image_cache [None req-f1e5a41c-07d7-4cba-8f4a-3b571c1935b2 None None] Image cache loaded driver 'centralized_db'.
Aug 05 18:16:33.051737 np0000006578 devstack@g-api.service[100018]: INFO dbcounter [None req-3dfe31de-60b4-44ea-9988-1e865622e937 None None] Registered counter for database glance
Aug 05 18:16:33.065933 np0000006578 devstack@g-api.service[100017]: INFO dbcounter [None req-bc95fe8c-1f3f-42a7-9a6a-f0cb8245fe4d None None] Registered counter for database glance
Aug 05 18:16:33.084359 np0000006578 devstack@g-api.service[100020]: INFO dbcounter [None req-f1e5a41c-07d7-4cba-8f4a-3b571c1935b2 None None] Registered counter for database glance
Aug 05 18:16:33.093465 np0000006578 devstack@g-api.service[100018]: DEBUG oslo_db.sqlalchemy.engines [None req-3dfe31de-60b4-44ea-9988-1e865622e937 None None] MySQL server mode set to STRICT_TRANS_TABLES,STRICT_ALL_TABLES,NO_ZERO_IN_DATE,NO_ZERO_DATE,ERROR_FOR_DIVISION_BY_ZERO,TRADITIONAL,NO_ENGINE_SUBSTITUTION {{(pid=100018) _check_effective_sql_mode /opt/stack/data/venv/lib/python3.12/site-packages/oslo_db/sqlalchemy/engines.py:325}}
Aug 05 18:16:33.116867 np0000006578 devstack@g-api.service[100017]: DEBUG oslo_db.sqlalchemy.engines [None req-bc95fe8c-1f3f-42a7-9a6a-f0cb8245fe4d None None] MySQL server mode set to STRICT_TRANS_TABLES,STRICT_ALL_TABLES,NO_ZERO_IN_DATE,NO_ZERO_DATE,ERROR_FOR_DIVISION_BY_ZERO,TRADITIONAL,NO_ENGINE_SUBSTITUTION {{(pid=100017) _check_effective_sql_mode /opt/stack/data/venv/lib/python3.12/site-packages/oslo_db/sqlalchemy/engines.py:325}}
Aug 05 18:16:33.141550 np0000006578 devstack@g-api.service[100020]: DEBUG oslo_db.sqlalchemy.engines [None req-f1e5a41c-07d7-4cba-8f4a-3b571c1935b2 None None] MySQL server mode set to STRICT_TRANS_TABLES,STRICT_ALL_TABLES,NO_ZERO_IN_DATE,NO_ZERO_DATE,ERROR_FOR_DIVISION_BY_ZERO,TRADITIONAL,NO_ENGINE_SUBSTITUTION {{(pid=100020) _check_effective_sql_mode /opt/stack/data/venv/lib/python3.12/site-packages/oslo_db/sqlalchemy/engines.py:325}}
Aug 05 18:16:33.239734 np0000006578 devstack@g-api.service[100018]: DEBUG dbcounter [-] [100018] Writer thread running {{(pid=100018) stat_writer /opt/stack/data/venv/lib/python3.12/site-packages/dbcounter.py:102}}
Aug 05 18:16:33.256188 np0000006578 devstack@g-api.service[100018]: INFO glance.image_cache [None req-3dfe31de-60b4-44ea-9988-1e865622e937 None None] Image cache loaded driver 'centralized_db'.
Aug 05 18:16:33.266881 np0000006578 devstack@g-api.service[100018]: DEBUG glance.image_cache.drivers.centralized_db [None req-3dfe31de-60b4-44ea-9988-1e865622e937 None None] Node reference is already recorded, ignoring it {{(pid=100018) configure /opt/stack/glance/glance/image_cache/drivers/centralized_db.py:71}}
Aug 05 18:16:33.270101 np0000006578 devstack@g-api.service[100020]: DEBUG dbcounter [-] [100020] Writer thread running {{(pid=100020) stat_writer /opt/stack/data/venv/lib/python3.12/site-packages/dbcounter.py:102}}
Aug 05 18:16:33.270774 np0000006578 devstack@g-api.service[100017]: DEBUG dbcounter [-] [100017] Writer thread running {{(pid=100017) stat_writer /opt/stack/data/venv/lib/python3.12/site-packages/dbcounter.py:102}}
Aug 05 18:16:33.274152 np0000006578 devstack@g-api.service[100020]: DEBUG glance.image_cache.drivers.centralized_db [None req-f1e5a41c-07d7-4cba-8f4a-3b571c1935b2 None None] Node reference is already recorded, ignoring it {{(pid=100020) configure /opt/stack/glance/glance/image_cache/drivers/centralized_db.py:71}}
Aug 05 18:16:33.274737 np0000006578 devstack@g-api.service[100017]: DEBUG glance.image_cache.drivers.centralized_db [None req-bc95fe8c-1f3f-42a7-9a6a-f0cb8245fe4d None None] Node reference is already recorded, ignoring it {{(pid=100017) configure /opt/stack/glance/glance/image_cache/drivers/centralized_db.py:71}}
Aug 05 18:16:33.275113 np0000006578 devstack@g-api.service[100018]: DEBUG glance.api.v2.cached_images [None req-3dfe31de-60b4-44ea-9988-1e865622e937 None None] Started cache worker thread {{(pid=100018) __init__ /opt/stack/glance/glance/api/v2/cached_images.py:71}}
Aug 05 18:16:33.276175 np0000006578 devstack@g-api.service[100018]: INFO glance.image_cache [None req-3dfe31de-60b4-44ea-9988-1e865622e937 None None] Image cache loaded driver 'centralized_db'.
Aug 05 18:16:33.282687 np0000006578 devstack@g-api.service[100020]: INFO glance.image_cache [None req-f1e5a41c-07d7-4cba-8f4a-3b571c1935b2 None None] Image cache loaded driver 'centralized_db'.
Aug 05 18:16:33.283553 np0000006578 devstack@g-api.service[100017]: INFO glance.image_cache [None req-bc95fe8c-1f3f-42a7-9a6a-f0cb8245fe4d None None] Image cache loaded driver 'centralized_db'.
Aug 05 18:16:33.286984 np0000006578 devstack@g-api.service[100018]: DEBUG glance.image_cache.drivers.centralized_db [None req-3dfe31de-60b4-44ea-9988-1e865622e937 None None] Node reference is already recorded, ignoring it {{(pid=100018) configure /opt/stack/glance/glance/image_cache/drivers/centralized_db.py:71}}
Aug 05 18:16:33.293753 np0000006578 devstack@g-api.service[100018]: INFO glance.api.middleware.cache_manage [None req-3dfe31de-60b4-44ea-9988-1e865622e937 None None] Initialized image cache management middleware
Aug 05 18:16:33.293969 np0000006578 devstack@g-api.service[100018]: INFO glance.image_cache [None req-3dfe31de-60b4-44ea-9988-1e865622e937 None None] Image cache loaded driver 'centralized_db'.
Aug 05 18:16:33.294440 np0000006578 devstack@g-api.service[100020]: DEBUG glance.image_cache.drivers.centralized_db [None req-f1e5a41c-07d7-4cba-8f4a-3b571c1935b2 None None] Node reference is already recorded, ignoring it {{(pid=100020) configure /opt/stack/glance/glance/image_cache/drivers/centralized_db.py:71}}
Aug 05 18:16:33.294763 np0000006578 devstack@g-api.service[100017]: DEBUG glance.image_cache.drivers.centralized_db [None req-bc95fe8c-1f3f-42a7-9a6a-f0cb8245fe4d None None] Node reference is already recorded, ignoring it {{(pid=100017) configure /opt/stack/glance/glance/image_cache/drivers/centralized_db.py:71}}
Aug 05 18:16:33.299775 np0000006578 devstack@g-api.service[100020]: DEBUG glance.api.v2.cached_images [None req-f1e5a41c-07d7-4cba-8f4a-3b571c1935b2 None None] Started cache worker thread {{(pid=100020) __init__ /opt/stack/glance/glance/api/v2/cached_images.py:71}}
Aug 05 18:16:33.300716 np0000006578 devstack@g-api.service[100020]: INFO glance.image_cache [None req-f1e5a41c-07d7-4cba-8f4a-3b571c1935b2 None None] Image cache loaded driver 'centralized_db'.
Aug 05 18:16:33.302447 np0000006578 devstack@g-api.service[100017]: DEBUG glance.api.v2.cached_images [None req-bc95fe8c-1f3f-42a7-9a6a-f0cb8245fe4d None None] Started cache worker thread {{(pid=100017) __init__ /opt/stack/glance/glance/api/v2/cached_images.py:71}}
Aug 05 18:16:33.303391 np0000006578 devstack@g-api.service[100017]: INFO glance.image_cache [None req-bc95fe8c-1f3f-42a7-9a6a-f0cb8245fe4d None None] Image cache loaded driver 'centralized_db'.
Aug 05 18:16:33.305629 np0000006578 devstack@g-api.service[100018]: DEBUG glance.image_cache.drivers.centralized_db [None req-3dfe31de-60b4-44ea-9988-1e865622e937 None None] Node reference is already recorded, ignoring it {{(pid=100018) configure /opt/stack/glance/glance/image_cache/drivers/centralized_db.py:71}}
Aug 05 18:16:33.311068 np0000006578 devstack@g-api.service[100018]: INFO glance.api.middleware.cache [None req-3dfe31de-60b4-44ea-9988-1e865622e937 None None] Initialized image cache middleware
Aug 05 18:16:33.311562 np0000006578 devstack@g-api.service[100020]: DEBUG glance.image_cache.drivers.centralized_db [None req-f1e5a41c-07d7-4cba-8f4a-3b571c1935b2 None None] Node reference is already recorded, ignoring it {{(pid=100020) configure /opt/stack/glance/glance/image_cache/drivers/centralized_db.py:71}}
Aug 05 18:16:33.315461 np0000006578 devstack@g-api.service[100017]: DEBUG glance.image_cache.drivers.centralized_db [None req-bc95fe8c-1f3f-42a7-9a6a-f0cb8245fe4d None None] Node reference is already recorded, ignoring it {{(pid=100017) configure /opt/stack/glance/glance/image_cache/drivers/centralized_db.py:71}}
Aug 05 18:16:33.320294 np0000006578 devstack@g-api.service[100020]: INFO glance.api.middleware.cache_manage [None req-f1e5a41c-07d7-4cba-8f4a-3b571c1935b2 None None] Initialized image cache management middleware
Aug 05 18:16:33.320441 np0000006578 devstack@g-api.service[100020]: INFO glance.image_cache [None req-f1e5a41c-07d7-4cba-8f4a-3b571c1935b2 None None] Image cache loaded driver 'centralized_db'.
Aug 05 18:16:33.326301 np0000006578 devstack@g-api.service[100017]: INFO glance.api.middleware.cache_manage [None req-bc95fe8c-1f3f-42a7-9a6a-f0cb8245fe4d None None] Initialized image cache management middleware
Aug 05 18:16:33.326301 np0000006578 devstack@g-api.service[100017]: INFO glance.image_cache [None req-bc95fe8c-1f3f-42a7-9a6a-f0cb8245fe4d None None] Image cache loaded driver 'centralized_db'.
Aug 05 18:16:33.326550 np0000006578 devstack@g-api.service[100018]: DEBUG glance.common.config [None req-3dfe31de-60b4-44ea-9988-1e865622e937 None None] ******************************************************************************** {{(pid=100018) log_opt_values /opt/stack/data/venv/lib/python3.12/site-packages/oslo_config/cfg.py:3518}}
Aug 05 18:16:33.326550 np0000006578 devstack@g-api.service[100018]: DEBUG glance.common.config [None req-3dfe31de-60b4-44ea-9988-1e865622e937 None None] Configuration options gathered from: {{(pid=100018) log_opt_values /opt/stack/data/venv/lib/python3.12/site-packages/oslo_config/cfg.py:3519}}
Aug 05 18:16:33.326760 np0000006578 devstack@g-api.service[100018]: DEBUG glance.common.config [None req-3dfe31de-60b4-44ea-9988-1e865622e937 None None] command line args: [] {{(pid=100018) log_opt_values /opt/stack/data/venv/lib/python3.12/site-packages/oslo_config/cfg.py:3520}}
Aug 05 18:16:33.326823 np0000006578 devstack@g-api.service[100018]: DEBUG glance.common.config [None req-3dfe31de-60b4-44ea-9988-1e865622e937 None None] config files: ['/etc/glance/glance-image-import.conf', '/etc/glance/glance-api.conf'] {{(pid=100018) log_opt_values /opt/stack/data/venv/lib/python3.12/site-packages/oslo_config/cfg.py:3521}}
Aug 05 18:16:33.326892 np0000006578 devstack@g-api.service[100018]: DEBUG glance.common.config [None req-3dfe31de-60b4-44ea-9988-1e865622e937 None None] ================================================================================ {{(pid=100018) log_opt_values /opt/stack/data/venv/lib/python3.12/site-packages/oslo_config/cfg.py:3526}}
Aug 05 18:16:33.327081 np0000006578 devstack@g-api.service[100018]: DEBUG glance.common.config [None req-3dfe31de-60b4-44ea-9988-1e865622e937 None None] allow_anonymous_access = False {{(pid=100018) log_opt_values /opt/stack/data/venv/lib/python3.12/site-packages/oslo_config/cfg.py:3534}}
Aug 05 18:16:33.327465 np0000006578 devstack@g-api.service[100018]: DEBUG glance.common.config [None req-3dfe31de-60b4-44ea-9988-1e865622e937 None None] api_limit_max = 1000 {{(pid=100018) log_opt_values /opt/stack/data/venv/lib/python3.12/site-packages/oslo_config/cfg.py:3534}}
Aug 05 18:16:33.327465 np0000006578 devstack@g-api.service[100018]: DEBUG glance.common.config [None req-3dfe31de-60b4-44ea-9988-1e865622e937 None None] config_dir = [] {{(pid=100018) log_opt_values /opt/stack/data/venv/lib/python3.12/site-packages/oslo_config/cfg.py:3534}}
Aug 05 18:16:33.327465 np0000006578 devstack@g-api.service[100018]: DEBUG glance.common.config [None req-3dfe31de-60b4-44ea-9988-1e865622e937 None None] config_file = ['/etc/glance/glance-image-import.conf', '/etc/glance/glance-api.conf'] {{(pid=100018) log_opt_values /opt/stack/data/venv/lib/python3.12/site-packages/oslo_config/cfg.py:3534}}
Aug 05 18:16:33.327606 np0000006578 devstack@g-api.service[100018]: DEBUG glance.common.config [None req-3dfe31de-60b4-44ea-9988-1e865622e937 None None] config_source = [] {{(pid=100018) log_opt_values /opt/stack/data/venv/lib/python3.12/site-packages/oslo_config/cfg.py:3534}}
Aug 05 18:16:33.327652 np0000006578 devstack@g-api.service[100018]: DEBUG glance.common.config [None req-3dfe31de-60b4-44ea-9988-1e865622e937 None None] control_exchange = glance {{(pid=100018) log_opt_values /opt/stack/data/venv/lib/python3.12/site-packages/oslo_config/cfg.py:3534}}
Aug 05 18:16:33.327844 np0000006578 devstack@g-api.service[100018]: DEBUG glance.common.config [None req-3dfe31de-60b4-44ea-9988-1e865622e937 None None] debug = True {{(pid=100018) log_opt_values /opt/stack/data/venv/lib/python3.12/site-packages/oslo_config/cfg.py:3534}}
Aug 05 18:16:33.328227 np0000006578 devstack@g-api.service[100018]: DEBUG glance.common.config [None req-3dfe31de-60b4-44ea-9988-1e865622e937 None None] default_log_levels = ['amqp=WARN', 'boto=WARN', 'sqlalchemy=WARN', 'suds=INFO', 'oslo.messaging=INFO', 'oslo_messaging=INFO', 'iso8601=WARN', 'requests.packages.urllib3.connectionpool=WARN', 'urllib3.connectionpool=WARN', 'websocket=WARN', 'requests.packages.urllib3.util.retry=WARN', 'urllib3.util.retry=WARN', 'keystonemiddleware=WARN', 'routes.middleware=WARN', 'stevedore=WARN', 'taskflow=WARN', 'keystoneauth=WARN', 'oslo.cache=INFO', 'oslo_policy=INFO', 'dogpile.core.dogpile=INFO'] {{(pid=100018) log_opt_values /opt/stack/data/venv/lib/python3.12/site-packages/oslo_config/cfg.py:3534}}
Aug 05 18:16:33.328227 np0000006578 devstack@g-api.service[100018]: DEBUG glance.common.config [None req-3dfe31de-60b4-44ea-9988-1e865622e937 None None] default_publisher_id = image.localhost {{(pid=100018) log_opt_values /opt/stack/data/venv/lib/python3.12/site-packages/oslo_config/cfg.py:3534}}
Aug 05 18:16:33.328227 np0000006578 devstack@g-api.service[100018]: DEBUG glance.common.config [None req-3dfe31de-60b4-44ea-9988-1e865622e937 None None] delayed_delete = False {{(pid=100018) log_opt_values /opt/stack/data/venv/lib/python3.12/site-packages/oslo_config/cfg.py:3534}}
Aug 05 18:16:33.328421 np0000006578 devstack@g-api.service[100018]: DEBUG glance.common.config [None req-3dfe31de-60b4-44ea-9988-1e865622e937 None None] digest_algorithm = sha256 {{(pid=100018) log_opt_values /opt/stack/data/venv/lib/python3.12/site-packages/oslo_config/cfg.py:3534}}
Aug 05 18:16:33.328476 np0000006578 devstack@g-api.service[100018]: DEBUG glance.common.config [None req-3dfe31de-60b4-44ea-9988-1e865622e937 None None] disabled_notifications = [] {{(pid=100018) log_opt_values /opt/stack/data/venv/lib/python3.12/site-packages/oslo_config/cfg.py:3534}}
Aug 05 18:16:33.328609 np0000006578 devstack@g-api.service[100018]: DEBUG glance.common.config [None req-3dfe31de-60b4-44ea-9988-1e865622e937 None None] do_secure_hash = True {{(pid=100018) log_opt_values /opt/stack/data/venv/lib/python3.12/site-packages/oslo_config/cfg.py:3534}}
Aug 05 18:16:33.329364 np0000006578 devstack@g-api.service[100018]: DEBUG glance.common.config [None req-3dfe31de-60b4-44ea-9988-1e865622e937 None None] enabled_backends = None {{(pid=100018) log_opt_values /opt/stack/data/venv/lib/python3.12/site-packages/oslo_config/cfg.py:3534}}
Aug 05 18:16:33.329364 np0000006578 devstack@g-api.service[100018]: DEBUG glance.common.config [None req-3dfe31de-60b4-44ea-9988-1e865622e937 None None] enabled_import_methods = ['glance-direct', 'web-download', 'copy-image'] {{(pid=100018) log_opt_values /opt/stack/data/venv/lib/python3.12/site-packages/oslo_config/cfg.py:3534}}
Aug 05 18:16:33.329364 np0000006578 devstack@g-api.service[100018]: DEBUG glance.common.config [None req-3dfe31de-60b4-44ea-9988-1e865622e937 None None] fatal_deprecations = False {{(pid=100018) log_opt_values /opt/stack/data/venv/lib/python3.12/site-packages/oslo_config/cfg.py:3534}}
Aug 05 18:16:33.329364 np0000006578 devstack@g-api.service[100018]: DEBUG glance.common.config [None req-3dfe31de-60b4-44ea-9988-1e865622e937 None None] hashing_algorithm = sha512 {{(pid=100018) log_opt_values /opt/stack/data/venv/lib/python3.12/site-packages/oslo_config/cfg.py:3534}}
Aug 05 18:16:33.329364 np0000006578 devstack@g-api.service[100018]: DEBUG glance.common.config [None req-3dfe31de-60b4-44ea-9988-1e865622e937 None None] http_retries = 3 {{(pid=100018) log_opt_values /opt/stack/data/venv/lib/python3.12/site-packages/oslo_config/cfg.py:3534}}
Aug 05 18:16:33.329364 np0000006578 devstack@g-api.service[100018]: DEBUG glance.common.config [None req-3dfe31de-60b4-44ea-9988-1e865622e937 None None] image_cache_dir = /opt/stack/data/glance/cache/ {{(pid=100018) log_opt_values /opt/stack/data/venv/lib/python3.12/site-packages/oslo_config/cfg.py:3534}}
Aug 05 18:16:33.329669 np0000006578 devstack@g-api.service[100018]: DEBUG glance.common.config [None req-3dfe31de-60b4-44ea-9988-1e865622e937 None None] image_cache_driver = centralized_db {{(pid=100018) log_opt_values /opt/stack/data/venv/lib/python3.12/site-packages/oslo_config/cfg.py:3534}}
Aug 05 18:16:33.329669 np0000006578 devstack@g-api.service[100018]: DEBUG glance.common.config [None req-3dfe31de-60b4-44ea-9988-1e865622e937 None None] image_cache_max_size = 10737418240 {{(pid=100018) log_opt_values /opt/stack/data/venv/lib/python3.12/site-packages/oslo_config/cfg.py:3534}}
Aug 05 18:16:33.329750 np0000006578 devstack@g-api.service[100020]: DEBUG glance.image_cache.drivers.centralized_db [None req-f1e5a41c-07d7-4cba-8f4a-3b571c1935b2 None None] Node reference is already recorded, ignoring it {{(pid=100020) configure /opt/stack/glance/glance/image_cache/drivers/centralized_db.py:71}}
Aug 05 18:16:33.329791 np0000006578 devstack@g-api.service[100018]: DEBUG glance.common.config [None req-3dfe31de-60b4-44ea-9988-1e865622e937 None None] image_cache_sqlite_db = cache.db {{(pid=100018) log_opt_values /opt/stack/data/venv/lib/python3.12/site-packages/oslo_config/cfg.py:3534}}
Aug 05 18:16:33.329791 np0000006578 devstack@g-api.service[100018]: DEBUG glance.common.config [None req-3dfe31de-60b4-44ea-9988-1e865622e937 None None] image_cache_stall_time = 86400 {{(pid=100018) log_opt_values /opt/stack/data/venv/lib/python3.12/site-packages/oslo_config/cfg.py:3534}}
Aug 05 18:16:33.329912 np0000006578 devstack@g-api.service[100018]: DEBUG glance.common.config [None req-3dfe31de-60b4-44ea-9988-1e865622e937 None None] image_location_quota = 10 {{(pid=100018) log_opt_values /opt/stack/data/venv/lib/python3.12/site-packages/oslo_config/cfg.py:3534}}
Aug 05 18:16:33.330038 np0000006578 devstack@g-api.service[100018]: DEBUG glance.common.config [None req-3dfe31de-60b4-44ea-9988-1e865622e937 None None] image_member_quota = 128 {{(pid=100018) log_opt_values /opt/stack/data/venv/lib/python3.12/site-packages/oslo_config/cfg.py:3534}}
Aug 05 18:16:33.330151 np0000006578 devstack@g-api.service[100018]: DEBUG glance.common.config [None req-3dfe31de-60b4-44ea-9988-1e865622e937 None None] image_property_quota = 128 {{(pid=100018) log_opt_values /opt/stack/data/venv/lib/python3.12/site-packages/oslo_config/cfg.py:3534}}
Aug 05 18:16:33.330271 np0000006578 devstack@g-api.service[100018]: DEBUG glance.common.config [None req-3dfe31de-60b4-44ea-9988-1e865622e937 None None] image_size_cap = 1099511627776 {{(pid=100018) log_opt_values /opt/stack/data/venv/lib/python3.12/site-packages/oslo_config/cfg.py:3534}}
Aug 05 18:16:33.330384 np0000006578 devstack@g-api.service[100018]: DEBUG glance.common.config [None req-3dfe31de-60b4-44ea-9988-1e865622e937 None None] image_tag_quota = 128 {{(pid=100018) log_opt_values /opt/stack/data/venv/lib/python3.12/site-packages/oslo_config/cfg.py:3534}}
Aug 05 18:16:33.330509 np0000006578 devstack@g-api.service[100018]: DEBUG glance.common.config [None req-3dfe31de-60b4-44ea-9988-1e865622e937 None None] instance_format = [instance: %(uuid)s] {{(pid=100018) log_opt_values /opt/stack/data/venv/lib/python3.12/site-packages/oslo_config/cfg.py:3534}}
Aug 05 18:16:33.330633 np0000006578 devstack@g-api.service[100018]: DEBUG glance.common.config [None req-3dfe31de-60b4-44ea-9988-1e865622e937 None None] instance_uuid_format = [instance: %(uuid)s] {{(pid=100018) log_opt_values /opt/stack/data/venv/lib/python3.12/site-packages/oslo_config/cfg.py:3534}}
Aug 05 18:16:33.330746 np0000006578 devstack@g-api.service[100018]: DEBUG glance.common.config [None req-3dfe31de-60b4-44ea-9988-1e865622e937 None None] limit_param_default = 25 {{(pid=100018) log_opt_values /opt/stack/data/venv/lib/python3.12/site-packages/oslo_config/cfg.py:3534}}
Aug 05 18:16:33.330867 np0000006578 devstack@g-api.service[100018]: DEBUG glance.common.config [None req-3dfe31de-60b4-44ea-9988-1e865622e937 None None] log_color = False {{(pid=100018) log_opt_values /opt/stack/data/venv/lib/python3.12/site-packages/oslo_config/cfg.py:3534}}
Aug 05 18:16:33.331007 np0000006578 devstack@g-api.service[100018]: DEBUG glance.common.config [None req-3dfe31de-60b4-44ea-9988-1e865622e937 None None] log_config_append = None {{(pid=100018) log_opt_values /opt/stack/data/venv/lib/python3.12/site-packages/oslo_config/cfg.py:3534}}
Aug 05 18:16:33.331128 np0000006578 devstack@g-api.service[100018]: DEBUG glance.common.config [None req-3dfe31de-60b4-44ea-9988-1e865622e937 None None] log_date_format = %Y-%m-%d %H:%M:%S {{(pid=100018) log_opt_values /opt/stack/data/venv/lib/python3.12/site-packages/oslo_config/cfg.py:3534}}
Aug 05 18:16:33.331244 np0000006578 devstack@g-api.service[100018]: DEBUG glance.common.config [None req-3dfe31de-60b4-44ea-9988-1e865622e937 None None] log_dir = None {{(pid=100018) log_opt_values /opt/stack/data/venv/lib/python3.12/site-packages/oslo_config/cfg.py:3534}}
Aug 05 18:16:33.331373 np0000006578 devstack@g-api.service[100018]: DEBUG glance.common.config [None req-3dfe31de-60b4-44ea-9988-1e865622e937 None None] log_file = None {{(pid=100018) log_opt_values /opt/stack/data/venv/lib/python3.12/site-packages/oslo_config/cfg.py:3534}}
Aug 05 18:16:33.331495 np0000006578 devstack@g-api.service[100018]: DEBUG glance.common.config [None req-3dfe31de-60b4-44ea-9988-1e865622e937 None None] log_rotate_interval = 1 {{(pid=100018) log_opt_values /opt/stack/data/venv/lib/python3.12/site-packages/oslo_config/cfg.py:3534}}
Aug 05 18:16:33.331619 np0000006578 devstack@g-api.service[100018]: DEBUG glance.common.config [None req-3dfe31de-60b4-44ea-9988-1e865622e937 None None] log_rotate_interval_type = days {{(pid=100018) log_opt_values /opt/stack/data/venv/lib/python3.12/site-packages/oslo_config/cfg.py:3534}}
Aug 05 18:16:33.331737 np0000006578 devstack@g-api.service[100018]: DEBUG glance.common.config [None req-3dfe31de-60b4-44ea-9988-1e865622e937 None None] log_rotation_type = none {{(pid=100018) log_opt_values /opt/stack/data/venv/lib/python3.12/site-packages/oslo_config/cfg.py:3534}}
Aug 05 18:16:33.331826 np0000006578 devstack@g-api.service[100018]: DEBUG glance.common.config [None req-3dfe31de-60b4-44ea-9988-1e865622e937 None None] logging_context_format_string = %(color)s%(levelname)s %(name)s [%(global_request_id)s %(request_id)s %(project_name)s %(user_name)s%(color)s] %(instance)s%(color)s%(message)s {{(pid=100018) log_opt_values /opt/stack/data/venv/lib/python3.12/site-packages/oslo_config/cfg.py:3534}}
Aug 05 18:16:33.331934 np0000006578 devstack@g-api.service[100018]: DEBUG glance.common.config [None req-3dfe31de-60b4-44ea-9988-1e865622e937 None None] logging_debug_format_suffix = {{(pid=%(process)d) %(funcName)s %(pathname)s:%(lineno)d}} {{(pid=100018) log_opt_values /opt/stack/data/venv/lib/python3.12/site-packages/oslo_config/cfg.py:3534}}
Aug 05 18:16:33.332063 np0000006578 devstack@g-api.service[100018]: DEBUG glance.common.config [None req-3dfe31de-60b4-44ea-9988-1e865622e937 None None] logging_default_format_string = %(color)s%(levelname)s %(name)s [-%(color)s] %(instance)s%(color)s%(message)s {{(pid=100018) log_opt_values /opt/stack/data/venv/lib/python3.12/site-packages/oslo_config/cfg.py:3534}}
Aug 05 18:16:33.332185 np0000006578 devstack@g-api.service[100018]: DEBUG glance.common.config [None req-3dfe31de-60b4-44ea-9988-1e865622e937 None None] logging_exception_prefix = ERROR %(name)s %(instance)s {{(pid=100018) log_opt_values /opt/stack/data/venv/lib/python3.12/site-packages/oslo_config/cfg.py:3534}}
Aug 05 18:16:33.332285 np0000006578 devstack@g-api.service[100018]: DEBUG glance.common.config [None req-3dfe31de-60b4-44ea-9988-1e865622e937 None None] logging_user_identity_format = %(user)s %(project)s %(domain)s %(system_scope)s %(user_domain)s %(project_domain)s {{(pid=100018) log_opt_values /opt/stack/data/venv/lib/python3.12/site-packages/oslo_config/cfg.py:3534}}
Aug 05 18:16:33.332408 np0000006578 devstack@g-api.service[100018]: DEBUG glance.common.config [None req-3dfe31de-60b4-44ea-9988-1e865622e937 None None] max_logfile_count = 30 {{(pid=100018) log_opt_values /opt/stack/data/venv/lib/python3.12/site-packages/oslo_config/cfg.py:3534}}
Aug 05 18:16:33.332530 np0000006578 devstack@g-api.service[100018]: DEBUG glance.common.config [None req-3dfe31de-60b4-44ea-9988-1e865622e937 None None] max_logfile_size_mb = 200 {{(pid=100018) log_opt_values /opt/stack/data/venv/lib/python3.12/site-packages/oslo_config/cfg.py:3534}}
Aug 05 18:16:33.332650 np0000006578 devstack@g-api.service[100018]: DEBUG glance.common.config [None req-3dfe31de-60b4-44ea-9988-1e865622e937 None None] max_request_id_length = 64 {{(pid=100018) log_opt_values /opt/stack/data/venv/lib/python3.12/site-packages/oslo_config/cfg.py:3534}}
Aug 05 18:16:33.332778 np0000006578 devstack@g-api.service[100018]: DEBUG glance.common.config [None req-3dfe31de-60b4-44ea-9988-1e865622e937 None None] metadata_encryption_key = **** {{(pid=100018) log_opt_values /opt/stack/data/venv/lib/python3.12/site-packages/oslo_config/cfg.py:3534}}
Aug 05 18:16:33.332919 np0000006578 devstack@g-api.service[100018]: DEBUG glance.common.config [None req-3dfe31de-60b4-44ea-9988-1e865622e937 None None] node_staging_uri = file:///tmp/staging/ {{(pid=100018) log_opt_values /opt/stack/data/venv/lib/python3.12/site-packages/oslo_config/cfg.py:3534}}
Aug 05 18:16:33.333158 np0000006578 devstack@g-api.service[100018]: DEBUG glance.common.config [None req-3dfe31de-60b4-44ea-9988-1e865622e937 None None] property_protection_file = None {{(pid=100018) log_opt_values /opt/stack/data/venv/lib/python3.12/site-packages/oslo_config/cfg.py:3534}}
Aug 05 18:16:33.333299 np0000006578 devstack@g-api.service[100018]: DEBUG glance.common.config [None req-3dfe31de-60b4-44ea-9988-1e865622e937 None None] property_protection_rule_format = roles {{(pid=100018) log_opt_values /opt/stack/data/venv/lib/python3.12/site-packages/oslo_config/cfg.py:3534}}
Aug 05 18:16:33.333429 np0000006578 devstack@g-api.service[100018]: DEBUG glance.common.config [None req-3dfe31de-60b4-44ea-9988-1e865622e937 None None] public_endpoint = https://10.4.3.39/image {{(pid=100018) log_opt_values /opt/stack/data/venv/lib/python3.12/site-packages/oslo_config/cfg.py:3534}}
Aug 05 18:16:33.333555 np0000006578 devstack@g-api.service[100018]: DEBUG glance.common.config [None req-3dfe31de-60b4-44ea-9988-1e865622e937 None None] publish_errors = False {{(pid=100018) log_opt_values /opt/stack/data/venv/lib/python3.12/site-packages/oslo_config/cfg.py:3534}}
Aug 05 18:16:33.333675 np0000006578 devstack@g-api.service[100018]: DEBUG glance.common.config [None req-3dfe31de-60b4-44ea-9988-1e865622e937 None None] pydev_worker_debug_host = None {{(pid=100018) log_opt_values /opt/stack/data/venv/lib/python3.12/site-packages/oslo_config/cfg.py:3534}}
Aug 05 18:16:33.333800 np0000006578 devstack@g-api.service[100018]: DEBUG glance.common.config [None req-3dfe31de-60b4-44ea-9988-1e865622e937 None None] pydev_worker_debug_port = 5678 {{(pid=100018) log_opt_values /opt/stack/data/venv/lib/python3.12/site-packages/oslo_config/cfg.py:3534}}
Aug 05 18:16:33.333959 np0000006578 devstack@g-api.service[100018]: DEBUG glance.common.config [None req-3dfe31de-60b4-44ea-9988-1e865622e937 None None] rate_limit_burst = 0 {{(pid=100018) log_opt_values /opt/stack/data/venv/lib/python3.12/site-packages/oslo_config/cfg.py:3534}}
Aug 05 18:16:33.334121 np0000006578 devstack@g-api.service[100018]: DEBUG glance.common.config [None req-3dfe31de-60b4-44ea-9988-1e865622e937 None None] rate_limit_except_level = CRITICAL {{(pid=100018) log_opt_values /opt/stack/data/venv/lib/python3.12/site-packages/oslo_config/cfg.py:3534}}
Aug 05 18:16:33.334190 np0000006578 devstack@g-api.service[100018]: DEBUG glance.common.config [None req-3dfe31de-60b4-44ea-9988-1e865622e937 None None] rate_limit_interval = 0 {{(pid=100018) log_opt_values /opt/stack/data/venv/lib/python3.12/site-packages/oslo_config/cfg.py:3534}}
Aug 05 18:16:33.334297 np0000006578 devstack@g-api.service[100018]: DEBUG glance.common.config [None req-3dfe31de-60b4-44ea-9988-1e865622e937 None None] scrub_pool_size = 1 {{(pid=100018) log_opt_values /opt/stack/data/venv/lib/python3.12/site-packages/oslo_config/cfg.py:3534}}
Aug 05 18:16:33.334413 np0000006578 devstack@g-api.service[100018]: DEBUG glance.common.config [None req-3dfe31de-60b4-44ea-9988-1e865622e937 None None] scrub_time = 0 {{(pid=100018) log_opt_values /opt/stack/data/venv/lib/python3.12/site-packages/oslo_config/cfg.py:3534}}
Aug 05 18:16:33.334481 np0000006578 devstack@g-api.service[100020]: INFO glance.api.middleware.cache [None req-f1e5a41c-07d7-4cba-8f4a-3b571c1935b2 None None] Initialized image cache middleware
Aug 05 18:16:33.334523 np0000006578 devstack@g-api.service[100018]: DEBUG glance.common.config [None req-3dfe31de-60b4-44ea-9988-1e865622e937 None None] shell_completion = None {{(pid=100018) log_opt_values /opt/stack/data/venv/lib/python3.12/site-packages/oslo_config/cfg.py:3534}}
Aug 05 18:16:33.334652 np0000006578 devstack@g-api.service[100018]: DEBUG glance.common.config [None req-3dfe31de-60b4-44ea-9988-1e865622e937 None None] show_image_direct_url = False {{(pid=100018) log_opt_values /opt/stack/data/venv/lib/python3.12/site-packages/oslo_config/cfg.py:3534}}
Aug 05 18:16:33.334956 np0000006578 devstack@g-api.service[100018]: WARNING oslo_config.cfg [None req-3dfe31de-60b4-44ea-9988-1e865622e937 None None] Deprecated: Option "show_multiple_locations" from group "DEFAULT" is deprecated for removal (Use of this option, deprecated since Newton, is a security risk and will be removed once we figure out a way to satisfy those use cases that currently require it. An earlier announcement that the same functionality can be achieved with greater granularity by using policies is incorrect. You cannot work around this option via policy configuration at the present time, though that is the direction we believe the fix will take. Please keep an eye on the Glance release notes to stay up to date on progress in addressing this issue.). Its value may be silently ignored in the future.
Aug 05 18:16:33.335194 np0000006578 devstack@g-api.service[100018]: DEBUG glance.common.config [None req-3dfe31de-60b4-44ea-9988-1e865622e937 None None] show_multiple_locations = False {{(pid=100018) log_opt_values /opt/stack/data/venv/lib/python3.12/site-packages/oslo_config/cfg.py:3534}}
Aug 05 18:16:33.335327 np0000006578 devstack@g-api.service[100018]: DEBUG glance.common.config [None req-3dfe31de-60b4-44ea-9988-1e865622e937 None None] syslog_log_facility = LOG_USER {{(pid=100018) log_opt_values /opt/stack/data/venv/lib/python3.12/site-packages/oslo_config/cfg.py:3534}}
Aug 05 18:16:33.335455 np0000006578 devstack@g-api.service[100018]: DEBUG glance.common.config [None req-3dfe31de-60b4-44ea-9988-1e865622e937 None None] transport_url = **** {{(pid=100018) log_opt_values /opt/stack/data/venv/lib/python3.12/site-packages/oslo_config/cfg.py:3534}}
Aug 05 18:16:33.335578 np0000006578 devstack@g-api.service[100018]: DEBUG glance.common.config [None req-3dfe31de-60b4-44ea-9988-1e865622e937 None None] use_journal = False {{(pid=100018) log_opt_values /opt/stack/data/venv/lib/python3.12/site-packages/oslo_config/cfg.py:3534}}
Aug 05 18:16:33.335775 np0000006578 devstack@g-api.service[100018]: DEBUG glance.common.config [None req-3dfe31de-60b4-44ea-9988-1e865622e937 None None] use_json = False {{(pid=100018) log_opt_values /opt/stack/data/venv/lib/python3.12/site-packages/oslo_config/cfg.py:3534}}
Aug 05 18:16:33.335830 np0000006578 devstack@g-api.service[100018]: DEBUG glance.common.config [None req-3dfe31de-60b4-44ea-9988-1e865622e937 None None] use_keystone_limits = True {{(pid=100018) log_opt_values /opt/stack/data/venv/lib/python3.12/site-packages/oslo_config/cfg.py:3534}}
Aug 05 18:16:33.335936 np0000006578 devstack@g-api.service[100018]: DEBUG glance.common.config [None req-3dfe31de-60b4-44ea-9988-1e865622e937 None None] use_stderr = False {{(pid=100018) log_opt_values /opt/stack/data/venv/lib/python3.12/site-packages/oslo_config/cfg.py:3534}}
Aug 05 18:16:33.336119 np0000006578 devstack@g-api.service[100018]: DEBUG glance.common.config [None req-3dfe31de-60b4-44ea-9988-1e865622e937 None None] use_syslog = False {{(pid=100018) log_opt_values /opt/stack/data/venv/lib/python3.12/site-packages/oslo_config/cfg.py:3534}}
Aug 05 18:16:33.336302 np0000006578 devstack@g-api.service[100018]: DEBUG glance.common.config [None req-3dfe31de-60b4-44ea-9988-1e865622e937 None None] user_storage_quota = 0 {{(pid=100018) log_opt_values /opt/stack/data/venv/lib/python3.12/site-packages/oslo_config/cfg.py:3534}}
Aug 05 18:16:33.336302 np0000006578 devstack@g-api.service[100018]: DEBUG glance.common.config [None req-3dfe31de-60b4-44ea-9988-1e865622e937 None None] worker_self_reference_url = http://127.0.0.1:60999 {{(pid=100018) log_opt_values /opt/stack/data/venv/lib/python3.12/site-packages/oslo_config/cfg.py:3534}}
Aug 05 18:16:33.336503 np0000006578 devstack@g-api.service[100018]: DEBUG glance.common.config [None req-3dfe31de-60b4-44ea-9988-1e865622e937 None None] oslo_concurrency.disable_process_locking = False {{(pid=100018) log_opt_values /opt/stack/data/venv/lib/python3.12/site-packages/oslo_config/cfg.py:3545}}
Aug 05 18:16:33.336586 np0000006578 devstack@g-api.service[100018]: DEBUG glance.common.config [None req-3dfe31de-60b4-44ea-9988-1e865622e937 None None] oslo_concurrency.lock_path = /opt/stack/data/glance/locks {{(pid=100018) log_opt_values /opt/stack/data/venv/lib/python3.12/site-packages/oslo_config/cfg.py:3545}}
Aug 05 18:16:33.336706 np0000006578 devstack@g-api.service[100018]: DEBUG glance.common.config [None req-3dfe31de-60b4-44ea-9988-1e865622e937 None None] oslo_middleware.enable_proxy_headers_parsing = False {{(pid=100018) log_opt_values /opt/stack/data/venv/lib/python3.12/site-packages/oslo_config/cfg.py:3545}}
Aug 05 18:16:33.336827 np0000006578 devstack@g-api.service[100018]: DEBUG glance.common.config [None req-3dfe31de-60b4-44ea-9988-1e865622e937 None None] oslo_middleware.http_basic_auth_user_file = /etc/htpasswd {{(pid=100018) log_opt_values /opt/stack/data/venv/lib/python3.12/site-packages/oslo_config/cfg.py:3545}}
Aug 05 18:16:33.336975 np0000006578 devstack@g-api.service[100018]: DEBUG glance.common.config [None req-3dfe31de-60b4-44ea-9988-1e865622e937 None None] paste_deploy.config_file = None {{(pid=100018) log_opt_values /opt/stack/data/venv/lib/python3.12/site-packages/oslo_config/cfg.py:3545}}
Aug 05 18:16:33.337088 np0000006578 devstack@g-api.service[100018]: DEBUG glance.common.config [None req-3dfe31de-60b4-44ea-9988-1e865622e937 None None] paste_deploy.flavor = keystone+cachemanagement {{(pid=100018) log_opt_values /opt/stack/data/venv/lib/python3.12/site-packages/oslo_config/cfg.py:3545}}
Aug 05 18:16:33.337287 np0000006578 devstack@g-api.service[100018]: DEBUG glance.common.config [None req-3dfe31de-60b4-44ea-9988-1e865622e937 None None] image_format.container_formats = ['ami', 'ari', 'aki', 'bare', 'ovf', 'ova', 'docker', 'compressed'] {{(pid=100018) log_opt_values /opt/stack/data/venv/lib/python3.12/site-packages/oslo_config/cfg.py:3545}}
Aug 05 18:16:33.337339 np0000006578 devstack@g-api.service[100017]: DEBUG glance.image_cache.drivers.centralized_db [None req-bc95fe8c-1f3f-42a7-9a6a-f0cb8245fe4d None None] Node reference is already recorded, ignoring it {{(pid=100017) configure /opt/stack/glance/glance/image_cache/drivers/centralized_db.py:71}}
Aug 05 18:16:33.337459 np0000006578 devstack@g-api.service[100018]: DEBUG glance.common.config [None req-3dfe31de-60b4-44ea-9988-1e865622e937 None None] image_format.disk_formats = ['ami', 'ari', 'aki', 'vhd', 'vhdx', 'vmdk', 'raw', 'qcow2', 'vdi', 'iso', 'ploop'] {{(pid=100018) log_opt_values /opt/stack/data/venv/lib/python3.12/site-packages/oslo_config/cfg.py:3545}}
Aug 05 18:16:33.337586 np0000006578 devstack@g-api.service[100018]: DEBUG glance.common.config [None req-3dfe31de-60b4-44ea-9988-1e865622e937 None None] image_format.gpt_safety_checks_nonfatal = [] {{(pid=100018) log_opt_values /opt/stack/data/venv/lib/python3.12/site-packages/oslo_config/cfg.py:3545}}
Aug 05 18:16:33.337716 np0000006578 devstack@g-api.service[100018]: DEBUG glance.common.config [None req-3dfe31de-60b4-44ea-9988-1e865622e937 None None] image_format.require_image_format_match = True {{(pid=100018) log_opt_values /opt/stack/data/venv/lib/python3.12/site-packages/oslo_config/cfg.py:3545}}
Aug 05 18:16:33.337853 np0000006578 devstack@g-api.service[100018]: DEBUG glance.common.config [None req-3dfe31de-60b4-44ea-9988-1e865622e937 None None] image_format.vmdk_allowed_types = ['streamOptimized', 'monolithicSparse'] {{(pid=100018) log_opt_values /opt/stack/data/venv/lib/python3.12/site-packages/oslo_config/cfg.py:3545}}
Aug 05 18:16:33.338006 np0000006578 devstack@g-api.service[100018]: DEBUG glance.common.config [None req-3dfe31de-60b4-44ea-9988-1e865622e937 None None] task.task_executor = taskflow {{(pid=100018) log_opt_values /opt/stack/data/venv/lib/python3.12/site-packages/oslo_config/cfg.py:3545}}
Aug 05 18:16:33.338130 np0000006578 devstack@g-api.service[100018]: DEBUG glance.common.config [None req-3dfe31de-60b4-44ea-9988-1e865622e937 None None] task.task_time_to_live = 48 {{(pid=100018) log_opt_values /opt/stack/data/venv/lib/python3.12/site-packages/oslo_config/cfg.py:3545}}
Aug 05 18:16:33.338337 np0000006578 devstack@g-api.service[100018]: DEBUG glance.common.config [None req-3dfe31de-60b4-44ea-9988-1e865622e937 None None] task.work_dir = None {{(pid=100018) log_opt_values /opt/stack/data/venv/lib/python3.12/site-packages/oslo_config/cfg.py:3545}}
Aug 05 18:16:33.338397 np0000006578 devstack@g-api.service[100018]: DEBUG glance.common.config [None req-3dfe31de-60b4-44ea-9988-1e865622e937 None None] wsgi.python_interpreter = /opt/stack/data/venv/bin/python3 {{(pid=100018) log_opt_values /opt/stack/data/venv/lib/python3.12/site-packages/oslo_config/cfg.py:3545}}
Aug 05 18:16:33.338509 np0000006578 devstack@g-api.service[100018]: DEBUG glance.common.config [None req-3dfe31de-60b4-44ea-9988-1e865622e937 None None] wsgi.task_pool_threads = 16 {{(pid=100018) log_opt_values /opt/stack/data/venv/lib/python3.12/site-packages/oslo_config/cfg.py:3545}}
Aug 05 18:16:33.338636 np0000006578 devstack@g-api.service[100018]: DEBUG glance.common.config [None req-3dfe31de-60b4-44ea-9988-1e865622e937 None None] import_filtering_opts.allowed_hosts = [] {{(pid=100018) log_opt_values /opt/stack/data/venv/lib/python3.12/site-packages/oslo_config/cfg.py:3545}}
Aug 05 18:16:33.338762 np0000006578 devstack@g-api.service[100018]: DEBUG glance.common.config [None req-3dfe31de-60b4-44ea-9988-1e865622e937 None None] import_filtering_opts.allowed_ports = [80, 443] {{(pid=100018) log_opt_values /opt/stack/data/venv/lib/python3.12/site-packages/oslo_config/cfg.py:3545}}
Aug 05 18:16:33.338895 np0000006578 devstack@g-api.service[100018]: DEBUG glance.common.config [None req-3dfe31de-60b4-44ea-9988-1e865622e937 None None] import_filtering_opts.allowed_schemes = ['http', 'https'] {{(pid=100018) log_opt_values /opt/stack/data/venv/lib/python3.12/site-packages/oslo_config/cfg.py:3545}}
Aug 05 18:16:33.339036 np0000006578 devstack@g-api.service[100018]: DEBUG glance.common.config [None req-3dfe31de-60b4-44ea-9988-1e865622e937 None None] import_filtering_opts.disallowed_hosts = [] {{(pid=100018) log_opt_values /opt/stack/data/venv/lib/python3.12/site-packages/oslo_config/cfg.py:3545}}
