Aug 05 18:16:04.611103 np0000006578 nova-scheduler[93646]: DEBUG cotyledon.oslo_config_glue [-] oslo_messaging_rabbit.rabbit_quorum_max_memory_length = 0 {{(pid=93646) log_opt_values /opt/stack/data/venv/lib/python3.12/site-packages/oslo_config/cfg.py:3545}}
Aug 05 18:16:04.611103 np0000006578 nova-scheduler[93646]: DEBUG cotyledon.oslo_config_glue [-] oslo_messaging_rabbit.rabbit_quorum_queue = False {{(pid=93646) log_opt_values /opt/stack/data/venv/lib/python3.12/site-packages/oslo_config/cfg.py:3545}}
Aug 05 18:16:04.611103 np0000006578 nova-scheduler[93646]: DEBUG cotyledon.oslo_config_glue [-] oslo_messaging_rabbit.rabbit_retry_backoff = 2 {{(pid=93646) log_opt_values /opt/stack/data/venv/lib/python3.12/site-packages/oslo_config/cfg.py:3545}}
Aug 05 18:16:04.611103 np0000006578 nova-scheduler[93646]: DEBUG cotyledon.oslo_config_glue [-] oslo_messaging_rabbit.rabbit_retry_interval = 1 {{(pid=93646) log_opt_values /opt/stack/data/venv/lib/python3.12/site-packages/oslo_config/cfg.py:3545}}
Aug 05 18:16:04.611103 np0000006578 nova-scheduler[93646]: DEBUG cotyledon.oslo_config_glue [-] oslo_messaging_rabbit.rabbit_stream_fanout = False {{(pid=93646) log_opt_values /opt/stack/data/venv/lib/python3.12/site-packages/oslo_config/cfg.py:3545}}
Aug 05 18:16:04.611103 np0000006578 nova-scheduler[93646]: DEBUG cotyledon.oslo_config_glue [-] oslo_messaging_rabbit.rabbit_transient_queues_ttl = 1800 {{(pid=93646) log_opt_values /opt/stack/data/venv/lib/python3.12/site-packages/oslo_config/cfg.py:3545}}
Aug 05 18:16:04.611103 np0000006578 nova-scheduler[93646]: DEBUG cotyledon.oslo_config_glue [-] oslo_messaging_rabbit.rabbit_transient_quorum_queue = False {{(pid=93646) log_opt_values /opt/stack/data/venv/lib/python3.12/site-packages/oslo_config/cfg.py:3545}}
Aug 05 18:16:04.611103 np0000006578 nova-scheduler[93646]: DEBUG cotyledon.oslo_config_glue [-] oslo_messaging_rabbit.rpc_conn_pool_size = 30 {{(pid=93646) log_opt_values /opt/stack/data/venv/lib/python3.12/site-packages/oslo_config/cfg.py:3545}}
Aug 05 18:16:04.611103 np0000006578 nova-scheduler[93646]: DEBUG cotyledon.oslo_config_glue [-] oslo_messaging_rabbit.ssl = False {{(pid=93646) log_opt_values /opt/stack/data/venv/lib/python3.12/site-packages/oslo_config/cfg.py:3545}}
Aug 05 18:16:04.611377 np0000006578 nova-scheduler[93646]: DEBUG cotyledon.oslo_config_glue [-] oslo_messaging_rabbit.ssl_ca_file = {{(pid=93646) log_opt_values /opt/stack/data/venv/lib/python3.12/site-packages/oslo_config/cfg.py:3545}}
Aug 05 18:16:04.611377 np0000006578 nova-scheduler[93646]: DEBUG cotyledon.oslo_config_glue [-] oslo_messaging_rabbit.ssl_cert_file = {{(pid=93646) log_opt_values /opt/stack/data/venv/lib/python3.12/site-packages/oslo_config/cfg.py:3545}}
Aug 05 18:16:04.611377 np0000006578 nova-scheduler[93646]: DEBUG cotyledon.oslo_config_glue [-] oslo_messaging_rabbit.ssl_enforce_fips_mode = False {{(pid=93646) log_opt_values /opt/stack/data/venv/lib/python3.12/site-packages/oslo_config/cfg.py:3545}}
Aug 05 18:16:04.611377 np0000006578 nova-scheduler[93646]: DEBUG cotyledon.oslo_config_glue [-] oslo_messaging_rabbit.ssl_enforce_hostname_verification = True {{(pid=93646) log_opt_values /opt/stack/data/venv/lib/python3.12/site-packages/oslo_config/cfg.py:3545}}
Aug 05 18:16:04.611377 np0000006578 nova-scheduler[93646]: DEBUG cotyledon.oslo_config_glue [-] oslo_messaging_rabbit.ssl_key_file = {{(pid=93646) log_opt_values /opt/stack/data/venv/lib/python3.12/site-packages/oslo_config/cfg.py:3545}}
Aug 05 18:16:04.611377 np0000006578 nova-scheduler[93646]: DEBUG cotyledon.oslo_config_glue [-] oslo_messaging_rabbit.ssl_version = {{(pid=93646) log_opt_values /opt/stack/data/venv/lib/python3.12/site-packages/oslo_config/cfg.py:3545}}
Aug 05 18:16:04.611377 np0000006578 nova-scheduler[93646]: DEBUG cotyledon.oslo_config_glue [-] oslo_messaging_rabbit.use_queue_manager = False {{(pid=93646) log_opt_values /opt/stack/data/venv/lib/python3.12/site-packages/oslo_config/cfg.py:3545}}
Aug 05 18:16:04.611377 np0000006578 nova-scheduler[93646]: DEBUG cotyledon.oslo_config_glue [-] oslo_messaging_notifications.driver = ['messagingv2'] {{(pid=93646) log_opt_values /opt/stack/data/venv/lib/python3.12/site-packages/oslo_config/cfg.py:3545}}
Aug 05 18:16:04.611377 np0000006578 nova-scheduler[93646]: DEBUG cotyledon.oslo_config_glue [-] oslo_messaging_notifications.retry = -1 {{(pid=93646) log_opt_values /opt/stack/data/venv/lib/python3.12/site-packages/oslo_config/cfg.py:3545}}
Aug 05 18:16:04.611644 np0000006578 nova-scheduler[93646]: DEBUG cotyledon.oslo_config_glue [-] oslo_messaging_notifications.topics = ['notifications'] {{(pid=93646) log_opt_values /opt/stack/data/venv/lib/python3.12/site-packages/oslo_config/cfg.py:3545}}
Aug 05 18:16:04.611644 np0000006578 nova-scheduler[93646]: DEBUG cotyledon.oslo_config_glue [-] oslo_messaging_notifications.transport_url = **** {{(pid=93646) log_opt_values /opt/stack/data/venv/lib/python3.12/site-packages/oslo_config/cfg.py:3545}}
Aug 05 18:16:04.611644 np0000006578 nova-scheduler[93646]: DEBUG cotyledon.oslo_config_glue [-] oslo_limit.auth_section = None {{(pid=93646) log_opt_values /opt/stack/data/venv/lib/python3.12/site-packages/oslo_config/cfg.py:3545}}
Aug 05 18:16:04.611644 np0000006578 nova-scheduler[93646]: DEBUG cotyledon.oslo_config_glue [-] oslo_limit.auth_type = None {{(pid=93646) log_opt_values /opt/stack/data/venv/lib/python3.12/site-packages/oslo_config/cfg.py:3545}}
Aug 05 18:16:04.611644 np0000006578 nova-scheduler[93646]: DEBUG cotyledon.oslo_config_glue [-] oslo_limit.cafile = None {{(pid=93646) log_opt_values /opt/stack/data/venv/lib/python3.12/site-packages/oslo_config/cfg.py:3545}}
Aug 05 18:16:04.611644 np0000006578 nova-scheduler[93646]: DEBUG cotyledon.oslo_config_glue [-] oslo_limit.certfile = None {{(pid=93646) log_opt_values /opt/stack/data/venv/lib/python3.12/site-packages/oslo_config/cfg.py:3545}}
Aug 05 18:16:04.611644 np0000006578 nova-scheduler[93646]: DEBUG cotyledon.oslo_config_glue [-] oslo_limit.collect_timing = False {{(pid=93646) log_opt_values /opt/stack/data/venv/lib/python3.12/site-packages/oslo_config/cfg.py:3545}}
Aug 05 18:16:04.611644 np0000006578 nova-scheduler[93646]: DEBUG cotyledon.oslo_config_glue [-] oslo_limit.connect_retries = None {{(pid=93646) log_opt_values /opt/stack/data/venv/lib/python3.12/site-packages/oslo_config/cfg.py:3545}}
Aug 05 18:16:04.611644 np0000006578 nova-scheduler[93646]: DEBUG cotyledon.oslo_config_glue [-] oslo_limit.connect_retry_delay = None {{(pid=93646) log_opt_values /opt/stack/data/venv/lib/python3.12/site-packages/oslo_config/cfg.py:3545}}
Aug 05 18:16:04.611924 np0000006578 nova-scheduler[93646]: DEBUG cotyledon.oslo_config_glue [-] oslo_limit.endpoint_id = None {{(pid=93646) log_opt_values /opt/stack/data/venv/lib/python3.12/site-packages/oslo_config/cfg.py:3545}}
Aug 05 18:16:04.611924 np0000006578 nova-scheduler[93646]: DEBUG cotyledon.oslo_config_glue [-] oslo_limit.endpoint_interface = public {{(pid=93646) log_opt_values /opt/stack/data/venv/lib/python3.12/site-packages/oslo_config/cfg.py:3545}}
Aug 05 18:16:04.611924 np0000006578 nova-scheduler[93646]: DEBUG cotyledon.oslo_config_glue [-] oslo_limit.endpoint_override = None {{(pid=93646) log_opt_values /opt/stack/data/venv/lib/python3.12/site-packages/oslo_config/cfg.py:3545}}
Aug 05 18:16:04.611924 np0000006578 nova-scheduler[93646]: DEBUG cotyledon.oslo_config_glue [-] oslo_limit.endpoint_region_name = None {{(pid=93646) log_opt_values /opt/stack/data/venv/lib/python3.12/site-packages/oslo_config/cfg.py:3545}}
Aug 05 18:16:04.611924 np0000006578 nova-scheduler[93646]: DEBUG cotyledon.oslo_config_glue [-] oslo_limit.endpoint_service_name = None {{(pid=93646) log_opt_values /opt/stack/data/venv/lib/python3.12/site-packages/oslo_config/cfg.py:3545}}
Aug 05 18:16:04.611924 np0000006578 nova-scheduler[93646]: DEBUG cotyledon.oslo_config_glue [-] oslo_limit.endpoint_service_type = None {{(pid=93646) log_opt_values /opt/stack/data/venv/lib/python3.12/site-packages/oslo_config/cfg.py:3545}}
Aug 05 18:16:04.611924 np0000006578 nova-scheduler[93646]: DEBUG cotyledon.oslo_config_glue [-] oslo_limit.insecure = False {{(pid=93646) log_opt_values /opt/stack/data/venv/lib/python3.12/site-packages/oslo_config/cfg.py:3545}}
Aug 05 18:16:04.611924 np0000006578 nova-scheduler[93646]: DEBUG cotyledon.oslo_config_glue [-] oslo_limit.keyfile = None {{(pid=93646) log_opt_values /opt/stack/data/venv/lib/python3.12/site-packages/oslo_config/cfg.py:3545}}
Aug 05 18:16:04.611924 np0000006578 nova-scheduler[93646]: DEBUG cotyledon.oslo_config_glue [-] oslo_limit.max_version = None {{(pid=93646) log_opt_values /opt/stack/data/venv/lib/python3.12/site-packages/oslo_config/cfg.py:3545}}
Aug 05 18:16:04.612207 np0000006578 nova-scheduler[93646]: DEBUG cotyledon.oslo_config_glue [-] oslo_limit.min_version = None {{(pid=93646) log_opt_values /opt/stack/data/venv/lib/python3.12/site-packages/oslo_config/cfg.py:3545}}
Aug 05 18:16:04.612207 np0000006578 nova-scheduler[93646]: DEBUG cotyledon.oslo_config_glue [-] oslo_limit.region_name = None {{(pid=93646) log_opt_values /opt/stack/data/venv/lib/python3.12/site-packages/oslo_config/cfg.py:3545}}
Aug 05 18:16:04.612207 np0000006578 nova-scheduler[93646]: DEBUG cotyledon.oslo_config_glue [-] oslo_limit.retriable_status_codes = None {{(pid=93646) log_opt_values /opt/stack/data/venv/lib/python3.12/site-packages/oslo_config/cfg.py:3545}}
Aug 05 18:16:04.612207 np0000006578 nova-scheduler[93646]: DEBUG cotyledon.oslo_config_glue [-] oslo_limit.service_name = None {{(pid=93646) log_opt_values /opt/stack/data/venv/lib/python3.12/site-packages/oslo_config/cfg.py:3545}}
Aug 05 18:16:04.612207 np0000006578 nova-scheduler[93646]: DEBUG cotyledon.oslo_config_glue [-] oslo_limit.service_type = None {{(pid=93646) log_opt_values /opt/stack/data/venv/lib/python3.12/site-packages/oslo_config/cfg.py:3545}}
Aug 05 18:16:04.612207 np0000006578 nova-scheduler[93646]: DEBUG cotyledon.oslo_config_glue [-] oslo_limit.split_loggers = False {{(pid=93646) log_opt_values /opt/stack/data/venv/lib/python3.12/site-packages/oslo_config/cfg.py:3545}}
Aug 05 18:16:04.612207 np0000006578 nova-scheduler[93646]: DEBUG cotyledon.oslo_config_glue [-] oslo_limit.status_code_retries = None {{(pid=93646) log_opt_values /opt/stack/data/venv/lib/python3.12/site-packages/oslo_config/cfg.py:3545}}
Aug 05 18:16:04.612207 np0000006578 nova-scheduler[93646]: DEBUG cotyledon.oslo_config_glue [-] oslo_limit.status_code_retry_delay = None {{(pid=93646) log_opt_values /opt/stack/data/venv/lib/python3.12/site-packages/oslo_config/cfg.py:3545}}
Aug 05 18:16:04.612207 np0000006578 nova-scheduler[93646]: DEBUG cotyledon.oslo_config_glue [-] oslo_limit.timeout = None {{(pid=93646) log_opt_values /opt/stack/data/venv/lib/python3.12/site-packages/oslo_config/cfg.py:3545}}
Aug 05 18:16:04.612483 np0000006578 nova-scheduler[93646]: DEBUG cotyledon.oslo_config_glue [-] oslo_limit.valid_interfaces = None {{(pid=93646) log_opt_values /opt/stack/data/venv/lib/python3.12/site-packages/oslo_config/cfg.py:3545}}
Aug 05 18:16:04.612483 np0000006578 nova-scheduler[93646]: DEBUG cotyledon.oslo_config_glue [-] oslo_limit.version = None {{(pid=93646) log_opt_values /opt/stack/data/venv/lib/python3.12/site-packages/oslo_config/cfg.py:3545}}
Aug 05 18:16:04.612483 np0000006578 nova-scheduler[93646]: DEBUG cotyledon.oslo_config_glue [-] oslo_reports.file_event_handler = None {{(pid=93646) log_opt_values /opt/stack/data/venv/lib/python3.12/site-packages/oslo_config/cfg.py:3545}}
Aug 05 18:16:04.612483 np0000006578 nova-scheduler[93646]: DEBUG cotyledon.oslo_config_glue [-] oslo_reports.file_event_handler_interval = 1 {{(pid=93646) log_opt_values /opt/stack/data/venv/lib/python3.12/site-packages/oslo_config/cfg.py:3545}}
Aug 05 18:16:04.612483 np0000006578 nova-scheduler[93646]: DEBUG cotyledon.oslo_config_glue [-] oslo_reports.log_dir = None {{(pid=93646) log_opt_values /opt/stack/data/venv/lib/python3.12/site-packages/oslo_config/cfg.py:3545}}
Aug 05 18:16:04.612483 np0000006578 nova-scheduler[93646]: DEBUG cotyledon.oslo_config_glue [-] ******************************************************************************** {{(pid=93646) log_opt_values /opt/stack/data/venv/lib/python3.12/site-packages/oslo_config/cfg.py:3552}}
Aug 05 18:16:04.612483 np0000006578 nova-scheduler[93646]: DEBUG cotyledon._service_worker [-] Run service ServiceWrapper(2) [93646] {{(pid=93646) wait_forever /opt/stack/data/venv/lib/python3.12/site-packages/cotyledon/_service_worker.py:218}}
Aug 05 18:16:04.612483 np0000006578 nova-scheduler[93646]: INFO nova.service [-] Starting scheduler node (version 33.1.0)
Aug 05 18:16:04.612483 np0000006578 nova-scheduler[93646]: INFO dbcounter [None req-419f5dd7-5020-494e-8e4e-9808c96c2a84 None None] Registered counter for database nova_cell0
Aug 05 18:16:04.614927 np0000006578 nova-scheduler[93617]: DEBUG oslo_db.sqlalchemy.engines [None req-1aad12b9-3e83-42df-80db-7fa7c1b51387 None None] MySQL server mode set to STRICT_TRANS_TABLES,STRICT_ALL_TABLES,NO_ZERO_IN_DATE,NO_ZERO_DATE,ERROR_FOR_DIVISION_BY_ZERO,TRADITIONAL,NO_ENGINE_SUBSTITUTION {{(pid=93617) _check_effective_sql_mode /opt/stack/data/venv/lib/python3.12/site-packages/oslo_db/sqlalchemy/engines.py:325}}
Aug 05 18:16:04.624034 np0000006578 nova-scheduler[93640]: DEBUG oslo_db.sqlalchemy.engines [None req-7031dc88-42b4-49c1-8294-34dd6cc7b77f None None] MySQL server mode set to STRICT_TRANS_TABLES,STRICT_ALL_TABLES,NO_ZERO_IN_DATE,NO_ZERO_DATE,ERROR_FOR_DIVISION_BY_ZERO,TRADITIONAL,NO_ENGINE_SUBSTITUTION {{(pid=93640) _check_effective_sql_mode /opt/stack/data/venv/lib/python3.12/site-packages/oslo_db/sqlalchemy/engines.py:325}}
Aug 05 18:16:04.628298 np0000006578 nova-scheduler[93617]: DEBUG dbcounter [-] [93617] Writer thread running {{(pid=93617) stat_writer /opt/stack/data/venv/lib/python3.12/site-packages/dbcounter.py:102}}
Aug 05 18:16:04.635509 np0000006578 nova-scheduler[93640]: DEBUG dbcounter [-] [93640] Writer thread running {{(pid=93640) stat_writer /opt/stack/data/venv/lib/python3.12/site-packages/dbcounter.py:102}}
Aug 05 18:16:04.654497 np0000006578 nova-scheduler[93646]: DEBUG oslo_db.sqlalchemy.engines [None req-419f5dd7-5020-494e-8e4e-9808c96c2a84 None None] MySQL server mode set to STRICT_TRANS_TABLES,STRICT_ALL_TABLES,NO_ZERO_IN_DATE,NO_ZERO_DATE,ERROR_FOR_DIVISION_BY_ZERO,TRADITIONAL,NO_ENGINE_SUBSTITUTION {{(pid=93646) _check_effective_sql_mode /opt/stack/data/venv/lib/python3.12/site-packages/oslo_db/sqlalchemy/engines.py:325}}
Aug 05 18:16:04.657361 np0000006578 nova-scheduler[93617]: DEBUG nova.service [None req-1aad12b9-3e83-42df-80db-7fa7c1b51387 None None] Creating RPC server for service: nova-scheduler on topic: scheduler {{(pid=93617) start /opt/stack/nova/nova/service.py:196}}
Aug 05 18:16:04.672374 np0000006578 nova-scheduler[93640]: DEBUG nova.service [None req-7031dc88-42b4-49c1-8294-34dd6cc7b77f None None] Creating RPC server for service: nova-scheduler on topic: scheduler {{(pid=93640) start /opt/stack/nova/nova/service.py:196}}
Aug 05 18:16:04.673358 np0000006578 nova-scheduler[93646]: DEBUG dbcounter [-] [93646] Writer thread running {{(pid=93646) stat_writer /opt/stack/data/venv/lib/python3.12/site-packages/dbcounter.py:102}}
Aug 05 18:16:04.679627 np0000006578 nova-scheduler[93646]: DEBUG nova.service [None req-419f5dd7-5020-494e-8e4e-9808c96c2a84 None None] Creating RPC server for service: nova-scheduler on topic: scheduler {{(pid=93646) start /opt/stack/nova/nova/service.py:196}}
Aug 05 18:16:04.699769 np0000006578 nova-scheduler[93617]: DEBUG nova.service [None req-1aad12b9-3e83-42df-80db-7fa7c1b51387 None None] Join ServiceGroup membership for this service scheduler {{(pid=93617) start /opt/stack/nova/nova/service.py:222}}
Aug 05 18:16:04.699920 np0000006578 nova-scheduler[93640]: DEBUG nova.service [None req-7031dc88-42b4-49c1-8294-34dd6cc7b77f None None] Join ServiceGroup membership for this service scheduler {{(pid=93640) start /opt/stack/nova/nova/service.py:222}}
Aug 05 18:16:04.700577 np0000006578 nova-scheduler[93617]: DEBUG nova.servicegroup.drivers.db [None req-1aad12b9-3e83-42df-80db-7fa7c1b51387 None None] DB_Driver: join new ServiceGroup member np0000006578 to the scheduler group, service = {{(pid=93617) join /opt/stack/nova/nova/servicegroup/drivers/db.py:44}}
Aug 05 18:16:04.700656 np0000006578 nova-scheduler[93640]: DEBUG nova.servicegroup.drivers.db [None req-7031dc88-42b4-49c1-8294-34dd6cc7b77f None None] DB_Driver: join new ServiceGroup member np0000006578 to the scheduler group, service = {{(pid=93640) join /opt/stack/nova/nova/servicegroup/drivers/db.py:44}}
Aug 05 18:16:04.712102 np0000006578 nova-scheduler[93646]: DEBUG nova.service [None req-419f5dd7-5020-494e-8e4e-9808c96c2a84 None None] Join ServiceGroup membership for this service scheduler {{(pid=93646) start /opt/stack/nova/nova/service.py:222}}
Aug 05 18:16:04.712613 np0000006578 nova-scheduler[93646]: DEBUG nova.servicegroup.drivers.db [None req-419f5dd7-5020-494e-8e4e-9808c96c2a84 None None] DB_Driver: join new ServiceGroup member np0000006578 to the scheduler group, service = {{(pid=93646) join /opt/stack/nova/nova/servicegroup/drivers/db.py:44}}
Aug 05 18:16:06.704118 np0000006578 nova-scheduler[93640]: DEBUG oslo.service.backend._threading.loopingcall [None req-0a1e3049-b734-4f69-a911-0f84a114f9b8 None None] Dynamic interval looping call 'nova.service.Service.periodic_tasks' sleeping for 60.00 seconds {{(pid=93640) _run_loop /opt/stack/data/venv/lib/python3.12/site-packages/oslo_service/backend/_threading/loopingcall.py:125}}
Aug 05 18:16:09.718781 np0000006578 nova-scheduler[93640]: DEBUG oslo.service.backend._threading.loopingcall [-] Fixed interval looping call 'nova.servicegroup.drivers.db.DbDriver._report_state' sleeping for 119.98 seconds {{(pid=93640) _run_loop /opt/stack/data/venv/lib/python3.12/site-packages/oslo_service/backend/_threading/loopingcall.py:125}}
Aug 05 18:16:09.720959 np0000006578 nova-scheduler[93617]: DEBUG oslo.service.backend._threading.loopingcall [-] Fixed interval looping call 'nova.servicegroup.drivers.db.DbDriver._report_state' sleeping for 119.98 seconds {{(pid=93617) _run_loop /opt/stack/data/venv/lib/python3.12/site-packages/oslo_service/backend/_threading/loopingcall.py:125}}
Aug 05 18:16:09.725419 np0000006578 nova-scheduler[93646]: DEBUG oslo.service.backend._threading.loopingcall [-] Fixed interval looping call 'nova.servicegroup.drivers.db.DbDriver._report_state' sleeping for 119.99 seconds {{(pid=93646) _run_loop /opt/stack/data/venv/lib/python3.12/site-packages/oslo_service/backend/_threading/loopingcall.py:125}}
Aug 05 18:16:13.167208 np0000006578 nova-scheduler[92412]: DEBUG dbcounter [-] [92412] Writing DB stats nova_api:SELECT=3 {{(pid=92412) stat_writer /opt/stack/data/venv/lib/python3.12/site-packages/dbcounter.py:115}}
Aug 05 18:16:13.331354 np0000006578 nova-scheduler[92412]: DEBUG dbcounter [-] [92412] Writing DB stats nova_cell1:SELECT=1 {{(pid=92412) stat_writer /opt/stack/data/venv/lib/python3.12/site-packages/dbcounter.py:115}}
Aug 05 18:16:13.336882 np0000006578 nova-scheduler[92412]: DEBUG dbcounter [-] [92412] Writing DB stats nova_cell0:SELECT=1 {{(pid=92412) stat_writer /opt/stack/data/venv/lib/python3.12/site-packages/dbcounter.py:115}}
Aug 05 18:16:19.715934 np0000006578 nova-scheduler[93640]: DEBUG dbcounter [-] [93640] Writing DB stats nova_cell0:SELECT=5,nova_cell0:INSERT=1,nova_cell0:UPDATE=1 {{(pid=93640) stat_writer /opt/stack/data/venv/lib/python3.12/site-packages/dbcounter.py:115}}
Aug 05 18:16:19.716435 np0000006578 nova-scheduler[93617]: DEBUG dbcounter [-] [93617] Writing DB stats nova_cell0:SELECT=4,nova_cell0:INSERT=1,nova_cell0:UPDATE=1 {{(pid=93617) stat_writer /opt/stack/data/venv/lib/python3.12/site-packages/dbcounter.py:115}}
Aug 05 18:16:19.726310 np0000006578 nova-scheduler[93646]: DEBUG dbcounter [-] [93646] Writing DB stats nova_cell0:SELECT=3 {{(pid=93646) stat_writer /opt/stack/data/venv/lib/python3.12/site-packages/dbcounter.py:115}}
Aug 05 18:16:21.702921 np0000006578 nova-scheduler[93617]: DEBUG oslo.service.backend._threading.loopingcall [None req-460609e1-4bee-4cf0-8c3a-ffef31098c7f None None] Dynamic interval looping call 'nova.service.Service.periodic_tasks' sleeping for 60.00 seconds {{(pid=93617) _run_loop /opt/stack/data/venv/lib/python3.12/site-packages/oslo_service/backend/_threading/loopingcall.py:125}}
Aug 05 18:16:41.715487 np0000006578 nova-scheduler[93646]: DEBUG oslo.service.backend._threading.loopingcall [None req-8b45b67c-1681-4ca3-8e23-6253b912489d None None] Dynamic interval looping call 'nova.service.Service.periodic_tasks' sleeping for 60.00 seconds {{(pid=93646) _run_loop /opt/stack/data/venv/lib/python3.12/site-packages/oslo_service/backend/_threading/loopingcall.py:125}}
Aug 05 18:17:06.704679 np0000006578 nova-scheduler[93640]: DEBUG oslo.service.backend._threading.loopingcall [None req-0a1e3049-b734-4f69-a911-0f84a114f9b8 None None] Dynamic interval looping call 'nova.service.Service.periodic_tasks' sleeping for 60.00 seconds {{(pid=93640) _run_loop /opt/stack/data/venv/lib/python3.12/site-packages/oslo_service/backend/_threading/loopingcall.py:125}}
Aug 05 18:17:21.703378 np0000006578 nova-scheduler[93617]: DEBUG oslo.service.backend._threading.loopingcall [None req-460609e1-4bee-4cf0-8c3a-ffef31098c7f None None] Dynamic interval looping call 'nova.service.Service.periodic_tasks' sleeping for 60.00 seconds {{(pid=93617) _run_loop /opt/stack/data/venv/lib/python3.12/site-packages/oslo_service/backend/_threading/loopingcall.py:125}}
Aug 05 18:17:41.716016 np0000006578 nova-scheduler[93646]: DEBUG oslo.service.backend._threading.loopingcall [None req-8b45b67c-1681-4ca3-8e23-6253b912489d None None] Dynamic interval looping call 'nova.service.Service.periodic_tasks' sleeping for 60.00 seconds {{(pid=93646) _run_loop /opt/stack/data/venv/lib/python3.12/site-packages/oslo_service/backend/_threading/loopingcall.py:125}}
Aug 05 18:18:06.705259 np0000006578 nova-scheduler[93640]: DEBUG oslo.service.backend._threading.loopingcall [None req-0a1e3049-b734-4f69-a911-0f84a114f9b8 None None] Dynamic interval looping call 'nova.service.Service.periodic_tasks' sleeping for 60.00 seconds {{(pid=93640) _run_loop /opt/stack/data/venv/lib/python3.12/site-packages/oslo_service/backend/_threading/loopingcall.py:125}}
Aug 05 18:18:09.706003 np0000006578 nova-scheduler[93640]: DEBUG oslo.service.backend._threading.loopingcall [-] Fixed interval looping call 'nova.servicegroup.drivers.db.DbDriver._report_state' sleeping for 119.99 seconds {{(pid=93640) _run_loop /opt/stack/data/venv/lib/python3.12/site-packages/oslo_service/backend/_threading/loopingcall.py:125}}
Aug 05 18:18:09.707524 np0000006578 nova-scheduler[93617]: DEBUG oslo.service.backend._threading.loopingcall [-] Fixed interval looping call 'nova.servicegroup.drivers.db.DbDriver._report_state' sleeping for 119.99 seconds {{(pid=93617) _run_loop /opt/stack/data/venv/lib/python3.12/site-packages/oslo_service/backend/_threading/loopingcall.py:125}}
Aug 05 18:18:09.720763 np0000006578 nova-scheduler[93646]: DEBUG oslo.service.backend._threading.loopingcall [-] Fixed interval looping call 'nova.servicegroup.drivers.db.DbDriver._report_state' sleeping for 119.99 seconds {{(pid=93646) _run_loop /opt/stack/data/venv/lib/python3.12/site-packages/oslo_service/backend/_threading/loopingcall.py:125}}
Aug 05 18:18:19.701973 np0000006578 nova-scheduler[93640]: DEBUG dbcounter [-] [93640] Writing DB stats nova_cell0:SELECT=1,nova_cell0:UPDATE=1 {{(pid=93640) stat_writer /opt/stack/data/venv/lib/python3.12/site-packages/dbcounter.py:115}}
Aug 05 18:18:19.706624 np0000006578 nova-scheduler[93617]: DEBUG dbcounter [-] [93617] Writing DB stats nova_cell0:SELECT=1,nova_cell0:UPDATE=1 {{(pid=93617) stat_writer /opt/stack/data/venv/lib/python3.12/site-packages/dbcounter.py:115}}
Aug 05 18:18:19.719240 np0000006578 nova-scheduler[93646]: DEBUG dbcounter [-] [93646] Writing DB stats nova_cell0:SELECT=1 {{(pid=93646) stat_writer /opt/stack/data/venv/lib/python3.12/site-packages/dbcounter.py:115}}
Aug 05 18:18:21.704047 np0000006578 nova-scheduler[93617]: DEBUG oslo.service.backend._threading.loopingcall [None req-460609e1-4bee-4cf0-8c3a-ffef31098c7f None None] Dynamic interval looping call 'nova.service.Service.periodic_tasks' sleeping for 60.00 seconds {{(pid=93617) _run_loop /opt/stack/data/venv/lib/python3.12/site-packages/oslo_service/backend/_threading/loopingcall.py:125}}
Aug 05 18:18:41.716745 np0000006578 nova-scheduler[93646]: DEBUG oslo.service.backend._threading.loopingcall [None req-8b45b67c-1681-4ca3-8e23-6253b912489d None None] Dynamic interval looping call 'nova.service.Service.periodic_tasks' sleeping for 60.00 seconds {{(pid=93646) _run_loop /opt/stack/data/venv/lib/python3.12/site-packages/oslo_service/backend/_threading/loopingcall.py:125}}
Aug 05 18:19:01.445405 np0000006578 nova-scheduler[93617]: DEBUG nova.scheduler.manager [None req-d65b3feb-84bf-4c26-aaea-9bd1ecb7faee tempest-DeleteServersTestJSON-1842826288 tempest-DeleteServersTestJSON-1842826288-project-member] Starting to schedule for instances: ['05d0f1f9-7472-4911-aa70-9804c01e0466'] {{(pid=93617) select_destinations /opt/stack/nova/nova/scheduler/manager.py:209}}
Aug 05 18:19:01.446122 np0000006578 nova-scheduler[93617]: DEBUG nova.scheduler.request_filter [None req-d65b3feb-84bf-4c26-aaea-9bd1ecb7faee tempest-DeleteServersTestJSON-1842826288 tempest-DeleteServersTestJSON-1842826288-project-member] compute_status_filter request filter added forbidden trait COMPUTE_STATUS_DISABLED {{(pid=93617) compute_status_filter /opt/stack/nova/nova/scheduler/request_filter.py:253}}
Aug 05 18:19:01.446323 np0000006578 nova-scheduler[93617]: DEBUG nova.scheduler.request_filter [None req-d65b3feb-84bf-4c26-aaea-9bd1ecb7faee tempest-DeleteServersTestJSON-1842826288 tempest-DeleteServersTestJSON-1842826288-project-member] Request filter 'compute_status_filter' took 0.0 seconds {{(pid=93617) wrapper /opt/stack/nova/nova/scheduler/request_filter.py:46}}
Aug 05 18:19:01.446570 np0000006578 nova-scheduler[93617]: DEBUG nova.scheduler.request_filter [None req-d65b3feb-84bf-4c26-aaea-9bd1ecb7faee tempest-DeleteServersTestJSON-1842826288 tempest-DeleteServersTestJSON-1842826288-project-member] Request filter 'accelerators_filter' took 0.0 seconds {{(pid=93617) wrapper /opt/stack/nova/nova/scheduler/request_filter.py:46}}
Aug 05 18:19:01.446831 np0000006578 nova-scheduler[93617]: DEBUG nova.scheduler.request_filter [None req-d65b3feb-84bf-4c26-aaea-9bd1ecb7faee tempest-DeleteServersTestJSON-1842826288 tempest-DeleteServersTestJSON-1842826288-project-member] Request filter 'packed_virtqueue_filter' took 0.0 seconds {{(pid=93617) wrapper /opt/stack/nova/nova/scheduler/request_filter.py:46}}
Aug 05 18:19:01.447191 np0000006578 nova-scheduler[93617]: DEBUG nova.scheduler.request_filter [None req-d65b3feb-84bf-4c26-aaea-9bd1ecb7faee tempest-DeleteServersTestJSON-1842826288 tempest-DeleteServersTestJSON-1842826288-project-member] Request filter 'remote_managed_ports_filter' took 0.0 seconds {{(pid=93617) wrapper /opt/stack/nova/nova/scheduler/request_filter.py:46}}
Aug 05 18:19:01.447809 np0000006578 nova-scheduler[93617]: DEBUG nova.scheduler.request_filter [None req-d65b3feb-84bf-4c26-aaea-9bd1ecb7faee tempest-DeleteServersTestJSON-1842826288 tempest-DeleteServersTestJSON-1842826288-project-member] ephemeral_encryption_filter skipped {{(pid=93617) ephemeral_encryption_filter /opt/stack/nova/nova/scheduler/request_filter.py:426}}
Aug 05 18:19:01.448052 np0000006578 nova-scheduler[93617]: DEBUG nova.scheduler.request_filter [None req-d65b3feb-84bf-4c26-aaea-9bd1ecb7faee tempest-DeleteServersTestJSON-1842826288 tempest-DeleteServersTestJSON-1842826288-project-member] virtio_sound_filter skipped {{(pid=93617) virtio_sound_filter /opt/stack/nova/nova/scheduler/request_filter.py:460}}
Aug 05 18:19:01.448233 np0000006578 nova-scheduler[93617]: DEBUG nova.scheduler.request_filter [None req-d65b3feb-84bf-4c26-aaea-9bd1ecb7faee tempest-DeleteServersTestJSON-1842826288 tempest-DeleteServersTestJSON-1842826288-project-member] tpm_secret_security_filter skipped {{(pid=93617) tpm_secret_security_filter /opt/stack/nova/nova/scheduler/request_filter.py:477}}
Aug 05 18:19:02.302566 np0000006578 nova-scheduler[93640]: DEBUG nova.scheduler.manager [None req-07026ff4-ea82-4c85-874b-a8c7506f927b tempest-ServerBootFromVolumeStableRescueTest-179788943 tempest-ServerBootFromVolumeStableRescueTest-179788943-project-member] Starting to schedule for instances: ['3955d604-f07b-461a-82c0-3de71bb0cd68'] {{(pid=93640) select_destinations /opt/stack/nova/nova/scheduler/manager.py:209}}
Aug 05 18:19:02.303039 np0000006578 nova-scheduler[93640]: DEBUG nova.scheduler.request_filter [None req-07026ff4-ea82-4c85-874b-a8c7506f927b tempest-ServerBootFromVolumeStableRescueTest-179788943 tempest-ServerBootFromVolumeStableRescueTest-179788943-project-member] compute_status_filter request filter added forbidden trait COMPUTE_STATUS_DISABLED {{(pid=93640) compute_status_filter /opt/stack/nova/nova/scheduler/request_filter.py:253}}
Aug 05 18:19:02.303131 np0000006578 nova-scheduler[93640]: DEBUG nova.scheduler.request_filter [None req-07026ff4-ea82-4c85-874b-a8c7506f927b tempest-ServerBootFromVolumeStableRescueTest-179788943 tempest-ServerBootFromVolumeStableRescueTest-179788943-project-member] Request filter 'compute_status_filter' took 0.0 seconds {{(pid=93640) wrapper /opt/stack/nova/nova/scheduler/request_filter.py:46}}
Aug 05 18:19:02.303401 np0000006578 nova-scheduler[93640]: DEBUG nova.scheduler.request_filter [None req-07026ff4-ea82-4c85-874b-a8c7506f927b tempest-ServerBootFromVolumeStableRescueTest-179788943 tempest-ServerBootFromVolumeStableRescueTest-179788943-project-member] Request filter 'accelerators_filter' took 0.0 seconds {{(pid=93640) wrapper /opt/stack/nova/nova/scheduler/request_filter.py:46}}
Aug 05 18:19:02.303685 np0000006578 nova-scheduler[93640]: DEBUG nova.scheduler.request_filter [None req-07026ff4-ea82-4c85-874b-a8c7506f927b tempest-ServerBootFromVolumeStableRescueTest-179788943 tempest-ServerBootFromVolumeStableRescueTest-179788943-project-member] Request filter 'packed_virtqueue_filter' took 0.0 seconds {{(pid=93640) wrapper /opt/stack/nova/nova/scheduler/request_filter.py:46}}
Aug 05 18:19:02.304113 np0000006578 nova-scheduler[93640]: DEBUG nova.scheduler.request_filter [None req-07026ff4-ea82-4c85-874b-a8c7506f927b tempest-ServerBootFromVolumeStableRescueTest-179788943 tempest-ServerBootFromVolumeStableRescueTest-179788943-project-member] Request filter 'remote_managed_ports_filter' took 0.0 seconds {{(pid=93640) wrapper /opt/stack/nova/nova/scheduler/request_filter.py:46}}
Aug 05 18:19:02.304238 np0000006578 nova-scheduler[93640]: DEBUG nova.scheduler.request_filter [None req-07026ff4-ea82-4c85-874b-a8c7506f927b tempest-ServerBootFromVolumeStableRescueTest-179788943 tempest-ServerBootFromVolumeStableRescueTest-179788943-project-member] ephemeral_encryption_filter skipped {{(pid=93640) ephemeral_encryption_filter /opt/stack/nova/nova/scheduler/request_filter.py:426}}
Aug 05 18:19:02.304531 np0000006578 nova-scheduler[93640]: DEBUG nova.scheduler.request_filter [None req-07026ff4-ea82-4c85-874b-a8c7506f927b tempest-ServerBootFromVolumeStableRescueTest-179788943 tempest-ServerBootFromVolumeStableRescueTest-179788943-project-member] virtio_sound_filter skipped {{(pid=93640) virtio_sound_filter /opt/stack/nova/nova/scheduler/request_filter.py:460}}
Aug 05 18:19:02.304698 np0000006578 nova-scheduler[93640]: DEBUG nova.scheduler.request_filter [None req-07026ff4-ea82-4c85-874b-a8c7506f927b tempest-ServerBootFromVolumeStableRescueTest-179788943 tempest-ServerBootFromVolumeStableRescueTest-179788943-project-member] tpm_secret_security_filter skipped {{(pid=93640) tpm_secret_security_filter /opt/stack/nova/nova/scheduler/request_filter.py:477}}
Aug 05 18:19:02.733395 np0000006578 nova-scheduler[93617]: INFO nova.utils [None req-d65b3feb-84bf-4c26-aaea-9bd1ecb7faee tempest-DeleteServersTestJSON-1842826288 tempest-DeleteServersTestJSON-1842826288-project-member] The cell worker thread pool ForkProcess-1.cell_worker is initialized
Aug 05 18:19:02.733395 np0000006578 nova-scheduler[93617]: DEBUG oslo_concurrency.lockutils [None req-d65b3feb-84bf-4c26-aaea-9bd1ecb7faee tempest-DeleteServersTestJSON-1842826288 tempest-DeleteServersTestJSON-1842826288-project-member] Acquiring lock "f6b38606-c99f-449d-b62c-68b68d73dee3" by "nova.context.set_target_cell..get_or_set_cached_cell_and_set_connections" {{(pid=93617) inner /opt/stack/data/venv/lib/python3.12/site-packages/oslo_concurrency/lockutils.py:512}}
Aug 05 18:19:02.733770 np0000006578 nova-scheduler[93617]: DEBUG oslo_concurrency.lockutils [None req-d65b3feb-84bf-4c26-aaea-9bd1ecb7faee tempest-DeleteServersTestJSON-1842826288 tempest-DeleteServersTestJSON-1842826288-project-member] Lock "f6b38606-c99f-449d-b62c-68b68d73dee3" acquired by "nova.context.set_target_cell..get_or_set_cached_cell_and_set_connections" :: waited 0.000s {{(pid=93617) inner /opt/stack/data/venv/lib/python3.12/site-packages/oslo_concurrency/lockutils.py:525}}
Aug 05 18:19:02.734744 np0000006578 nova-scheduler[93617]: DEBUG oslo_concurrency.lockutils [None req-d65b3feb-84bf-4c26-aaea-9bd1ecb7faee tempest-DeleteServersTestJSON-1842826288 tempest-DeleteServersTestJSON-1842826288-project-member] Lock "f6b38606-c99f-449d-b62c-68b68d73dee3" "released" by "nova.context.set_target_cell..get_or_set_cached_cell_and_set_connections" :: held 0.001s {{(pid=93617) inner /opt/stack/data/venv/lib/python3.12/site-packages/oslo_concurrency/lockutils.py:544}}
Aug 05 18:19:02.736522 np0000006578 nova-scheduler[93617]: INFO dbcounter [None req-d65b3feb-84bf-4c26-aaea-9bd1ecb7faee tempest-DeleteServersTestJSON-1842826288 tempest-DeleteServersTestJSON-1842826288-project-member] Registered counter for database nova_cell1
Aug 05 18:19:02.771105 np0000006578 nova-scheduler[93617]: DEBUG oslo_db.sqlalchemy.engines [None req-d65b3feb-84bf-4c26-aaea-9bd1ecb7faee tempest-DeleteServersTestJSON-1842826288 tempest-DeleteServersTestJSON-1842826288-project-member] MySQL server mode set to STRICT_TRANS_TABLES,STRICT_ALL_TABLES,NO_ZERO_IN_DATE,NO_ZERO_DATE,ERROR_FOR_DIVISION_BY_ZERO,TRADITIONAL,NO_ENGINE_SUBSTITUTION {{(pid=93617) _check_effective_sql_mode /opt/stack/data/venv/lib/python3.12/site-packages/oslo_db/sqlalchemy/engines.py:325}}
Aug 05 18:19:02.782411 np0000006578 nova-scheduler[93617]: DEBUG dbcounter [-] [93617] Writer thread running {{(pid=93617) stat_writer /opt/stack/data/venv/lib/python3.12/site-packages/dbcounter.py:102}}
Aug 05 18:19:02.807028 np0000006578 nova-scheduler[93617]: DEBUG oslo_db.sqlalchemy.engines [None req-d65b3feb-84bf-4c26-aaea-9bd1ecb7faee tempest-DeleteServersTestJSON-1842826288 tempest-DeleteServersTestJSON-1842826288-project-member] Parent process 92412 forked (93617) with an open database connection, which is being discarded and recreated. {{(pid=93617) checkout /opt/stack/data/venv/lib/python3.12/site-packages/oslo_db/sqlalchemy/engines.py:402}}
Aug 05 18:19:02.853923 np0000006578 nova-scheduler[93617]: DEBUG dbcounter [-] [93617] Writer thread running {{(pid=93617) stat_writer /opt/stack/data/venv/lib/python3.12/site-packages/dbcounter.py:102}}
Aug 05 18:19:02.856077 np0000006578 nova-scheduler[93617]: DEBUG oslo_concurrency.lockutils [None req-d65b3feb-84bf-4c26-aaea-9bd1ecb7faee tempest-DeleteServersTestJSON-1842826288 tempest-DeleteServersTestJSON-1842826288-project-member] Acquiring lock "f6b38606-c99f-449d-b62c-68b68d73dee3" by "nova.context.set_target_cell..get_or_set_cached_cell_and_set_connections" {{(pid=93617) inner /opt/stack/data/venv/lib/python3.12/site-packages/oslo_concurrency/lockutils.py:512}}
Aug 05 18:19:02.856240 np0000006578 nova-scheduler[93617]: DEBUG oslo_concurrency.lockutils [None req-d65b3feb-84bf-4c26-aaea-9bd1ecb7faee tempest-DeleteServersTestJSON-1842826288 tempest-DeleteServersTestJSON-1842826288-project-member] Lock "f6b38606-c99f-449d-b62c-68b68d73dee3" acquired by "nova.context.set_target_cell..get_or_set_cached_cell_and_set_connections" :: waited 0.000s {{(pid=93617) inner /opt/stack/data/venv/lib/python3.12/site-packages/oslo_concurrency/lockutils.py:525}}
Aug 05 18:19:02.856344 np0000006578 nova-scheduler[93617]: DEBUG oslo_concurrency.lockutils [None req-d65b3feb-84bf-4c26-aaea-9bd1ecb7faee tempest-DeleteServersTestJSON-1842826288 tempest-DeleteServersTestJSON-1842826288-project-member] Lock "f6b38606-c99f-449d-b62c-68b68d73dee3" "released" by "nova.context.set_target_cell..get_or_set_cached_cell_and_set_connections" :: held 0.000s {{(pid=93617) inner /opt/stack/data/venv/lib/python3.12/site-packages/oslo_concurrency/lockutils.py:544}}
Aug 05 18:19:02.861642 np0000006578 nova-scheduler[93617]: DEBUG oslo_concurrency.lockutils [None req-d65b3feb-84bf-4c26-aaea-9bd1ecb7faee tempest-DeleteServersTestJSON-1842826288 tempest-DeleteServersTestJSON-1842826288-project-member] Acquiring lock "np0000006578-np0000006578" by "nova.scheduler.host_manager.HostState.update.._locked_update" {{(pid=93617) inner /opt/stack/data/venv/lib/python3.12/site-packages/oslo_concurrency/lockutils.py:512}}
Aug 05 18:19:02.861747 np0000006578 nova-scheduler[93617]: DEBUG oslo_concurrency.lockutils [None req-d65b3feb-84bf-4c26-aaea-9bd1ecb7faee tempest-DeleteServersTestJSON-1842826288 tempest-DeleteServersTestJSON-1842826288-project-member] Lock "np0000006578-np0000006578" acquired by "nova.scheduler.host_manager.HostState.update.._locked_update" :: waited 0.003s {{(pid=93617) inner /opt/stack/data/venv/lib/python3.12/site-packages/oslo_concurrency/lockutils.py:525}}
Aug 05 18:19:02.862638 np0000006578 nova-scheduler[93617]: DEBUG nova.scheduler.host_manager [None req-d65b3feb-84bf-4c26-aaea-9bd1ecb7faee tempest-DeleteServersTestJSON-1842826288 tempest-DeleteServersTestJSON-1842826288-project-member] Update host state from compute node: ComputeNode(cpu_allocation_ratio=4.0,cpu_info='{"arch": "x86_64", "model": "EPYC-Milan", "vendor": "AMD", "topology": {"cells": 1, "sockets": 16, "cores": 1, "threads": 1}, "maxphysaddr": {"mode": "emulate", "bits": 40}, "features": ["xsaves", "sha-ni", "tsc_adjust", "stibp", "cx8", "pat", "clflushopt", "amd-ssbd", "pge", "fsrm", "smap", "arch-capabilities", "ibrs", "xgetbv1", "sse4a", "pdpe1gb", "fma", "wbnoinvd", "movbe", "msr", "pclmuldq", "amd-stibp", "rdpid", "x2apic", "bmi1", "pse", "apic", "syscall", "clwb", "tsc", "f16c", "abm", "fsgsbase", "fxsr", "amd-psfd", "cmov", "hypervisor", "lahf_lm", "xsavec", "sep", "avx2", "aes", "sse2", "clflush", "svme-addr-chk", "lm", "vpclmulqdq", "nx", "umip", "de", "vgif", "erms", "topoext", "fpu", "sse", "ssbd", "perfctr_core", "pschange-mc-no", "invpcid", "mce", "gds-no", "rdctl-no", "popcnt", "skip-l1dfl-vmentry", "arat", "pause-filter", "3dnowprefetch", "clzero", "cr8legacy", "misalignsse", "pku", "vaes", "adx", "lfence-always-serializing", "ssse3", "mmx", "flushbyasid", "mds-no", "vmcb-clean", "pfthreshold", "spec-ctrl", "sse4.1", "pse36", "mtrr", "rdseed", "vme", "null-sel-clr-base", "pcid", "stibp-always-on", "lbrv", "avx", "sse4.2", "cx16", "pae", "nrip-save", "osvw", "pni", "xsaveerptr", "mca", "tsc-scale", "no-nested-data-bp", "v-vmsave-vmload", "xsaveopt", "npt", "bmi2", "mmxext", "rdrand", "virt-ssbd", "ibpb", "svm", "xsave", "rdtscp", "fxsr_opt", "tsc-deadline", "smep", "cmp_legacy"]}',created_at=2026-08-05T18:16:29Z,current_workload=0,deleted=False,deleted_at=None,disk_allocation_ratio=1.0,disk_available_least=73,free_disk_gb=95,free_ram_mb=62765,host='np0000006578',host_ip=10.4.3.39,hypervisor_hostname='np0000006578',hypervisor_type='QEMU',hypervisor_version=8002002,id=1,local_gb=95,local_gb_used=0,mapped=1,memory_mb=63277,memory_mb_used=512,metrics='[]',numa_topology='{"nova_object.name": "NUMATopology", "nova_object.namespace": "nova", "nova_object.version": "1.2", "nova_object.data": {"cells": [{"nova_object.name": "NUMACell", "nova_object.namespace": "nova", "nova_object.version": "1.5", "nova_object.data": {"id": 0, "cpuset": [0, 1, 2, 3, 4, 5, 6, 7, 8, 9, 10, 11, 12, 13, 14, 15], "pcpuset": [0, 1, 2, 3, 4, 5, 6, 7, 8, 9, 10, 11, 12, 13, 14, 15], "memory": 63277, "cpu_usage": 0, "memory_usage": 0, "pinned_cpus": [], "siblings": [[6], [12], [2], [15], [5], [11], [8], [14], [4], [1], [7], [10], [0], [13], [3], [9]], "mempages": [{"nova_object.name": "NUMAPagesTopology", "nova_object.namespace": "nova", "nova_object.version": "1.1", "nova_object.data": {"size_kb": 4, "total": 16177928, "used": 0, "reserved": 0}, "nova_object.changes": ["total", "used", "reserved", "size_kb"]}, {"nova_object.name": "NUMAPagesTopology", "nova_object.namespace": "nova", "nova_object.version": "1.1", "nova_object.data": {"size_kb": 2048, "total": 41, "used": 0, "reserved": 0}, "nova_object.changes": ["total", "used", "reserved", "size_kb"]}, {"nova_object.name": "NUMAPagesTopology", "nova_object.namespace": "nova", "nova_object.version": "1.1", "nova_object.data": {"size_kb": 1048576, "total": 0, "used": 0, "reserved": 0}, "nova_object.changes": ["total", "used", "reserved", "size_kb"]}], "network_metadata": {"nova_object.name": "NetworkMetadata", "nova_object.namespace": "nova", "nova_object.version": "1.0", "nova_object.data": {"physnets": [], "tunneled": false}, "nova_object.changes": ["tunneled", "physnets"]}, "socket": null}, "nova_object.changes": ["memory", "siblings", "pcpuset", "socket", "cpuset", "cpu_usage", "pinned_cpus", "id", "network_metadata", "mempages", "memory_usage"]}]}, "nova_object.changes": ["cells"]}',pci_device_pools=PciDevicePoolList,ram_allocation_ratio=1.0,running_vms=0,service_id=2,stats={failed_builds='0',uptime=' 18:18:15 up 16 min, 2 users, load average: 1.19, 1.32, 0.76
Aug 05 18:19:02.862638 np0000006578 nova-scheduler[93617]: '},supported_hv_specs=[HVSpec,HVSpec,HVSpec,HVSpec,HVSpec,HVSpec,HVSpec,HVSpec,HVSpec,HVSpec,HVSpec,HVSpec,HVSpec,HVSpec,HVSpec,HVSpec,HVSpec,HVSpec,HVSpec,HVSpec,HVSpec,HVSpec,HVSpec,HVSpec,HVSpec],updated_at=2026-08-05T18:18:16Z,uuid=edcd201f-f515-42fc-9924-ab8e48d0a2de,vcpus=16,vcpus_used=0) {{(pid=93617) _locked_update /opt/stack/nova/nova/scheduler/host_manager.py:168}}
Aug 05 18:19:02.863367 np0000006578 nova-scheduler[93617]: DEBUG nova.scheduler.host_manager [None req-d65b3feb-84bf-4c26-aaea-9bd1ecb7faee tempest-DeleteServersTestJSON-1842826288 tempest-DeleteServersTestJSON-1842826288-project-member] Update host state with aggregates: [] {{(pid=93617) _locked_update /opt/stack/nova/nova/scheduler/host_manager.py:171}}
Aug 05 18:19:02.863452 np0000006578 nova-scheduler[93617]: DEBUG nova.scheduler.host_manager [None req-d65b3feb-84bf-4c26-aaea-9bd1ecb7faee tempest-DeleteServersTestJSON-1842826288 tempest-DeleteServersTestJSON-1842826288-project-member] Update host state with service dict: {'id': 2, 'uuid': '4fc7141c-4ee8-419c-a8e5-40035156a31e', 'host': 'np0000006578', 'binary': 'nova-compute', 'topic': 'compute', 'report_count': 2, 'disabled': False, 'disabled_reason': None, 'last_seen_up': datetime.datetime(2026, 8, 5, 18, 18, 36, tzinfo=datetime.timezone.utc), 'forced_down': False, 'version': 72, 'created_at': datetime.datetime(2026, 8, 5, 18, 16, 29, tzinfo=datetime.timezone.utc), 'updated_at': datetime.datetime(2026, 8, 5, 18, 18, 36, tzinfo=datetime.timezone.utc), 'deleted_at': None, 'deleted': False} {{(pid=93617) _locked_update /opt/stack/nova/nova/scheduler/host_manager.py:174}}
Aug 05 18:19:02.863560 np0000006578 nova-scheduler[93617]: DEBUG nova.scheduler.host_manager [None req-d65b3feb-84bf-4c26-aaea-9bd1ecb7faee tempest-DeleteServersTestJSON-1842826288 tempest-DeleteServersTestJSON-1842826288-project-member] Update host state with instances: [] {{(pid=93617) _locked_update /opt/stack/nova/nova/scheduler/host_manager.py:177}}
Aug 05 18:19:02.863811 np0000006578 nova-scheduler[93617]: DEBUG oslo_concurrency.lockutils [None req-d65b3feb-84bf-4c26-aaea-9bd1ecb7faee tempest-DeleteServersTestJSON-1842826288 tempest-DeleteServersTestJSON-1842826288-project-member] Lock "np0000006578-np0000006578" "released" by "nova.scheduler.host_manager.HostState.update.._locked_update" :: held 0.002s {{(pid=93617) inner /opt/stack/data/venv/lib/python3.12/site-packages/oslo_concurrency/lockutils.py:544}}
Aug 05 18:19:02.864075 np0000006578 nova-scheduler[93617]: DEBUG nova.filters [None req-d65b3feb-84bf-4c26-aaea-9bd1ecb7faee tempest-DeleteServersTestJSON-1842826288 tempest-DeleteServersTestJSON-1842826288-project-member] Starting with 1 host(s) {{(pid=93617) get_filtered_objects /opt/stack/nova/nova/filters.py:70}}
Aug 05 18:19:02.864268 np0000006578 nova-scheduler[93617]: DEBUG nova.filters [None req-d65b3feb-84bf-4c26-aaea-9bd1ecb7faee tempest-DeleteServersTestJSON-1842826288 tempest-DeleteServersTestJSON-1842826288-project-member] Filter ComputeFilter returned 1 host(s) {{(pid=93617) get_filtered_objects /opt/stack/nova/nova/filters.py:102}}
Aug 05 18:19:02.864394 np0000006578 nova-scheduler[93617]: DEBUG nova.filters [None req-d65b3feb-84bf-4c26-aaea-9bd1ecb7faee tempest-DeleteServersTestJSON-1842826288 tempest-DeleteServersTestJSON-1842826288-project-member] Filter ComputeCapabilitiesFilter returned 1 host(s) {{(pid=93617) get_filtered_objects /opt/stack/nova/nova/filters.py:102}}
Aug 05 18:19:02.864579 np0000006578 nova-scheduler[93617]: DEBUG nova.filters [None req-d65b3feb-84bf-4c26-aaea-9bd1ecb7faee tempest-DeleteServersTestJSON-1842826288 tempest-DeleteServersTestJSON-1842826288-project-member] Filter ImagePropertiesFilter returned 1 host(s) {{(pid=93617) get_filtered_objects /opt/stack/nova/nova/filters.py:102}}
Aug 05 18:19:02.864708 np0000006578 nova-scheduler[93617]: DEBUG nova.filters [None req-d65b3feb-84bf-4c26-aaea-9bd1ecb7faee tempest-DeleteServersTestJSON-1842826288 tempest-DeleteServersTestJSON-1842826288-project-member] Filter ServerGroupAntiAffinityFilter returned 1 host(s) {{(pid=93617) get_filtered_objects /opt/stack/nova/nova/filters.py:102}}
Aug 05 18:19:02.864817 np0000006578 nova-scheduler[93617]: DEBUG nova.filters [None req-d65b3feb-84bf-4c26-aaea-9bd1ecb7faee tempest-DeleteServersTestJSON-1842826288 tempest-DeleteServersTestJSON-1842826288-project-member] Filter ServerGroupAffinityFilter returned 1 host(s) {{(pid=93617) get_filtered_objects /opt/stack/nova/nova/filters.py:102}}
Aug 05 18:19:02.864949 np0000006578 nova-scheduler[93617]: DEBUG nova.filters [None req-d65b3feb-84bf-4c26-aaea-9bd1ecb7faee tempest-DeleteServersTestJSON-1842826288 tempest-DeleteServersTestJSON-1842826288-project-member] Filter SameHostFilter returned 1 host(s) {{(pid=93617) get_filtered_objects /opt/stack/nova/nova/filters.py:102}}
Aug 05 18:19:02.865048 np0000006578 nova-scheduler[93617]: DEBUG nova.filters [None req-d65b3feb-84bf-4c26-aaea-9bd1ecb7faee tempest-DeleteServersTestJSON-1842826288 tempest-DeleteServersTestJSON-1842826288-project-member] Filter DifferentHostFilter returned 1 host(s) {{(pid=93617) get_filtered_objects /opt/stack/nova/nova/filters.py:102}}
Aug 05 18:19:02.865162 np0000006578 nova-scheduler[93617]: DEBUG nova.scheduler.manager [None req-d65b3feb-84bf-4c26-aaea-9bd1ecb7faee tempest-DeleteServersTestJSON-1842826288 tempest-DeleteServersTestJSON-1842826288-project-member] Filtered [(np0000006578, np0000006578) ram: 62765MB disk: 74752MB io_ops: 0 instances: 0, allocation_candidates: 1] {{(pid=93617) _get_sorted_hosts /opt/stack/nova/nova/scheduler/manager.py:742}}
Aug 05 18:19:02.865328 np0000006578 nova-scheduler[93617]: DEBUG nova.scheduler.manager [None req-d65b3feb-84bf-4c26-aaea-9bd1ecb7faee tempest-DeleteServersTestJSON-1842826288 tempest-DeleteServersTestJSON-1842826288-project-member] Weighed [WeighedHost [host: (np0000006578, np0000006578) ram: 62765MB disk: 74752MB io_ops: 0 instances: 0, allocation_candidates: 1, weight: 0.0]] {{(pid=93617) _get_sorted_hosts /opt/stack/nova/nova/scheduler/manager.py:764}}
Aug 05 18:19:02.865484 np0000006578 nova-scheduler[93617]: DEBUG nova.scheduler.utils [None req-d65b3feb-84bf-4c26-aaea-9bd1ecb7faee tempest-DeleteServersTestJSON-1842826288 tempest-DeleteServersTestJSON-1842826288-project-member] Attempting to claim resources in the placement API for instance 05d0f1f9-7472-4911-aa70-9804c01e0466 {{(pid=93617) claim_resources /opt/stack/nova/nova/scheduler/utils.py:1345}}
Aug 05 18:19:02.871845 np0000006578 nova-scheduler[93640]: INFO nova.utils [None req-07026ff4-ea82-4c85-874b-a8c7506f927b tempest-ServerBootFromVolumeStableRescueTest-179788943 tempest-ServerBootFromVolumeStableRescueTest-179788943-project-member] The cell worker thread pool ForkProcess-2.cell_worker is initialized
Aug 05 18:19:02.872216 np0000006578 nova-scheduler[93640]: DEBUG oslo_concurrency.lockutils [None req-07026ff4-ea82-4c85-874b-a8c7506f927b tempest-ServerBootFromVolumeStableRescueTest-179788943 tempest-ServerBootFromVolumeStableRescueTest-179788943-project-member] Acquiring lock "f6b38606-c99f-449d-b62c-68b68d73dee3" by "nova.context.set_target_cell..get_or_set_cached_cell_and_set_connections" {{(pid=93640) inner /opt/stack/data/venv/lib/python3.12/site-packages/oslo_concurrency/lockutils.py:512}}
Aug 05 18:19:02.872468 np0000006578 nova-scheduler[93640]: DEBUG oslo_concurrency.lockutils [None req-07026ff4-ea82-4c85-874b-a8c7506f927b tempest-ServerBootFromVolumeStableRescueTest-179788943 tempest-ServerBootFromVolumeStableRescueTest-179788943-project-member] Lock "f6b38606-c99f-449d-b62c-68b68d73dee3" acquired by "nova.context.set_target_cell..get_or_set_cached_cell_and_set_connections" :: waited 0.000s {{(pid=93640) inner /opt/stack/data/venv/lib/python3.12/site-packages/oslo_concurrency/lockutils.py:525}}
