Jun 04 08:16:48.739611 np0000002114 nova-scheduler[95721]: DEBUG cotyledon.oslo_config_glue [-] oslo_limit.endpoint_id = None {{(pid=95721) log_opt_values /opt/stack/data/venv/lib/python3.12/site-packages/oslo_config/cfg.py:3256}}
Jun 04 08:16:48.739611 np0000002114 nova-scheduler[95721]: DEBUG cotyledon.oslo_config_glue [-] oslo_limit.endpoint_interface = public {{(pid=95721) log_opt_values /opt/stack/data/venv/lib/python3.12/site-packages/oslo_config/cfg.py:3256}}
Jun 04 08:16:48.739813 np0000002114 nova-scheduler[95721]: DEBUG cotyledon.oslo_config_glue [-] oslo_limit.endpoint_override = None {{(pid=95721) log_opt_values /opt/stack/data/venv/lib/python3.12/site-packages/oslo_config/cfg.py:3256}}
Jun 04 08:16:48.739813 np0000002114 nova-scheduler[95721]: DEBUG cotyledon.oslo_config_glue [-] oslo_limit.endpoint_region_name = None {{(pid=95721) log_opt_values /opt/stack/data/venv/lib/python3.12/site-packages/oslo_config/cfg.py:3256}}
Jun 04 08:16:48.739813 np0000002114 nova-scheduler[95721]: DEBUG cotyledon.oslo_config_glue [-] oslo_limit.endpoint_service_name = None {{(pid=95721) log_opt_values /opt/stack/data/venv/lib/python3.12/site-packages/oslo_config/cfg.py:3256}}
Jun 04 08:16:48.739813 np0000002114 nova-scheduler[95721]: DEBUG cotyledon.oslo_config_glue [-] oslo_limit.endpoint_service_type = None {{(pid=95721) log_opt_values /opt/stack/data/venv/lib/python3.12/site-packages/oslo_config/cfg.py:3256}}
Jun 04 08:16:48.739813 np0000002114 nova-scheduler[95721]: DEBUG cotyledon.oslo_config_glue [-] oslo_limit.insecure = False {{(pid=95721) log_opt_values /opt/stack/data/venv/lib/python3.12/site-packages/oslo_config/cfg.py:3256}}
Jun 04 08:16:48.739813 np0000002114 nova-scheduler[95721]: DEBUG cotyledon.oslo_config_glue [-] oslo_limit.keyfile = None {{(pid=95721) log_opt_values /opt/stack/data/venv/lib/python3.12/site-packages/oslo_config/cfg.py:3256}}
Jun 04 08:16:48.739813 np0000002114 nova-scheduler[95721]: DEBUG cotyledon.oslo_config_glue [-] oslo_limit.max_version = None {{(pid=95721) log_opt_values /opt/stack/data/venv/lib/python3.12/site-packages/oslo_config/cfg.py:3256}}
Jun 04 08:16:48.739813 np0000002114 nova-scheduler[95721]: DEBUG cotyledon.oslo_config_glue [-] oslo_limit.min_version = None {{(pid=95721) log_opt_values /opt/stack/data/venv/lib/python3.12/site-packages/oslo_config/cfg.py:3256}}
Jun 04 08:16:48.739813 np0000002114 nova-scheduler[95721]: DEBUG cotyledon.oslo_config_glue [-] oslo_limit.region_name = None {{(pid=95721) log_opt_values /opt/stack/data/venv/lib/python3.12/site-packages/oslo_config/cfg.py:3256}}
Jun 04 08:16:48.740106 np0000002114 nova-scheduler[95721]: DEBUG cotyledon.oslo_config_glue [-] oslo_limit.retriable_status_codes = None {{(pid=95721) log_opt_values /opt/stack/data/venv/lib/python3.12/site-packages/oslo_config/cfg.py:3256}}
Jun 04 08:16:48.740106 np0000002114 nova-scheduler[95721]: DEBUG cotyledon.oslo_config_glue [-] oslo_limit.service_name = None {{(pid=95721) log_opt_values /opt/stack/data/venv/lib/python3.12/site-packages/oslo_config/cfg.py:3256}}
Jun 04 08:16:48.740106 np0000002114 nova-scheduler[95721]: DEBUG cotyledon.oslo_config_glue [-] oslo_limit.service_type = None {{(pid=95721) log_opt_values /opt/stack/data/venv/lib/python3.12/site-packages/oslo_config/cfg.py:3256}}
Jun 04 08:16:48.740106 np0000002114 nova-scheduler[95721]: DEBUG cotyledon.oslo_config_glue [-] oslo_limit.split_loggers = False {{(pid=95721) log_opt_values /opt/stack/data/venv/lib/python3.12/site-packages/oslo_config/cfg.py:3256}}
Jun 04 08:16:48.740106 np0000002114 nova-scheduler[95721]: DEBUG cotyledon.oslo_config_glue [-] oslo_limit.status_code_retries = None {{(pid=95721) log_opt_values /opt/stack/data/venv/lib/python3.12/site-packages/oslo_config/cfg.py:3256}}
Jun 04 08:16:48.740106 np0000002114 nova-scheduler[95721]: DEBUG cotyledon.oslo_config_glue [-] oslo_limit.status_code_retry_delay = None {{(pid=95721) log_opt_values /opt/stack/data/venv/lib/python3.12/site-packages/oslo_config/cfg.py:3256}}
Jun 04 08:16:48.740106 np0000002114 nova-scheduler[95721]: DEBUG cotyledon.oslo_config_glue [-] oslo_limit.timeout = None {{(pid=95721) log_opt_values /opt/stack/data/venv/lib/python3.12/site-packages/oslo_config/cfg.py:3256}}
Jun 04 08:16:48.740106 np0000002114 nova-scheduler[95721]: DEBUG cotyledon.oslo_config_glue [-] oslo_limit.valid_interfaces = None {{(pid=95721) log_opt_values /opt/stack/data/venv/lib/python3.12/site-packages/oslo_config/cfg.py:3256}}
Jun 04 08:16:48.740106 np0000002114 nova-scheduler[95721]: DEBUG cotyledon.oslo_config_glue [-] oslo_limit.version = None {{(pid=95721) log_opt_values /opt/stack/data/venv/lib/python3.12/site-packages/oslo_config/cfg.py:3256}}
Jun 04 08:16:48.740408 np0000002114 nova-scheduler[95721]: DEBUG cotyledon.oslo_config_glue [-] oslo_reports.file_event_handler = None {{(pid=95721) log_opt_values /opt/stack/data/venv/lib/python3.12/site-packages/oslo_config/cfg.py:3256}}
Jun 04 08:16:48.740408 np0000002114 nova-scheduler[95721]: DEBUG cotyledon.oslo_config_glue [-] oslo_reports.file_event_handler_interval = 1 {{(pid=95721) log_opt_values /opt/stack/data/venv/lib/python3.12/site-packages/oslo_config/cfg.py:3256}}
Jun 04 08:16:48.740408 np0000002114 nova-scheduler[95721]: DEBUG cotyledon.oslo_config_glue [-] oslo_reports.log_dir = None {{(pid=95721) log_opt_values /opt/stack/data/venv/lib/python3.12/site-packages/oslo_config/cfg.py:3256}}
Jun 04 08:16:48.740408 np0000002114 nova-scheduler[95721]: DEBUG cotyledon.oslo_config_glue [-] ******************************************************************************** {{(pid=95721) log_opt_values /opt/stack/data/venv/lib/python3.12/site-packages/oslo_config/cfg.py:3263}}
Jun 04 08:16:48.740408 np0000002114 nova-scheduler[95721]: DEBUG cotyledon._service_worker [-] Run service ServiceWrapper(2) [95721] {{(pid=95721) wait_forever /opt/stack/data/venv/lib/python3.12/site-packages/cotyledon/_service_worker.py:218}}
Jun 04 08:16:48.740408 np0000002114 nova-scheduler[95721]: INFO nova.service [-] Starting scheduler node (version 33.1.0)
Jun 04 08:16:48.740408 np0000002114 nova-scheduler[95721]: INFO dbcounter [None req-b1ad3fcb-606f-4dc6-b0cd-4e03ff4f861e None None] Registered counter for database nova_cell0
Jun 04 08:16:48.740617 np0000002114 nova-scheduler[95717]: DEBUG oslo_db.sqlalchemy.engines [None req-c8031e29-f222-4040-8868-f249f2530966 None None] MySQL server mode set to STRICT_TRANS_TABLES,STRICT_ALL_TABLES,NO_ZERO_IN_DATE,NO_ZERO_DATE,ERROR_FOR_DIVISION_BY_ZERO,TRADITIONAL,NO_ENGINE_SUBSTITUTION {{(pid=95717) _check_effective_sql_mode /opt/stack/data/venv/lib/python3.12/site-packages/oslo_db/sqlalchemy/engines.py:325}}
Jun 04 08:16:48.740661 np0000002114 nova-scheduler[95721]: DEBUG oslo_db.sqlalchemy.engines [None req-b1ad3fcb-606f-4dc6-b0cd-4e03ff4f861e None None] MySQL server mode set to STRICT_TRANS_TABLES,STRICT_ALL_TABLES,NO_ZERO_IN_DATE,NO_ZERO_DATE,ERROR_FOR_DIVISION_BY_ZERO,TRADITIONAL,NO_ENGINE_SUBSTITUTION {{(pid=95721) _check_effective_sql_mode /opt/stack/data/venv/lib/python3.12/site-packages/oslo_db/sqlalchemy/engines.py:325}}
Jun 04 08:16:48.740711 np0000002114 nova-scheduler[95719]: DEBUG oslo_db.sqlalchemy.engines [None req-318933b6-52da-4f3d-a65e-92cfcd47d56a None None] MySQL server mode set to STRICT_TRANS_TABLES,STRICT_ALL_TABLES,NO_ZERO_IN_DATE,NO_ZERO_DATE,ERROR_FOR_DIVISION_BY_ZERO,TRADITIONAL,NO_ENGINE_SUBSTITUTION {{(pid=95719) _check_effective_sql_mode /opt/stack/data/venv/lib/python3.12/site-packages/oslo_db/sqlalchemy/engines.py:325}}
Jun 04 08:16:48.740752 np0000002114 nova-scheduler[95721]: DEBUG dbcounter [-] [95721] Writer thread running {{(pid=95721) stat_writer /opt/stack/data/venv/lib/python3.12/site-packages/dbcounter.py:102}}
Jun 04 08:16:48.740788 np0000002114 nova-scheduler[95717]: DEBUG dbcounter [-] [95717] Writer thread running {{(pid=95717) stat_writer /opt/stack/data/venv/lib/python3.12/site-packages/dbcounter.py:102}}
Jun 04 08:16:48.744345 np0000002114 nova-scheduler[95719]: DEBUG dbcounter [-] [95719] Writer thread running {{(pid=95719) stat_writer /opt/stack/data/venv/lib/python3.12/site-packages/dbcounter.py:102}}
Jun 04 08:16:48.757303 np0000002114 nova-scheduler[95721]: DEBUG nova.service [None req-b1ad3fcb-606f-4dc6-b0cd-4e03ff4f861e None None] Creating RPC server for service: nova-scheduler on topic: scheduler {{(pid=95721) start /opt/stack/nova/nova/service.py:195}}
Jun 04 08:16:48.761454 np0000002114 nova-scheduler[95717]: DEBUG nova.service [None req-c8031e29-f222-4040-8868-f249f2530966 None None] Creating RPC server for service: nova-scheduler on topic: scheduler {{(pid=95717) start /opt/stack/nova/nova/service.py:195}}
Jun 04 08:16:48.762574 np0000002114 nova-scheduler[95719]: DEBUG nova.service [None req-318933b6-52da-4f3d-a65e-92cfcd47d56a None None] Creating RPC server for service: nova-scheduler on topic: scheduler {{(pid=95719) start /opt/stack/nova/nova/service.py:195}}
Jun 04 08:16:48.792100 np0000002114 nova-scheduler[95721]: DEBUG nova.service [None req-b1ad3fcb-606f-4dc6-b0cd-4e03ff4f861e None None] Join ServiceGroup membership for this service scheduler {{(pid=95721) start /opt/stack/nova/nova/service.py:221}}
Jun 04 08:16:48.792469 np0000002114 nova-scheduler[95721]: DEBUG nova.servicegroup.drivers.db [None req-b1ad3fcb-606f-4dc6-b0cd-4e03ff4f861e None None] DB_Driver: join new ServiceGroup member np0000002114 to the scheduler group, service = {{(pid=95721) join /opt/stack/nova/nova/servicegroup/drivers/db.py:44}}
Jun 04 08:16:48.792682 np0000002114 nova-scheduler[95719]: DEBUG nova.service [None req-318933b6-52da-4f3d-a65e-92cfcd47d56a None None] Join ServiceGroup membership for this service scheduler {{(pid=95719) start /opt/stack/nova/nova/service.py:221}}
Jun 04 08:16:48.792889 np0000002114 nova-scheduler[95719]: DEBUG nova.servicegroup.drivers.db [None req-318933b6-52da-4f3d-a65e-92cfcd47d56a None None] DB_Driver: join new ServiceGroup member np0000002114 to the scheduler group, service = {{(pid=95719) join /opt/stack/nova/nova/servicegroup/drivers/db.py:44}}
Jun 04 08:16:48.797958 np0000002114 nova-scheduler[95717]: DEBUG nova.service [None req-c8031e29-f222-4040-8868-f249f2530966 None None] Join ServiceGroup membership for this service scheduler {{(pid=95717) start /opt/stack/nova/nova/service.py:221}}
Jun 04 08:16:48.798126 np0000002114 nova-scheduler[95717]: DEBUG nova.servicegroup.drivers.db [None req-c8031e29-f222-4040-8868-f249f2530966 None None] DB_Driver: join new ServiceGroup member np0000002114 to the scheduler group, service = {{(pid=95717) join /opt/stack/nova/nova/servicegroup/drivers/db.py:44}}
Jun 04 08:16:53.808316 np0000002114 nova-scheduler[95721]: DEBUG oslo.service.backend._threading.loopingcall [-] Fixed interval looping call 'nova.servicegroup.drivers.db.DbDriver._report_state' sleeping for 119.99 seconds {{(pid=95721) _run_loop /opt/stack/data/venv/lib/python3.12/site-packages/oslo_service/backend/_threading/loopingcall.py:125}}
Jun 04 08:16:53.809351 np0000002114 nova-scheduler[95719]: DEBUG oslo.service.backend._threading.loopingcall [-] Fixed interval looping call 'nova.servicegroup.drivers.db.DbDriver._report_state' sleeping for 119.99 seconds {{(pid=95719) _run_loop /opt/stack/data/venv/lib/python3.12/site-packages/oslo_service/backend/_threading/loopingcall.py:125}}
Jun 04 08:16:53.809842 np0000002114 nova-scheduler[95717]: DEBUG oslo.service.backend._threading.loopingcall [-] Fixed interval looping call 'nova.servicegroup.drivers.db.DbDriver._report_state' sleeping for 119.99 seconds {{(pid=95717) _run_loop /opt/stack/data/venv/lib/python3.12/site-packages/oslo_service/backend/_threading/loopingcall.py:125}}
Jun 04 08:16:57.299628 np0000002114 nova-scheduler[94524]: DEBUG dbcounter [-] [94524] Writing DB stats nova_api:SELECT=3 {{(pid=94524) stat_writer /opt/stack/data/venv/lib/python3.12/site-packages/dbcounter.py:115}}
Jun 04 08:16:57.445461 np0000002114 nova-scheduler[94524]: DEBUG dbcounter [-] [94524] Writing DB stats nova_cell1:SELECT=1 {{(pid=94524) stat_writer /opt/stack/data/venv/lib/python3.12/site-packages/dbcounter.py:115}}
Jun 04 08:16:57.449037 np0000002114 nova-scheduler[94524]: DEBUG dbcounter [-] [94524] Writing DB stats nova_cell0:SELECT=1 {{(pid=94524) stat_writer /opt/stack/data/venv/lib/python3.12/site-packages/dbcounter.py:115}}
Jun 04 08:17:03.803371 np0000002114 nova-scheduler[95721]: DEBUG dbcounter [-] [95721] Writing DB stats nova_cell0:SELECT=4,nova_cell0:INSERT=1,nova_cell0:UPDATE=1 {{(pid=95721) stat_writer /opt/stack/data/venv/lib/python3.12/site-packages/dbcounter.py:115}}
Jun 04 08:17:03.807197 np0000002114 nova-scheduler[95719]: DEBUG dbcounter [-] [95719] Writing DB stats nova_cell0:SELECT=5,nova_cell0:INSERT=1,nova_cell0:UPDATE=1 {{(pid=95719) stat_writer /opt/stack/data/venv/lib/python3.12/site-packages/dbcounter.py:115}}
Jun 04 08:17:03.810380 np0000002114 nova-scheduler[95717]: DEBUG dbcounter [-] [95717] Writing DB stats nova_cell0:SELECT=5,nova_cell0:INSERT=1,nova_cell0:UPDATE=1 {{(pid=95717) stat_writer /opt/stack/data/venv/lib/python3.12/site-packages/dbcounter.py:115}}
Jun 04 08:17:07.800406 np0000002114 nova-scheduler[95717]: DEBUG oslo.service.backend._threading.loopingcall [None req-6ccc75b4-cb7c-4105-89c5-33df43f1167f None None] Dynamic interval looping call 'nova.service.Service.periodic_tasks' sleeping for 60.00 seconds {{(pid=95717) _run_loop /opt/stack/data/venv/lib/python3.12/site-packages/oslo_service/backend/_threading/loopingcall.py:125}}
Jun 04 08:17:10.795555 np0000002114 nova-scheduler[95719]: DEBUG oslo.service.backend._threading.loopingcall [None req-32c8e2f9-f852-49ef-a636-982df39ceeb5 None None] Dynamic interval looping call 'nova.service.Service.periodic_tasks' sleeping for 60.00 seconds {{(pid=95719) _run_loop /opt/stack/data/venv/lib/python3.12/site-packages/oslo_service/backend/_threading/loopingcall.py:125}}
Jun 04 08:17:30.794765 np0000002114 nova-scheduler[95721]: DEBUG oslo.service.backend._threading.loopingcall [None req-f3898250-ca10-49e4-b8b0-c92784e801d2 None None] Dynamic interval looping call 'nova.service.Service.periodic_tasks' sleeping for 60.00 seconds {{(pid=95721) _run_loop /opt/stack/data/venv/lib/python3.12/site-packages/oslo_service/backend/_threading/loopingcall.py:125}}
Jun 04 08:18:07.800880 np0000002114 nova-scheduler[95717]: DEBUG oslo.service.backend._threading.loopingcall [None req-6ccc75b4-cb7c-4105-89c5-33df43f1167f None None] Dynamic interval looping call 'nova.service.Service.periodic_tasks' sleeping for 60.00 seconds {{(pid=95717) _run_loop /opt/stack/data/venv/lib/python3.12/site-packages/oslo_service/backend/_threading/loopingcall.py:125}}
Jun 04 08:18:10.796053 np0000002114 nova-scheduler[95719]: DEBUG oslo.service.backend._threading.loopingcall [None req-32c8e2f9-f852-49ef-a636-982df39ceeb5 None None] Dynamic interval looping call 'nova.service.Service.periodic_tasks' sleeping for 60.00 seconds {{(pid=95719) _run_loop /opt/stack/data/venv/lib/python3.12/site-packages/oslo_service/backend/_threading/loopingcall.py:125}}
Jun 04 08:18:30.795296 np0000002114 nova-scheduler[95721]: DEBUG oslo.service.backend._threading.loopingcall [None req-f3898250-ca10-49e4-b8b0-c92784e801d2 None None] Dynamic interval looping call 'nova.service.Service.periodic_tasks' sleeping for 60.00 seconds {{(pid=95721) _run_loop /opt/stack/data/venv/lib/python3.12/site-packages/oslo_service/backend/_threading/loopingcall.py:125}}
Jun 04 08:18:53.804929 np0000002114 nova-scheduler[95721]: DEBUG oslo.service.backend._threading.loopingcall [-] Fixed interval looping call 'nova.servicegroup.drivers.db.DbDriver._report_state' sleeping for 119.99 seconds {{(pid=95721) _run_loop /opt/stack/data/venv/lib/python3.12/site-packages/oslo_service/backend/_threading/loopingcall.py:125}}
Jun 04 08:18:53.805517 np0000002114 nova-scheduler[95719]: DEBUG oslo.service.backend._threading.loopingcall [-] Fixed interval looping call 'nova.servicegroup.drivers.db.DbDriver._report_state' sleeping for 119.99 seconds {{(pid=95719) _run_loop /opt/stack/data/venv/lib/python3.12/site-packages/oslo_service/backend/_threading/loopingcall.py:125}}
Jun 04 08:18:53.806007 np0000002114 nova-scheduler[95717]: DEBUG oslo.service.backend._threading.loopingcall [-] Fixed interval looping call 'nova.servicegroup.drivers.db.DbDriver._report_state' sleeping for 119.99 seconds {{(pid=95717) _run_loop /opt/stack/data/venv/lib/python3.12/site-packages/oslo_service/backend/_threading/loopingcall.py:125}}
Jun 04 08:19:03.802027 np0000002114 nova-scheduler[95721]: DEBUG dbcounter [-] [95721] Writing DB stats nova_cell0:SELECT=1,nova_cell0:UPDATE=1 {{(pid=95721) stat_writer /opt/stack/data/venv/lib/python3.12/site-packages/dbcounter.py:115}}
Jun 04 08:19:03.803256 np0000002114 nova-scheduler[95719]: DEBUG dbcounter [-] [95719] Writing DB stats nova_cell0:SELECT=1,nova_cell0:UPDATE=1 {{(pid=95719) stat_writer /opt/stack/data/venv/lib/python3.12/site-packages/dbcounter.py:115}}
Jun 04 08:19:03.804021 np0000002114 nova-scheduler[95717]: DEBUG dbcounter [-] [95717] Writing DB stats nova_cell0:SELECT=1,nova_cell0:UPDATE=1 {{(pid=95717) stat_writer /opt/stack/data/venv/lib/python3.12/site-packages/dbcounter.py:115}}
Jun 04 08:19:07.801464 np0000002114 nova-scheduler[95717]: DEBUG oslo.service.backend._threading.loopingcall [None req-6ccc75b4-cb7c-4105-89c5-33df43f1167f None None] Dynamic interval looping call 'nova.service.Service.periodic_tasks' sleeping for 60.00 seconds {{(pid=95717) _run_loop /opt/stack/data/venv/lib/python3.12/site-packages/oslo_service/backend/_threading/loopingcall.py:125}}
Jun 04 08:19:10.796502 np0000002114 nova-scheduler[95719]: DEBUG oslo.service.backend._threading.loopingcall [None req-32c8e2f9-f852-49ef-a636-982df39ceeb5 None None] Dynamic interval looping call 'nova.service.Service.periodic_tasks' sleeping for 60.00 seconds {{(pid=95719) _run_loop /opt/stack/data/venv/lib/python3.12/site-packages/oslo_service/backend/_threading/loopingcall.py:125}}
Jun 04 08:19:30.795871 np0000002114 nova-scheduler[95721]: DEBUG oslo.service.backend._threading.loopingcall [None req-f3898250-ca10-49e4-b8b0-c92784e801d2 None None] Dynamic interval looping call 'nova.service.Service.periodic_tasks' sleeping for 60.00 seconds {{(pid=95721) _run_loop /opt/stack/data/venv/lib/python3.12/site-packages/oslo_service/backend/_threading/loopingcall.py:125}}
Jun 04 08:19:46.698167 np0000002114 nova-scheduler[95721]: DEBUG nova.scheduler.manager [None req-5df4f6db-d697-4e05-908b-b5bc3af7d40f tempest-ServersNegativeTestJSON-1047005652 tempest-ServersNegativeTestJSON-1047005652-project-member] Starting to schedule for instances: ['bb3e063f-1963-4e07-bf35-0dc12032f367'] {{(pid=95721) select_destinations /opt/stack/nova/nova/scheduler/manager.py:210}}
Jun 04 08:19:46.698946 np0000002114 nova-scheduler[95721]: DEBUG nova.scheduler.request_filter [None req-5df4f6db-d697-4e05-908b-b5bc3af7d40f tempest-ServersNegativeTestJSON-1047005652 tempest-ServersNegativeTestJSON-1047005652-project-member] compute_status_filter request filter added forbidden trait COMPUTE_STATUS_DISABLED {{(pid=95721) compute_status_filter /opt/stack/nova/nova/scheduler/request_filter.py:253}}
Jun 04 08:19:46.699098 np0000002114 nova-scheduler[95721]: DEBUG nova.scheduler.request_filter [None req-5df4f6db-d697-4e05-908b-b5bc3af7d40f tempest-ServersNegativeTestJSON-1047005652 tempest-ServersNegativeTestJSON-1047005652-project-member] Request filter 'compute_status_filter' took 0.0 seconds {{(pid=95721) wrapper /opt/stack/nova/nova/scheduler/request_filter.py:46}}
Jun 04 08:19:46.699726 np0000002114 nova-scheduler[95721]: DEBUG nova.scheduler.request_filter [None req-5df4f6db-d697-4e05-908b-b5bc3af7d40f tempest-ServersNegativeTestJSON-1047005652 tempest-ServersNegativeTestJSON-1047005652-project-member] Request filter 'accelerators_filter' took 0.0 seconds {{(pid=95721) wrapper /opt/stack/nova/nova/scheduler/request_filter.py:46}}
Jun 04 08:19:46.699945 np0000002114 nova-scheduler[95721]: DEBUG nova.scheduler.request_filter [None req-5df4f6db-d697-4e05-908b-b5bc3af7d40f tempest-ServersNegativeTestJSON-1047005652 tempest-ServersNegativeTestJSON-1047005652-project-member] Request filter 'packed_virtqueue_filter' took 0.0 seconds {{(pid=95721) wrapper /opt/stack/nova/nova/scheduler/request_filter.py:46}}
Jun 04 08:19:46.700247 np0000002114 nova-scheduler[95721]: DEBUG nova.scheduler.request_filter [None req-5df4f6db-d697-4e05-908b-b5bc3af7d40f tempest-ServersNegativeTestJSON-1047005652 tempest-ServersNegativeTestJSON-1047005652-project-member] Request filter 'remote_managed_ports_filter' took 0.0 seconds {{(pid=95721) wrapper /opt/stack/nova/nova/scheduler/request_filter.py:46}}
Jun 04 08:19:46.700441 np0000002114 nova-scheduler[95721]: DEBUG nova.scheduler.request_filter [None req-5df4f6db-d697-4e05-908b-b5bc3af7d40f tempest-ServersNegativeTestJSON-1047005652 tempest-ServersNegativeTestJSON-1047005652-project-member] ephemeral_encryption_filter skipped {{(pid=95721) ephemeral_encryption_filter /opt/stack/nova/nova/scheduler/request_filter.py:426}}
Jun 04 08:19:46.700640 np0000002114 nova-scheduler[95721]: DEBUG nova.scheduler.request_filter [None req-5df4f6db-d697-4e05-908b-b5bc3af7d40f tempest-ServersNegativeTestJSON-1047005652 tempest-ServersNegativeTestJSON-1047005652-project-member] virtio_sound_filter skipped {{(pid=95721) virtio_sound_filter /opt/stack/nova/nova/scheduler/request_filter.py:460}}
Jun 04 08:19:46.700802 np0000002114 nova-scheduler[95721]: DEBUG nova.scheduler.request_filter [None req-5df4f6db-d697-4e05-908b-b5bc3af7d40f tempest-ServersNegativeTestJSON-1047005652 tempest-ServersNegativeTestJSON-1047005652-project-member] tpm_secret_security_filter skipped {{(pid=95721) tpm_secret_security_filter /opt/stack/nova/nova/scheduler/request_filter.py:477}}
Jun 04 08:19:47.254389 np0000002114 nova-scheduler[95721]: INFO nova.utils [None req-5df4f6db-d697-4e05-908b-b5bc3af7d40f tempest-ServersNegativeTestJSON-1047005652 tempest-ServersNegativeTestJSON-1047005652-project-member] The cell worker thread pool ForkProcess-3.cell_worker is initialized
Jun 04 08:19:47.254848 np0000002114 nova-scheduler[95721]: DEBUG oslo_concurrency.lockutils [None req-5df4f6db-d697-4e05-908b-b5bc3af7d40f tempest-ServersNegativeTestJSON-1047005652 tempest-ServersNegativeTestJSON-1047005652-project-member] Acquiring lock "028385c9-5604-4e97-8853-c8a31c696a10" by "nova.context.set_target_cell..get_or_set_cached_cell_and_set_connections" {{(pid=95721) inner /opt/stack/data/venv/lib/python3.12/site-packages/oslo_concurrency/lockutils.py:511}}
Jun 04 08:19:47.255165 np0000002114 nova-scheduler[95721]: DEBUG oslo_concurrency.lockutils [None req-5df4f6db-d697-4e05-908b-b5bc3af7d40f tempest-ServersNegativeTestJSON-1047005652 tempest-ServersNegativeTestJSON-1047005652-project-member] Lock "028385c9-5604-4e97-8853-c8a31c696a10" acquired by "nova.context.set_target_cell..get_or_set_cached_cell_and_set_connections" :: waited 0.000s {{(pid=95721) inner /opt/stack/data/venv/lib/python3.12/site-packages/oslo_concurrency/lockutils.py:524}}
Jun 04 08:19:47.257129 np0000002114 nova-scheduler[95721]: DEBUG oslo_concurrency.lockutils [None req-5df4f6db-d697-4e05-908b-b5bc3af7d40f tempest-ServersNegativeTestJSON-1047005652 tempest-ServersNegativeTestJSON-1047005652-project-member] Lock "028385c9-5604-4e97-8853-c8a31c696a10" "released" by "nova.context.set_target_cell..get_or_set_cached_cell_and_set_connections" :: held 0.002s {{(pid=95721) inner /opt/stack/data/venv/lib/python3.12/site-packages/oslo_concurrency/lockutils.py:543}}
Jun 04 08:19:47.260631 np0000002114 nova-scheduler[95721]: INFO dbcounter [None req-5df4f6db-d697-4e05-908b-b5bc3af7d40f tempest-ServersNegativeTestJSON-1047005652 tempest-ServersNegativeTestJSON-1047005652-project-member] Registered counter for database nova_cell1
Jun 04 08:19:47.315457 np0000002114 nova-scheduler[95721]: DEBUG oslo_db.sqlalchemy.engines [None req-5df4f6db-d697-4e05-908b-b5bc3af7d40f tempest-ServersNegativeTestJSON-1047005652 tempest-ServersNegativeTestJSON-1047005652-project-member] MySQL server mode set to STRICT_TRANS_TABLES,STRICT_ALL_TABLES,NO_ZERO_IN_DATE,NO_ZERO_DATE,ERROR_FOR_DIVISION_BY_ZERO,TRADITIONAL,NO_ENGINE_SUBSTITUTION {{(pid=95721) _check_effective_sql_mode /opt/stack/data/venv/lib/python3.12/site-packages/oslo_db/sqlalchemy/engines.py:325}}
Jun 04 08:19:47.323184 np0000002114 nova-scheduler[95721]: DEBUG dbcounter [-] [95721] Writer thread running {{(pid=95721) stat_writer /opt/stack/data/venv/lib/python3.12/site-packages/dbcounter.py:102}}
Jun 04 08:19:47.336272 np0000002114 nova-scheduler[95721]: DEBUG oslo_db.sqlalchemy.engines [None req-5df4f6db-d697-4e05-908b-b5bc3af7d40f tempest-ServersNegativeTestJSON-1047005652 tempest-ServersNegativeTestJSON-1047005652-project-member] Parent process 94524 forked (95721) with an open database connection, which is being discarded and recreated. {{(pid=95721) checkout /opt/stack/data/venv/lib/python3.12/site-packages/oslo_db/sqlalchemy/engines.py:402}}
Jun 04 08:19:47.378845 np0000002114 nova-scheduler[95721]: DEBUG dbcounter [-] [95721] Writer thread running {{(pid=95721) stat_writer /opt/stack/data/venv/lib/python3.12/site-packages/dbcounter.py:102}}
Jun 04 08:19:47.383248 np0000002114 nova-scheduler[95721]: DEBUG oslo_concurrency.lockutils [None req-5df4f6db-d697-4e05-908b-b5bc3af7d40f tempest-ServersNegativeTestJSON-1047005652 tempest-ServersNegativeTestJSON-1047005652-project-member] Acquiring lock "028385c9-5604-4e97-8853-c8a31c696a10" by "nova.context.set_target_cell..get_or_set_cached_cell_and_set_connections" {{(pid=95721) inner /opt/stack/data/venv/lib/python3.12/site-packages/oslo_concurrency/lockutils.py:511}}
Jun 04 08:19:47.383754 np0000002114 nova-scheduler[95721]: DEBUG oslo_concurrency.lockutils [None req-5df4f6db-d697-4e05-908b-b5bc3af7d40f tempest-ServersNegativeTestJSON-1047005652 tempest-ServersNegativeTestJSON-1047005652-project-member] Lock "028385c9-5604-4e97-8853-c8a31c696a10" acquired by "nova.context.set_target_cell..get_or_set_cached_cell_and_set_connections" :: waited 0.000s {{(pid=95721) inner /opt/stack/data/venv/lib/python3.12/site-packages/oslo_concurrency/lockutils.py:524}}
Jun 04 08:19:47.383843 np0000002114 nova-scheduler[95721]: DEBUG oslo_concurrency.lockutils [None req-5df4f6db-d697-4e05-908b-b5bc3af7d40f tempest-ServersNegativeTestJSON-1047005652 tempest-ServersNegativeTestJSON-1047005652-project-member] Lock "028385c9-5604-4e97-8853-c8a31c696a10" "released" by "nova.context.set_target_cell..get_or_set_cached_cell_and_set_connections" :: held 0.000s {{(pid=95721) inner /opt/stack/data/venv/lib/python3.12/site-packages/oslo_concurrency/lockutils.py:543}}
Jun 04 08:19:47.389181 np0000002114 nova-scheduler[95721]: DEBUG oslo_concurrency.lockutils [None req-5df4f6db-d697-4e05-908b-b5bc3af7d40f tempest-ServersNegativeTestJSON-1047005652 tempest-ServersNegativeTestJSON-1047005652-project-member] Acquiring lock "('np0000002114', 'np0000002114')" by "nova.scheduler.host_manager.HostState.update.._locked_update" {{(pid=95721) inner /opt/stack/data/venv/lib/python3.12/site-packages/oslo_concurrency/lockutils.py:511}}
Jun 04 08:19:47.389181 np0000002114 nova-scheduler[95721]: DEBUG oslo_concurrency.lockutils [None req-5df4f6db-d697-4e05-908b-b5bc3af7d40f tempest-ServersNegativeTestJSON-1047005652 tempest-ServersNegativeTestJSON-1047005652-project-member] Lock "('np0000002114', 'np0000002114')" acquired by "nova.scheduler.host_manager.HostState.update.._locked_update" :: waited 0.000s {{(pid=95721) inner /opt/stack/data/venv/lib/python3.12/site-packages/oslo_concurrency/lockutils.py:524}}
Jun 04 08:19:47.389463 np0000002114 nova-scheduler[95721]: DEBUG nova.scheduler.host_manager [None req-5df4f6db-d697-4e05-908b-b5bc3af7d40f tempest-ServersNegativeTestJSON-1047005652 tempest-ServersNegativeTestJSON-1047005652-project-member] Update host state from compute node: ComputeNode(cpu_allocation_ratio=4.0,cpu_info='{"arch": "x86_64", "model": "EPYC-Milan", "vendor": "AMD", "topology": {"cells": 1, "sockets": 12, "cores": 1, "threads": 1}, "maxphysaddr": {"mode": "emulate", "bits": 40}, "features": ["vaes", "sse4.1", "vpclmulqdq", "nx", "svme-addr-chk", "spec-ctrl", "xsaveerptr", "amd-ssbd", "mtrr", "sse", "pclmuldq", "vgif", "mce", "pat", "x2apic", "adx", "lfence-always-serializing", "avx", "smap", "pause-filter", "fpu", "mmxext", "lm", "clflushopt", "no-nested-data-bp", "lahf_lm", "null-sel-clr-base", "pse", "pdpe1gb", "pge", "sse2", "mds-no", "stibp", "lbrv", "misalignsse", "osvw", "erms", "clzero", "rdctl-no", "flushbyasid", "pschange-mc-no", "vmcb-clean", "clflush", "cmov", "ibrs", "amd-stibp", "fxsr_opt", "skip-l1dfl-vmentry", "fsgsbase", "hypervisor", "smep", "pcid", "ibpb", "svm", "arch-capabilities", "bmi1", "clwb", "amd-psfd", "umip", "npt", "vme", "f16c", "mca", "rdrand", "fxsr", "rdpid", "msr", "sep", "pni", "cmp_legacy", "invpcid", "ssse3", "xsaves", "pse36", "sha-ni", "rdtscp", "ssbd", "sse4.2", "cr8legacy", "sse4a", "tsc_adjust", "v-vmsave-vmload", "pku", "virt-ssbd", "de", "pfthreshold", "cx8", "pae", "xsavec", "fsrm", "mmx", "xsaveopt", "bmi2", "xsave", "nrip-save", "gds-no", "abm", "3dnowprefetch", "tsc-scale", "arat", "syscall", "aes", "movbe", "cx16", "xgetbv1", "tsc-deadline", "topoext", "avx2", "stibp-always-on", "wbnoinvd", "popcnt", "apic", "rdseed", "perfctr_core", "tsc", "fma"]}',created_at=2026-06-04T08:17:14Z,current_workload=0,deleted=False,deleted_at=None,disk_allocation_ratio=1.0,disk_available_least=74,free_disk_gb=95,free_ram_mb=23518,host='np0000002114',host_ip=10.4.3.77,hypervisor_hostname='np0000002114',hypervisor_type='QEMU',hypervisor_version=8002002,id=1,local_gb=95,local_gb_used=0,mapped=1,memory_mb=24030,memory_mb_used=512,metrics='[]',numa_topology='{"nova_object.name": "NUMATopology", "nova_object.namespace": "nova", "nova_object.version": "1.2", "nova_object.data": {"cells": [{"nova_object.name": "NUMACell", "nova_object.namespace": "nova", "nova_object.version": "1.5", "nova_object.data": {"id": 0, "cpuset": [0, 1, 2, 3, 4, 5, 6, 7, 8, 9, 10, 11], "pcpuset": [0, 1, 2, 3, 4, 5, 6, 7, 8, 9, 10, 11], "memory": 24030, "cpu_usage": 0, "memory_usage": 0, "pinned_cpus": [], "siblings": [[6], [2], [5], [11], [8], [4], [1], [7], [10], [0], [3], [9]], "mempages": [{"nova_object.name": "NUMAPagesTopology", "nova_object.namespace": "nova", "nova_object.version": "1.1", "nova_object.data": {"size_kb": 4, "total": 6151798, "used": 0, "reserved": 0}, "nova_object.changes": ["size_kb", "total", "used", "reserved"]}, {"nova_object.name": "NUMAPagesTopology", "nova_object.namespace": "nova", "nova_object.version": "1.1", "nova_object.data": {"size_kb": 2048, "total": 0, "used": 0, "reserved": 0}, "nova_object.changes": ["size_kb", "total", "used", "reserved"]}, {"nova_object.name": "NUMAPagesTopology", "nova_object.namespace": "nova", "nova_object.version": "1.1", "nova_object.data": {"size_kb": 1048576, "total": 0, "used": 0, "reserved": 0}, "nova_object.changes": ["size_kb", "total", "used", "reserved"]}], "network_metadata": {"nova_object.name": "NetworkMetadata", "nova_object.namespace": "nova", "nova_object.version": "1.0", "nova_object.data": {"physnets": [], "tunneled": false}, "nova_object.changes": ["physnets", "tunneled"]}, "socket": null}, "nova_object.changes": ["id", "cpuset", "socket", "siblings", "cpu_usage", "memory_usage", "memory", "network_metadata", "mempages", "pcpuset", "pinned_cpus"]}]}, "nova_object.changes": ["cells"]}',pci_device_pools=PciDevicePoolList,ram_allocation_ratio=1.0,running_vms=0,service_id=2,stats={failed_builds='0',uptime=' 08:19:00 up 28 min, 2 users, load average: 1.10, 1.26, 0.75
Jun 04 08:19:47.389463 np0000002114 nova-scheduler[95721]: '},supported_hv_specs=[HVSpec,HVSpec,HVSpec,HVSpec,HVSpec,HVSpec,HVSpec,HVSpec,HVSpec,HVSpec,HVSpec,HVSpec,HVSpec,HVSpec,HVSpec,HVSpec,HVSpec,HVSpec,HVSpec,HVSpec,HVSpec,HVSpec,HVSpec,HVSpec,HVSpec],updated_at=2026-06-04T08:19:02Z,uuid=023b612e-e695-4c52-b790-e0d2c0a2d3fe,vcpus=12,vcpus_used=0) {{(pid=95721) _locked_update /opt/stack/nova/nova/scheduler/host_manager.py:168}}
Jun 04 08:19:47.389463 np0000002114 nova-scheduler[95721]: DEBUG nova.scheduler.host_manager [None req-5df4f6db-d697-4e05-908b-b5bc3af7d40f tempest-ServersNegativeTestJSON-1047005652 tempest-ServersNegativeTestJSON-1047005652-project-member] Update host state with aggregates: [] {{(pid=95721) _locked_update /opt/stack/nova/nova/scheduler/host_manager.py:171}}
Jun 04 08:19:47.389463 np0000002114 nova-scheduler[95721]: DEBUG nova.scheduler.host_manager [None req-5df4f6db-d697-4e05-908b-b5bc3af7d40f tempest-ServersNegativeTestJSON-1047005652 tempest-ServersNegativeTestJSON-1047005652-project-member] Update host state with service dict: {'id': 2, 'uuid': 'ef530b34-f4af-4c62-8e8c-20a3dd91cc26', 'host': 'np0000002114', 'binary': 'nova-compute', 'topic': 'compute', 'report_count': 2, 'disabled': False, 'disabled_reason': None, 'last_seen_up': datetime.datetime(2026, 6, 4, 8, 19, 23, tzinfo=datetime.timezone.utc), 'forced_down': False, 'version': 72, 'created_at': datetime.datetime(2026, 6, 4, 8, 17, 13, tzinfo=datetime.timezone.utc), 'updated_at': datetime.datetime(2026, 6, 4, 8, 19, 23, tzinfo=datetime.timezone.utc), 'deleted_at': None, 'deleted': False} {{(pid=95721) _locked_update /opt/stack/nova/nova/scheduler/host_manager.py:174}}
Jun 04 08:19:47.389463 np0000002114 nova-scheduler[95721]: DEBUG nova.scheduler.host_manager [None req-5df4f6db-d697-4e05-908b-b5bc3af7d40f tempest-ServersNegativeTestJSON-1047005652 tempest-ServersNegativeTestJSON-1047005652-project-member] Update host state with instances: [] {{(pid=95721) _locked_update /opt/stack/nova/nova/scheduler/host_manager.py:177}}
Jun 04 08:19:47.389830 np0000002114 nova-scheduler[95721]: DEBUG oslo_concurrency.lockutils [None req-5df4f6db-d697-4e05-908b-b5bc3af7d40f tempest-ServersNegativeTestJSON-1047005652 tempest-ServersNegativeTestJSON-1047005652-project-member] Lock "('np0000002114', 'np0000002114')" "released" by "nova.scheduler.host_manager.HostState.update.._locked_update" :: held 0.002s {{(pid=95721) inner /opt/stack/data/venv/lib/python3.12/site-packages/oslo_concurrency/lockutils.py:543}}
Jun 04 08:19:47.389830 np0000002114 nova-scheduler[95721]: DEBUG nova.filters [None req-5df4f6db-d697-4e05-908b-b5bc3af7d40f tempest-ServersNegativeTestJSON-1047005652 tempest-ServersNegativeTestJSON-1047005652-project-member] Starting with 1 host(s) {{(pid=95721) get_filtered_objects /opt/stack/nova/nova/filters.py:70}}
Jun 04 08:19:47.395705 np0000002114 nova-scheduler[95721]: DEBUG nova.filters [None req-5df4f6db-d697-4e05-908b-b5bc3af7d40f tempest-ServersNegativeTestJSON-1047005652 tempest-ServersNegativeTestJSON-1047005652-project-member] Filter ComputeFilter returned 1 host(s) {{(pid=95721) get_filtered_objects /opt/stack/nova/nova/filters.py:102}}
Jun 04 08:19:47.395705 np0000002114 nova-scheduler[95721]: DEBUG nova.filters [None req-5df4f6db-d697-4e05-908b-b5bc3af7d40f tempest-ServersNegativeTestJSON-1047005652 tempest-ServersNegativeTestJSON-1047005652-project-member] Filter ComputeCapabilitiesFilter returned 1 host(s) {{(pid=95721) get_filtered_objects /opt/stack/nova/nova/filters.py:102}}
Jun 04 08:19:47.395705 np0000002114 nova-scheduler[95721]: DEBUG nova.filters [None req-5df4f6db-d697-4e05-908b-b5bc3af7d40f tempest-ServersNegativeTestJSON-1047005652 tempest-ServersNegativeTestJSON-1047005652-project-member] Filter ImagePropertiesFilter returned 1 host(s) {{(pid=95721) get_filtered_objects /opt/stack/nova/nova/filters.py:102}}
Jun 04 08:19:47.395705 np0000002114 nova-scheduler[95721]: DEBUG nova.filters [None req-5df4f6db-d697-4e05-908b-b5bc3af7d40f tempest-ServersNegativeTestJSON-1047005652 tempest-ServersNegativeTestJSON-1047005652-project-member] Filter ServerGroupAntiAffinityFilter returned 1 host(s) {{(pid=95721) get_filtered_objects /opt/stack/nova/nova/filters.py:102}}
Jun 04 08:19:47.395705 np0000002114 nova-scheduler[95721]: DEBUG nova.filters [None req-5df4f6db-d697-4e05-908b-b5bc3af7d40f tempest-ServersNegativeTestJSON-1047005652 tempest-ServersNegativeTestJSON-1047005652-project-member] Filter ServerGroupAffinityFilter returned 1 host(s) {{(pid=95721) get_filtered_objects /opt/stack/nova/nova/filters.py:102}}
Jun 04 08:19:47.395705 np0000002114 nova-scheduler[95721]: DEBUG nova.filters [None req-5df4f6db-d697-4e05-908b-b5bc3af7d40f tempest-ServersNegativeTestJSON-1047005652 tempest-ServersNegativeTestJSON-1047005652-project-member] Filter SameHostFilter returned 1 host(s) {{(pid=95721) get_filtered_objects /opt/stack/nova/nova/filters.py:102}}
Jun 04 08:19:47.395705 np0000002114 nova-scheduler[95721]: DEBUG nova.filters [None req-5df4f6db-d697-4e05-908b-b5bc3af7d40f tempest-ServersNegativeTestJSON-1047005652 tempest-ServersNegativeTestJSON-1047005652-project-member] Filter DifferentHostFilter returned 1 host(s) {{(pid=95721) get_filtered_objects /opt/stack/nova/nova/filters.py:102}}
Jun 04 08:19:47.395705 np0000002114 nova-scheduler[95721]: DEBUG nova.scheduler.manager [None req-5df4f6db-d697-4e05-908b-b5bc3af7d40f tempest-ServersNegativeTestJSON-1047005652 tempest-ServersNegativeTestJSON-1047005652-project-member] Filtered [(np0000002114, np0000002114) ram: 23518MB disk: 75776MB io_ops: 0 instances: 0, allocation_candidates: 1] {{(pid=95721) _get_sorted_hosts /opt/stack/nova/nova/scheduler/manager.py:743}}
Jun 04 08:19:47.395705 np0000002114 nova-scheduler[95721]: DEBUG nova.scheduler.manager [None req-5df4f6db-d697-4e05-908b-b5bc3af7d40f tempest-ServersNegativeTestJSON-1047005652 tempest-ServersNegativeTestJSON-1047005652-project-member] Weighed [WeighedHost [host: (np0000002114, np0000002114) ram: 23518MB disk: 75776MB io_ops: 0 instances: 0, allocation_candidates: 1, weight: 0.0]] {{(pid=95721) _get_sorted_hosts /opt/stack/nova/nova/scheduler/manager.py:765}}
Jun 04 08:19:47.395705 np0000002114 nova-scheduler[95721]: DEBUG nova.scheduler.utils [None req-5df4f6db-d697-4e05-908b-b5bc3af7d40f tempest-ServersNegativeTestJSON-1047005652 tempest-ServersNegativeTestJSON-1047005652-project-member] Attempting to claim resources in the placement API for instance bb3e063f-1963-4e07-bf35-0dc12032f367 {{(pid=95721) claim_resources /opt/stack/nova/nova/scheduler/utils.py:1345}}
Jun 04 08:19:47.546639 np0000002114 nova-scheduler[95721]: DEBUG nova.scheduler.manager [None req-5df4f6db-d697-4e05-908b-b5bc3af7d40f tempest-ServersNegativeTestJSON-1047005652 tempest-ServersNegativeTestJSON-1047005652-project-member] [instance: bb3e063f-1963-4e07-bf35-0dc12032f367] Selected host: (np0000002114, np0000002114) ram: 23518MB disk: 75776MB io_ops: 0 instances: 0, allocation_candidates: 1 {{(pid=95721) _consume_selected_host /opt/stack/nova/nova/scheduler/manager.py:625}}
Jun 04 08:19:47.546906 np0000002114 nova-scheduler[95721]: DEBUG oslo_concurrency.lockutils [None req-5df4f6db-d697-4e05-908b-b5bc3af7d40f tempest-ServersNegativeTestJSON-1047005652 tempest-ServersNegativeTestJSON-1047005652-project-member] Acquiring lock "('np0000002114', 'np0000002114')" by "nova.scheduler.host_manager.HostState.consume_from_request.._locked" {{(pid=95721) inner /opt/stack/data/venv/lib/python3.12/site-packages/oslo_concurrency/lockutils.py:511}}
Jun 04 08:19:47.547060 np0000002114 nova-scheduler[95721]: DEBUG oslo_concurrency.lockutils [None req-5df4f6db-d697-4e05-908b-b5bc3af7d40f tempest-ServersNegativeTestJSON-1047005652 tempest-ServersNegativeTestJSON-1047005652-project-member] Lock "('np0000002114', 'np0000002114')" acquired by "nova.scheduler.host_manager.HostState.consume_from_request.._locked" :: waited 0.000s {{(pid=95721) inner /opt/stack/data/venv/lib/python3.12/site-packages/oslo_concurrency/lockutils.py:524}}
Jun 04 08:19:47.548139 np0000002114 nova-scheduler[95721]: DEBUG oslo_concurrency.lockutils [None req-5df4f6db-d697-4e05-908b-b5bc3af7d40f tempest-ServersNegativeTestJSON-1047005652 tempest-ServersNegativeTestJSON-1047005652-project-member] Lock "('np0000002114', 'np0000002114')" "released" by "nova.scheduler.host_manager.HostState.consume_from_request.._locked" :: held 0.001s {{(pid=95721) inner /opt/stack/data/venv/lib/python3.12/site-packages/oslo_concurrency/lockutils.py:543}}
Jun 04 08:19:55.701242 np0000002114 nova-scheduler[95719]: DEBUG nova.scheduler.manager [None req-7d30108d-9b5a-485b-a8e9-0ef182829220 tempest-VolumesAdminNegativeTest-1624112775 tempest-VolumesAdminNegativeTest-1624112775-project-member] Starting to schedule for instances: ['260c302d-be3a-449b-89f9-fbe7ea758e8f'] {{(pid=95719) select_destinations /opt/stack/nova/nova/scheduler/manager.py:210}}
Jun 04 08:19:55.702948 np0000002114 nova-scheduler[95719]: DEBUG nova.scheduler.request_filter [None req-7d30108d-9b5a-485b-a8e9-0ef182829220 tempest-VolumesAdminNegativeTest-1624112775 tempest-VolumesAdminNegativeTest-1624112775-project-member] compute_status_filter request filter added forbidden trait COMPUTE_STATUS_DISABLED {{(pid=95719) compute_status_filter /opt/stack/nova/nova/scheduler/request_filter.py:253}}
Jun 04 08:19:55.702948 np0000002114 nova-scheduler[95719]: DEBUG nova.scheduler.request_filter [None req-7d30108d-9b5a-485b-a8e9-0ef182829220 tempest-VolumesAdminNegativeTest-1624112775 tempest-VolumesAdminNegativeTest-1624112775-project-member] Request filter 'compute_status_filter' took 0.0 seconds {{(pid=95719) wrapper /opt/stack/nova/nova/scheduler/request_filter.py:46}}
Jun 04 08:19:55.702948 np0000002114 nova-scheduler[95719]: DEBUG nova.scheduler.request_filter [None req-7d30108d-9b5a-485b-a8e9-0ef182829220 tempest-VolumesAdminNegativeTest-1624112775 tempest-VolumesAdminNegativeTest-1624112775-project-member] Request filter 'accelerators_filter' took 0.0 seconds {{(pid=95719) wrapper /opt/stack/nova/nova/scheduler/request_filter.py:46}}
Jun 04 08:19:55.702948 np0000002114 nova-scheduler[95719]: DEBUG nova.scheduler.request_filter [None req-7d30108d-9b5a-485b-a8e9-0ef182829220 tempest-VolumesAdminNegativeTest-1624112775 tempest-VolumesAdminNegativeTest-1624112775-project-member] Request filter 'packed_virtqueue_filter' took 0.0 seconds {{(pid=95719) wrapper /opt/stack/nova/nova/scheduler/request_filter.py:46}}
Jun 04 08:19:55.702948 np0000002114 nova-scheduler[95719]: DEBUG nova.scheduler.request_filter [None req-7d30108d-9b5a-485b-a8e9-0ef182829220 tempest-VolumesAdminNegativeTest-1624112775 tempest-VolumesAdminNegativeTest-1624112775-project-member] Request filter 'remote_managed_ports_filter' took 0.0 seconds {{(pid=95719) wrapper /opt/stack/nova/nova/scheduler/request_filter.py:46}}
Jun 04 08:19:55.703411 np0000002114 nova-scheduler[95719]: DEBUG nova.scheduler.request_filter [None req-7d30108d-9b5a-485b-a8e9-0ef182829220 tempest-VolumesAdminNegativeTest-1624112775 tempest-VolumesAdminNegativeTest-1624112775-project-member] ephemeral_encryption_filter skipped {{(pid=95719) ephemeral_encryption_filter /opt/stack/nova/nova/scheduler/request_filter.py:426}}
Jun 04 08:19:55.703550 np0000002114 nova-scheduler[95719]: DEBUG nova.scheduler.request_filter [None req-7d30108d-9b5a-485b-a8e9-0ef182829220 tempest-VolumesAdminNegativeTest-1624112775 tempest-VolumesAdminNegativeTest-1624112775-project-member] virtio_sound_filter skipped {{(pid=95719) virtio_sound_filter /opt/stack/nova/nova/scheduler/request_filter.py:460}}
Jun 04 08:19:55.703745 np0000002114 nova-scheduler[95719]: DEBUG nova.scheduler.request_filter [None req-7d30108d-9b5a-485b-a8e9-0ef182829220 tempest-VolumesAdminNegativeTest-1624112775 tempest-VolumesAdminNegativeTest-1624112775-project-member] tpm_secret_security_filter skipped {{(pid=95719) tpm_secret_security_filter /opt/stack/nova/nova/scheduler/request_filter.py:477}}
Jun 04 08:19:55.810176 np0000002114 nova-scheduler[95719]: INFO nova.utils [None req-7d30108d-9b5a-485b-a8e9-0ef182829220 tempest-VolumesAdminNegativeTest-1624112775 tempest-VolumesAdminNegativeTest-1624112775-project-member] The cell worker thread pool ForkProcess-2.cell_worker is initialized
Jun 04 08:19:55.810176 np0000002114 nova-scheduler[95719]: DEBUG oslo_concurrency.lockutils [None req-7d30108d-9b5a-485b-a8e9-0ef182829220 tempest-VolumesAdminNegativeTest-1624112775 tempest-VolumesAdminNegativeTest-1624112775-project-member] Acquiring lock "028385c9-5604-4e97-8853-c8a31c696a10" by "nova.context.set_target_cell..get_or_set_cached_cell_and_set_connections" {{(pid=95719) inner /opt/stack/data/venv/lib/python3.12/site-packages/oslo_concurrency/lockutils.py:511}}
Jun 04 08:19:55.810176 np0000002114 nova-scheduler[95719]: DEBUG oslo_concurrency.lockutils [None req-7d30108d-9b5a-485b-a8e9-0ef182829220 tempest-VolumesAdminNegativeTest-1624112775 tempest-VolumesAdminNegativeTest-1624112775-project-member] Lock "028385c9-5604-4e97-8853-c8a31c696a10" acquired by "nova.context.set_target_cell..get_or_set_cached_cell_and_set_connections" :: waited 0.000s {{(pid=95719) inner /opt/stack/data/venv/lib/python3.12/site-packages/oslo_concurrency/lockutils.py:524}}
Jun 04 08:19:55.810953 np0000002114 nova-scheduler[95719]: DEBUG oslo_concurrency.lockutils [None req-7d30108d-9b5a-485b-a8e9-0ef182829220 tempest-VolumesAdminNegativeTest-1624112775 tempest-VolumesAdminNegativeTest-1624112775-project-member] Lock "028385c9-5604-4e97-8853-c8a31c696a10" "released" by "nova.context.set_target_cell..get_or_set_cached_cell_and_set_connections" :: held 0.002s {{(pid=95719) inner /opt/stack/data/venv/lib/python3.12/site-packages/oslo_concurrency/lockutils.py:543}}
Jun 04 08:19:55.812417 np0000002114 nova-scheduler[95719]: INFO dbcounter [None req-7d30108d-9b5a-485b-a8e9-0ef182829220 tempest-VolumesAdminNegativeTest-1624112775 tempest-VolumesAdminNegativeTest-1624112775-project-member] Registered counter for database nova_cell1
Jun 04 08:19:55.861284 np0000002114 nova-scheduler[95719]: DEBUG oslo_db.sqlalchemy.engines [None req-7d30108d-9b5a-485b-a8e9-0ef182829220 tempest-VolumesAdminNegativeTest-1624112775 tempest-VolumesAdminNegativeTest-1624112775-project-member] MySQL server mode set to STRICT_TRANS_TABLES,STRICT_ALL_TABLES,NO_ZERO_IN_DATE,NO_ZERO_DATE,ERROR_FOR_DIVISION_BY_ZERO,TRADITIONAL,NO_ENGINE_SUBSTITUTION {{(pid=95719) _check_effective_sql_mode /opt/stack/data/venv/lib/python3.12/site-packages/oslo_db/sqlalchemy/engines.py:325}}
Jun 04 08:19:55.869169 np0000002114 nova-scheduler[95719]: DEBUG dbcounter [-] [95719] Writer thread running {{(pid=95719) stat_writer /opt/stack/data/venv/lib/python3.12/site-packages/dbcounter.py:102}}
Jun 04 08:19:55.933749 np0000002114 nova-scheduler[95719]: DEBUG dbcounter [-] [95719] Writer thread running {{(pid=95719) stat_writer /opt/stack/data/venv/lib/python3.12/site-packages/dbcounter.py:102}}
Jun 04 08:19:55.939835 np0000002114 nova-scheduler[95719]: DEBUG oslo_concurrency.lockutils [None req-7d30108d-9b5a-485b-a8e9-0ef182829220 tempest-VolumesAdminNegativeTest-1624112775 tempest-VolumesAdminNegativeTest-1624112775-project-member] Acquiring lock "028385c9-5604-4e97-8853-c8a31c696a10" by "nova.context.set_target_cell..get_or_set_cached_cell_and_set_connections" {{(pid=95719) inner /opt/stack/data/venv/lib/python3.12/site-packages/oslo_concurrency/lockutils.py:511}}
Jun 04 08:19:55.939968 np0000002114 nova-scheduler[95719]: DEBUG oslo_concurrency.lockutils [None req-7d30108d-9b5a-485b-a8e9-0ef182829220 tempest-VolumesAdminNegativeTest-1624112775 tempest-VolumesAdminNegativeTest-1624112775-project-member] Lock "028385c9-5604-4e97-8853-c8a31c696a10" acquired by "nova.context.set_target_cell..get_or_set_cached_cell_and_set_connections" :: waited 0.000s {{(pid=95719) inner /opt/stack/data/venv/lib/python3.12/site-packages/oslo_concurrency/lockutils.py:524}}
Jun 04 08:19:55.940058 np0000002114 nova-scheduler[95719]: DEBUG oslo_concurrency.lockutils [None req-7d30108d-9b5a-485b-a8e9-0ef182829220 tempest-VolumesAdminNegativeTest-1624112775 tempest-VolumesAdminNegativeTest-1624112775-project-member] Lock "028385c9-5604-4e97-8853-c8a31c696a10" "released" by "nova.context.set_target_cell..get_or_set_cached_cell_and_set_connections" :: held 0.000s {{(pid=95719) inner /opt/stack/data/venv/lib/python3.12/site-packages/oslo_concurrency/lockutils.py:543}}
Jun 04 08:19:55.946342 np0000002114 nova-scheduler[95719]: DEBUG oslo_concurrency.lockutils [None req-7d30108d-9b5a-485b-a8e9-0ef182829220 tempest-VolumesAdminNegativeTest-1624112775 tempest-VolumesAdminNegativeTest-1624112775-project-member] Acquiring lock "('np0000002114', 'np0000002114')" by "nova.scheduler.host_manager.HostState.update.._locked_update" {{(pid=95719) inner /opt/stack/data/venv/lib/python3.12/site-packages/oslo_concurrency/lockutils.py:511}}
Jun 04 08:19:55.946820 np0000002114 nova-scheduler[95719]: DEBUG oslo_concurrency.lockutils [None req-7d30108d-9b5a-485b-a8e9-0ef182829220 tempest-VolumesAdminNegativeTest-1624112775 tempest-VolumesAdminNegativeTest-1624112775-project-member] Lock "('np0000002114', 'np0000002114')" acquired by "nova.scheduler.host_manager.HostState.update.._locked_update" :: waited 0.000s {{(pid=95719) inner /opt/stack/data/venv/lib/python3.12/site-packages/oslo_concurrency/lockutils.py:524}}
