Jul 29 15:24:38.160949 np0000006092 devstack@g-api.service[99911]: DEBUG glance.api.middleware.version_negotiation [None req-e65eee8d-adb7-48fb-86a2-4aed764d9250 tempest-TestImageHashVerification-1331298503 tempest-TestImageHashVerification-1331298503-project-member] Using url versioning {{(pid=99911) process_request /opt/stack/glance/glance/api/middleware/version_negotiation.py:57}}
Jul 29 15:24:38.161090 np0000006092 devstack@g-api.service[99911]: DEBUG glance.api.middleware.version_negotiation [None req-e65eee8d-adb7-48fb-86a2-4aed764d9250 tempest-TestImageHashVerification-1331298503 tempest-TestImageHashVerification-1331298503-project-member] Matched version: v2 {{(pid=99911) process_request /opt/stack/glance/glance/api/middleware/version_negotiation.py:69}}
Jul 29 15:24:38.161457 np0000006092 devstack@g-api.service[99911]: DEBUG glance.api.middleware.version_negotiation [None req-e65eee8d-adb7-48fb-86a2-4aed764d9250 tempest-TestImageHashVerification-1331298503 tempest-TestImageHashVerification-1331298503-project-member] new path /v2/images/db85ece9-2cdc-4bbc-9f3b-51f31c77dcda {{(pid=99911) process_request /opt/stack/glance/glance/api/middleware/version_negotiation.py:70}}
Jul 29 15:24:38.179504 np0000006092 devstack@g-api.service[99911]: [pid: 99911|app: 0|req: 76/222] 127.0.0.1 () {44 vars in 1115 bytes} [Wed Jul 29 15:24:38 2026] GET /v2/images/db85ece9-2cdc-4bbc-9f3b-51f31c77dcda => generated 1044 bytes in 19 msecs (HTTP/1.1 200) 4 headers in 158 bytes (1 switches on core 0)
Jul 29 15:24:38.215158 np0000006092 devstack@g-api.service[99913]: DEBUG glance.api.middleware.version_negotiation [None req-1410687d-d9f1-4e28-b6f3-2dcaa3e5057c tempest-TestImageHashVerification-1331298503 tempest-TestImageHashVerification-1331298503-project-member] Determining version of request: GET /v2/schemas/image Accept: */* {{(pid=99913) process_request /opt/stack/glance/glance/api/middleware/version_negotiation.py:44}}
Jul 29 15:24:38.216613 np0000006092 devstack@g-api.service[99913]: DEBUG glance.api.middleware.version_negotiation [None req-1410687d-d9f1-4e28-b6f3-2dcaa3e5057c tempest-TestImageHashVerification-1331298503 tempest-TestImageHashVerification-1331298503-project-member] Using url versioning {{(pid=99913) process_request /opt/stack/glance/glance/api/middleware/version_negotiation.py:57}}
Jul 29 15:24:38.217932 np0000006092 devstack@g-api.service[99913]: DEBUG glance.api.middleware.version_negotiation [None req-1410687d-d9f1-4e28-b6f3-2dcaa3e5057c tempest-TestImageHashVerification-1331298503 tempest-TestImageHashVerification-1331298503-project-member] Matched version: v2 {{(pid=99913) process_request /opt/stack/glance/glance/api/middleware/version_negotiation.py:69}}
Jul 29 15:24:38.217932 np0000006092 devstack@g-api.service[99913]: DEBUG glance.api.middleware.version_negotiation [None req-1410687d-d9f1-4e28-b6f3-2dcaa3e5057c tempest-TestImageHashVerification-1331298503 tempest-TestImageHashVerification-1331298503-project-member] new path /v2/schemas/image {{(pid=99913) process_request /opt/stack/glance/glance/api/middleware/version_negotiation.py:70}}
Jul 29 15:24:38.224056 np0000006092 devstack@g-api.service[99913]: [pid: 99913|app: 0|req: 72/223] 127.0.0.1 () {44 vars in 1055 bytes} [Wed Jul 29 15:24:38 2026] GET /v2/schemas/image => generated 6083 bytes in 9 msecs (HTTP/1.1 200) 4 headers in 158 bytes (1 switches on core 0)
Jul 29 15:24:38.821783 np0000006092 devstack@g-api.service[99912]: DEBUG swiftclient [None req-e78b56e1-6a5a-4c99-8d3d-6b30d24abcdd tempest-TestImageHashVerification-1331298503 tempest-TestImageHashVerification-1331298503-project-member] REQ: curl -i https://10.4.3.104:8080/v1/AUTH_7cd3c494d45c455bb92c562407b44897/glance/2c82a579-30f8-47bb-9826-1ae03da55bbe-00001 -X PUT -H "X-Auth-Token: gAAAAABqahs0F2N2..." {{(pid=99912) http_log /opt/stack/data/venv/lib/python3.12/site-packages/swiftclient/client.py:160}}
Jul 29 15:24:38.821783 np0000006092 devstack@g-api.service[99912]: DEBUG swiftclient [None req-e78b56e1-6a5a-4c99-8d3d-6b30d24abcdd tempest-TestImageHashVerification-1331298503 tempest-TestImageHashVerification-1331298503-project-member] RESP STATUS: 201 Created {{(pid=99912) http_log /opt/stack/data/venv/lib/python3.12/site-packages/swiftclient/client.py:161}}
Jul 29 15:24:38.821783 np0000006092 devstack@g-api.service[99912]: DEBUG swiftclient [None req-e78b56e1-6a5a-4c99-8d3d-6b30d24abcdd tempest-TestImageHashVerification-1331298503 tempest-TestImageHashVerification-1331298503-project-member] RESP HEADERS: {'Date': 'Wed, 29 Jul 2026 15:24:38 GMT', 'Server': 'Apache/2.4.58 (Ubuntu)', 'Content-Type': 'text/html; charset=UTF-8', 'Content-Length': '0', 'Etag': 'eda9a9889837ac4bc81d6387d92c1bec', 'Last-Modified': 'Wed, 29 Jul 2026 15:24:37 GMT', 'X-Trans-Id': 'tx9212bd7481d24451bb854-006a6a1b34', 'X-Openstack-Request-Id': 'tx9212bd7481d24451bb854-006a6a1b34', 'Connection': 'close'} {{(pid=99912) http_log /opt/stack/data/venv/lib/python3.12/site-packages/swiftclient/client.py:162}}
Jul 29 15:24:38.822265 np0000006092 devstack@g-api.service[99912]: DEBUG glance_store._drivers.swift.store [None req-e78b56e1-6a5a-4c99-8d3d-6b30d24abcdd tempest-TestImageHashVerification-1331298503 tempest-TestImageHashVerification-1331298503-project-member] Wrote chunk 2c82a579-30f8-47bb-9826-1ae03da55bbe-00001 (1/?) of length 204800000 to Swift returning MD5 of content: eda9a9889837ac4bc81d6387d92c1bec {{(pid=99912) add /opt/stack/data/venv/lib/python3.12/site-packages/glance_store/_drivers/swift/store.py:1059}}
Jul 29 15:24:39.059221 np0000006092 devstack@g-api.service[99911]: DEBUG glance.api.middleware.version_negotiation [None req-fe1b246c-e1bf-4189-9b12-c78a05039493 tempest-VolumesActionsTest-712412098 tempest-VolumesActionsTest-712412098-project-member] Determining version of request: GET /v2/images/2c82a579-30f8-47bb-9826-1ae03da55bbe Accept: application/json {{(pid=99911) process_request /opt/stack/glance/glance/api/middleware/version_negotiation.py:44}}
Jul 29 15:24:39.059324 np0000006092 devstack@g-api.service[99911]: DEBUG glance.api.middleware.version_negotiation [None req-fe1b246c-e1bf-4189-9b12-c78a05039493 tempest-VolumesActionsTest-712412098 tempest-VolumesActionsTest-712412098-project-member] Using url versioning {{(pid=99911) process_request /opt/stack/glance/glance/api/middleware/version_negotiation.py:57}}
Jul 29 15:24:39.059395 np0000006092 devstack@g-api.service[99911]: DEBUG glance.api.middleware.version_negotiation [None req-fe1b246c-e1bf-4189-9b12-c78a05039493 tempest-VolumesActionsTest-712412098 tempest-VolumesActionsTest-712412098-project-member] Matched version: v2 {{(pid=99911) process_request /opt/stack/glance/glance/api/middleware/version_negotiation.py:69}}
Jul 29 15:24:39.059529 np0000006092 devstack@g-api.service[99911]: DEBUG glance.api.middleware.version_negotiation [None req-fe1b246c-e1bf-4189-9b12-c78a05039493 tempest-VolumesActionsTest-712412098 tempest-VolumesActionsTest-712412098-project-member] new path /v2/images/2c82a579-30f8-47bb-9826-1ae03da55bbe {{(pid=99911) process_request /opt/stack/glance/glance/api/middleware/version_negotiation.py:70}}
Jul 29 15:24:39.069449 np0000006092 devstack@g-api.service[99911]: [pid: 99911|app: 0|req: 77/224] 127.0.0.1 () {40 vars in 838 bytes} [Wed Jul 29 15:24:39 2026] GET /v2/images/2c82a579-30f8-47bb-9826-1ae03da55bbe => generated 649 bytes in 10 msecs (HTTP/1.1 200) 4 headers in 157 bytes (1 switches on core 0)
Jul 29 15:24:40.080197 np0000006092 devstack@g-api.service[99913]: DEBUG glance.api.middleware.version_negotiation [None req-fe1b246c-e1bf-4189-9b12-c78a05039493 tempest-VolumesActionsTest-712412098 tempest-VolumesActionsTest-712412098-project-member] Determining version of request: GET /v2/images/2c82a579-30f8-47bb-9826-1ae03da55bbe Accept: application/json {{(pid=99913) process_request /opt/stack/glance/glance/api/middleware/version_negotiation.py:44}}
Jul 29 15:24:40.080532 np0000006092 devstack@g-api.service[99913]: DEBUG glance.api.middleware.version_negotiation [None req-fe1b246c-e1bf-4189-9b12-c78a05039493 tempest-VolumesActionsTest-712412098 tempest-VolumesActionsTest-712412098-project-member] Using url versioning {{(pid=99913) process_request /opt/stack/glance/glance/api/middleware/version_negotiation.py:57}}
Jul 29 15:24:40.080532 np0000006092 devstack@g-api.service[99913]: DEBUG glance.api.middleware.version_negotiation [None req-fe1b246c-e1bf-4189-9b12-c78a05039493 tempest-VolumesActionsTest-712412098 tempest-VolumesActionsTest-712412098-project-member] Matched version: v2 {{(pid=99913) process_request /opt/stack/glance/glance/api/middleware/version_negotiation.py:69}}
Jul 29 15:24:40.080650 np0000006092 devstack@g-api.service[99913]: DEBUG glance.api.middleware.version_negotiation [None req-fe1b246c-e1bf-4189-9b12-c78a05039493 tempest-VolumesActionsTest-712412098 tempest-VolumesActionsTest-712412098-project-member] new path /v2/images/2c82a579-30f8-47bb-9826-1ae03da55bbe {{(pid=99913) process_request /opt/stack/glance/glance/api/middleware/version_negotiation.py:70}}
Jul 29 15:24:40.095811 np0000006092 devstack@g-api.service[99913]: [pid: 99913|app: 0|req: 73/225] 127.0.0.1 () {40 vars in 838 bytes} [Wed Jul 29 15:24:40 2026] GET /v2/images/2c82a579-30f8-47bb-9826-1ae03da55bbe => generated 649 bytes in 16 msecs (HTTP/1.1 200) 4 headers in 157 bytes (1 switches on core 0)
Jul 29 15:24:40.917165 np0000006092 devstack@g-api.service[99912]: DEBUG swiftclient [None req-e78b56e1-6a5a-4c99-8d3d-6b30d24abcdd tempest-TestImageHashVerification-1331298503 tempest-TestImageHashVerification-1331298503-project-member] REQ: curl -i https://10.4.3.104:8080/v1/AUTH_7cd3c494d45c455bb92c562407b44897/glance/2c82a579-30f8-47bb-9826-1ae03da55bbe-00002 -X PUT -H "X-Auth-Token: gAAAAABqahs0F2N2..." {{(pid=99912) http_log /opt/stack/data/venv/lib/python3.12/site-packages/swiftclient/client.py:160}}
Jul 29 15:24:40.917586 np0000006092 devstack@g-api.service[99912]: DEBUG swiftclient [None req-e78b56e1-6a5a-4c99-8d3d-6b30d24abcdd tempest-TestImageHashVerification-1331298503 tempest-TestImageHashVerification-1331298503-project-member] RESP STATUS: 201 Created {{(pid=99912) http_log /opt/stack/data/venv/lib/python3.12/site-packages/swiftclient/client.py:161}}
Jul 29 15:24:40.917586 np0000006092 devstack@g-api.service[99912]: DEBUG swiftclient [None req-e78b56e1-6a5a-4c99-8d3d-6b30d24abcdd tempest-TestImageHashVerification-1331298503 tempest-TestImageHashVerification-1331298503-project-member] RESP HEADERS: {'Date': 'Wed, 29 Jul 2026 15:24:40 GMT', 'Server': 'Apache/2.4.58 (Ubuntu)', 'Content-Type': 'text/html; charset=UTF-8', 'Content-Length': '0', 'Etag': 'eda9a9889837ac4bc81d6387d92c1bec', 'Last-Modified': 'Wed, 29 Jul 2026 15:24:39 GMT', 'X-Trans-Id': 'tx5d2075792685445fa3468-006a6a1b36', 'X-Openstack-Request-Id': 'tx5d2075792685445fa3468-006a6a1b36', 'Connection': 'close'} {{(pid=99912) http_log /opt/stack/data/venv/lib/python3.12/site-packages/swiftclient/client.py:162}}
Jul 29 15:24:40.917586 np0000006092 devstack@g-api.service[99912]: DEBUG glance_store._drivers.swift.store [None req-e78b56e1-6a5a-4c99-8d3d-6b30d24abcdd tempest-TestImageHashVerification-1331298503 tempest-TestImageHashVerification-1331298503-project-member] Wrote chunk 2c82a579-30f8-47bb-9826-1ae03da55bbe-00002 (2/?) of length 204800000 to Swift returning MD5 of content: eda9a9889837ac4bc81d6387d92c1bec {{(pid=99912) add /opt/stack/data/venv/lib/python3.12/site-packages/glance_store/_drivers/swift/store.py:1059}}
Jul 29 15:24:41.106788 np0000006092 devstack@g-api.service[99911]: DEBUG glance.api.middleware.version_negotiation [None req-8d80ffe7-db82-48de-8334-7de6af5065ae tempest-TestImageHashVerification-1331298503 tempest-TestImageHashVerification-1331298503-project-member] Determining version of request: GET /v2/images/2c82a579-30f8-47bb-9826-1ae03da55bbe Accept: application/json {{(pid=99911) process_request /opt/stack/glance/glance/api/middleware/version_negotiation.py:44}}
Jul 29 15:24:41.107154 np0000006092 devstack@g-api.service[99911]: DEBUG glance.api.middleware.version_negotiation [None req-8d80ffe7-db82-48de-8334-7de6af5065ae tempest-TestImageHashVerification-1331298503 tempest-TestImageHashVerification-1331298503-project-member] Using url versioning {{(pid=99911) process_request /opt/stack/glance/glance/api/middleware/version_negotiation.py:57}}
Jul 29 15:24:41.107154 np0000006092 devstack@g-api.service[99911]: DEBUG glance.api.middleware.version_negotiation [None req-8d80ffe7-db82-48de-8334-7de6af5065ae tempest-TestImageHashVerification-1331298503 tempest-TestImageHashVerification-1331298503-project-member] Matched version: v2 {{(pid=99911) process_request /opt/stack/glance/glance/api/middleware/version_negotiation.py:69}}
Jul 29 15:24:41.107305 np0000006092 devstack@g-api.service[99911]: DEBUG glance.api.middleware.version_negotiation [None req-8d80ffe7-db82-48de-8334-7de6af5065ae tempest-TestImageHashVerification-1331298503 tempest-TestImageHashVerification-1331298503-project-member] new path /v2/images/2c82a579-30f8-47bb-9826-1ae03da55bbe {{(pid=99911) process_request /opt/stack/glance/glance/api/middleware/version_negotiation.py:70}}
Jul 29 15:24:41.130613 np0000006092 devstack@g-api.service[99911]: [pid: 99911|app: 0|req: 78/226] 127.0.0.1 () {40 vars in 838 bytes} [Wed Jul 29 15:24:41 2026] GET /v2/images/2c82a579-30f8-47bb-9826-1ae03da55bbe => generated 649 bytes in 24 msecs (HTTP/1.1 200) 4 headers in 157 bytes (1 switches on core 0)
Jul 29 15:24:42.140513 np0000006092 devstack@g-api.service[99913]: DEBUG glance.api.middleware.version_negotiation [None req-03ad615f-ed37-42c0-a1fc-800486d14734 tempest-TestImageHashVerification-1331298503 tempest-TestImageHashVerification-1331298503-project-member] Determining version of request: GET /v2/images/2c82a579-30f8-47bb-9826-1ae03da55bbe Accept: application/json {{(pid=99913) process_request /opt/stack/glance/glance/api/middleware/version_negotiation.py:44}}
Jul 29 15:24:42.140889 np0000006092 devstack@g-api.service[99913]: DEBUG glance.api.middleware.version_negotiation [None req-03ad615f-ed37-42c0-a1fc-800486d14734 tempest-TestImageHashVerification-1331298503 tempest-TestImageHashVerification-1331298503-project-member] Using url versioning {{(pid=99913) process_request /opt/stack/glance/glance/api/middleware/version_negotiation.py:57}}
Jul 29 15:24:42.140889 np0000006092 devstack@g-api.service[99913]: DEBUG glance.api.middleware.version_negotiation [None req-03ad615f-ed37-42c0-a1fc-800486d14734 tempest-TestImageHashVerification-1331298503 tempest-TestImageHashVerification-1331298503-project-member] Matched version: v2 {{(pid=99913) process_request /opt/stack/glance/glance/api/middleware/version_negotiation.py:69}}
Jul 29 15:24:42.141039 np0000006092 devstack@g-api.service[99913]: DEBUG glance.api.middleware.version_negotiation [None req-03ad615f-ed37-42c0-a1fc-800486d14734 tempest-TestImageHashVerification-1331298503 tempest-TestImageHashVerification-1331298503-project-member] new path /v2/images/2c82a579-30f8-47bb-9826-1ae03da55bbe {{(pid=99913) process_request /opt/stack/glance/glance/api/middleware/version_negotiation.py:70}}
Jul 29 15:24:42.157562 np0000006092 devstack@g-api.service[99913]: [pid: 99913|app: 0|req: 74/227] 127.0.0.1 () {40 vars in 838 bytes} [Wed Jul 29 15:24:42 2026] GET /v2/images/2c82a579-30f8-47bb-9826-1ae03da55bbe => generated 649 bytes in 17 msecs (HTTP/1.1 200) 4 headers in 157 bytes (1 switches on core 0)
Jul 29 15:24:43.135013 np0000006092 devstack@g-api.service[99912]: DEBUG swiftclient [None req-e78b56e1-6a5a-4c99-8d3d-6b30d24abcdd tempest-TestImageHashVerification-1331298503 tempest-TestImageHashVerification-1331298503-project-member] REQ: curl -i https://10.4.3.104:8080/v1/AUTH_7cd3c494d45c455bb92c562407b44897/glance/2c82a579-30f8-47bb-9826-1ae03da55bbe-00003 -X PUT -H "X-Auth-Token: gAAAAABqahs0F2N2..." {{(pid=99912) http_log /opt/stack/data/venv/lib/python3.12/site-packages/swiftclient/client.py:160}}
Jul 29 15:24:43.135414 np0000006092 devstack@g-api.service[99912]: DEBUG swiftclient [None req-e78b56e1-6a5a-4c99-8d3d-6b30d24abcdd tempest-TestImageHashVerification-1331298503 tempest-TestImageHashVerification-1331298503-project-member] RESP STATUS: 201 Created {{(pid=99912) http_log /opt/stack/data/venv/lib/python3.12/site-packages/swiftclient/client.py:161}}
Jul 29 15:24:43.135414 np0000006092 devstack@g-api.service[99912]: DEBUG swiftclient [None req-e78b56e1-6a5a-4c99-8d3d-6b30d24abcdd tempest-TestImageHashVerification-1331298503 tempest-TestImageHashVerification-1331298503-project-member] RESP HEADERS: {'Date': 'Wed, 29 Jul 2026 15:24:43 GMT', 'Server': 'Apache/2.4.58 (Ubuntu)', 'Content-Type': 'text/html; charset=UTF-8', 'Content-Length': '0', 'Etag': 'eda9a9889837ac4bc81d6387d92c1bec', 'Last-Modified': 'Wed, 29 Jul 2026 15:24:41 GMT', 'X-Trans-Id': 'tx47c2e56d9e9c471ca8a40-006a6a1b38', 'X-Openstack-Request-Id': 'tx47c2e56d9e9c471ca8a40-006a6a1b38', 'Connection': 'close'} {{(pid=99912) http_log /opt/stack/data/venv/lib/python3.12/site-packages/swiftclient/client.py:162}}
Jul 29 15:24:43.135544 np0000006092 devstack@g-api.service[99912]: DEBUG glance_store._drivers.swift.store [None req-e78b56e1-6a5a-4c99-8d3d-6b30d24abcdd tempest-TestImageHashVerification-1331298503 tempest-TestImageHashVerification-1331298503-project-member] Wrote chunk 2c82a579-30f8-47bb-9826-1ae03da55bbe-00003 (3/?) of length 204800000 to Swift returning MD5 of content: eda9a9889837ac4bc81d6387d92c1bec {{(pid=99912) add /opt/stack/data/venv/lib/python3.12/site-packages/glance_store/_drivers/swift/store.py:1059}}
Jul 29 15:24:43.165628 np0000006092 devstack@g-api.service[99911]: DEBUG glance.api.middleware.version_negotiation [None req-b650b321-506d-46f1-82f3-b7194cc3b17a tempest-TestImageHashVerification-1331298503 tempest-TestImageHashVerification-1331298503-project-member] Determining version of request: GET /v2/images/2c82a579-30f8-47bb-9826-1ae03da55bbe Accept: application/json {{(pid=99911) process_request /opt/stack/glance/glance/api/middleware/version_negotiation.py:44}}
Jul 29 15:24:43.166079 np0000006092 devstack@g-api.service[99911]: DEBUG glance.api.middleware.version_negotiation [None req-b650b321-506d-46f1-82f3-b7194cc3b17a tempest-TestImageHashVerification-1331298503 tempest-TestImageHashVerification-1331298503-project-member] Using url versioning {{(pid=99911) process_request /opt/stack/glance/glance/api/middleware/version_negotiation.py:57}}
Jul 29 15:24:43.166079 np0000006092 devstack@g-api.service[99911]: DEBUG glance.api.middleware.version_negotiation [None req-b650b321-506d-46f1-82f3-b7194cc3b17a tempest-TestImageHashVerification-1331298503 tempest-TestImageHashVerification-1331298503-project-member] Matched version: v2 {{(pid=99911) process_request /opt/stack/glance/glance/api/middleware/version_negotiation.py:69}}
Jul 29 15:24:43.166079 np0000006092 devstack@g-api.service[99911]: DEBUG glance.api.middleware.version_negotiation [None req-b650b321-506d-46f1-82f3-b7194cc3b17a tempest-TestImageHashVerification-1331298503 tempest-TestImageHashVerification-1331298503-project-member] new path /v2/images/2c82a579-30f8-47bb-9826-1ae03da55bbe {{(pid=99911) process_request /opt/stack/glance/glance/api/middleware/version_negotiation.py:70}}
Jul 29 15:24:43.183498 np0000006092 devstack@g-api.service[99911]: [pid: 99911|app: 0|req: 79/228] 127.0.0.1 () {40 vars in 838 bytes} [Wed Jul 29 15:24:43 2026] GET /v2/images/2c82a579-30f8-47bb-9826-1ae03da55bbe => generated 649 bytes in 17 msecs (HTTP/1.1 200) 4 headers in 157 bytes (1 switches on core 0)
Jul 29 15:24:44.198571 np0000006092 devstack@g-api.service[99913]: DEBUG glance.api.middleware.version_negotiation [None req-defec7a0-2d0f-4c4d-90ff-30caa47b1b35 tempest-TestImageHashVerification-1331298503 tempest-TestImageHashVerification-1331298503-project-member] Determining version of request: GET /v2/images/2c82a579-30f8-47bb-9826-1ae03da55bbe Accept: application/json {{(pid=99913) process_request /opt/stack/glance/glance/api/middleware/version_negotiation.py:44}}
Jul 29 15:24:44.200441 np0000006092 devstack@g-api.service[99913]: DEBUG glance.api.middleware.version_negotiation [None req-defec7a0-2d0f-4c4d-90ff-30caa47b1b35 tempest-TestImageHashVerification-1331298503 tempest-TestImageHashVerification-1331298503-project-member] Using url versioning {{(pid=99913) process_request /opt/stack/glance/glance/api/middleware/version_negotiation.py:57}}
Jul 29 15:24:44.200441 np0000006092 devstack@g-api.service[99913]: DEBUG glance.api.middleware.version_negotiation [None req-defec7a0-2d0f-4c4d-90ff-30caa47b1b35 tempest-TestImageHashVerification-1331298503 tempest-TestImageHashVerification-1331298503-project-member] Matched version: v2 {{(pid=99913) process_request /opt/stack/glance/glance/api/middleware/version_negotiation.py:69}}
Jul 29 15:24:44.200441 np0000006092 devstack@g-api.service[99913]: DEBUG glance.api.middleware.version_negotiation [None req-defec7a0-2d0f-4c4d-90ff-30caa47b1b35 tempest-TestImageHashVerification-1331298503 tempest-TestImageHashVerification-1331298503-project-member] new path /v2/images/2c82a579-30f8-47bb-9826-1ae03da55bbe {{(pid=99913) process_request /opt/stack/glance/glance/api/middleware/version_negotiation.py:70}}
Jul 29 15:24:44.211438 np0000006092 devstack@g-api.service[99913]: [pid: 99913|app: 0|req: 75/229] 127.0.0.1 () {40 vars in 838 bytes} [Wed Jul 29 15:24:44 2026] GET /v2/images/2c82a579-30f8-47bb-9826-1ae03da55bbe => generated 649 bytes in 13 msecs (HTTP/1.1 200) 4 headers in 157 bytes (1 switches on core 0)
Jul 29 15:24:45.226230 np0000006092 devstack@g-api.service[99911]: DEBUG glance.api.middleware.version_negotiation [None req-ab6c45ea-aa1d-4a44-8f5b-38226c8adb9d tempest-TestImageHashVerification-1331298503 tempest-TestImageHashVerification-1331298503-project-member] Determining version of request: GET /v2/images/2c82a579-30f8-47bb-9826-1ae03da55bbe Accept: application/json {{(pid=99911) process_request /opt/stack/glance/glance/api/middleware/version_negotiation.py:44}}
Jul 29 15:24:45.226612 np0000006092 devstack@g-api.service[99911]: DEBUG glance.api.middleware.version_negotiation [None req-ab6c45ea-aa1d-4a44-8f5b-38226c8adb9d tempest-TestImageHashVerification-1331298503 tempest-TestImageHashVerification-1331298503-project-member] Using url versioning {{(pid=99911) process_request /opt/stack/glance/glance/api/middleware/version_negotiation.py:57}}
Jul 29 15:24:45.226612 np0000006092 devstack@g-api.service[99911]: DEBUG glance.api.middleware.version_negotiation [None req-ab6c45ea-aa1d-4a44-8f5b-38226c8adb9d tempest-TestImageHashVerification-1331298503 tempest-TestImageHashVerification-1331298503-project-member] Matched version: v2 {{(pid=99911) process_request /opt/stack/glance/glance/api/middleware/version_negotiation.py:69}}
Jul 29 15:24:45.226694 np0000006092 devstack@g-api.service[99911]: DEBUG glance.api.middleware.version_negotiation [None req-ab6c45ea-aa1d-4a44-8f5b-38226c8adb9d tempest-TestImageHashVerification-1331298503 tempest-TestImageHashVerification-1331298503-project-member] new path /v2/images/2c82a579-30f8-47bb-9826-1ae03da55bbe {{(pid=99911) process_request /opt/stack/glance/glance/api/middleware/version_negotiation.py:70}}
Jul 29 15:24:45.247565 np0000006092 devstack@g-api.service[99911]: [pid: 99911|app: 0|req: 80/230] 127.0.0.1 () {40 vars in 838 bytes} [Wed Jul 29 15:24:45 2026] GET /v2/images/2c82a579-30f8-47bb-9826-1ae03da55bbe => generated 649 bytes in 21 msecs (HTTP/1.1 200) 4 headers in 157 bytes (1 switches on core 0)
Jul 29 15:24:45.590096 np0000006092 devstack@g-api.service[99912]: DEBUG swiftclient [None req-e78b56e1-6a5a-4c99-8d3d-6b30d24abcdd tempest-TestImageHashVerification-1331298503 tempest-TestImageHashVerification-1331298503-project-member] REQ: curl -i https://10.4.3.104:8080/v1/AUTH_7cd3c494d45c455bb92c562407b44897/glance/2c82a579-30f8-47bb-9826-1ae03da55bbe-00004 -X PUT -H "X-Auth-Token: gAAAAABqahs0F2N2..." {{(pid=99912) http_log /opt/stack/data/venv/lib/python3.12/site-packages/swiftclient/client.py:160}}
Jul 29 15:24:45.590096 np0000006092 devstack@g-api.service[99912]: DEBUG swiftclient [None req-e78b56e1-6a5a-4c99-8d3d-6b30d24abcdd tempest-TestImageHashVerification-1331298503 tempest-TestImageHashVerification-1331298503-project-member] RESP STATUS: 201 Created {{(pid=99912) http_log /opt/stack/data/venv/lib/python3.12/site-packages/swiftclient/client.py:161}}
Jul 29 15:24:45.590096 np0000006092 devstack@g-api.service[99912]: DEBUG swiftclient [None req-e78b56e1-6a5a-4c99-8d3d-6b30d24abcdd tempest-TestImageHashVerification-1331298503 tempest-TestImageHashVerification-1331298503-project-member] RESP HEADERS: {'Date': 'Wed, 29 Jul 2026 15:24:45 GMT', 'Server': 'Apache/2.4.58 (Ubuntu)', 'Content-Type': 'text/html; charset=UTF-8', 'Content-Length': '0', 'Etag': 'eda9a9889837ac4bc81d6387d92c1bec', 'Last-Modified': 'Wed, 29 Jul 2026 15:24:44 GMT', 'X-Trans-Id': 'txf22cdebaf762428aa4527-006a6a1b3b', 'X-Openstack-Request-Id': 'txf22cdebaf762428aa4527-006a6a1b3b', 'Connection': 'close'} {{(pid=99912) http_log /opt/stack/data/venv/lib/python3.12/site-packages/swiftclient/client.py:162}}
Jul 29 15:24:45.590096 np0000006092 devstack@g-api.service[99912]: DEBUG glance_store._drivers.swift.store [None req-e78b56e1-6a5a-4c99-8d3d-6b30d24abcdd tempest-TestImageHashVerification-1331298503 tempest-TestImageHashVerification-1331298503-project-member] Wrote chunk 2c82a579-30f8-47bb-9826-1ae03da55bbe-00004 (4/?) of length 204800000 to Swift returning MD5 of content: eda9a9889837ac4bc81d6387d92c1bec {{(pid=99912) add /opt/stack/data/venv/lib/python3.12/site-packages/glance_store/_drivers/swift/store.py:1059}}
Jul 29 15:24:45.873465 np0000006092 devstack@g-api.service[99913]: DEBUG glance.api.middleware.version_negotiation [None req-6ec381e0-78e4-4ed0-9bf6-057e30c93e7c tempest-TestImageHashVerification-1331298503 tempest-TestImageHashVerification-1331298503-project-member] Determining version of request: GET /v2/images/db85ece9-2cdc-4bbc-9f3b-51f31c77dcda Accept: */* {{(pid=99913) process_request /opt/stack/glance/glance/api/middleware/version_negotiation.py:44}}
Jul 29 15:24:45.873836 np0000006092 devstack@g-api.service[99913]: DEBUG glance.api.middleware.version_negotiation [None req-6ec381e0-78e4-4ed0-9bf6-057e30c93e7c tempest-TestImageHashVerification-1331298503 tempest-TestImageHashVerification-1331298503-project-member] Using url versioning {{(pid=99913) process_request /opt/stack/glance/glance/api/middleware/version_negotiation.py:57}}
Jul 29 15:24:45.873836 np0000006092 devstack@g-api.service[99913]: DEBUG glance.api.middleware.version_negotiation [None req-6ec381e0-78e4-4ed0-9bf6-057e30c93e7c tempest-TestImageHashVerification-1331298503 tempest-TestImageHashVerification-1331298503-project-member] Matched version: v2 {{(pid=99913) process_request /opt/stack/glance/glance/api/middleware/version_negotiation.py:69}}
Jul 29 15:24:45.873836 np0000006092 devstack@g-api.service[99913]: DEBUG glance.api.middleware.version_negotiation [None req-6ec381e0-78e4-4ed0-9bf6-057e30c93e7c tempest-TestImageHashVerification-1331298503 tempest-TestImageHashVerification-1331298503-project-member] new path /v2/images/db85ece9-2cdc-4bbc-9f3b-51f31c77dcda {{(pid=99913) process_request /opt/stack/glance/glance/api/middleware/version_negotiation.py:70}}
Jul 29 15:24:45.905187 np0000006092 devstack@g-api.service[99913]: [pid: 99913|app: 0|req: 76/231] 127.0.0.1 () {44 vars in 1115 bytes} [Wed Jul 29 15:24:45 2026] GET /v2/images/db85ece9-2cdc-4bbc-9f3b-51f31c77dcda => generated 1044 bytes in 32 msecs (HTTP/1.1 200) 4 headers in 158 bytes (1 switches on core 0)
Jul 29 15:24:45.992104 np0000006092 devstack@g-api.service[99911]: DEBUG glance.api.middleware.version_negotiation [None req-f039a543-be34-48a4-af67-9c5fa4e93114 tempest-TestImageHashVerification-1331298503 tempest-TestImageHashVerification-1331298503-project-member] Determining version of request: GET /v2/schemas/image Accept: */* {{(pid=99911) process_request /opt/stack/glance/glance/api/middleware/version_negotiation.py:44}}
Jul 29 15:24:45.992370 np0000006092 devstack@g-api.service[99911]: DEBUG glance.api.middleware.version_negotiation [None req-f039a543-be34-48a4-af67-9c5fa4e93114 tempest-TestImageHashVerification-1331298503 tempest-TestImageHashVerification-1331298503-project-member] Using url versioning {{(pid=99911) process_request /opt/stack/glance/glance/api/middleware/version_negotiation.py:57}}
Jul 29 15:24:45.992505 np0000006092 devstack@g-api.service[99911]: DEBUG glance.api.middleware.version_negotiation [None req-f039a543-be34-48a4-af67-9c5fa4e93114 tempest-TestImageHashVerification-1331298503 tempest-TestImageHashVerification-1331298503-project-member] Matched version: v2 {{(pid=99911) process_request /opt/stack/glance/glance/api/middleware/version_negotiation.py:69}}
Jul 29 15:24:45.992668 np0000006092 devstack@g-api.service[99911]: DEBUG glance.api.middleware.version_negotiation [None req-f039a543-be34-48a4-af67-9c5fa4e93114 tempest-TestImageHashVerification-1331298503 tempest-TestImageHashVerification-1331298503-project-member] new path /v2/schemas/image {{(pid=99911) process_request /opt/stack/glance/glance/api/middleware/version_negotiation.py:70}}
Jul 29 15:24:46.001265 np0000006092 devstack@g-api.service[99911]: [pid: 99911|app: 0|req: 81/232] 127.0.0.1 () {44 vars in 1055 bytes} [Wed Jul 29 15:24:45 2026] GET /v2/schemas/image => generated 6083 bytes in 9 msecs (HTTP/1.1 200) 4 headers in 158 bytes (1 switches on core 0)
Jul 29 15:24:46.225269 np0000006092 devstack@g-api.service[99912]: DEBUG dbcounter [-] [99912] Writing DB stats glance:SELECT=14,glance:INSERT=1,glance:UPDATE=1 {{(pid=99912) stat_writer /opt/stack/data/venv/lib/python3.12/site-packages/dbcounter.py:115}}
Jul 29 15:24:46.263860 np0000006092 devstack@g-api.service[99913]: DEBUG glance.api.middleware.version_negotiation [None req-9199fb88-99ca-4434-ad6a-657c95cff868 tempest-ServerActionsTestOtherA-1381122224 tempest-ServerActionsTestOtherA-1381122224-project-member] Determining version of request: GET /v2/images/2c82a579-30f8-47bb-9826-1ae03da55bbe Accept: application/json {{(pid=99913) process_request /opt/stack/glance/glance/api/middleware/version_negotiation.py:44}}
Jul 29 15:24:46.264800 np0000006092 devstack@g-api.service[99913]: DEBUG glance.api.middleware.version_negotiation [None req-9199fb88-99ca-4434-ad6a-657c95cff868 tempest-ServerActionsTestOtherA-1381122224 tempest-ServerActionsTestOtherA-1381122224-project-member] Using url versioning {{(pid=99913) process_request /opt/stack/glance/glance/api/middleware/version_negotiation.py:57}}
Jul 29 15:24:46.264800 np0000006092 devstack@g-api.service[99913]: DEBUG glance.api.middleware.version_negotiation [None req-9199fb88-99ca-4434-ad6a-657c95cff868 tempest-ServerActionsTestOtherA-1381122224 tempest-ServerActionsTestOtherA-1381122224-project-member] Matched version: v2 {{(pid=99913) process_request /opt/stack/glance/glance/api/middleware/version_negotiation.py:69}}
Jul 29 15:24:46.264800 np0000006092 devstack@g-api.service[99913]: DEBUG glance.api.middleware.version_negotiation [None req-9199fb88-99ca-4434-ad6a-657c95cff868 tempest-ServerActionsTestOtherA-1381122224 tempest-ServerActionsTestOtherA-1381122224-project-member] new path /v2/images/2c82a579-30f8-47bb-9826-1ae03da55bbe {{(pid=99913) process_request /opt/stack/glance/glance/api/middleware/version_negotiation.py:70}}
Jul 29 15:24:46.287002 np0000006092 devstack@g-api.service[99913]: [pid: 99913|app: 0|req: 77/233] 127.0.0.1 () {40 vars in 838 bytes} [Wed Jul 29 15:24:46 2026] GET /v2/images/2c82a579-30f8-47bb-9826-1ae03da55bbe => generated 649 bytes in 23 msecs (HTTP/1.1 200) 4 headers in 157 bytes (1 switches on core 0)
Jul 29 15:24:47.299870 np0000006092 devstack@g-api.service[99911]: DEBUG glance.api.middleware.version_negotiation [None req-9199fb88-99ca-4434-ad6a-657c95cff868 tempest-ServerActionsTestOtherA-1381122224 tempest-ServerActionsTestOtherA-1381122224-project-member] Determining version of request: GET /v2/images/2c82a579-30f8-47bb-9826-1ae03da55bbe Accept: application/json {{(pid=99911) process_request /opt/stack/glance/glance/api/middleware/version_negotiation.py:44}}
Jul 29 15:24:47.299870 np0000006092 devstack@g-api.service[99911]: DEBUG glance.api.middleware.version_negotiation [None req-9199fb88-99ca-4434-ad6a-657c95cff868 tempest-ServerActionsTestOtherA-1381122224 tempest-ServerActionsTestOtherA-1381122224-project-member] Using url versioning {{(pid=99911) process_request /opt/stack/glance/glance/api/middleware/version_negotiation.py:57}}
Jul 29 15:24:47.299870 np0000006092 devstack@g-api.service[99911]: DEBUG glance.api.middleware.version_negotiation [None req-9199fb88-99ca-4434-ad6a-657c95cff868 tempest-ServerActionsTestOtherA-1381122224 tempest-ServerActionsTestOtherA-1381122224-project-member] Matched version: v2 {{(pid=99911) process_request /opt/stack/glance/glance/api/middleware/version_negotiation.py:69}}
Jul 29 15:24:47.299870 np0000006092 devstack@g-api.service[99911]: DEBUG glance.api.middleware.version_negotiation [None req-9199fb88-99ca-4434-ad6a-657c95cff868 tempest-ServerActionsTestOtherA-1381122224 tempest-ServerActionsTestOtherA-1381122224-project-member] new path /v2/images/2c82a579-30f8-47bb-9826-1ae03da55bbe {{(pid=99911) process_request /opt/stack/glance/glance/api/middleware/version_negotiation.py:70}}
Jul 29 15:24:47.338146 np0000006092 devstack@g-api.service[99911]: [pid: 99911|app: 0|req: 82/234] 127.0.0.1 () {40 vars in 838 bytes} [Wed Jul 29 15:24:47 2026] GET /v2/images/2c82a579-30f8-47bb-9826-1ae03da55bbe => generated 649 bytes in 39 msecs (HTTP/1.1 200) 4 headers in 157 bytes (1 switches on core 0)
Jul 29 15:24:48.348774 np0000006092 devstack@g-api.service[99913]: DEBUG glance.api.middleware.version_negotiation [None req-6fad6cec-2fcf-4514-badb-102146ccd0bf tempest-TestImageHashVerification-1331298503 tempest-TestImageHashVerification-1331298503-project-member] Determining version of request: GET /v2/images/2c82a579-30f8-47bb-9826-1ae03da55bbe Accept: application/json {{(pid=99913) process_request /opt/stack/glance/glance/api/middleware/version_negotiation.py:44}}
Jul 29 15:24:48.349385 np0000006092 devstack@g-api.service[99913]: DEBUG glance.api.middleware.version_negotiation [None req-6fad6cec-2fcf-4514-badb-102146ccd0bf tempest-TestImageHashVerification-1331298503 tempest-TestImageHashVerification-1331298503-project-member] Using url versioning {{(pid=99913) process_request /opt/stack/glance/glance/api/middleware/version_negotiation.py:57}}
Jul 29 15:24:48.349385 np0000006092 devstack@g-api.service[99913]: DEBUG glance.api.middleware.version_negotiation [None req-6fad6cec-2fcf-4514-badb-102146ccd0bf tempest-TestImageHashVerification-1331298503 tempest-TestImageHashVerification-1331298503-project-member] Matched version: v2 {{(pid=99913) process_request /opt/stack/glance/glance/api/middleware/version_negotiation.py:69}}
Jul 29 15:24:48.349385 np0000006092 devstack@g-api.service[99913]: DEBUG glance.api.middleware.version_negotiation [None req-6fad6cec-2fcf-4514-badb-102146ccd0bf tempest-TestImageHashVerification-1331298503 tempest-TestImageHashVerification-1331298503-project-member] new path /v2/images/2c82a579-30f8-47bb-9826-1ae03da55bbe {{(pid=99913) process_request /opt/stack/glance/glance/api/middleware/version_negotiation.py:70}}
Jul 29 15:24:48.386698 np0000006092 devstack@g-api.service[99913]: [pid: 99913|app: 0|req: 78/235] 127.0.0.1 () {40 vars in 838 bytes} [Wed Jul 29 15:24:48 2026] GET /v2/images/2c82a579-30f8-47bb-9826-1ae03da55bbe => generated 649 bytes in 38 msecs (HTTP/1.1 200) 4 headers in 157 bytes (1 switches on core 0)
Jul 29 15:24:48.791901 np0000006092 devstack@g-api.service[99912]: DEBUG swiftclient [None req-e78b56e1-6a5a-4c99-8d3d-6b30d24abcdd tempest-TestImageHashVerification-1331298503 tempest-TestImageHashVerification-1331298503-project-member] REQ: curl -i https://10.4.3.104:8080/v1/AUTH_7cd3c494d45c455bb92c562407b44897/glance/2c82a579-30f8-47bb-9826-1ae03da55bbe-00005 -X PUT -H "X-Auth-Token: gAAAAABqahs0F2N2..." {{(pid=99912) http_log /opt/stack/data/venv/lib/python3.12/site-packages/swiftclient/client.py:160}}
Jul 29 15:24:48.792481 np0000006092 devstack@g-api.service[99912]: DEBUG swiftclient [None req-e78b56e1-6a5a-4c99-8d3d-6b30d24abcdd tempest-TestImageHashVerification-1331298503 tempest-TestImageHashVerification-1331298503-project-member] RESP STATUS: 201 Created {{(pid=99912) http_log /opt/stack/data/venv/lib/python3.12/site-packages/swiftclient/client.py:161}}
Jul 29 15:24:48.792697 np0000006092 devstack@g-api.service[99912]: DEBUG swiftclient [None req-e78b56e1-6a5a-4c99-8d3d-6b30d24abcdd tempest-TestImageHashVerification-1331298503 tempest-TestImageHashVerification-1331298503-project-member] RESP HEADERS: {'Date': 'Wed, 29 Jul 2026 15:24:48 GMT', 'Server': 'Apache/2.4.58 (Ubuntu)', 'Content-Type': 'text/html; charset=UTF-8', 'Content-Length': '0', 'Etag': 'eda9a9889837ac4bc81d6387d92c1bec', 'Last-Modified': 'Wed, 29 Jul 2026 15:24:46 GMT', 'X-Trans-Id': 'tx5cc51a6ca9494e5eb3d86-006a6a1b3d', 'X-Openstack-Request-Id': 'tx5cc51a6ca9494e5eb3d86-006a6a1b3d', 'Connection': 'close'} {{(pid=99912) http_log /opt/stack/data/venv/lib/python3.12/site-packages/swiftclient/client.py:162}}
Jul 29 15:24:48.792891 np0000006092 devstack@g-api.service[99912]: DEBUG glance_store._drivers.swift.store [None req-e78b56e1-6a5a-4c99-8d3d-6b30d24abcdd tempest-TestImageHashVerification-1331298503 tempest-TestImageHashVerification-1331298503-project-member] Wrote chunk 2c82a579-30f8-47bb-9826-1ae03da55bbe-00005 (5/?) of length 204800000 to Swift returning MD5 of content: eda9a9889837ac4bc81d6387d92c1bec {{(pid=99912) add /opt/stack/data/venv/lib/python3.12/site-packages/glance_store/_drivers/swift/store.py:1059}}
Jul 29 15:24:49.328669 np0000006092 devstack@g-api.service[99912]: DEBUG swiftclient [None req-e78b56e1-6a5a-4c99-8d3d-6b30d24abcdd tempest-TestImageHashVerification-1331298503 tempest-TestImageHashVerification-1331298503-project-member] REQ: curl -i https://10.4.3.104:8080/v1/AUTH_7cd3c494d45c455bb92c562407b44897/glance/2c82a579-30f8-47bb-9826-1ae03da55bbe-00006 -X PUT -H "X-Auth-Token: gAAAAABqahs0F2N2..." {{(pid=99912) http_log /opt/stack/data/venv/lib/python3.12/site-packages/swiftclient/client.py:160}}
Jul 29 15:24:49.328669 np0000006092 devstack@g-api.service[99912]: DEBUG swiftclient [None req-e78b56e1-6a5a-4c99-8d3d-6b30d24abcdd tempest-TestImageHashVerification-1331298503 tempest-TestImageHashVerification-1331298503-project-member] RESP STATUS: 201 Created {{(pid=99912) http_log /opt/stack/data/venv/lib/python3.12/site-packages/swiftclient/client.py:161}}
Jul 29 15:24:49.328669 np0000006092 devstack@g-api.service[99912]: DEBUG swiftclient [None req-e78b56e1-6a5a-4c99-8d3d-6b30d24abcdd tempest-TestImageHashVerification-1331298503 tempest-TestImageHashVerification-1331298503-project-member] RESP HEADERS: {'Date': 'Wed, 29 Jul 2026 15:24:49 GMT', 'Server': 'Apache/2.4.58 (Ubuntu)', 'Content-Type': 'text/html; charset=UTF-8', 'Content-Length': '0', 'Etag': '708761f3b8777ec77058e63da08eeeb6', 'Last-Modified': 'Wed, 29 Jul 2026 15:24:49 GMT', 'X-Trans-Id': 'tx34119436dcfa48ec9f49a-006a6a1b40', 'X-Openstack-Request-Id': 'tx34119436dcfa48ec9f49a-006a6a1b40', 'Connection': 'close'} {{(pid=99912) http_log /opt/stack/data/venv/lib/python3.12/site-packages/swiftclient/client.py:162}}
Jul 29 15:24:49.328884 np0000006092 devstack@g-api.service[99912]: DEBUG glance_store._drivers.swift.store [None req-e78b56e1-6a5a-4c99-8d3d-6b30d24abcdd tempest-TestImageHashVerification-1331298503 tempest-TestImageHashVerification-1331298503-project-member] Wrote chunk 2c82a579-30f8-47bb-9826-1ae03da55bbe-00006 (6/?) of length 49741824 to Swift returning MD5 of content: 708761f3b8777ec77058e63da08eeeb6 {{(pid=99912) add /opt/stack/data/venv/lib/python3.12/site-packages/glance_store/_drivers/swift/store.py:1059}}
Jul 29 15:24:49.329027 np0000006092 devstack@g-api.service[99912]: DEBUG glance_store._drivers.swift.store [None req-e78b56e1-6a5a-4c99-8d3d-6b30d24abcdd tempest-TestImageHashVerification-1331298503 tempest-TestImageHashVerification-1331298503-project-member] Not writing zero-length chunk. {{(pid=99912) add /opt/stack/data/venv/lib/python3.12/site-packages/glance_store/_drivers/swift/store.py:1028}}
Jul 29 15:24:49.362460 np0000006092 devstack@g-api.service[99912]: DEBUG swiftclient [None req-e78b56e1-6a5a-4c99-8d3d-6b30d24abcdd tempest-TestImageHashVerification-1331298503 tempest-TestImageHashVerification-1331298503-project-member] REQ: curl -i https://10.4.3.104:8080/v1/AUTH_7cd3c494d45c455bb92c562407b44897/glance/2c82a579-30f8-47bb-9826-1ae03da55bbe -X PUT -H "X-Object-Manifest: glance/2c82a579-30f8-47bb-9826-1ae03da55bbe-" -H "X-Auth-Token: gAAAAABqahs0F2N2..." -H "Content-Length: 0" {{(pid=99912) http_log /opt/stack/data/venv/lib/python3.12/site-packages/swiftclient/client.py:160}}
Jul 29 15:24:49.362561 np0000006092 devstack@g-api.service[99912]: DEBUG swiftclient [None req-e78b56e1-6a5a-4c99-8d3d-6b30d24abcdd tempest-TestImageHashVerification-1331298503 tempest-TestImageHashVerification-1331298503-project-member] RESP STATUS: 201 Created {{(pid=99912) http_log /opt/stack/data/venv/lib/python3.12/site-packages/swiftclient/client.py:161}}
Jul 29 15:24:49.362713 np0000006092 devstack@g-api.service[99912]: DEBUG swiftclient [None req-e78b56e1-6a5a-4c99-8d3d-6b30d24abcdd tempest-TestImageHashVerification-1331298503 tempest-TestImageHashVerification-1331298503-project-member] RESP HEADERS: {'Date': 'Wed, 29 Jul 2026 15:24:49 GMT', 'Server': 'Apache/2.4.58 (Ubuntu)', 'Content-Type': 'text/html; charset=UTF-8', 'Content-Length': '0', 'Etag': 'd41d8cd98f00b204e9800998ecf8427e', 'Last-Modified': 'Wed, 29 Jul 2026 15:24:50 GMT', 'X-Trans-Id': 'tx59ef1468c26c48e89e466-006a6a1b41', 'X-Openstack-Request-Id': 'tx59ef1468c26c48e89e466-006a6a1b41', 'Connection': 'close'} {{(pid=99912) http_log /opt/stack/data/venv/lib/python3.12/site-packages/swiftclient/client.py:162}}
Jul 29 15:24:49.363402 np0000006092 devstack@g-api.service[99912]: INFO glance.location [None req-e78b56e1-6a5a-4c99-8d3d-6b30d24abcdd tempest-TestImageHashVerification-1331298503 tempest-TestImageHashVerification-1331298503-project-member] Image format matched and virtual size computed: 1073741824
Jul 29 15:24:49.395569 np0000006092 devstack@g-api.service[99911]: DEBUG glance.api.middleware.version_negotiation [None req-f71e9f33-e788-40f7-a1ce-799f0d8110ff tempest-TestImageHashVerification-1331298503 tempest-TestImageHashVerification-1331298503-project-member] Determining version of request: GET /v2/images/2c82a579-30f8-47bb-9826-1ae03da55bbe Accept: application/json {{(pid=99911) process_request /opt/stack/glance/glance/api/middleware/version_negotiation.py:44}}
Jul 29 15:24:49.396383 np0000006092 devstack@g-api.service[99911]: DEBUG glance.api.middleware.version_negotiation [None req-f71e9f33-e788-40f7-a1ce-799f0d8110ff tempest-TestImageHashVerification-1331298503 tempest-TestImageHashVerification-1331298503-project-member] Using url versioning {{(pid=99911) process_request /opt/stack/glance/glance/api/middleware/version_negotiation.py:57}}
Jul 29 15:24:49.396676 np0000006092 devstack@g-api.service[99911]: DEBUG glance.api.middleware.version_negotiation [None req-f71e9f33-e788-40f7-a1ce-799f0d8110ff tempest-TestImageHashVerification-1331298503 tempest-TestImageHashVerification-1331298503-project-member] Matched version: v2 {{(pid=99911) process_request /opt/stack/glance/glance/api/middleware/version_negotiation.py:69}}
Jul 29 15:24:49.396676 np0000006092 devstack@g-api.service[99911]: DEBUG glance.api.middleware.version_negotiation [None req-f71e9f33-e788-40f7-a1ce-799f0d8110ff tempest-TestImageHashVerification-1331298503 tempest-TestImageHashVerification-1331298503-project-member] new path /v2/images/2c82a579-30f8-47bb-9826-1ae03da55bbe {{(pid=99911) process_request /opt/stack/glance/glance/api/middleware/version_negotiation.py:70}}
Jul 29 15:24:49.402006 np0000006092 devstack@g-api.service[99912]: DEBUG glance_store.backend [None req-e78b56e1-6a5a-4c99-8d3d-6b30d24abcdd tempest-TestImageHashVerification-1331298503 tempest-TestImageHashVerification-1331298503-project-member] Attempting to import store swift {{(pid=99912) _load_store /opt/stack/data/venv/lib/python3.12/site-packages/glance_store/backend.py:215}}
Jul 29 15:24:49.404612 np0000006092 devstack@g-api.service[99912]: DEBUG glance_store.capabilities [None req-e78b56e1-6a5a-4c99-8d3d-6b30d24abcdd tempest-TestImageHashVerification-1331298503 tempest-TestImageHashVerification-1331298503-project-member] Store glance_store._drivers.swift.store.SingleTenantStore doesn't support updating dynamic storage capabilities. Please overwrite 'update_capabilities' method of the store to implement updating logics if needed. {{(pid=99912) update_capabilities /opt/stack/data/venv/lib/python3.12/site-packages/glance_store/capabilities.py:91}}
Jul 29 15:24:49.404964 np0000006092 devstack@g-api.service[99912]: DEBUG glance_store.driver [None req-e78b56e1-6a5a-4c99-8d3d-6b30d24abcdd tempest-TestImageHashVerification-1331298503 tempest-TestImageHashVerification-1331298503-project-member] Late loading location class glance_store._drivers.swift.store.StoreLocation {{(pid=99912) get_store_location_class /opt/stack/data/venv/lib/python3.12/site-packages/glance_store/driver.py:134}}
Jul 29 15:24:49.405162 np0000006092 devstack@g-api.service[99912]: DEBUG glance_store.location [None req-e78b56e1-6a5a-4c99-8d3d-6b30d24abcdd tempest-TestImageHashVerification-1331298503 tempest-TestImageHashVerification-1331298503-project-member] Registering scheme swift+https with {'store': , 'location_class': , 'store_entry': 'swift'} {{(pid=99912) register_scheme_map /opt/stack/data/venv/lib/python3.12/site-packages/glance_store/location.py:146}}
Jul 29 15:24:49.405634 np0000006092 devstack@g-api.service[99912]: DEBUG glance_store.location [None req-e78b56e1-6a5a-4c99-8d3d-6b30d24abcdd tempest-TestImageHashVerification-1331298503 tempest-TestImageHashVerification-1331298503-project-member] Registering scheme swift+https with {'store': , 'location_class': , 'store_entry': 'swift'} {{(pid=99912) register_scheme_map /opt/stack/data/venv/lib/python3.12/site-packages/glance_store/location.py:146}}
Jul 29 15:24:49.406122 np0000006092 devstack@g-api.service[99912]: DEBUG glance_store.location [None req-e78b56e1-6a5a-4c99-8d3d-6b30d24abcdd tempest-TestImageHashVerification-1331298503 tempest-TestImageHashVerification-1331298503-project-member] Registering scheme swift with {'store': , 'location_class': , 'store_entry': 'swift'} {{(pid=99912) register_scheme_map /opt/stack/data/venv/lib/python3.12/site-packages/glance_store/location.py:146}}
Jul 29 15:24:49.406122 np0000006092 devstack@g-api.service[99912]: DEBUG glance_store.location [None req-e78b56e1-6a5a-4c99-8d3d-6b30d24abcdd tempest-TestImageHashVerification-1331298503 tempest-TestImageHashVerification-1331298503-project-member] Registering scheme swift+https with {'store': , 'location_class': , 'store_entry': 'swift'} {{(pid=99912) register_scheme_map /opt/stack/data/venv/lib/python3.12/site-packages/glance_store/location.py:146}}
Jul 29 15:24:49.406122 np0000006092 devstack@g-api.service[99912]: DEBUG glance_store.location [None req-e78b56e1-6a5a-4c99-8d3d-6b30d24abcdd tempest-TestImageHashVerification-1331298503 tempest-TestImageHashVerification-1331298503-project-member] Registering scheme swift with {'store': , 'location_class': , 'store_entry': 'swift'} {{(pid=99912) register_scheme_map /opt/stack/data/venv/lib/python3.12/site-packages/glance_store/location.py:146}}
Jul 29 15:24:49.406423 np0000006092 devstack@g-api.service[99912]: DEBUG glance_store.location [None req-e78b56e1-6a5a-4c99-8d3d-6b30d24abcdd tempest-TestImageHashVerification-1331298503 tempest-TestImageHashVerification-1331298503-project-member] Registering scheme swift+http with {'store': , 'location_class': , 'store_entry': 'swift'} {{(pid=99912) register_scheme_map /opt/stack/data/venv/lib/python3.12/site-packages/glance_store/location.py:146}}
Jul 29 15:24:49.406712 np0000006092 devstack@g-api.service[99912]: DEBUG glance_store.location [None req-e78b56e1-6a5a-4c99-8d3d-6b30d24abcdd tempest-TestImageHashVerification-1331298503 tempest-TestImageHashVerification-1331298503-project-member] Registering scheme swift+https with {'store': , 'location_class': , 'store_entry': 'swift'} {{(pid=99912) register_scheme_map /opt/stack/data/venv/lib/python3.12/site-packages/glance_store/location.py:146}}
Jul 29 15:24:49.406890 np0000006092 devstack@g-api.service[99912]: DEBUG glance_store.location [None req-e78b56e1-6a5a-4c99-8d3d-6b30d24abcdd tempest-TestImageHashVerification-1331298503 tempest-TestImageHashVerification-1331298503-project-member] Registering scheme swift with {'store': , 'location_class': , 'store_entry': 'swift'} {{(pid=99912) register_scheme_map /opt/stack/data/venv/lib/python3.12/site-packages/glance_store/location.py:146}}
Jul 29 15:24:49.407092 np0000006092 devstack@g-api.service[99912]: DEBUG glance_store.location [None req-e78b56e1-6a5a-4c99-8d3d-6b30d24abcdd tempest-TestImageHashVerification-1331298503 tempest-TestImageHashVerification-1331298503-project-member] Registering scheme swift+http with {'store': , 'location_class': , 'store_entry': 'swift'} {{(pid=99912) register_scheme_map /opt/stack/data/venv/lib/python3.12/site-packages/glance_store/location.py:146}}
Jul 29 15:24:49.407286 np0000006092 devstack@g-api.service[99912]: DEBUG glance_store.location [None req-e78b56e1-6a5a-4c99-8d3d-6b30d24abcdd tempest-TestImageHashVerification-1331298503 tempest-TestImageHashVerification-1331298503-project-member] Registering scheme swift+config with {'store': , 'location_class': , 'store_entry': 'swift'} {{(pid=99912) register_scheme_map /opt/stack/data/venv/lib/python3.12/site-packages/glance_store/location.py:146}}
