Jul 26 03:39:11.344007 np0000005858 nova-scheduler[96626]: DEBUG cotyledon.oslo_config_glue [-] workarounds.enable_numa_live_migration = False {{(pid=96626) log_opt_values /opt/stack/data/venv/lib/python3.12/site-packages/oslo_config/cfg.py:3253}}
Jul 26 03:39:11.344007 np0000005858 nova-scheduler[96626]: DEBUG cotyledon.oslo_config_glue [-] workarounds.enable_qemu_monitor_announce_self = False {{(pid=96626) log_opt_values /opt/stack/data/venv/lib/python3.12/site-packages/oslo_config/cfg.py:3253}}
Jul 26 03:39:11.344007 np0000005858 nova-scheduler[96626]: DEBUG cotyledon.oslo_config_glue [-] workarounds.ensure_libvirt_rbd_instance_dir_cleanup = False {{(pid=96626) log_opt_values /opt/stack/data/venv/lib/python3.12/site-packages/oslo_config/cfg.py:3253}}
Jul 26 03:39:11.344007 np0000005858 nova-scheduler[96626]: DEBUG cotyledon.oslo_config_glue [-] workarounds.handle_virt_lifecycle_events = True {{(pid=96626) log_opt_values /opt/stack/data/venv/lib/python3.12/site-packages/oslo_config/cfg.py:3253}}
Jul 26 03:39:11.344007 np0000005858 nova-scheduler[96626]: DEBUG cotyledon.oslo_config_glue [-] workarounds.libvirt_disable_apic = False {{(pid=96626) log_opt_values /opt/stack/data/venv/lib/python3.12/site-packages/oslo_config/cfg.py:3253}}
Jul 26 03:39:11.344007 np0000005858 nova-scheduler[96626]: DEBUG cotyledon.oslo_config_glue [-] workarounds.never_download_image_if_on_rbd = False {{(pid=96626) log_opt_values /opt/stack/data/venv/lib/python3.12/site-packages/oslo_config/cfg.py:3253}}
Jul 26 03:39:11.344007 np0000005858 nova-scheduler[96626]: DEBUG cotyledon.oslo_config_glue [-] workarounds.qemu_monitor_announce_self_count = 3 {{(pid=96626) log_opt_values /opt/stack/data/venv/lib/python3.12/site-packages/oslo_config/cfg.py:3253}}
Jul 26 03:39:11.344007 np0000005858 nova-scheduler[96626]: DEBUG cotyledon.oslo_config_glue [-] workarounds.qemu_monitor_announce_self_interval = 1 {{(pid=96626) log_opt_values /opt/stack/data/venv/lib/python3.12/site-packages/oslo_config/cfg.py:3253}}
Jul 26 03:39:11.344007 np0000005858 nova-scheduler[96626]: DEBUG cotyledon.oslo_config_glue [-] workarounds.reserve_disk_resource_for_image_cache = False {{(pid=96626) log_opt_values /opt/stack/data/venv/lib/python3.12/site-packages/oslo_config/cfg.py:3253}}
Jul 26 03:39:11.344214 np0000005858 nova-scheduler[96626]: DEBUG cotyledon.oslo_config_glue [-] workarounds.skip_cpu_compare_at_startup = False {{(pid=96626) log_opt_values /opt/stack/data/venv/lib/python3.12/site-packages/oslo_config/cfg.py:3253}}
Jul 26 03:39:11.344214 np0000005858 nova-scheduler[96626]: DEBUG cotyledon.oslo_config_glue [-] workarounds.skip_cpu_compare_on_dest = False {{(pid=96626) log_opt_values /opt/stack/data/venv/lib/python3.12/site-packages/oslo_config/cfg.py:3253}}
Jul 26 03:39:11.344214 np0000005858 nova-scheduler[96626]: DEBUG cotyledon.oslo_config_glue [-] workarounds.skip_hypervisor_version_check_on_lm = False {{(pid=96626) log_opt_values /opt/stack/data/venv/lib/python3.12/site-packages/oslo_config/cfg.py:3253}}
Jul 26 03:39:11.344214 np0000005858 nova-scheduler[96626]: DEBUG cotyledon.oslo_config_glue [-] workarounds.skip_reserve_in_use_ironic_nodes = False {{(pid=96626) log_opt_values /opt/stack/data/venv/lib/python3.12/site-packages/oslo_config/cfg.py:3253}}
Jul 26 03:39:11.344214 np0000005858 nova-scheduler[96626]: DEBUG cotyledon.oslo_config_glue [-] workarounds.unified_limits_count_pcpu_as_vcpu = False {{(pid=96626) log_opt_values /opt/stack/data/venv/lib/python3.12/site-packages/oslo_config/cfg.py:3253}}
Jul 26 03:39:11.344214 np0000005858 nova-scheduler[96626]: DEBUG cotyledon.oslo_config_glue [-] workarounds.wait_for_vif_plugged_event_during_hard_reboot = [] {{(pid=96626) log_opt_values /opt/stack/data/venv/lib/python3.12/site-packages/oslo_config/cfg.py:3253}}
Jul 26 03:39:11.344214 np0000005858 nova-scheduler[96626]: DEBUG cotyledon.oslo_config_glue [-] wsgi.api_paste_config = /etc/nova/api-paste.ini {{(pid=96626) log_opt_values /opt/stack/data/venv/lib/python3.12/site-packages/oslo_config/cfg.py:3253}}
Jul 26 03:39:11.344214 np0000005858 nova-scheduler[96626]: DEBUG cotyledon.oslo_config_glue [-] wsgi.secure_proxy_ssl_header = None {{(pid=96626) log_opt_values /opt/stack/data/venv/lib/python3.12/site-packages/oslo_config/cfg.py:3253}}
Jul 26 03:39:11.344214 np0000005858 nova-scheduler[96626]: DEBUG cotyledon.oslo_config_glue [-] zvm.ca_file = None {{(pid=96626) log_opt_values /opt/stack/data/venv/lib/python3.12/site-packages/oslo_config/cfg.py:3253}}
Jul 26 03:39:11.344422 np0000005858 nova-scheduler[96626]: DEBUG cotyledon.oslo_config_glue [-] zvm.cloud_connector_url = None {{(pid=96626) log_opt_values /opt/stack/data/venv/lib/python3.12/site-packages/oslo_config/cfg.py:3253}}
Jul 26 03:39:11.344422 np0000005858 nova-scheduler[96626]: DEBUG cotyledon.oslo_config_glue [-] zvm.image_tmp_path = /opt/stack/data/nova/images {{(pid=96626) log_opt_values /opt/stack/data/venv/lib/python3.12/site-packages/oslo_config/cfg.py:3253}}
Jul 26 03:39:11.344422 np0000005858 nova-scheduler[96626]: DEBUG cotyledon.oslo_config_glue [-] zvm.reachable_timeout = 300 {{(pid=96626) log_opt_values /opt/stack/data/venv/lib/python3.12/site-packages/oslo_config/cfg.py:3253}}
Jul 26 03:39:11.344422 np0000005858 nova-scheduler[96626]: DEBUG cotyledon.oslo_config_glue [-] oslo_versionedobjects.fatal_exception_format_errors = False {{(pid=96626) log_opt_values /opt/stack/data/venv/lib/python3.12/site-packages/oslo_config/cfg.py:3253}}
Jul 26 03:39:11.344422 np0000005858 nova-scheduler[96626]: DEBUG cotyledon.oslo_config_glue [-] oslo_middleware.http_basic_auth_user_file = /etc/htpasswd {{(pid=96626) log_opt_values /opt/stack/data/venv/lib/python3.12/site-packages/oslo_config/cfg.py:3253}}
Jul 26 03:39:11.344422 np0000005858 nova-scheduler[96626]: DEBUG cotyledon.oslo_config_glue [-] oslo_messaging_metrics.metrics_buffer_size = 1000 {{(pid=96626) log_opt_values /opt/stack/data/venv/lib/python3.12/site-packages/oslo_config/cfg.py:3253}}
Jul 26 03:39:11.344422 np0000005858 nova-scheduler[96626]: DEBUG cotyledon.oslo_config_glue [-] oslo_messaging_metrics.metrics_enabled = False {{(pid=96626) log_opt_values /opt/stack/data/venv/lib/python3.12/site-packages/oslo_config/cfg.py:3253}}
Jul 26 03:39:11.344422 np0000005858 nova-scheduler[96626]: DEBUG cotyledon.oslo_config_glue [-] oslo_messaging_metrics.metrics_process_name = {{(pid=96626) log_opt_values /opt/stack/data/venv/lib/python3.12/site-packages/oslo_config/cfg.py:3253}}
Jul 26 03:39:11.344422 np0000005858 nova-scheduler[96626]: DEBUG cotyledon.oslo_config_glue [-] oslo_messaging_metrics.metrics_socket_file = /var/tmp/metrics_collector.sock {{(pid=96626) log_opt_values /opt/stack/data/venv/lib/python3.12/site-packages/oslo_config/cfg.py:3253}}
Jul 26 03:39:11.344656 np0000005858 nova-scheduler[96626]: DEBUG cotyledon.oslo_config_glue [-] oslo_messaging_metrics.metrics_thread_stop_timeout = 10 {{(pid=96626) log_opt_values /opt/stack/data/venv/lib/python3.12/site-packages/oslo_config/cfg.py:3253}}
Jul 26 03:39:11.344656 np0000005858 nova-scheduler[96626]: DEBUG cotyledon.oslo_config_glue [-] profiler.connection_string = messaging:// {{(pid=96626) log_opt_values /opt/stack/data/venv/lib/python3.12/site-packages/oslo_config/cfg.py:3253}}
Jul 26 03:39:11.344656 np0000005858 nova-scheduler[96626]: DEBUG cotyledon.oslo_config_glue [-] profiler.enabled = False {{(pid=96626) log_opt_values /opt/stack/data/venv/lib/python3.12/site-packages/oslo_config/cfg.py:3253}}
Jul 26 03:39:11.344656 np0000005858 nova-scheduler[96626]: DEBUG cotyledon.oslo_config_glue [-] profiler.es_doc_type = notification {{(pid=96626) log_opt_values /opt/stack/data/venv/lib/python3.12/site-packages/oslo_config/cfg.py:3253}}
Jul 26 03:39:11.344656 np0000005858 nova-scheduler[96626]: DEBUG cotyledon.oslo_config_glue [-] profiler.es_scroll_size = 10000 {{(pid=96626) log_opt_values /opt/stack/data/venv/lib/python3.12/site-packages/oslo_config/cfg.py:3253}}
Jul 26 03:39:11.344656 np0000005858 nova-scheduler[96626]: DEBUG cotyledon.oslo_config_glue [-] profiler.es_scroll_time = 2m {{(pid=96626) log_opt_values /opt/stack/data/venv/lib/python3.12/site-packages/oslo_config/cfg.py:3253}}
Jul 26 03:39:11.344656 np0000005858 nova-scheduler[96626]: DEBUG cotyledon.oslo_config_glue [-] profiler.filter_error_trace = False {{(pid=96626) log_opt_values /opt/stack/data/venv/lib/python3.12/site-packages/oslo_config/cfg.py:3253}}
Jul 26 03:39:11.344656 np0000005858 nova-scheduler[96626]: DEBUG cotyledon.oslo_config_glue [-] profiler.hmac_keys = **** {{(pid=96626) log_opt_values /opt/stack/data/venv/lib/python3.12/site-packages/oslo_config/cfg.py:3253}}
Jul 26 03:39:11.344656 np0000005858 nova-scheduler[96626]: DEBUG cotyledon.oslo_config_glue [-] profiler.sentinel_service_name = mymaster {{(pid=96626) log_opt_values /opt/stack/data/venv/lib/python3.12/site-packages/oslo_config/cfg.py:3253}}
Jul 26 03:39:11.344832 np0000005858 nova-scheduler[96626]: DEBUG cotyledon.oslo_config_glue [-] profiler.socket_timeout = 0.1 {{(pid=96626) log_opt_values /opt/stack/data/venv/lib/python3.12/site-packages/oslo_config/cfg.py:3253}}
Jul 26 03:39:11.344832 np0000005858 nova-scheduler[96626]: DEBUG cotyledon.oslo_config_glue [-] profiler.trace_requests = False {{(pid=96626) log_opt_values /opt/stack/data/venv/lib/python3.12/site-packages/oslo_config/cfg.py:3253}}
Jul 26 03:39:11.344832 np0000005858 nova-scheduler[96626]: DEBUG cotyledon.oslo_config_glue [-] profiler.trace_sqlalchemy = False {{(pid=96626) log_opt_values /opt/stack/data/venv/lib/python3.12/site-packages/oslo_config/cfg.py:3253}}
Jul 26 03:39:11.344832 np0000005858 nova-scheduler[96626]: DEBUG cotyledon.oslo_config_glue [-] profiler_jaeger.process_tags = {} {{(pid=96626) log_opt_values /opt/stack/data/venv/lib/python3.12/site-packages/oslo_config/cfg.py:3253}}
Jul 26 03:39:11.344832 np0000005858 nova-scheduler[96626]: DEBUG cotyledon.oslo_config_glue [-] profiler_jaeger.service_name_prefix = None {{(pid=96626) log_opt_values /opt/stack/data/venv/lib/python3.12/site-packages/oslo_config/cfg.py:3253}}
Jul 26 03:39:11.344832 np0000005858 nova-scheduler[96626]: DEBUG cotyledon.oslo_config_glue [-] profiler_otlp.service_name_prefix = None {{(pid=96626) log_opt_values /opt/stack/data/venv/lib/python3.12/site-packages/oslo_config/cfg.py:3253}}
Jul 26 03:39:11.344832 np0000005858 nova-scheduler[96626]: DEBUG cotyledon.oslo_config_glue [-] oslo_messaging_rabbit.amqp_auto_delete = False {{(pid=96626) log_opt_values /opt/stack/data/venv/lib/python3.12/site-packages/oslo_config/cfg.py:3253}}
Jul 26 03:39:11.344832 np0000005858 nova-scheduler[96626]: DEBUG cotyledon.oslo_config_glue [-] oslo_messaging_rabbit.amqp_durable_queues = False {{(pid=96626) log_opt_values /opt/stack/data/venv/lib/python3.12/site-packages/oslo_config/cfg.py:3253}}
Jul 26 03:39:11.344832 np0000005858 nova-scheduler[96626]: DEBUG cotyledon.oslo_config_glue [-] oslo_messaging_rabbit.conn_pool_min_size = 2 {{(pid=96626) log_opt_values /opt/stack/data/venv/lib/python3.12/site-packages/oslo_config/cfg.py:3253}}
Jul 26 03:39:11.345096 np0000005858 nova-scheduler[96626]: DEBUG cotyledon.oslo_config_glue [-] oslo_messaging_rabbit.conn_pool_ttl = 1200 {{(pid=96626) log_opt_values /opt/stack/data/venv/lib/python3.12/site-packages/oslo_config/cfg.py:3253}}
Jul 26 03:39:11.345096 np0000005858 nova-scheduler[96626]: DEBUG cotyledon.oslo_config_glue [-] oslo_messaging_rabbit.direct_mandatory_flag = True {{(pid=96626) log_opt_values /opt/stack/data/venv/lib/python3.12/site-packages/oslo_config/cfg.py:3253}}
Jul 26 03:39:11.345096 np0000005858 nova-scheduler[96626]: DEBUG cotyledon.oslo_config_glue [-] oslo_messaging_rabbit.enable_cancel_on_failover = False {{(pid=96626) log_opt_values /opt/stack/data/venv/lib/python3.12/site-packages/oslo_config/cfg.py:3253}}
Jul 26 03:39:11.345096 np0000005858 nova-scheduler[96626]: DEBUG cotyledon.oslo_config_glue [-] oslo_messaging_rabbit.heartbeat_rate = 3 {{(pid=96626) log_opt_values /opt/stack/data/venv/lib/python3.12/site-packages/oslo_config/cfg.py:3253}}
Jul 26 03:39:11.345096 np0000005858 nova-scheduler[96626]: DEBUG cotyledon.oslo_config_glue [-] oslo_messaging_rabbit.heartbeat_timeout_threshold = 60 {{(pid=96626) log_opt_values /opt/stack/data/venv/lib/python3.12/site-packages/oslo_config/cfg.py:3253}}
Jul 26 03:39:11.345096 np0000005858 nova-scheduler[96626]: DEBUG cotyledon.oslo_config_glue [-] oslo_messaging_rabbit.hostname = np0000005858 {{(pid=96626) log_opt_values /opt/stack/data/venv/lib/python3.12/site-packages/oslo_config/cfg.py:3253}}
Jul 26 03:39:11.345096 np0000005858 nova-scheduler[96626]: DEBUG cotyledon.oslo_config_glue [-] oslo_messaging_rabbit.kombu_compression = None {{(pid=96626) log_opt_values /opt/stack/data/venv/lib/python3.12/site-packages/oslo_config/cfg.py:3253}}
Jul 26 03:39:11.345096 np0000005858 nova-scheduler[96626]: DEBUG cotyledon.oslo_config_glue [-] oslo_messaging_rabbit.kombu_failover_strategy = round-robin {{(pid=96626) log_opt_values /opt/stack/data/venv/lib/python3.12/site-packages/oslo_config/cfg.py:3253}}
Jul 26 03:39:11.345096 np0000005858 nova-scheduler[96626]: DEBUG cotyledon.oslo_config_glue [-] oslo_messaging_rabbit.kombu_missing_consumer_retry_timeout = 60 {{(pid=96626) log_opt_values /opt/stack/data/venv/lib/python3.12/site-packages/oslo_config/cfg.py:3253}}
Jul 26 03:39:11.345453 np0000005858 nova-scheduler[96626]: DEBUG cotyledon.oslo_config_glue [-] oslo_messaging_rabbit.kombu_reconnect_delay = 1.0 {{(pid=96626) log_opt_values /opt/stack/data/venv/lib/python3.12/site-packages/oslo_config/cfg.py:3253}}
Jul 26 03:39:11.345453 np0000005858 nova-scheduler[96626]: DEBUG cotyledon.oslo_config_glue [-] oslo_messaging_rabbit.kombu_reconnect_splay = 0.0 {{(pid=96626) log_opt_values /opt/stack/data/venv/lib/python3.12/site-packages/oslo_config/cfg.py:3253}}
Jul 26 03:39:11.345453 np0000005858 nova-scheduler[96626]: DEBUG cotyledon.oslo_config_glue [-] oslo_messaging_rabbit.processname = nova-scheduler {{(pid=96626) log_opt_values /opt/stack/data/venv/lib/python3.12/site-packages/oslo_config/cfg.py:3253}}
Jul 26 03:39:11.345453 np0000005858 nova-scheduler[96626]: DEBUG cotyledon.oslo_config_glue [-] oslo_messaging_rabbit.rabbit_ha_queues = False {{(pid=96626) log_opt_values /opt/stack/data/venv/lib/python3.12/site-packages/oslo_config/cfg.py:3253}}
Jul 26 03:39:11.345453 np0000005858 nova-scheduler[96626]: DEBUG cotyledon.oslo_config_glue [-] oslo_messaging_rabbit.rabbit_interval_max = 30 {{(pid=96626) log_opt_values /opt/stack/data/venv/lib/python3.12/site-packages/oslo_config/cfg.py:3253}}
Jul 26 03:39:11.345453 np0000005858 nova-scheduler[96626]: DEBUG cotyledon.oslo_config_glue [-] oslo_messaging_rabbit.rabbit_login_method = AMQPLAIN {{(pid=96626) log_opt_values /opt/stack/data/venv/lib/python3.12/site-packages/oslo_config/cfg.py:3253}}
Jul 26 03:39:11.345453 np0000005858 nova-scheduler[96626]: DEBUG cotyledon.oslo_config_glue [-] oslo_messaging_rabbit.rabbit_qos_prefetch_count = 0 {{(pid=96626) log_opt_values /opt/stack/data/venv/lib/python3.12/site-packages/oslo_config/cfg.py:3253}}
Jul 26 03:39:11.345453 np0000005858 nova-scheduler[96626]: DEBUG cotyledon.oslo_config_glue [-] oslo_messaging_rabbit.rabbit_quorum_delivery_limit = 0 {{(pid=96626) log_opt_values /opt/stack/data/venv/lib/python3.12/site-packages/oslo_config/cfg.py:3253}}
Jul 26 03:39:11.345453 np0000005858 nova-scheduler[96626]: DEBUG cotyledon.oslo_config_glue [-] oslo_messaging_rabbit.rabbit_quorum_max_memory_bytes = 0 {{(pid=96626) log_opt_values /opt/stack/data/venv/lib/python3.12/site-packages/oslo_config/cfg.py:3253}}
Jul 26 03:39:11.345761 np0000005858 nova-scheduler[96626]: DEBUG cotyledon.oslo_config_glue [-] oslo_messaging_rabbit.rabbit_quorum_max_memory_length = 0 {{(pid=96626) log_opt_values /opt/stack/data/venv/lib/python3.12/site-packages/oslo_config/cfg.py:3253}}
Jul 26 03:39:11.345761 np0000005858 nova-scheduler[96626]: DEBUG cotyledon.oslo_config_glue [-] oslo_messaging_rabbit.rabbit_quorum_queue = False {{(pid=96626) log_opt_values /opt/stack/data/venv/lib/python3.12/site-packages/oslo_config/cfg.py:3253}}
Jul 26 03:39:11.345761 np0000005858 nova-scheduler[96626]: DEBUG cotyledon.oslo_config_glue [-] oslo_messaging_rabbit.rabbit_retry_backoff = 2 {{(pid=96626) log_opt_values /opt/stack/data/venv/lib/python3.12/site-packages/oslo_config/cfg.py:3253}}
Jul 26 03:39:11.345761 np0000005858 nova-scheduler[96626]: DEBUG cotyledon.oslo_config_glue [-] oslo_messaging_rabbit.rabbit_retry_interval = 1 {{(pid=96626) log_opt_values /opt/stack/data/venv/lib/python3.12/site-packages/oslo_config/cfg.py:3253}}
Jul 26 03:39:11.345761 np0000005858 nova-scheduler[96626]: DEBUG cotyledon.oslo_config_glue [-] oslo_messaging_rabbit.rabbit_stream_fanout = False {{(pid=96626) log_opt_values /opt/stack/data/venv/lib/python3.12/site-packages/oslo_config/cfg.py:3253}}
Jul 26 03:39:11.345761 np0000005858 nova-scheduler[96626]: DEBUG cotyledon.oslo_config_glue [-] oslo_messaging_rabbit.rabbit_transient_queues_ttl = 1800 {{(pid=96626) log_opt_values /opt/stack/data/venv/lib/python3.12/site-packages/oslo_config/cfg.py:3253}}
Jul 26 03:39:11.345761 np0000005858 nova-scheduler[96626]: DEBUG cotyledon.oslo_config_glue [-] oslo_messaging_rabbit.rabbit_transient_quorum_queue = False {{(pid=96626) log_opt_values /opt/stack/data/venv/lib/python3.12/site-packages/oslo_config/cfg.py:3253}}
Jul 26 03:39:11.345761 np0000005858 nova-scheduler[96626]: DEBUG cotyledon.oslo_config_glue [-] oslo_messaging_rabbit.rpc_conn_pool_size = 30 {{(pid=96626) log_opt_values /opt/stack/data/venv/lib/python3.12/site-packages/oslo_config/cfg.py:3253}}
Jul 26 03:39:11.345761 np0000005858 nova-scheduler[96626]: DEBUG cotyledon.oslo_config_glue [-] oslo_messaging_rabbit.ssl = False {{(pid=96626) log_opt_values /opt/stack/data/venv/lib/python3.12/site-packages/oslo_config/cfg.py:3253}}
Jul 26 03:39:11.345936 np0000005858 nova-scheduler[96626]: DEBUG cotyledon.oslo_config_glue [-] oslo_messaging_rabbit.ssl_ca_file = {{(pid=96626) log_opt_values /opt/stack/data/venv/lib/python3.12/site-packages/oslo_config/cfg.py:3253}}
Jul 26 03:39:11.345936 np0000005858 nova-scheduler[96626]: DEBUG cotyledon.oslo_config_glue [-] oslo_messaging_rabbit.ssl_cert_file = {{(pid=96626) log_opt_values /opt/stack/data/venv/lib/python3.12/site-packages/oslo_config/cfg.py:3253}}
Jul 26 03:39:11.345936 np0000005858 nova-scheduler[96626]: DEBUG cotyledon.oslo_config_glue [-] oslo_messaging_rabbit.ssl_enforce_fips_mode = False {{(pid=96626) log_opt_values /opt/stack/data/venv/lib/python3.12/site-packages/oslo_config/cfg.py:3253}}
Jul 26 03:39:11.345936 np0000005858 nova-scheduler[96626]: DEBUG cotyledon.oslo_config_glue [-] oslo_messaging_rabbit.ssl_enforce_hostname_verification = True {{(pid=96626) log_opt_values /opt/stack/data/venv/lib/python3.12/site-packages/oslo_config/cfg.py:3253}}
Jul 26 03:39:11.345936 np0000005858 nova-scheduler[96626]: DEBUG cotyledon.oslo_config_glue [-] oslo_messaging_rabbit.ssl_key_file = {{(pid=96626) log_opt_values /opt/stack/data/venv/lib/python3.12/site-packages/oslo_config/cfg.py:3253}}
Jul 26 03:39:11.345936 np0000005858 nova-scheduler[96626]: DEBUG cotyledon.oslo_config_glue [-] oslo_messaging_rabbit.ssl_version = {{(pid=96626) log_opt_values /opt/stack/data/venv/lib/python3.12/site-packages/oslo_config/cfg.py:3253}}
Jul 26 03:39:11.345936 np0000005858 nova-scheduler[96626]: DEBUG cotyledon.oslo_config_glue [-] oslo_messaging_rabbit.use_queue_manager = False {{(pid=96626) log_opt_values /opt/stack/data/venv/lib/python3.12/site-packages/oslo_config/cfg.py:3253}}
Jul 26 03:39:11.345936 np0000005858 nova-scheduler[96626]: DEBUG cotyledon.oslo_config_glue [-] oslo_messaging_notifications.driver = ['messagingv2'] {{(pid=96626) log_opt_values /opt/stack/data/venv/lib/python3.12/site-packages/oslo_config/cfg.py:3253}}
Jul 26 03:39:11.345936 np0000005858 nova-scheduler[96626]: DEBUG cotyledon.oslo_config_glue [-] oslo_messaging_notifications.retry = -1 {{(pid=96626) log_opt_values /opt/stack/data/venv/lib/python3.12/site-packages/oslo_config/cfg.py:3253}}
Jul 26 03:39:11.346184 np0000005858 nova-scheduler[96622]: DEBUG oslo_db.sqlalchemy.engines [None req-562bfffb-0d60-4fa6-82ad-9f70367270cc None None] MySQL server mode set to STRICT_TRANS_TABLES,STRICT_ALL_TABLES,NO_ZERO_IN_DATE,NO_ZERO_DATE,ERROR_FOR_DIVISION_BY_ZERO,TRADITIONAL,NO_ENGINE_SUBSTITUTION {{(pid=96622) _check_effective_sql_mode /opt/stack/data/venv/lib/python3.12/site-packages/oslo_db/sqlalchemy/engines.py:325}}
Jul 26 03:39:11.346227 np0000005858 nova-scheduler[96626]: DEBUG cotyledon.oslo_config_glue [-] oslo_messaging_notifications.topics = ['notifications'] {{(pid=96626) log_opt_values /opt/stack/data/venv/lib/python3.12/site-packages/oslo_config/cfg.py:3253}}
Jul 26 03:39:11.346227 np0000005858 nova-scheduler[96626]: DEBUG cotyledon.oslo_config_glue [-] oslo_messaging_notifications.transport_url = **** {{(pid=96626) log_opt_values /opt/stack/data/venv/lib/python3.12/site-packages/oslo_config/cfg.py:3253}}
Jul 26 03:39:11.346227 np0000005858 nova-scheduler[96626]: DEBUG cotyledon.oslo_config_glue [-] oslo_limit.auth_section = None {{(pid=96626) log_opt_values /opt/stack/data/venv/lib/python3.12/site-packages/oslo_config/cfg.py:3253}}
Jul 26 03:39:11.346227 np0000005858 nova-scheduler[96626]: DEBUG cotyledon.oslo_config_glue [-] oslo_limit.auth_type = None {{(pid=96626) log_opt_values /opt/stack/data/venv/lib/python3.12/site-packages/oslo_config/cfg.py:3253}}
Jul 26 03:39:11.346227 np0000005858 nova-scheduler[96626]: DEBUG cotyledon.oslo_config_glue [-] oslo_limit.cafile = None {{(pid=96626) log_opt_values /opt/stack/data/venv/lib/python3.12/site-packages/oslo_config/cfg.py:3253}}
Jul 26 03:39:11.346227 np0000005858 nova-scheduler[96626]: DEBUG cotyledon.oslo_config_glue [-] oslo_limit.certfile = None {{(pid=96626) log_opt_values /opt/stack/data/venv/lib/python3.12/site-packages/oslo_config/cfg.py:3253}}
Jul 26 03:39:11.346227 np0000005858 nova-scheduler[96626]: DEBUG cotyledon.oslo_config_glue [-] oslo_limit.collect_timing = False {{(pid=96626) log_opt_values /opt/stack/data/venv/lib/python3.12/site-packages/oslo_config/cfg.py:3253}}
Jul 26 03:39:11.346227 np0000005858 nova-scheduler[96626]: DEBUG cotyledon.oslo_config_glue [-] oslo_limit.connect_retries = None {{(pid=96626) log_opt_values /opt/stack/data/venv/lib/python3.12/site-packages/oslo_config/cfg.py:3253}}
Jul 26 03:39:11.346227 np0000005858 nova-scheduler[96626]: DEBUG cotyledon.oslo_config_glue [-] oslo_limit.connect_retry_delay = None {{(pid=96626) log_opt_values /opt/stack/data/venv/lib/python3.12/site-packages/oslo_config/cfg.py:3253}}
Jul 26 03:39:11.346404 np0000005858 nova-scheduler[96626]: DEBUG cotyledon.oslo_config_glue [-] oslo_limit.endpoint_id = None {{(pid=96626) log_opt_values /opt/stack/data/venv/lib/python3.12/site-packages/oslo_config/cfg.py:3253}}
Jul 26 03:39:11.346404 np0000005858 nova-scheduler[96626]: DEBUG cotyledon.oslo_config_glue [-] oslo_limit.endpoint_interface = public {{(pid=96626) log_opt_values /opt/stack/data/venv/lib/python3.12/site-packages/oslo_config/cfg.py:3253}}
Jul 26 03:39:11.346404 np0000005858 nova-scheduler[96626]: DEBUG cotyledon.oslo_config_glue [-] oslo_limit.endpoint_override = None {{(pid=96626) log_opt_values /opt/stack/data/venv/lib/python3.12/site-packages/oslo_config/cfg.py:3253}}
Jul 26 03:39:11.346404 np0000005858 nova-scheduler[96626]: DEBUG cotyledon.oslo_config_glue [-] oslo_limit.endpoint_region_name = None {{(pid=96626) log_opt_values /opt/stack/data/venv/lib/python3.12/site-packages/oslo_config/cfg.py:3253}}
Jul 26 03:39:11.346404 np0000005858 nova-scheduler[96626]: DEBUG cotyledon.oslo_config_glue [-] oslo_limit.endpoint_service_name = None {{(pid=96626) log_opt_values /opt/stack/data/venv/lib/python3.12/site-packages/oslo_config/cfg.py:3253}}
Jul 26 03:39:11.346404 np0000005858 nova-scheduler[96626]: DEBUG cotyledon.oslo_config_glue [-] oslo_limit.endpoint_service_type = None {{(pid=96626) log_opt_values /opt/stack/data/venv/lib/python3.12/site-packages/oslo_config/cfg.py:3253}}
Jul 26 03:39:11.346404 np0000005858 nova-scheduler[96626]: DEBUG cotyledon.oslo_config_glue [-] oslo_limit.insecure = False {{(pid=96626) log_opt_values /opt/stack/data/venv/lib/python3.12/site-packages/oslo_config/cfg.py:3253}}
Jul 26 03:39:11.346404 np0000005858 nova-scheduler[96626]: DEBUG cotyledon.oslo_config_glue [-] oslo_limit.keyfile = None {{(pid=96626) log_opt_values /opt/stack/data/venv/lib/python3.12/site-packages/oslo_config/cfg.py:3253}}
Jul 26 03:39:11.346404 np0000005858 nova-scheduler[96626]: DEBUG cotyledon.oslo_config_glue [-] oslo_limit.max_version = None {{(pid=96626) log_opt_values /opt/stack/data/venv/lib/python3.12/site-packages/oslo_config/cfg.py:3253}}
Jul 26 03:39:11.346584 np0000005858 nova-scheduler[96626]: DEBUG cotyledon.oslo_config_glue [-] oslo_limit.min_version = None {{(pid=96626) log_opt_values /opt/stack/data/venv/lib/python3.12/site-packages/oslo_config/cfg.py:3253}}
Jul 26 03:39:11.346584 np0000005858 nova-scheduler[96626]: DEBUG cotyledon.oslo_config_glue [-] oslo_limit.region_name = None {{(pid=96626) log_opt_values /opt/stack/data/venv/lib/python3.12/site-packages/oslo_config/cfg.py:3253}}
Jul 26 03:39:11.346584 np0000005858 nova-scheduler[96626]: DEBUG cotyledon.oslo_config_glue [-] oslo_limit.retriable_status_codes = None {{(pid=96626) log_opt_values /opt/stack/data/venv/lib/python3.12/site-packages/oslo_config/cfg.py:3253}}
Jul 26 03:39:11.346584 np0000005858 nova-scheduler[96626]: DEBUG cotyledon.oslo_config_glue [-] oslo_limit.service_name = None {{(pid=96626) log_opt_values /opt/stack/data/venv/lib/python3.12/site-packages/oslo_config/cfg.py:3253}}
Jul 26 03:39:11.346584 np0000005858 nova-scheduler[96626]: DEBUG cotyledon.oslo_config_glue [-] oslo_limit.service_type = None {{(pid=96626) log_opt_values /opt/stack/data/venv/lib/python3.12/site-packages/oslo_config/cfg.py:3253}}
Jul 26 03:39:11.346584 np0000005858 nova-scheduler[96626]: DEBUG cotyledon.oslo_config_glue [-] oslo_limit.split_loggers = False {{(pid=96626) log_opt_values /opt/stack/data/venv/lib/python3.12/site-packages/oslo_config/cfg.py:3253}}
Jul 26 03:39:11.346584 np0000005858 nova-scheduler[96626]: DEBUG cotyledon.oslo_config_glue [-] oslo_limit.status_code_retries = None {{(pid=96626) log_opt_values /opt/stack/data/venv/lib/python3.12/site-packages/oslo_config/cfg.py:3253}}
Jul 26 03:39:11.346584 np0000005858 nova-scheduler[96626]: DEBUG cotyledon.oslo_config_glue [-] oslo_limit.status_code_retry_delay = None {{(pid=96626) log_opt_values /opt/stack/data/venv/lib/python3.12/site-packages/oslo_config/cfg.py:3253}}
Jul 26 03:39:11.346584 np0000005858 nova-scheduler[96626]: DEBUG cotyledon.oslo_config_glue [-] oslo_limit.timeout = None {{(pid=96626) log_opt_values /opt/stack/data/venv/lib/python3.12/site-packages/oslo_config/cfg.py:3253}}
Jul 26 03:39:11.346821 np0000005858 nova-scheduler[96626]: DEBUG cotyledon.oslo_config_glue [-] oslo_limit.valid_interfaces = None {{(pid=96626) log_opt_values /opt/stack/data/venv/lib/python3.12/site-packages/oslo_config/cfg.py:3253}}
Jul 26 03:39:11.346821 np0000005858 nova-scheduler[96626]: DEBUG cotyledon.oslo_config_glue [-] oslo_limit.version = None {{(pid=96626) log_opt_values /opt/stack/data/venv/lib/python3.12/site-packages/oslo_config/cfg.py:3253}}
Jul 26 03:39:11.346821 np0000005858 nova-scheduler[96626]: DEBUG cotyledon.oslo_config_glue [-] oslo_reports.file_event_handler = None {{(pid=96626) log_opt_values /opt/stack/data/venv/lib/python3.12/site-packages/oslo_config/cfg.py:3253}}
Jul 26 03:39:11.346821 np0000005858 nova-scheduler[96626]: DEBUG cotyledon.oslo_config_glue [-] oslo_reports.file_event_handler_interval = 1 {{(pid=96626) log_opt_values /opt/stack/data/venv/lib/python3.12/site-packages/oslo_config/cfg.py:3253}}
Jul 26 03:39:11.346821 np0000005858 nova-scheduler[96626]: DEBUG cotyledon.oslo_config_glue [-] oslo_reports.log_dir = None {{(pid=96626) log_opt_values /opt/stack/data/venv/lib/python3.12/site-packages/oslo_config/cfg.py:3253}}
Jul 26 03:39:11.346821 np0000005858 nova-scheduler[96626]: DEBUG cotyledon.oslo_config_glue [-] ******************************************************************************** {{(pid=96626) log_opt_values /opt/stack/data/venv/lib/python3.12/site-packages/oslo_config/cfg.py:3260}}
Jul 26 03:39:11.346821 np0000005858 nova-scheduler[96626]: DEBUG cotyledon._service_worker [-] Run service ServiceWrapper(3) [96626] {{(pid=96626) wait_forever /opt/stack/data/venv/lib/python3.12/site-packages/cotyledon/_service_worker.py:218}}
Jul 26 03:39:11.346821 np0000005858 nova-scheduler[96626]: INFO nova.service [-] Starting scheduler node (version 33.1.0)
Jul 26 03:39:11.346821 np0000005858 nova-scheduler[96626]: INFO dbcounter [None req-e2c21adb-1b48-4295-9d8b-2caa8dc554c2 None None] Registered counter for database nova_cell0
Jul 26 03:39:11.347033 np0000005858 nova-scheduler[96622]: DEBUG dbcounter [-] [96622] Writer thread running {{(pid=96622) stat_writer /opt/stack/data/venv/lib/python3.12/site-packages/dbcounter.py:102}}
Jul 26 03:39:11.347061 np0000005858 nova-scheduler[96620]: DEBUG nova.service [None req-996118f9-3398-439b-9608-fd1e478b4c41 None None] Creating RPC server for service: nova-scheduler on topic: scheduler {{(pid=96620) start /opt/stack/nova/nova/service.py:196}}
Jul 26 03:39:11.350594 np0000005858 nova-scheduler[96622]: DEBUG nova.service [None req-562bfffb-0d60-4fa6-82ad-9f70367270cc None None] Creating RPC server for service: nova-scheduler on topic: scheduler {{(pid=96622) start /opt/stack/nova/nova/service.py:196}}
Jul 26 03:39:11.354303 np0000005858 nova-scheduler[96624]: DEBUG oslo_db.sqlalchemy.engines [None req-fc7c8ad3-9a00-4dfe-9ebd-da6813f39bc8 None None] MySQL server mode set to STRICT_TRANS_TABLES,STRICT_ALL_TABLES,NO_ZERO_IN_DATE,NO_ZERO_DATE,ERROR_FOR_DIVISION_BY_ZERO,TRADITIONAL,NO_ENGINE_SUBSTITUTION {{(pid=96624) _check_effective_sql_mode /opt/stack/data/venv/lib/python3.12/site-packages/oslo_db/sqlalchemy/engines.py:325}}
Jul 26 03:39:11.369859 np0000005858 nova-scheduler[96624]: DEBUG dbcounter [-] [96624] Writer thread running {{(pid=96624) stat_writer /opt/stack/data/venv/lib/python3.12/site-packages/dbcounter.py:102}}
Jul 26 03:39:11.371628 np0000005858 nova-scheduler[96620]: DEBUG nova.service [None req-996118f9-3398-439b-9608-fd1e478b4c41 None None] Join ServiceGroup membership for this service scheduler {{(pid=96620) start /opt/stack/nova/nova/service.py:222}}
Jul 26 03:39:11.372253 np0000005858 nova-scheduler[96620]: DEBUG nova.servicegroup.drivers.db [None req-996118f9-3398-439b-9608-fd1e478b4c41 None None] DB_Driver: join new ServiceGroup member np0000005858 to the scheduler group, service = {{(pid=96620) join /opt/stack/nova/nova/servicegroup/drivers/db.py:44}}
Jul 26 03:39:11.372568 np0000005858 nova-scheduler[96624]: DEBUG nova.service [None req-fc7c8ad3-9a00-4dfe-9ebd-da6813f39bc8 None None] Creating RPC server for service: nova-scheduler on topic: scheduler {{(pid=96624) start /opt/stack/nova/nova/service.py:196}}
Jul 26 03:39:11.376640 np0000005858 nova-scheduler[96622]: DEBUG nova.service [None req-562bfffb-0d60-4fa6-82ad-9f70367270cc None None] Join ServiceGroup membership for this service scheduler {{(pid=96622) start /opt/stack/nova/nova/service.py:222}}
Jul 26 03:39:11.376992 np0000005858 nova-scheduler[96622]: DEBUG nova.servicegroup.drivers.db [None req-562bfffb-0d60-4fa6-82ad-9f70367270cc None None] DB_Driver: join new ServiceGroup member np0000005858 to the scheduler group, service = {{(pid=96622) join /opt/stack/nova/nova/servicegroup/drivers/db.py:44}}
Jul 26 03:39:11.382053 np0000005858 nova-scheduler[96626]: DEBUG oslo_db.sqlalchemy.engines [None req-e2c21adb-1b48-4295-9d8b-2caa8dc554c2 None None] MySQL server mode set to STRICT_TRANS_TABLES,STRICT_ALL_TABLES,NO_ZERO_IN_DATE,NO_ZERO_DATE,ERROR_FOR_DIVISION_BY_ZERO,TRADITIONAL,NO_ENGINE_SUBSTITUTION {{(pid=96626) _check_effective_sql_mode /opt/stack/data/venv/lib/python3.12/site-packages/oslo_db/sqlalchemy/engines.py:325}}
Jul 26 03:39:11.390324 np0000005858 nova-scheduler[96626]: DEBUG dbcounter [-] [96626] Writer thread running {{(pid=96626) stat_writer /opt/stack/data/venv/lib/python3.12/site-packages/dbcounter.py:102}}
Jul 26 03:39:11.392935 np0000005858 nova-scheduler[96624]: DEBUG nova.service [None req-fc7c8ad3-9a00-4dfe-9ebd-da6813f39bc8 None None] Join ServiceGroup membership for this service scheduler {{(pid=96624) start /opt/stack/nova/nova/service.py:222}}
Jul 26 03:39:11.393008 np0000005858 nova-scheduler[96626]: DEBUG nova.service [None req-e2c21adb-1b48-4295-9d8b-2caa8dc554c2 None None] Creating RPC server for service: nova-scheduler on topic: scheduler {{(pid=96626) start /opt/stack/nova/nova/service.py:196}}
Jul 26 03:39:11.393136 np0000005858 nova-scheduler[96624]: DEBUG nova.servicegroup.drivers.db [None req-fc7c8ad3-9a00-4dfe-9ebd-da6813f39bc8 None None] DB_Driver: join new ServiceGroup member np0000005858 to the scheduler group, service = {{(pid=96624) join /opt/stack/nova/nova/servicegroup/drivers/db.py:44}}
Jul 26 03:39:11.411340 np0000005858 nova-scheduler[96626]: DEBUG nova.service [None req-e2c21adb-1b48-4295-9d8b-2caa8dc554c2 None None] Join ServiceGroup membership for this service scheduler {{(pid=96626) start /opt/stack/nova/nova/service.py:222}}
Jul 26 03:39:11.411492 np0000005858 nova-scheduler[96626]: DEBUG nova.servicegroup.drivers.db [None req-e2c21adb-1b48-4295-9d8b-2caa8dc554c2 None None] DB_Driver: join new ServiceGroup member np0000005858 to the scheduler group, service = {{(pid=96626) join /opt/stack/nova/nova/servicegroup/drivers/db.py:44}}
Jul 26 03:39:14.375360 np0000005858 nova-scheduler[96620]: DEBUG oslo.service.backend._threading.loopingcall [None req-bf2abb78-9d89-479d-88bf-40a4f1e739be None None] Dynamic interval looping call 'nova.service.Service.periodic_tasks' sleeping for 60.00 seconds {{(pid=96620) _run_loop /opt/stack/data/venv/lib/python3.12/site-packages/oslo_service/backend/_threading/loopingcall.py:125}}
Jul 26 03:39:16.389405 np0000005858 nova-scheduler[96620]: DEBUG oslo.service.backend._threading.loopingcall [-] Fixed interval looping call 'nova.servicegroup.drivers.db.DbDriver._report_state' sleeping for 119.99 seconds {{(pid=96620) _run_loop /opt/stack/data/venv/lib/python3.12/site-packages/oslo_service/backend/_threading/loopingcall.py:125}}
Jul 26 03:39:16.390343 np0000005858 nova-scheduler[96622]: DEBUG oslo.service.backend._threading.loopingcall [-] Fixed interval looping call 'nova.servicegroup.drivers.db.DbDriver._report_state' sleeping for 119.99 seconds {{(pid=96622) _run_loop /opt/stack/data/venv/lib/python3.12/site-packages/oslo_service/backend/_threading/loopingcall.py:125}}
Jul 26 03:39:16.402852 np0000005858 nova-scheduler[96624]: DEBUG oslo.service.backend._threading.loopingcall [-] Fixed interval looping call 'nova.servicegroup.drivers.db.DbDriver._report_state' sleeping for 119.99 seconds {{(pid=96624) _run_loop /opt/stack/data/venv/lib/python3.12/site-packages/oslo_service/backend/_threading/loopingcall.py:125}}
Jul 26 03:39:16.422969 np0000005858 nova-scheduler[96626]: DEBUG oslo.service.backend._threading.loopingcall [-] Fixed interval looping call 'nova.servicegroup.drivers.db.DbDriver._report_state' sleeping for 119.99 seconds {{(pid=96626) _run_loop /opt/stack/data/venv/lib/python3.12/site-packages/oslo_service/backend/_threading/loopingcall.py:125}}
Jul 26 03:39:19.953867 np0000005858 nova-scheduler[95423]: DEBUG dbcounter [-] [95423] Writing DB stats nova_api:SELECT=3 {{(pid=95423) stat_writer /opt/stack/data/venv/lib/python3.12/site-packages/dbcounter.py:115}}
Jul 26 03:39:20.072444 np0000005858 nova-scheduler[95423]: DEBUG dbcounter [-] [95423] Writing DB stats nova_cell0:SELECT=1 {{(pid=95423) stat_writer /opt/stack/data/venv/lib/python3.12/site-packages/dbcounter.py:115}}
Jul 26 03:39:20.077328 np0000005858 nova-scheduler[95423]: DEBUG dbcounter [-] [95423] Writing DB stats nova_cell1:SELECT=1 {{(pid=95423) stat_writer /opt/stack/data/venv/lib/python3.12/site-packages/dbcounter.py:115}}
Jul 26 03:39:26.383777 np0000005858 nova-scheduler[96620]: DEBUG dbcounter [-] [96620] Writing DB stats nova_cell0:SELECT=4,nova_cell0:INSERT=1,nova_cell0:UPDATE=1 {{(pid=96620) stat_writer /opt/stack/data/venv/lib/python3.12/site-packages/dbcounter.py:115}}
Jul 26 03:39:26.388909 np0000005858 nova-scheduler[96622]: DEBUG dbcounter [-] [96622] Writing DB stats nova_cell0:SELECT=3,nova_cell0:UPDATE=1 {{(pid=96622) stat_writer /opt/stack/data/venv/lib/python3.12/site-packages/dbcounter.py:115}}
Jul 26 03:39:26.400493 np0000005858 nova-scheduler[96624]: DEBUG dbcounter [-] [96624] Writing DB stats nova_cell0:SELECT=3 {{(pid=96624) stat_writer /opt/stack/data/venv/lib/python3.12/site-packages/dbcounter.py:115}}
Jul 26 03:39:26.420392 np0000005858 nova-scheduler[96626]: DEBUG dbcounter [-] [96626] Writing DB stats nova_cell0:SELECT=3 {{(pid=96626) stat_writer /opt/stack/data/venv/lib/python3.12/site-packages/dbcounter.py:115}}
Jul 26 03:39:37.379342 np0000005858 nova-scheduler[96622]: DEBUG oslo.service.backend._threading.loopingcall [None req-6f1228f2-5fe7-491c-b989-e148df500d79 None None] Dynamic interval looping call 'nova.service.Service.periodic_tasks' sleeping for 60.00 seconds {{(pid=96622) _run_loop /opt/stack/data/venv/lib/python3.12/site-packages/oslo_service/backend/_threading/loopingcall.py:125}}
Jul 26 03:39:38.395751 np0000005858 nova-scheduler[96624]: DEBUG oslo.service.backend._threading.loopingcall [None req-077da92c-4297-41b8-a73f-9b3c8003006b None None] Dynamic interval looping call 'nova.service.Service.periodic_tasks' sleeping for 60.00 seconds {{(pid=96624) _run_loop /opt/stack/data/venv/lib/python3.12/site-packages/oslo_service/backend/_threading/loopingcall.py:125}}
Jul 26 03:40:09.413825 np0000005858 nova-scheduler[96626]: DEBUG oslo.service.backend._threading.loopingcall [None req-ceddf586-82ad-40af-971e-f0e6630ac1ee None None] Dynamic interval looping call 'nova.service.Service.periodic_tasks' sleeping for 60.00 seconds {{(pid=96626) _run_loop /opt/stack/data/venv/lib/python3.12/site-packages/oslo_service/backend/_threading/loopingcall.py:125}}
Jul 26 03:40:14.375923 np0000005858 nova-scheduler[96620]: DEBUG oslo.service.backend._threading.loopingcall [None req-bf2abb78-9d89-479d-88bf-40a4f1e739be None None] Dynamic interval looping call 'nova.service.Service.periodic_tasks' sleeping for 60.00 seconds {{(pid=96620) _run_loop /opt/stack/data/venv/lib/python3.12/site-packages/oslo_service/backend/_threading/loopingcall.py:125}}
Jul 26 03:40:37.380369 np0000005858 nova-scheduler[96622]: DEBUG oslo.service.backend._threading.loopingcall [None req-6f1228f2-5fe7-491c-b989-e148df500d79 None None] Dynamic interval looping call 'nova.service.Service.periodic_tasks' sleeping for 60.00 seconds {{(pid=96622) _run_loop /opt/stack/data/venv/lib/python3.12/site-packages/oslo_service/backend/_threading/loopingcall.py:125}}
Jul 26 03:40:38.396386 np0000005858 nova-scheduler[96624]: DEBUG oslo.service.backend._threading.loopingcall [None req-077da92c-4297-41b8-a73f-9b3c8003006b None None] Dynamic interval looping call 'nova.service.Service.periodic_tasks' sleeping for 60.00 seconds {{(pid=96624) _run_loop /opt/stack/data/venv/lib/python3.12/site-packages/oslo_service/backend/_threading/loopingcall.py:125}}
Jul 26 03:41:09.414289 np0000005858 nova-scheduler[96626]: DEBUG oslo.service.backend._threading.loopingcall [None req-ceddf586-82ad-40af-971e-f0e6630ac1ee None None] Dynamic interval looping call 'nova.service.Service.periodic_tasks' sleeping for 60.00 seconds {{(pid=96626) _run_loop /opt/stack/data/venv/lib/python3.12/site-packages/oslo_service/backend/_threading/loopingcall.py:125}}
Jul 26 03:41:14.376512 np0000005858 nova-scheduler[96620]: DEBUG oslo.service.backend._threading.loopingcall [None req-bf2abb78-9d89-479d-88bf-40a4f1e739be None None] Dynamic interval looping call 'nova.service.Service.periodic_tasks' sleeping for 60.00 seconds {{(pid=96620) _run_loop /opt/stack/data/venv/lib/python3.12/site-packages/oslo_service/backend/_threading/loopingcall.py:125}}
Jul 26 03:41:16.394855 np0000005858 nova-scheduler[96620]: DEBUG oslo.service.backend._threading.loopingcall [-] Fixed interval looping call 'nova.servicegroup.drivers.db.DbDriver._report_state' sleeping for 119.99 seconds {{(pid=96620) _run_loop /opt/stack/data/venv/lib/python3.12/site-packages/oslo_service/backend/_threading/loopingcall.py:125}}
Jul 26 03:41:16.396704 np0000005858 nova-scheduler[96622]: DEBUG oslo.service.backend._threading.loopingcall [-] Fixed interval looping call 'nova.servicegroup.drivers.db.DbDriver._report_state' sleeping for 119.99 seconds {{(pid=96622) _run_loop /opt/stack/data/venv/lib/python3.12/site-packages/oslo_service/backend/_threading/loopingcall.py:125}}
Jul 26 03:41:16.397759 np0000005858 nova-scheduler[96624]: DEBUG oslo.service.backend._threading.loopingcall [-] Fixed interval looping call 'nova.servicegroup.drivers.db.DbDriver._report_state' sleeping for 120.00 seconds {{(pid=96624) _run_loop /opt/stack/data/venv/lib/python3.12/site-packages/oslo_service/backend/_threading/loopingcall.py:125}}
Jul 26 03:41:16.416508 np0000005858 nova-scheduler[96626]: DEBUG oslo.service.backend._threading.loopingcall [-] Fixed interval looping call 'nova.servicegroup.drivers.db.DbDriver._report_state' sleeping for 120.00 seconds {{(pid=96626) _run_loop /opt/stack/data/venv/lib/python3.12/site-packages/oslo_service/backend/_threading/loopingcall.py:125}}
Jul 26 03:41:26.383116 np0000005858 nova-scheduler[96620]: DEBUG dbcounter [-] [96620] Writing DB stats nova_cell0:SELECT=1,nova_cell0:UPDATE=1 {{(pid=96620) stat_writer /opt/stack/data/venv/lib/python3.12/site-packages/dbcounter.py:115}}
Jul 26 03:41:26.383882 np0000005858 nova-scheduler[96622]: DEBUG dbcounter [-] [96622] Writing DB stats nova_cell0:SELECT=1,nova_cell0:UPDATE=1 {{(pid=96622) stat_writer /opt/stack/data/venv/lib/python3.12/site-packages/dbcounter.py:115}}
Jul 26 03:41:26.395448 np0000005858 nova-scheduler[96624]: DEBUG dbcounter [-] [96624] Writing DB stats nova_cell0:SELECT=1 {{(pid=96624) stat_writer /opt/stack/data/venv/lib/python3.12/site-packages/dbcounter.py:115}}
Jul 26 03:41:26.414827 np0000005858 nova-scheduler[96626]: DEBUG dbcounter [-] [96626] Writing DB stats nova_cell0:SELECT=1 {{(pid=96626) stat_writer /opt/stack/data/venv/lib/python3.12/site-packages/dbcounter.py:115}}
Jul 26 03:41:37.380894 np0000005858 nova-scheduler[96622]: DEBUG oslo.service.backend._threading.loopingcall [None req-6f1228f2-5fe7-491c-b989-e148df500d79 None None] Dynamic interval looping call 'nova.service.Service.periodic_tasks' sleeping for 60.00 seconds {{(pid=96622) _run_loop /opt/stack/data/venv/lib/python3.12/site-packages/oslo_service/backend/_threading/loopingcall.py:125}}
Jul 26 03:41:38.396951 np0000005858 nova-scheduler[96624]: DEBUG oslo.service.backend._threading.loopingcall [None req-077da92c-4297-41b8-a73f-9b3c8003006b None None] Dynamic interval looping call 'nova.service.Service.periodic_tasks' sleeping for 60.00 seconds {{(pid=96624) _run_loop /opt/stack/data/venv/lib/python3.12/site-packages/oslo_service/backend/_threading/loopingcall.py:125}}
Jul 26 03:41:40.468016 np0000005858 nova-scheduler[96620]: DEBUG nova.scheduler.manager [None req-86201753-8c74-42d4-b617-22ba0deb4d42 tempest-ServerBootFromVolumeStableRescueTest-1725288596 tempest-ServerBootFromVolumeStableRescueTest-1725288596-project-member] Starting to schedule for instances: ['7e70159d-ca46-468b-82d1-dcd0c935ea97'] {{(pid=96620) select_destinations /opt/stack/nova/nova/scheduler/manager.py:209}}
Jul 26 03:41:40.468712 np0000005858 nova-scheduler[96620]: DEBUG nova.scheduler.request_filter [None req-86201753-8c74-42d4-b617-22ba0deb4d42 tempest-ServerBootFromVolumeStableRescueTest-1725288596 tempest-ServerBootFromVolumeStableRescueTest-1725288596-project-member] compute_status_filter request filter added forbidden trait COMPUTE_STATUS_DISABLED {{(pid=96620) compute_status_filter /opt/stack/nova/nova/scheduler/request_filter.py:253}}
Jul 26 03:41:40.468784 np0000005858 nova-scheduler[96620]: DEBUG nova.scheduler.request_filter [None req-86201753-8c74-42d4-b617-22ba0deb4d42 tempest-ServerBootFromVolumeStableRescueTest-1725288596 tempest-ServerBootFromVolumeStableRescueTest-1725288596-project-member] Request filter 'compute_status_filter' took 0.0 seconds {{(pid=96620) wrapper /opt/stack/nova/nova/scheduler/request_filter.py:46}}
Jul 26 03:41:40.469149 np0000005858 nova-scheduler[96620]: DEBUG nova.scheduler.request_filter [None req-86201753-8c74-42d4-b617-22ba0deb4d42 tempest-ServerBootFromVolumeStableRescueTest-1725288596 tempest-ServerBootFromVolumeStableRescueTest-1725288596-project-member] Request filter 'accelerators_filter' took 0.0 seconds {{(pid=96620) wrapper /opt/stack/nova/nova/scheduler/request_filter.py:46}}
Jul 26 03:41:40.469662 np0000005858 nova-scheduler[96620]: DEBUG nova.scheduler.request_filter [None req-86201753-8c74-42d4-b617-22ba0deb4d42 tempest-ServerBootFromVolumeStableRescueTest-1725288596 tempest-ServerBootFromVolumeStableRescueTest-1725288596-project-member] Request filter 'packed_virtqueue_filter' took 0.0 seconds {{(pid=96620) wrapper /opt/stack/nova/nova/scheduler/request_filter.py:46}}
Jul 26 03:41:40.469662 np0000005858 nova-scheduler[96620]: DEBUG nova.scheduler.request_filter [None req-86201753-8c74-42d4-b617-22ba0deb4d42 tempest-ServerBootFromVolumeStableRescueTest-1725288596 tempest-ServerBootFromVolumeStableRescueTest-1725288596-project-member] Request filter 'remote_managed_ports_filter' took 0.0 seconds {{(pid=96620) wrapper /opt/stack/nova/nova/scheduler/request_filter.py:46}}
Jul 26 03:41:40.469835 np0000005858 nova-scheduler[96620]: DEBUG nova.scheduler.request_filter [None req-86201753-8c74-42d4-b617-22ba0deb4d42 tempest-ServerBootFromVolumeStableRescueTest-1725288596 tempest-ServerBootFromVolumeStableRescueTest-1725288596-project-member] ephemeral_encryption_filter skipped {{(pid=96620) ephemeral_encryption_filter /opt/stack/nova/nova/scheduler/request_filter.py:426}}
Jul 26 03:41:40.470025 np0000005858 nova-scheduler[96620]: DEBUG nova.scheduler.request_filter [None req-86201753-8c74-42d4-b617-22ba0deb4d42 tempest-ServerBootFromVolumeStableRescueTest-1725288596 tempest-ServerBootFromVolumeStableRescueTest-1725288596-project-member] virtio_sound_filter skipped {{(pid=96620) virtio_sound_filter /opt/stack/nova/nova/scheduler/request_filter.py:460}}
Jul 26 03:41:40.470552 np0000005858 nova-scheduler[96620]: DEBUG nova.scheduler.request_filter [None req-86201753-8c74-42d4-b617-22ba0deb4d42 tempest-ServerBootFromVolumeStableRescueTest-1725288596 tempest-ServerBootFromVolumeStableRescueTest-1725288596-project-member] tpm_secret_security_filter skipped {{(pid=96620) tpm_secret_security_filter /opt/stack/nova/nova/scheduler/request_filter.py:477}}
Jul 26 03:41:41.186311 np0000005858 nova-scheduler[96620]: INFO nova.utils [None req-86201753-8c74-42d4-b617-22ba0deb4d42 tempest-ServerBootFromVolumeStableRescueTest-1725288596 tempest-ServerBootFromVolumeStableRescueTest-1725288596-project-member] The cell worker thread pool ForkProcess-1.cell_worker is initialized
Jul 26 03:41:41.186645 np0000005858 nova-scheduler[96620]: DEBUG oslo_concurrency.lockutils [None req-86201753-8c74-42d4-b617-22ba0deb4d42 tempest-ServerBootFromVolumeStableRescueTest-1725288596 tempest-ServerBootFromVolumeStableRescueTest-1725288596-project-member] Acquiring lock "e45bae9b-ab57-4b3b-8967-912508d775ff" by "nova.context.set_target_cell..get_or_set_cached_cell_and_set_connections" {{(pid=96620) inner /opt/stack/data/venv/lib/python3.12/site-packages/oslo_concurrency/lockutils.py:512}}
Jul 26 03:41:41.186912 np0000005858 nova-scheduler[96620]: DEBUG oslo_concurrency.lockutils [None req-86201753-8c74-42d4-b617-22ba0deb4d42 tempest-ServerBootFromVolumeStableRescueTest-1725288596 tempest-ServerBootFromVolumeStableRescueTest-1725288596-project-member] Lock "e45bae9b-ab57-4b3b-8967-912508d775ff" acquired by "nova.context.set_target_cell..get_or_set_cached_cell_and_set_connections" :: waited 0.000s {{(pid=96620) inner /opt/stack/data/venv/lib/python3.12/site-packages/oslo_concurrency/lockutils.py:525}}
Jul 26 03:41:41.188643 np0000005858 nova-scheduler[96620]: DEBUG oslo_concurrency.lockutils [None req-86201753-8c74-42d4-b617-22ba0deb4d42 tempest-ServerBootFromVolumeStableRescueTest-1725288596 tempest-ServerBootFromVolumeStableRescueTest-1725288596-project-member] Lock "e45bae9b-ab57-4b3b-8967-912508d775ff" "released" by "nova.context.set_target_cell..get_or_set_cached_cell_and_set_connections" :: held 0.002s {{(pid=96620) inner /opt/stack/data/venv/lib/python3.12/site-packages/oslo_concurrency/lockutils.py:544}}
Jul 26 03:41:41.191840 np0000005858 nova-scheduler[96620]: INFO dbcounter [None req-86201753-8c74-42d4-b617-22ba0deb4d42 tempest-ServerBootFromVolumeStableRescueTest-1725288596 tempest-ServerBootFromVolumeStableRescueTest-1725288596-project-member] Registered counter for database nova_cell1
Jul 26 03:41:41.237097 np0000005858 nova-scheduler[96620]: DEBUG oslo_db.sqlalchemy.engines [None req-86201753-8c74-42d4-b617-22ba0deb4d42 tempest-ServerBootFromVolumeStableRescueTest-1725288596 tempest-ServerBootFromVolumeStableRescueTest-1725288596-project-member] MySQL server mode set to STRICT_TRANS_TABLES,STRICT_ALL_TABLES,NO_ZERO_IN_DATE,NO_ZERO_DATE,ERROR_FOR_DIVISION_BY_ZERO,TRADITIONAL,NO_ENGINE_SUBSTITUTION {{(pid=96620) _check_effective_sql_mode /opt/stack/data/venv/lib/python3.12/site-packages/oslo_db/sqlalchemy/engines.py:325}}
Jul 26 03:41:41.248813 np0000005858 nova-scheduler[96620]: DEBUG dbcounter [-] [96620] Writer thread running {{(pid=96620) stat_writer /opt/stack/data/venv/lib/python3.12/site-packages/dbcounter.py:102}}
