May 22 15:55:11.232743 np0000001286 nova-scheduler[95674]: DEBUG cotyledon.oslo_config_glue [-] oslo_messaging_notifications.transport_url = **** {{(pid=95674) log_opt_values /opt/stack/data/venv/lib/python3.12/site-packages/oslo_config/cfg.py:3256}}
May 22 15:55:11.232743 np0000001286 nova-scheduler[95674]: DEBUG cotyledon.oslo_config_glue [-] oslo_limit.auth_section = None {{(pid=95674) log_opt_values /opt/stack/data/venv/lib/python3.12/site-packages/oslo_config/cfg.py:3256}}
May 22 15:55:11.232743 np0000001286 nova-scheduler[95674]: DEBUG cotyledon.oslo_config_glue [-] oslo_limit.auth_type = None {{(pid=95674) log_opt_values /opt/stack/data/venv/lib/python3.12/site-packages/oslo_config/cfg.py:3256}}
May 22 15:55:11.232743 np0000001286 nova-scheduler[95674]: DEBUG cotyledon.oslo_config_glue [-] oslo_limit.cafile = None {{(pid=95674) log_opt_values /opt/stack/data/venv/lib/python3.12/site-packages/oslo_config/cfg.py:3256}}
May 22 15:55:11.232921 np0000001286 nova-scheduler[95674]: DEBUG cotyledon.oslo_config_glue [-] oslo_limit.certfile = None {{(pid=95674) log_opt_values /opt/stack/data/venv/lib/python3.12/site-packages/oslo_config/cfg.py:3256}}
May 22 15:55:11.232921 np0000001286 nova-scheduler[95674]: DEBUG cotyledon.oslo_config_glue [-] oslo_limit.collect_timing = False {{(pid=95674) log_opt_values /opt/stack/data/venv/lib/python3.12/site-packages/oslo_config/cfg.py:3256}}
May 22 15:55:11.232921 np0000001286 nova-scheduler[95674]: DEBUG cotyledon.oslo_config_glue [-] oslo_limit.connect_retries = None {{(pid=95674) log_opt_values /opt/stack/data/venv/lib/python3.12/site-packages/oslo_config/cfg.py:3256}}
May 22 15:55:11.232921 np0000001286 nova-scheduler[95674]: DEBUG cotyledon.oslo_config_glue [-] oslo_limit.connect_retry_delay = None {{(pid=95674) log_opt_values /opt/stack/data/venv/lib/python3.12/site-packages/oslo_config/cfg.py:3256}}
May 22 15:55:11.232921 np0000001286 nova-scheduler[95674]: DEBUG cotyledon.oslo_config_glue [-] oslo_limit.endpoint_id = None {{(pid=95674) log_opt_values /opt/stack/data/venv/lib/python3.12/site-packages/oslo_config/cfg.py:3256}}
May 22 15:55:11.232921 np0000001286 nova-scheduler[95674]: DEBUG cotyledon.oslo_config_glue [-] oslo_limit.endpoint_interface = public {{(pid=95674) log_opt_values /opt/stack/data/venv/lib/python3.12/site-packages/oslo_config/cfg.py:3256}}
May 22 15:55:11.232921 np0000001286 nova-scheduler[95674]: DEBUG cotyledon.oslo_config_glue [-] oslo_limit.endpoint_override = None {{(pid=95674) log_opt_values /opt/stack/data/venv/lib/python3.12/site-packages/oslo_config/cfg.py:3256}}
May 22 15:55:11.232921 np0000001286 nova-scheduler[95674]: DEBUG cotyledon.oslo_config_glue [-] oslo_limit.endpoint_region_name = None {{(pid=95674) log_opt_values /opt/stack/data/venv/lib/python3.12/site-packages/oslo_config/cfg.py:3256}}
May 22 15:55:11.232921 np0000001286 nova-scheduler[95674]: DEBUG cotyledon.oslo_config_glue [-] oslo_limit.endpoint_service_name = None {{(pid=95674) log_opt_values /opt/stack/data/venv/lib/python3.12/site-packages/oslo_config/cfg.py:3256}}
May 22 15:55:11.233090 np0000001286 nova-scheduler[95674]: DEBUG cotyledon.oslo_config_glue [-] oslo_limit.endpoint_service_type = None {{(pid=95674) log_opt_values /opt/stack/data/venv/lib/python3.12/site-packages/oslo_config/cfg.py:3256}}
May 22 15:55:11.233090 np0000001286 nova-scheduler[95674]: DEBUG cotyledon.oslo_config_glue [-] oslo_limit.insecure = False {{(pid=95674) log_opt_values /opt/stack/data/venv/lib/python3.12/site-packages/oslo_config/cfg.py:3256}}
May 22 15:55:11.233090 np0000001286 nova-scheduler[95674]: DEBUG cotyledon.oslo_config_glue [-] oslo_limit.keyfile = None {{(pid=95674) log_opt_values /opt/stack/data/venv/lib/python3.12/site-packages/oslo_config/cfg.py:3256}}
May 22 15:55:11.233090 np0000001286 nova-scheduler[95674]: DEBUG cotyledon.oslo_config_glue [-] oslo_limit.max_version = None {{(pid=95674) log_opt_values /opt/stack/data/venv/lib/python3.12/site-packages/oslo_config/cfg.py:3256}}
May 22 15:55:11.233090 np0000001286 nova-scheduler[95674]: DEBUG cotyledon.oslo_config_glue [-] oslo_limit.min_version = None {{(pid=95674) log_opt_values /opt/stack/data/venv/lib/python3.12/site-packages/oslo_config/cfg.py:3256}}
May 22 15:55:11.233090 np0000001286 nova-scheduler[95674]: DEBUG cotyledon.oslo_config_glue [-] oslo_limit.region_name = None {{(pid=95674) log_opt_values /opt/stack/data/venv/lib/python3.12/site-packages/oslo_config/cfg.py:3256}}
May 22 15:55:11.233090 np0000001286 nova-scheduler[95674]: DEBUG cotyledon.oslo_config_glue [-] oslo_limit.retriable_status_codes = None {{(pid=95674) log_opt_values /opt/stack/data/venv/lib/python3.12/site-packages/oslo_config/cfg.py:3256}}
May 22 15:55:11.233090 np0000001286 nova-scheduler[95674]: DEBUG cotyledon.oslo_config_glue [-] oslo_limit.service_name = None {{(pid=95674) log_opt_values /opt/stack/data/venv/lib/python3.12/site-packages/oslo_config/cfg.py:3256}}
May 22 15:55:11.233090 np0000001286 nova-scheduler[95674]: DEBUG cotyledon.oslo_config_glue [-] oslo_limit.service_type = None {{(pid=95674) log_opt_values /opt/stack/data/venv/lib/python3.12/site-packages/oslo_config/cfg.py:3256}}
May 22 15:55:11.233275 np0000001286 nova-scheduler[95674]: DEBUG cotyledon.oslo_config_glue [-] oslo_limit.split_loggers = False {{(pid=95674) log_opt_values /opt/stack/data/venv/lib/python3.12/site-packages/oslo_config/cfg.py:3256}}
May 22 15:55:11.233275 np0000001286 nova-scheduler[95674]: DEBUG cotyledon.oslo_config_glue [-] oslo_limit.status_code_retries = None {{(pid=95674) log_opt_values /opt/stack/data/venv/lib/python3.12/site-packages/oslo_config/cfg.py:3256}}
May 22 15:55:11.233275 np0000001286 nova-scheduler[95674]: DEBUG cotyledon.oslo_config_glue [-] oslo_limit.status_code_retry_delay = None {{(pid=95674) log_opt_values /opt/stack/data/venv/lib/python3.12/site-packages/oslo_config/cfg.py:3256}}
May 22 15:55:11.233275 np0000001286 nova-scheduler[95674]: DEBUG cotyledon.oslo_config_glue [-] oslo_limit.timeout = None {{(pid=95674) log_opt_values /opt/stack/data/venv/lib/python3.12/site-packages/oslo_config/cfg.py:3256}}
May 22 15:55:11.233275 np0000001286 nova-scheduler[95674]: DEBUG cotyledon.oslo_config_glue [-] oslo_limit.valid_interfaces = None {{(pid=95674) log_opt_values /opt/stack/data/venv/lib/python3.12/site-packages/oslo_config/cfg.py:3256}}
May 22 15:55:11.233275 np0000001286 nova-scheduler[95674]: DEBUG cotyledon.oslo_config_glue [-] oslo_limit.version = None {{(pid=95674) log_opt_values /opt/stack/data/venv/lib/python3.12/site-packages/oslo_config/cfg.py:3256}}
May 22 15:55:11.233275 np0000001286 nova-scheduler[95674]: DEBUG cotyledon.oslo_config_glue [-] oslo_reports.file_event_handler = None {{(pid=95674) log_opt_values /opt/stack/data/venv/lib/python3.12/site-packages/oslo_config/cfg.py:3256}}
May 22 15:55:11.233275 np0000001286 nova-scheduler[95674]: DEBUG cotyledon.oslo_config_glue [-] oslo_reports.file_event_handler_interval = 1 {{(pid=95674) log_opt_values /opt/stack/data/venv/lib/python3.12/site-packages/oslo_config/cfg.py:3256}}
May 22 15:55:11.233275 np0000001286 nova-scheduler[95674]: DEBUG cotyledon.oslo_config_glue [-] oslo_reports.log_dir = None {{(pid=95674) log_opt_values /opt/stack/data/venv/lib/python3.12/site-packages/oslo_config/cfg.py:3256}}
May 22 15:55:11.233435 np0000001286 nova-scheduler[95674]: DEBUG cotyledon.oslo_config_glue [-] ******************************************************************************** {{(pid=95674) log_opt_values /opt/stack/data/venv/lib/python3.12/site-packages/oslo_config/cfg.py:3263}}
May 22 15:55:11.233435 np0000001286 nova-scheduler[95674]: DEBUG cotyledon._service_worker [-] Run service ServiceWrapper(1) [95674] {{(pid=95674) wait_forever /opt/stack/data/venv/lib/python3.12/site-packages/cotyledon/_service_worker.py:218}}
May 22 15:55:11.233477 np0000001286 nova-scheduler[95676]: DEBUG oslo_db.sqlalchemy.engines [None req-c6ccf343-af9b-4564-8e4c-0fbe086ca364 None None] MySQL server mode set to STRICT_TRANS_TABLES,STRICT_ALL_TABLES,NO_ZERO_IN_DATE,NO_ZERO_DATE,ERROR_FOR_DIVISION_BY_ZERO,TRADITIONAL,NO_ENGINE_SUBSTITUTION {{(pid=95676) _check_effective_sql_mode /opt/stack/data/venv/lib/python3.12/site-packages/oslo_db/sqlalchemy/engines.py:325}}
May 22 15:55:11.233502 np0000001286 nova-scheduler[95672]: DEBUG nova.service [None req-6d592275-0190-4170-a9dd-093c1846b9d1 None None] Creating RPC server for service: nova-scheduler on topic: scheduler {{(pid=95672) start /opt/stack/nova/nova/service.py:195}}
May 22 15:55:11.233525 np0000001286 nova-scheduler[95674]: INFO nova.service [-] Starting scheduler node (version 33.1.0)
May 22 15:55:11.238934 np0000001286 nova-scheduler[95674]: INFO dbcounter [None req-06839202-09af-4466-bcfe-becfe80a6028 None None] Registered counter for database nova_cell0
May 22 15:55:11.240907 np0000001286 nova-scheduler[95676]: DEBUG dbcounter [-] [95676] Writer thread running {{(pid=95676) stat_writer /opt/stack/data/venv/lib/python3.12/site-packages/dbcounter.py:102}}
May 22 15:55:11.246324 np0000001286 nova-scheduler[95676]: DEBUG nova.service [None req-c6ccf343-af9b-4564-8e4c-0fbe086ca364 None None] Creating RPC server for service: nova-scheduler on topic: scheduler {{(pid=95676) start /opt/stack/nova/nova/service.py:195}}
May 22 15:55:11.250286 np0000001286 nova-scheduler[95674]: DEBUG oslo_db.sqlalchemy.engines [None req-06839202-09af-4466-bcfe-becfe80a6028 None None] MySQL server mode set to STRICT_TRANS_TABLES,STRICT_ALL_TABLES,NO_ZERO_IN_DATE,NO_ZERO_DATE,ERROR_FOR_DIVISION_BY_ZERO,TRADITIONAL,NO_ENGINE_SUBSTITUTION {{(pid=95674) _check_effective_sql_mode /opt/stack/data/venv/lib/python3.12/site-packages/oslo_db/sqlalchemy/engines.py:325}}
May 22 15:55:11.263750 np0000001286 nova-scheduler[95674]: DEBUG dbcounter [-] [95674] Writer thread running {{(pid=95674) stat_writer /opt/stack/data/venv/lib/python3.12/site-packages/dbcounter.py:102}}
May 22 15:55:11.264878 np0000001286 nova-scheduler[95672]: DEBUG nova.service [None req-6d592275-0190-4170-a9dd-093c1846b9d1 None None] Join ServiceGroup membership for this service scheduler {{(pid=95672) start /opt/stack/nova/nova/service.py:221}}
May 22 15:55:11.264878 np0000001286 nova-scheduler[95672]: DEBUG nova.servicegroup.drivers.db [None req-6d592275-0190-4170-a9dd-093c1846b9d1 None None] DB_Driver: join new ServiceGroup member np0000001286 to the scheduler group, service = {{(pid=95672) join /opt/stack/nova/nova/servicegroup/drivers/db.py:44}}
May 22 15:55:11.267209 np0000001286 nova-scheduler[95674]: DEBUG nova.service [None req-06839202-09af-4466-bcfe-becfe80a6028 None None] Creating RPC server for service: nova-scheduler on topic: scheduler {{(pid=95674) start /opt/stack/nova/nova/service.py:195}}
May 22 15:55:11.270473 np0000001286 nova-scheduler[95676]: DEBUG nova.service [None req-c6ccf343-af9b-4564-8e4c-0fbe086ca364 None None] Join ServiceGroup membership for this service scheduler {{(pid=95676) start /opt/stack/nova/nova/service.py:221}}
May 22 15:55:11.272061 np0000001286 nova-scheduler[95676]: DEBUG nova.servicegroup.drivers.db [None req-c6ccf343-af9b-4564-8e4c-0fbe086ca364 None None] DB_Driver: join new ServiceGroup member np0000001286 to the scheduler group, service = {{(pid=95676) join /opt/stack/nova/nova/servicegroup/drivers/db.py:44}}
May 22 15:55:11.286856 np0000001286 nova-scheduler[95674]: DEBUG nova.service [None req-06839202-09af-4466-bcfe-becfe80a6028 None None] Join ServiceGroup membership for this service scheduler {{(pid=95674) start /opt/stack/nova/nova/service.py:221}}
May 22 15:55:11.286856 np0000001286 nova-scheduler[95674]: DEBUG nova.servicegroup.drivers.db [None req-06839202-09af-4466-bcfe-becfe80a6028 None None] DB_Driver: join new ServiceGroup member np0000001286 to the scheduler group, service = {{(pid=95674) join /opt/stack/nova/nova/servicegroup/drivers/db.py:44}}
May 22 15:55:15.273176 np0000001286 nova-scheduler[95676]: DEBUG oslo.service.backend._threading.loopingcall [None req-322990f8-2c1c-45c5-a34d-6eb514e70865 None None] Dynamic interval looping call 'nova.service.Service.periodic_tasks' sleeping for 60.00 seconds {{(pid=95676) _run_loop /opt/stack/data/venv/lib/python3.12/site-packages/oslo_service/backend/_threading/loopingcall.py:125}}
May 22 15:55:16.280490 np0000001286 nova-scheduler[95672]: DEBUG oslo.service.backend._threading.loopingcall [-] Fixed interval looping call 'nova.servicegroup.drivers.db.DbDriver._report_state' sleeping for 119.99 seconds {{(pid=95672) _run_loop /opt/stack/data/venv/lib/python3.12/site-packages/oslo_service/backend/_threading/loopingcall.py:125}}
May 22 15:55:16.284283 np0000001286 nova-scheduler[95676]: DEBUG oslo.service.backend._threading.loopingcall [-] Fixed interval looping call 'nova.servicegroup.drivers.db.DbDriver._report_state' sleeping for 119.99 seconds {{(pid=95676) _run_loop /opt/stack/data/venv/lib/python3.12/site-packages/oslo_service/backend/_threading/loopingcall.py:125}}
May 22 15:55:16.296029 np0000001286 nova-scheduler[95674]: DEBUG oslo.service.backend._threading.loopingcall [-] Fixed interval looping call 'nova.servicegroup.drivers.db.DbDriver._report_state' sleeping for 119.99 seconds {{(pid=95674) _run_loop /opt/stack/data/venv/lib/python3.12/site-packages/oslo_service/backend/_threading/loopingcall.py:125}}
May 22 15:55:19.924736 np0000001286 nova-scheduler[94420]: DEBUG dbcounter [-] [94420] Writing DB stats nova_api:SELECT=3 {{(pid=94420) stat_writer /opt/stack/data/venv/lib/python3.12/site-packages/dbcounter.py:115}}
May 22 15:55:20.005326 np0000001286 nova-scheduler[94420]: DEBUG dbcounter [-] [94420] Writing DB stats nova_cell0:SELECT=1 {{(pid=94420) stat_writer /opt/stack/data/venv/lib/python3.12/site-packages/dbcounter.py:115}}
May 22 15:55:20.010573 np0000001286 nova-scheduler[94420]: DEBUG dbcounter [-] [94420] Writing DB stats nova_cell1:SELECT=1 {{(pid=94420) stat_writer /opt/stack/data/venv/lib/python3.12/site-packages/dbcounter.py:115}}
May 22 15:55:23.287980 np0000001286 nova-scheduler[95674]: DEBUG oslo.service.backend._threading.loopingcall [None req-aa8a2194-1208-4e83-95c0-3d5014ddbee9 None None] Dynamic interval looping call 'nova.service.Service.periodic_tasks' sleeping for 60.00 seconds {{(pid=95674) _run_loop /opt/stack/data/venv/lib/python3.12/site-packages/oslo_service/backend/_threading/loopingcall.py:125}}
May 22 15:55:26.275043 np0000001286 nova-scheduler[95672]: DEBUG dbcounter [-] [95672] Writing DB stats nova_cell0:SELECT=4,nova_cell0:INSERT=1,nova_cell0:UPDATE=1 {{(pid=95672) stat_writer /opt/stack/data/venv/lib/python3.12/site-packages/dbcounter.py:115}}
May 22 15:55:26.283067 np0000001286 nova-scheduler[95676]: DEBUG dbcounter [-] [95676] Writing DB stats nova_cell0:SELECT=3,nova_cell0:UPDATE=1 {{(pid=95676) stat_writer /opt/stack/data/venv/lib/python3.12/site-packages/dbcounter.py:115}}
May 22 15:55:26.293813 np0000001286 nova-scheduler[95674]: DEBUG dbcounter [-] [95674] Writing DB stats nova_cell0:SELECT=3 {{(pid=95674) stat_writer /opt/stack/data/venv/lib/python3.12/site-packages/dbcounter.py:115}}
May 22 15:56:08.267462 np0000001286 nova-scheduler[95672]: DEBUG oslo.service.backend._threading.loopingcall [None req-01380736-d179-4225-bd16-96419580da28 None None] Dynamic interval looping call 'nova.service.Service.periodic_tasks' sleeping for 60.00 seconds {{(pid=95672) _run_loop /opt/stack/data/venv/lib/python3.12/site-packages/oslo_service/backend/_threading/loopingcall.py:125}}
May 22 15:56:15.273725 np0000001286 nova-scheduler[95676]: DEBUG oslo.service.backend._threading.loopingcall [None req-322990f8-2c1c-45c5-a34d-6eb514e70865 None None] Dynamic interval looping call 'nova.service.Service.periodic_tasks' sleeping for 60.00 seconds {{(pid=95676) _run_loop /opt/stack/data/venv/lib/python3.12/site-packages/oslo_service/backend/_threading/loopingcall.py:125}}
May 22 15:56:23.288534 np0000001286 nova-scheduler[95674]: DEBUG oslo.service.backend._threading.loopingcall [None req-aa8a2194-1208-4e83-95c0-3d5014ddbee9 None None] Dynamic interval looping call 'nova.service.Service.periodic_tasks' sleeping for 60.00 seconds {{(pid=95674) _run_loop /opt/stack/data/venv/lib/python3.12/site-packages/oslo_service/backend/_threading/loopingcall.py:125}}
May 22 15:57:08.268059 np0000001286 nova-scheduler[95672]: DEBUG oslo.service.backend._threading.loopingcall [None req-01380736-d179-4225-bd16-96419580da28 None None] Dynamic interval looping call 'nova.service.Service.periodic_tasks' sleeping for 60.00 seconds {{(pid=95672) _run_loop /opt/stack/data/venv/lib/python3.12/site-packages/oslo_service/backend/_threading/loopingcall.py:125}}
May 22 15:57:15.274122 np0000001286 nova-scheduler[95676]: DEBUG oslo.service.backend._threading.loopingcall [None req-322990f8-2c1c-45c5-a34d-6eb514e70865 None None] Dynamic interval looping call 'nova.service.Service.periodic_tasks' sleeping for 60.00 seconds {{(pid=95676) _run_loop /opt/stack/data/venv/lib/python3.12/site-packages/oslo_service/backend/_threading/loopingcall.py:125}}
May 22 15:57:16.279121 np0000001286 nova-scheduler[95672]: DEBUG oslo.service.backend._threading.loopingcall [-] Fixed interval looping call 'nova.servicegroup.drivers.db.DbDriver._report_state' sleeping for 119.99 seconds {{(pid=95672) _run_loop /opt/stack/data/venv/lib/python3.12/site-packages/oslo_service/backend/_threading/loopingcall.py:125}}
May 22 15:57:16.280097 np0000001286 nova-scheduler[95676]: DEBUG oslo.service.backend._threading.loopingcall [-] Fixed interval looping call 'nova.servicegroup.drivers.db.DbDriver._report_state' sleeping for 119.99 seconds {{(pid=95676) _run_loop /opt/stack/data/venv/lib/python3.12/site-packages/oslo_service/backend/_threading/loopingcall.py:125}}
May 22 15:57:16.289249 np0000001286 nova-scheduler[95674]: DEBUG oslo.service.backend._threading.loopingcall [-] Fixed interval looping call 'nova.servicegroup.drivers.db.DbDriver._report_state' sleeping for 120.00 seconds {{(pid=95674) _run_loop /opt/stack/data/venv/lib/python3.12/site-packages/oslo_service/backend/_threading/loopingcall.py:125}}
May 22 15:57:23.289038 np0000001286 nova-scheduler[95674]: DEBUG oslo.service.backend._threading.loopingcall [None req-aa8a2194-1208-4e83-95c0-3d5014ddbee9 None None] Dynamic interval looping call 'nova.service.Service.periodic_tasks' sleeping for 60.00 seconds {{(pid=95674) _run_loop /opt/stack/data/venv/lib/python3.12/site-packages/oslo_service/backend/_threading/loopingcall.py:125}}
May 22 15:57:26.274336 np0000001286 nova-scheduler[95672]: DEBUG dbcounter [-] [95672] Writing DB stats nova_cell0:SELECT=1,nova_cell0:UPDATE=1 {{(pid=95672) stat_writer /opt/stack/data/venv/lib/python3.12/site-packages/dbcounter.py:115}}
May 22 15:57:26.277389 np0000001286 nova-scheduler[95676]: DEBUG dbcounter [-] [95676] Writing DB stats nova_cell0:SELECT=1,nova_cell0:UPDATE=1 {{(pid=95676) stat_writer /opt/stack/data/venv/lib/python3.12/site-packages/dbcounter.py:115}}
May 22 15:57:26.287928 np0000001286 nova-scheduler[95674]: DEBUG dbcounter [-] [95674] Writing DB stats nova_cell0:SELECT=1 {{(pid=95674) stat_writer /opt/stack/data/venv/lib/python3.12/site-packages/dbcounter.py:115}}
May 22 15:57:49.449330 np0000001286 nova-scheduler[95672]: DEBUG nova.scheduler.manager [None req-995a16c8-8a0f-4e6d-a0cf-dc5dc490efd1 tempest-DeleteServersTestJSON-1139364915 tempest-DeleteServersTestJSON-1139364915-project-member] Starting to schedule for instances: ['03f19616-dffe-4a0b-9783-d3420761d79a'] {{(pid=95672) select_destinations /opt/stack/nova/nova/scheduler/manager.py:210}}
May 22 15:57:49.451233 np0000001286 nova-scheduler[95672]: DEBUG nova.scheduler.request_filter [None req-995a16c8-8a0f-4e6d-a0cf-dc5dc490efd1 tempest-DeleteServersTestJSON-1139364915 tempest-DeleteServersTestJSON-1139364915-project-member] compute_status_filter request filter added forbidden trait COMPUTE_STATUS_DISABLED {{(pid=95672) compute_status_filter /opt/stack/nova/nova/scheduler/request_filter.py:253}}
May 22 15:57:49.451233 np0000001286 nova-scheduler[95672]: DEBUG nova.scheduler.request_filter [None req-995a16c8-8a0f-4e6d-a0cf-dc5dc490efd1 tempest-DeleteServersTestJSON-1139364915 tempest-DeleteServersTestJSON-1139364915-project-member] Request filter 'compute_status_filter' took 0.0 seconds {{(pid=95672) wrapper /opt/stack/nova/nova/scheduler/request_filter.py:46}}
May 22 15:57:49.451233 np0000001286 nova-scheduler[95672]: DEBUG nova.scheduler.request_filter [None req-995a16c8-8a0f-4e6d-a0cf-dc5dc490efd1 tempest-DeleteServersTestJSON-1139364915 tempest-DeleteServersTestJSON-1139364915-project-member] Request filter 'accelerators_filter' took 0.0 seconds {{(pid=95672) wrapper /opt/stack/nova/nova/scheduler/request_filter.py:46}}
May 22 15:57:49.451701 np0000001286 nova-scheduler[95672]: DEBUG nova.scheduler.request_filter [None req-995a16c8-8a0f-4e6d-a0cf-dc5dc490efd1 tempest-DeleteServersTestJSON-1139364915 tempest-DeleteServersTestJSON-1139364915-project-member] Request filter 'packed_virtqueue_filter' took 0.0 seconds {{(pid=95672) wrapper /opt/stack/nova/nova/scheduler/request_filter.py:46}}
May 22 15:57:49.454141 np0000001286 nova-scheduler[95672]: DEBUG nova.scheduler.request_filter [None req-995a16c8-8a0f-4e6d-a0cf-dc5dc490efd1 tempest-DeleteServersTestJSON-1139364915 tempest-DeleteServersTestJSON-1139364915-project-member] Request filter 'remote_managed_ports_filter' took 0.0 seconds {{(pid=95672) wrapper /opt/stack/nova/nova/scheduler/request_filter.py:46}}
May 22 15:57:49.454419 np0000001286 nova-scheduler[95672]: DEBUG nova.scheduler.request_filter [None req-995a16c8-8a0f-4e6d-a0cf-dc5dc490efd1 tempest-DeleteServersTestJSON-1139364915 tempest-DeleteServersTestJSON-1139364915-project-member] ephemeral_encryption_filter skipped {{(pid=95672) ephemeral_encryption_filter /opt/stack/nova/nova/scheduler/request_filter.py:426}}
May 22 15:57:49.454626 np0000001286 nova-scheduler[95672]: DEBUG nova.scheduler.request_filter [None req-995a16c8-8a0f-4e6d-a0cf-dc5dc490efd1 tempest-DeleteServersTestJSON-1139364915 tempest-DeleteServersTestJSON-1139364915-project-member] virtio_sound_filter skipped {{(pid=95672) virtio_sound_filter /opt/stack/nova/nova/scheduler/request_filter.py:460}}
May 22 15:57:49.454805 np0000001286 nova-scheduler[95672]: DEBUG nova.scheduler.request_filter [None req-995a16c8-8a0f-4e6d-a0cf-dc5dc490efd1 tempest-DeleteServersTestJSON-1139364915 tempest-DeleteServersTestJSON-1139364915-project-member] tpm_secret_security_filter skipped {{(pid=95672) tpm_secret_security_filter /opt/stack/nova/nova/scheduler/request_filter.py:477}}
May 22 15:57:49.881494 np0000001286 nova-scheduler[95672]: INFO nova.utils [None req-995a16c8-8a0f-4e6d-a0cf-dc5dc490efd1 tempest-DeleteServersTestJSON-1139364915 tempest-DeleteServersTestJSON-1139364915-project-member] The cell worker thread pool ForkProcess-1.cell_worker is initialized
May 22 15:57:49.881878 np0000001286 nova-scheduler[95672]: DEBUG oslo_concurrency.lockutils [None req-995a16c8-8a0f-4e6d-a0cf-dc5dc490efd1 tempest-DeleteServersTestJSON-1139364915 tempest-DeleteServersTestJSON-1139364915-project-member] Acquiring lock "b2f37f4b-120e-4726-92fb-79764dc8cfed" by "nova.context.set_target_cell..get_or_set_cached_cell_and_set_connections" {{(pid=95672) inner /opt/stack/data/venv/lib/python3.12/site-packages/oslo_concurrency/lockutils.py:511}}
May 22 15:57:49.882576 np0000001286 nova-scheduler[95672]: DEBUG oslo_concurrency.lockutils [None req-995a16c8-8a0f-4e6d-a0cf-dc5dc490efd1 tempest-DeleteServersTestJSON-1139364915 tempest-DeleteServersTestJSON-1139364915-project-member] Lock "b2f37f4b-120e-4726-92fb-79764dc8cfed" acquired by "nova.context.set_target_cell..get_or_set_cached_cell_and_set_connections" :: waited 0.000s {{(pid=95672) inner /opt/stack/data/venv/lib/python3.12/site-packages/oslo_concurrency/lockutils.py:524}}
May 22 15:57:49.884182 np0000001286 nova-scheduler[95672]: DEBUG oslo_concurrency.lockutils [None req-995a16c8-8a0f-4e6d-a0cf-dc5dc490efd1 tempest-DeleteServersTestJSON-1139364915 tempest-DeleteServersTestJSON-1139364915-project-member] Lock "b2f37f4b-120e-4726-92fb-79764dc8cfed" "released" by "nova.context.set_target_cell..get_or_set_cached_cell_and_set_connections" :: held 0.002s {{(pid=95672) inner /opt/stack/data/venv/lib/python3.12/site-packages/oslo_concurrency/lockutils.py:543}}
May 22 15:57:49.886801 np0000001286 nova-scheduler[95672]: INFO dbcounter [None req-995a16c8-8a0f-4e6d-a0cf-dc5dc490efd1 tempest-DeleteServersTestJSON-1139364915 tempest-DeleteServersTestJSON-1139364915-project-member] Registered counter for database nova_cell1
May 22 15:57:49.895049 np0000001286 nova-scheduler[95672]: DEBUG oslo_db.sqlalchemy.engines [None req-995a16c8-8a0f-4e6d-a0cf-dc5dc490efd1 tempest-DeleteServersTestJSON-1139364915 tempest-DeleteServersTestJSON-1139364915-project-member] MySQL server mode set to STRICT_TRANS_TABLES,STRICT_ALL_TABLES,NO_ZERO_IN_DATE,NO_ZERO_DATE,ERROR_FOR_DIVISION_BY_ZERO,TRADITIONAL,NO_ENGINE_SUBSTITUTION {{(pid=95672) _check_effective_sql_mode /opt/stack/data/venv/lib/python3.12/site-packages/oslo_db/sqlalchemy/engines.py:325}}
May 22 15:57:49.901252 np0000001286 nova-scheduler[95672]: DEBUG dbcounter [-] [95672] Writer thread running {{(pid=95672) stat_writer /opt/stack/data/venv/lib/python3.12/site-packages/dbcounter.py:102}}
May 22 15:57:49.916585 np0000001286 nova-scheduler[95672]: DEBUG oslo_db.sqlalchemy.engines [None req-995a16c8-8a0f-4e6d-a0cf-dc5dc490efd1 tempest-DeleteServersTestJSON-1139364915 tempest-DeleteServersTestJSON-1139364915-project-member] Parent process 94420 forked (95672) with an open database connection, which is being discarded and recreated. {{(pid=95672) checkout /opt/stack/data/venv/lib/python3.12/site-packages/oslo_db/sqlalchemy/engines.py:402}}
May 22 15:57:49.924638 np0000001286 nova-scheduler[95672]: DEBUG dbcounter [-] [95672] Writer thread running {{(pid=95672) stat_writer /opt/stack/data/venv/lib/python3.12/site-packages/dbcounter.py:102}}
May 22 15:57:49.928053 np0000001286 nova-scheduler[95672]: DEBUG oslo_concurrency.lockutils [None req-995a16c8-8a0f-4e6d-a0cf-dc5dc490efd1 tempest-DeleteServersTestJSON-1139364915 tempest-DeleteServersTestJSON-1139364915-project-member] Acquiring lock "b2f37f4b-120e-4726-92fb-79764dc8cfed" by "nova.context.set_target_cell..get_or_set_cached_cell_and_set_connections" {{(pid=95672) inner /opt/stack/data/venv/lib/python3.12/site-packages/oslo_concurrency/lockutils.py:511}}
May 22 15:57:49.928244 np0000001286 nova-scheduler[95672]: DEBUG oslo_concurrency.lockutils [None req-995a16c8-8a0f-4e6d-a0cf-dc5dc490efd1 tempest-DeleteServersTestJSON-1139364915 tempest-DeleteServersTestJSON-1139364915-project-member] Lock "b2f37f4b-120e-4726-92fb-79764dc8cfed" acquired by "nova.context.set_target_cell..get_or_set_cached_cell_and_set_connections" :: waited 0.000s {{(pid=95672) inner /opt/stack/data/venv/lib/python3.12/site-packages/oslo_concurrency/lockutils.py:524}}
May 22 15:57:49.928399 np0000001286 nova-scheduler[95672]: DEBUG oslo_concurrency.lockutils [None req-995a16c8-8a0f-4e6d-a0cf-dc5dc490efd1 tempest-DeleteServersTestJSON-1139364915 tempest-DeleteServersTestJSON-1139364915-project-member] Lock "b2f37f4b-120e-4726-92fb-79764dc8cfed" "released" by "nova.context.set_target_cell..get_or_set_cached_cell_and_set_connections" :: held 0.000s {{(pid=95672) inner /opt/stack/data/venv/lib/python3.12/site-packages/oslo_concurrency/lockutils.py:543}}
May 22 15:57:49.931900 np0000001286 nova-scheduler[95672]: DEBUG oslo_concurrency.lockutils [None req-995a16c8-8a0f-4e6d-a0cf-dc5dc490efd1 tempest-DeleteServersTestJSON-1139364915 tempest-DeleteServersTestJSON-1139364915-project-member] Acquiring lock "('np0000001286', 'np0000001286')" by "nova.scheduler.host_manager.HostState.update.._locked_update" {{(pid=95672) inner /opt/stack/data/venv/lib/python3.12/site-packages/oslo_concurrency/lockutils.py:511}}
May 22 15:57:49.932472 np0000001286 nova-scheduler[95672]: DEBUG oslo_concurrency.lockutils [None req-995a16c8-8a0f-4e6d-a0cf-dc5dc490efd1 tempest-DeleteServersTestJSON-1139364915 tempest-DeleteServersTestJSON-1139364915-project-member] Lock "('np0000001286', 'np0000001286')" acquired by "nova.scheduler.host_manager.HostState.update.._locked_update" :: waited 0.000s {{(pid=95672) inner /opt/stack/data/venv/lib/python3.12/site-packages/oslo_concurrency/lockutils.py:524}}
May 22 15:57:49.933680 np0000001286 nova-scheduler[95672]: DEBUG nova.scheduler.host_manager [None req-995a16c8-8a0f-4e6d-a0cf-dc5dc490efd1 tempest-DeleteServersTestJSON-1139364915 tempest-DeleteServersTestJSON-1139364915-project-member] Update host state from compute node: ComputeNode(cpu_allocation_ratio=4.0,cpu_info='{"arch": "x86_64", "model": "EPYC-Milan", "vendor": "AMD", "topology": {"cells": 1, "sockets": 12, "cores": 1, "threads": 1}, "maxphysaddr": {"mode": "emulate", "bits": 40}, "features": ["perfctr_core", "abm", "erms", "lfence-always-serializing", "movbe", "clzero", "cx8", "skip-l1dfl-vmentry", "smep", "sse", "clflushopt", "osvw", "sse4.1", "f16c", "pause-filter", "syscall", "lahf_lm", "cx16", "pclmuldq", "pse", "pcid", "popcnt", "mca", "pschange-mc-no", "npt", "pni", "ssse3", "amd-psfd", "stibp", "sse2", "amd-stibp", "clwb", "ssbd", "xgetbv1", "umip", "virt-ssbd", "sha-ni", "fsrm", "sse4a", "xsaveopt", "xsaveerptr", "tsc_adjust", "avx2", "3dnowprefetch", "mds-no", "vaes", "stibp-always-on", "xsavec", "flushbyasid", "pku", "amd-ssbd", "aes", "pdpe1gb", "misalignsse", "mmxext", "adx", "svme-addr-chk", "nx", "smap", "svm", "ibrs", "tsc-deadline", "fxsr", "lbrv", "avx", "cmp_legacy", "rdpid", "apic", "fpu", "x2apic", "msr", "xsave", "no-nested-data-bp", "bmi1", "vpclmulqdq", "arch-capabilities", "vme", "pae", "clflush", "v-vmsave-vmload", "bmi2", "nrip-save", "cr8legacy", "rdrand", "xsaves", "lm", "fma", "mmx", "wbnoinvd", "rdseed", "hypervisor", "gds-no", "pge", "pse36", "tsc-scale", "rdtscp", "topoext", "invpcid", "vmcb-clean", "null-sel-clr-base", "sse4.2", "rdctl-no", "vgif", "sep", "spec-ctrl", "de", "cmov", "fxsr_opt", "tsc", "fsgsbase", "mce", "mtrr", "pfthreshold", "pat", "arat", "ibpb"]}',created_at=2026-05-22T15:55:36Z,current_workload=0,deleted=False,deleted_at=None,disk_allocation_ratio=1.0,disk_available_least=74,free_disk_gb=95,free_ram_mb=23518,host='np0000001286',host_ip=10.4.3.138,hypervisor_hostname='np0000001286',hypervisor_type='QEMU',hypervisor_version=8002002,id=1,local_gb=95,local_gb_used=0,mapped=1,memory_mb=24030,memory_mb_used=512,metrics='[]',numa_topology='{"nova_object.name": "NUMATopology", "nova_object.namespace": "nova", "nova_object.version": "1.2", "nova_object.data": {"cells": [{"nova_object.name": "NUMACell", "nova_object.namespace": "nova", "nova_object.version": "1.5", "nova_object.data": {"id": 0, "cpuset": [0, 1, 2, 3, 4, 5, 6, 7, 8, 9, 10, 11], "pcpuset": [0, 1, 2, 3, 4, 5, 6, 7, 8, 9, 10, 11], "memory": 24030, "cpu_usage": 0, "memory_usage": 0, "pinned_cpus": [], "siblings": [[6], [2], [5], [11], [8], [4], [1], [7], [10], [0], [3], [9]], "mempages": [{"nova_object.name": "NUMAPagesTopology", "nova_object.namespace": "nova", "nova_object.version": "1.1", "nova_object.data": {"size_kb": 4, "total": 6151797, "used": 0, "reserved": 0}, "nova_object.changes": ["size_kb", "used", "total", "reserved"]}, {"nova_object.name": "NUMAPagesTopology", "nova_object.namespace": "nova", "nova_object.version": "1.1", "nova_object.data": {"size_kb": 2048, "total": 0, "used": 0, "reserved": 0}, "nova_object.changes": ["size_kb", "used", "total", "reserved"]}, {"nova_object.name": "NUMAPagesTopology", "nova_object.namespace": "nova", "nova_object.version": "1.1", "nova_object.data": {"size_kb": 1048576, "total": 0, "used": 0, "reserved": 0}, "nova_object.changes": ["size_kb", "used", "total", "reserved"]}], "network_metadata": {"nova_object.name": "NetworkMetadata", "nova_object.namespace": "nova", "nova_object.version": "1.0", "nova_object.data": {"physnets": [], "tunneled": false}, "nova_object.changes": ["tunneled", "physnets"]}, "socket": null}, "nova_object.changes": ["pinned_cpus", "siblings", "cpuset", "memory", "pcpuset", "cpu_usage", "mempages", "socket", "id", "network_metadata", "memory_usage"]}]}, "nova_object.changes": ["cells"]}',pci_device_pools=PciDevicePoolList,ram_allocation_ratio=1.0,running_vms=0,service_id=2,stats={failed_builds='0',uptime=' 15:57:22 up 24 min, 2 users, load average: 1.40, 1.53, 0.89
May 22 15:57:49.933680 np0000001286 nova-scheduler[95672]: '},supported_hv_specs=[HVSpec,HVSpec,HVSpec,HVSpec,HVSpec,HVSpec,HVSpec,HVSpec,HVSpec,HVSpec,HVSpec,HVSpec,HVSpec,HVSpec,HVSpec,HVSpec,HVSpec,HVSpec,HVSpec,HVSpec,HVSpec,HVSpec,HVSpec,HVSpec,HVSpec],updated_at=2026-05-22T15:57:24Z,uuid=c54d4a9e-a938-44ce-a36e-0bfe779713f1,vcpus=12,vcpus_used=0) {{(pid=95672) _locked_update /opt/stack/nova/nova/scheduler/host_manager.py:168}}
May 22 15:57:49.934164 np0000001286 nova-scheduler[95672]: DEBUG nova.scheduler.host_manager [None req-995a16c8-8a0f-4e6d-a0cf-dc5dc490efd1 tempest-DeleteServersTestJSON-1139364915 tempest-DeleteServersTestJSON-1139364915-project-member] Update host state with aggregates: [] {{(pid=95672) _locked_update /opt/stack/nova/nova/scheduler/host_manager.py:171}}
May 22 15:57:49.934814 np0000001286 nova-scheduler[95672]: DEBUG nova.scheduler.host_manager [None req-995a16c8-8a0f-4e6d-a0cf-dc5dc490efd1 tempest-DeleteServersTestJSON-1139364915 tempest-DeleteServersTestJSON-1139364915-project-member] Update host state with service dict: {'id': 2, 'uuid': '0806680d-4105-4fe3-af49-507d09a3e577', 'host': 'np0000001286', 'binary': 'nova-compute', 'topic': 'compute', 'report_count': 2, 'disabled': False, 'disabled_reason': None, 'last_seen_up': datetime.datetime(2026, 5, 22, 15, 57, 44, tzinfo=datetime.timezone.utc), 'forced_down': False, 'version': 72, 'created_at': datetime.datetime(2026, 5, 22, 15, 55, 34, tzinfo=datetime.timezone.utc), 'updated_at': datetime.datetime(2026, 5, 22, 15, 57, 44, tzinfo=datetime.timezone.utc), 'deleted_at': None, 'deleted': False} {{(pid=95672) _locked_update /opt/stack/nova/nova/scheduler/host_manager.py:174}}
May 22 15:57:49.934814 np0000001286 nova-scheduler[95672]: DEBUG nova.scheduler.host_manager [None req-995a16c8-8a0f-4e6d-a0cf-dc5dc490efd1 tempest-DeleteServersTestJSON-1139364915 tempest-DeleteServersTestJSON-1139364915-project-member] Update host state with instances: [] {{(pid=95672) _locked_update /opt/stack/nova/nova/scheduler/host_manager.py:177}}
May 22 15:57:49.934814 np0000001286 nova-scheduler[95672]: DEBUG oslo_concurrency.lockutils [None req-995a16c8-8a0f-4e6d-a0cf-dc5dc490efd1 tempest-DeleteServersTestJSON-1139364915 tempest-DeleteServersTestJSON-1139364915-project-member] Lock "('np0000001286', 'np0000001286')" "released" by "nova.scheduler.host_manager.HostState.update.._locked_update" :: held 0.003s {{(pid=95672) inner /opt/stack/data/venv/lib/python3.12/site-packages/oslo_concurrency/lockutils.py:543}}
May 22 15:57:49.936037 np0000001286 nova-scheduler[95672]: DEBUG nova.filters [None req-995a16c8-8a0f-4e6d-a0cf-dc5dc490efd1 tempest-DeleteServersTestJSON-1139364915 tempest-DeleteServersTestJSON-1139364915-project-member] Starting with 1 host(s) {{(pid=95672) get_filtered_objects /opt/stack/nova/nova/filters.py:70}}
May 22 15:57:49.936950 np0000001286 nova-scheduler[95672]: DEBUG nova.filters [None req-995a16c8-8a0f-4e6d-a0cf-dc5dc490efd1 tempest-DeleteServersTestJSON-1139364915 tempest-DeleteServersTestJSON-1139364915-project-member] Filter ComputeFilter returned 1 host(s) {{(pid=95672) get_filtered_objects /opt/stack/nova/nova/filters.py:102}}
May 22 15:57:49.936950 np0000001286 nova-scheduler[95672]: DEBUG nova.filters [None req-995a16c8-8a0f-4e6d-a0cf-dc5dc490efd1 tempest-DeleteServersTestJSON-1139364915 tempest-DeleteServersTestJSON-1139364915-project-member] Filter ComputeCapabilitiesFilter returned 1 host(s) {{(pid=95672) get_filtered_objects /opt/stack/nova/nova/filters.py:102}}
May 22 15:57:49.937092 np0000001286 nova-scheduler[95672]: DEBUG nova.filters [None req-995a16c8-8a0f-4e6d-a0cf-dc5dc490efd1 tempest-DeleteServersTestJSON-1139364915 tempest-DeleteServersTestJSON-1139364915-project-member] Filter ImagePropertiesFilter returned 1 host(s) {{(pid=95672) get_filtered_objects /opt/stack/nova/nova/filters.py:102}}
May 22 15:57:49.937246 np0000001286 nova-scheduler[95672]: DEBUG nova.filters [None req-995a16c8-8a0f-4e6d-a0cf-dc5dc490efd1 tempest-DeleteServersTestJSON-1139364915 tempest-DeleteServersTestJSON-1139364915-project-member] Filter ServerGroupAntiAffinityFilter returned 1 host(s) {{(pid=95672) get_filtered_objects /opt/stack/nova/nova/filters.py:102}}
May 22 15:57:49.937736 np0000001286 nova-scheduler[95672]: DEBUG nova.filters [None req-995a16c8-8a0f-4e6d-a0cf-dc5dc490efd1 tempest-DeleteServersTestJSON-1139364915 tempest-DeleteServersTestJSON-1139364915-project-member] Filter ServerGroupAffinityFilter returned 1 host(s) {{(pid=95672) get_filtered_objects /opt/stack/nova/nova/filters.py:102}}
May 22 15:57:49.937736 np0000001286 nova-scheduler[95672]: DEBUG nova.filters [None req-995a16c8-8a0f-4e6d-a0cf-dc5dc490efd1 tempest-DeleteServersTestJSON-1139364915 tempest-DeleteServersTestJSON-1139364915-project-member] Filter SameHostFilter returned 1 host(s) {{(pid=95672) get_filtered_objects /opt/stack/nova/nova/filters.py:102}}
May 22 15:57:49.937736 np0000001286 nova-scheduler[95672]: DEBUG nova.filters [None req-995a16c8-8a0f-4e6d-a0cf-dc5dc490efd1 tempest-DeleteServersTestJSON-1139364915 tempest-DeleteServersTestJSON-1139364915-project-member] Filter DifferentHostFilter returned 1 host(s) {{(pid=95672) get_filtered_objects /opt/stack/nova/nova/filters.py:102}}
May 22 15:57:49.938032 np0000001286 nova-scheduler[95672]: DEBUG nova.scheduler.manager [None req-995a16c8-8a0f-4e6d-a0cf-dc5dc490efd1 tempest-DeleteServersTestJSON-1139364915 tempest-DeleteServersTestJSON-1139364915-project-member] Filtered [(np0000001286, np0000001286) ram: 23518MB disk: 75776MB io_ops: 0 instances: 0, allocation_candidates: 1] {{(pid=95672) _get_sorted_hosts /opt/stack/nova/nova/scheduler/manager.py:743}}
May 22 15:57:49.938856 np0000001286 nova-scheduler[95672]: DEBUG nova.scheduler.manager [None req-995a16c8-8a0f-4e6d-a0cf-dc5dc490efd1 tempest-DeleteServersTestJSON-1139364915 tempest-DeleteServersTestJSON-1139364915-project-member] Weighed [WeighedHost [host: (np0000001286, np0000001286) ram: 23518MB disk: 75776MB io_ops: 0 instances: 0, allocation_candidates: 1, weight: 0.0]] {{(pid=95672) _get_sorted_hosts /opt/stack/nova/nova/scheduler/manager.py:765}}
May 22 15:57:49.938856 np0000001286 nova-scheduler[95672]: DEBUG nova.scheduler.utils [None req-995a16c8-8a0f-4e6d-a0cf-dc5dc490efd1 tempest-DeleteServersTestJSON-1139364915 tempest-DeleteServersTestJSON-1139364915-project-member] Attempting to claim resources in the placement API for instance 03f19616-dffe-4a0b-9783-d3420761d79a {{(pid=95672) claim_resources /opt/stack/nova/nova/scheduler/utils.py:1304}}
May 22 15:57:50.125570 np0000001286 nova-scheduler[95672]: DEBUG nova.scheduler.manager [None req-995a16c8-8a0f-4e6d-a0cf-dc5dc490efd1 tempest-DeleteServersTestJSON-1139364915 tempest-DeleteServersTestJSON-1139364915-project-member] [instance: 03f19616-dffe-4a0b-9783-d3420761d79a] Selected host: (np0000001286, np0000001286) ram: 23518MB disk: 75776MB io_ops: 0 instances: 0, allocation_candidates: 1 {{(pid=95672) _consume_selected_host /opt/stack/nova/nova/scheduler/manager.py:625}}
May 22 15:57:50.126021 np0000001286 nova-scheduler[95672]: DEBUG oslo_concurrency.lockutils [None req-995a16c8-8a0f-4e6d-a0cf-dc5dc490efd1 tempest-DeleteServersTestJSON-1139364915 tempest-DeleteServersTestJSON-1139364915-project-member] Acquiring lock "('np0000001286', 'np0000001286')" by "nova.scheduler.host_manager.HostState.consume_from_request.._locked" {{(pid=95672) inner /opt/stack/data/venv/lib/python3.12/site-packages/oslo_concurrency/lockutils.py:511}}
May 22 15:57:50.126109 np0000001286 nova-scheduler[95672]: DEBUG oslo_concurrency.lockutils [None req-995a16c8-8a0f-4e6d-a0cf-dc5dc490efd1 tempest-DeleteServersTestJSON-1139364915 tempest-DeleteServersTestJSON-1139364915-project-member] Lock "('np0000001286', 'np0000001286')" acquired by "nova.scheduler.host_manager.HostState.consume_from_request.._locked" :: waited 0.000s {{(pid=95672) inner /opt/stack/data/venv/lib/python3.12/site-packages/oslo_concurrency/lockutils.py:524}}
May 22 15:57:50.126519 np0000001286 nova-scheduler[95672]: DEBUG oslo_concurrency.lockutils [None req-995a16c8-8a0f-4e6d-a0cf-dc5dc490efd1 tempest-DeleteServersTestJSON-1139364915 tempest-DeleteServersTestJSON-1139364915-project-member] Lock "('np0000001286', 'np0000001286')" "released" by "nova.scheduler.host_manager.HostState.consume_from_request.._locked" :: held 0.000s {{(pid=95672) inner /opt/stack/data/venv/lib/python3.12/site-packages/oslo_concurrency/lockutils.py:543}}
May 22 15:58:00.000073 np0000001286 nova-scheduler[95672]: DEBUG dbcounter [-] [95672] Writing DB stats nova_cell1:SELECT=3 {{(pid=95672) stat_writer /opt/stack/data/venv/lib/python3.12/site-packages/dbcounter.py:115}}
May 22 15:58:02.382085 np0000001286 nova-scheduler[95676]: DEBUG nova.scheduler.manager [None req-7da71d67-cce6-4cc9-958c-ffa4b87a7392 tempest-ServerRescueNegativeTestJSON-603387308 tempest-ServerRescueNegativeTestJSON-603387308-project-member] Starting to schedule for instances: ['d7708a14-c344-4e04-86a9-4c37a4c90e2c'] {{(pid=95676) select_destinations /opt/stack/nova/nova/scheduler/manager.py:210}}
May 22 15:58:02.382544 np0000001286 nova-scheduler[95676]: DEBUG nova.scheduler.request_filter [None req-7da71d67-cce6-4cc9-958c-ffa4b87a7392 tempest-ServerRescueNegativeTestJSON-603387308 tempest-ServerRescueNegativeTestJSON-603387308-project-member] compute_status_filter request filter added forbidden trait COMPUTE_STATUS_DISABLED {{(pid=95676) compute_status_filter /opt/stack/nova/nova/scheduler/request_filter.py:253}}
May 22 15:58:02.382647 np0000001286 nova-scheduler[95676]: DEBUG nova.scheduler.request_filter [None req-7da71d67-cce6-4cc9-958c-ffa4b87a7392 tempest-ServerRescueNegativeTestJSON-603387308 tempest-ServerRescueNegativeTestJSON-603387308-project-member] Request filter 'compute_status_filter' took 0.0 seconds {{(pid=95676) wrapper /opt/stack/nova/nova/scheduler/request_filter.py:46}}
May 22 15:58:02.382862 np0000001286 nova-scheduler[95676]: DEBUG nova.scheduler.request_filter [None req-7da71d67-cce6-4cc9-958c-ffa4b87a7392 tempest-ServerRescueNegativeTestJSON-603387308 tempest-ServerRescueNegativeTestJSON-603387308-project-member] Request filter 'accelerators_filter' took 0.0 seconds {{(pid=95676) wrapper /opt/stack/nova/nova/scheduler/request_filter.py:46}}
May 22 15:58:02.383034 np0000001286 nova-scheduler[95676]: DEBUG nova.scheduler.request_filter [None req-7da71d67-cce6-4cc9-958c-ffa4b87a7392 tempest-ServerRescueNegativeTestJSON-603387308 tempest-ServerRescueNegativeTestJSON-603387308-project-member] Request filter 'packed_virtqueue_filter' took 0.0 seconds {{(pid=95676) wrapper /opt/stack/nova/nova/scheduler/request_filter.py:46}}
May 22 15:58:02.383273 np0000001286 nova-scheduler[95676]: DEBUG nova.scheduler.request_filter [None req-7da71d67-cce6-4cc9-958c-ffa4b87a7392 tempest-ServerRescueNegativeTestJSON-603387308 tempest-ServerRescueNegativeTestJSON-603387308-project-member] Request filter 'remote_managed_ports_filter' took 0.0 seconds {{(pid=95676) wrapper /opt/stack/nova/nova/scheduler/request_filter.py:46}}
May 22 15:58:02.383403 np0000001286 nova-scheduler[95676]: DEBUG nova.scheduler.request_filter [None req-7da71d67-cce6-4cc9-958c-ffa4b87a7392 tempest-ServerRescueNegativeTestJSON-603387308 tempest-ServerRescueNegativeTestJSON-603387308-project-member] ephemeral_encryption_filter skipped {{(pid=95676) ephemeral_encryption_filter /opt/stack/nova/nova/scheduler/request_filter.py:426}}
May 22 15:58:02.383543 np0000001286 nova-scheduler[95676]: DEBUG nova.scheduler.request_filter [None req-7da71d67-cce6-4cc9-958c-ffa4b87a7392 tempest-ServerRescueNegativeTestJSON-603387308 tempest-ServerRescueNegativeTestJSON-603387308-project-member] virtio_sound_filter skipped {{(pid=95676) virtio_sound_filter /opt/stack/nova/nova/scheduler/request_filter.py:460}}
May 22 15:58:02.383658 np0000001286 nova-scheduler[95676]: DEBUG nova.scheduler.request_filter [None req-7da71d67-cce6-4cc9-958c-ffa4b87a7392 tempest-ServerRescueNegativeTestJSON-603387308 tempest-ServerRescueNegativeTestJSON-603387308-project-member] tpm_secret_security_filter skipped {{(pid=95676) tpm_secret_security_filter /opt/stack/nova/nova/scheduler/request_filter.py:477}}
May 22 15:58:02.773419 np0000001286 nova-scheduler[95676]: INFO nova.utils [None req-7da71d67-cce6-4cc9-958c-ffa4b87a7392 tempest-ServerRescueNegativeTestJSON-603387308 tempest-ServerRescueNegativeTestJSON-603387308-project-member] The cell worker thread pool ForkProcess-3.cell_worker is initialized
May 22 15:58:02.773884 np0000001286 nova-scheduler[95676]: DEBUG oslo_concurrency.lockutils [None req-7da71d67-cce6-4cc9-958c-ffa4b87a7392 tempest-ServerRescueNegativeTestJSON-603387308 tempest-ServerRescueNegativeTestJSON-603387308-project-member] Acquiring lock "b2f37f4b-120e-4726-92fb-79764dc8cfed" by "nova.context.set_target_cell..get_or_set_cached_cell_and_set_connections" {{(pid=95676) inner /opt/stack/data/venv/lib/python3.12/site-packages/oslo_concurrency/lockutils.py:511}}
May 22 15:58:02.774193 np0000001286 nova-scheduler[95676]: DEBUG oslo_concurrency.lockutils [None req-7da71d67-cce6-4cc9-958c-ffa4b87a7392 tempest-ServerRescueNegativeTestJSON-603387308 tempest-ServerRescueNegativeTestJSON-603387308-project-member] Lock "b2f37f4b-120e-4726-92fb-79764dc8cfed" acquired by "nova.context.set_target_cell..get_or_set_cached_cell_and_set_connections" :: waited 0.000s {{(pid=95676) inner /opt/stack/data/venv/lib/python3.12/site-packages/oslo_concurrency/lockutils.py:524}}
May 22 15:58:02.775417 np0000001286 nova-scheduler[95676]: DEBUG oslo_concurrency.lockutils [None req-7da71d67-cce6-4cc9-958c-ffa4b87a7392 tempest-ServerRescueNegativeTestJSON-603387308 tempest-ServerRescueNegativeTestJSON-603387308-project-member] Lock "b2f37f4b-120e-4726-92fb-79764dc8cfed" "released" by "nova.context.set_target_cell..get_or_set_cached_cell_and_set_connections" :: held 0.001s {{(pid=95676) inner /opt/stack/data/venv/lib/python3.12/site-packages/oslo_concurrency/lockutils.py:543}}
May 22 15:58:02.777238 np0000001286 nova-scheduler[95676]: INFO dbcounter [None req-7da71d67-cce6-4cc9-958c-ffa4b87a7392 tempest-ServerRescueNegativeTestJSON-603387308 tempest-ServerRescueNegativeTestJSON-603387308-project-member] Registered counter for database nova_cell1
May 22 15:58:02.782439 np0000001286 nova-scheduler[95676]: DEBUG oslo_db.sqlalchemy.engines [None req-7da71d67-cce6-4cc9-958c-ffa4b87a7392 tempest-ServerRescueNegativeTestJSON-603387308 tempest-ServerRescueNegativeTestJSON-603387308-project-member] MySQL server mode set to STRICT_TRANS_TABLES,STRICT_ALL_TABLES,NO_ZERO_IN_DATE,NO_ZERO_DATE,ERROR_FOR_DIVISION_BY_ZERO,TRADITIONAL,NO_ENGINE_SUBSTITUTION {{(pid=95676) _check_effective_sql_mode /opt/stack/data/venv/lib/python3.12/site-packages/oslo_db/sqlalchemy/engines.py:325}}
May 22 15:58:02.787265 np0000001286 nova-scheduler[95676]: DEBUG dbcounter [-] [95676] Writer thread running {{(pid=95676) stat_writer /opt/stack/data/venv/lib/python3.12/site-packages/dbcounter.py:102}}
May 22 15:58:02.913681 np0000001286 nova-scheduler[95676]: DEBUG dbcounter [-] [95676] Writer thread running {{(pid=95676) stat_writer /opt/stack/data/venv/lib/python3.12/site-packages/dbcounter.py:102}}
May 22 15:58:02.916368 np0000001286 nova-scheduler[95676]: DEBUG oslo_concurrency.lockutils [None req-7da71d67-cce6-4cc9-958c-ffa4b87a7392 tempest-ServerRescueNegativeTestJSON-603387308 tempest-ServerRescueNegativeTestJSON-603387308-project-member] Acquiring lock "b2f37f4b-120e-4726-92fb-79764dc8cfed" by "nova.context.set_target_cell..get_or_set_cached_cell_and_set_connections" {{(pid=95676) inner /opt/stack/data/venv/lib/python3.12/site-packages/oslo_concurrency/lockutils.py:511}}
May 22 15:58:02.916368 np0000001286 nova-scheduler[95676]: DEBUG oslo_concurrency.lockutils [None req-7da71d67-cce6-4cc9-958c-ffa4b87a7392 tempest-ServerRescueNegativeTestJSON-603387308 tempest-ServerRescueNegativeTestJSON-603387308-project-member] Lock "b2f37f4b-120e-4726-92fb-79764dc8cfed" acquired by "nova.context.set_target_cell..get_or_set_cached_cell_and_set_connections" :: waited 0.000s {{(pid=95676) inner /opt/stack/data/venv/lib/python3.12/site-packages/oslo_concurrency/lockutils.py:524}}
May 22 15:58:02.916368 np0000001286 nova-scheduler[95676]: DEBUG oslo_concurrency.lockutils [None req-7da71d67-cce6-4cc9-958c-ffa4b87a7392 tempest-ServerRescueNegativeTestJSON-603387308 tempest-ServerRescueNegativeTestJSON-603387308-project-member] Lock "b2f37f4b-120e-4726-92fb-79764dc8cfed" "released" by "nova.context.set_target_cell..get_or_set_cached_cell_and_set_connections" :: held 0.000s {{(pid=95676) inner /opt/stack/data/venv/lib/python3.12/site-packages/oslo_concurrency/lockutils.py:543}}
May 22 15:58:02.919170 np0000001286 nova-scheduler[95676]: DEBUG oslo_concurrency.lockutils [None req-7da71d67-cce6-4cc9-958c-ffa4b87a7392 tempest-ServerRescueNegativeTestJSON-603387308 tempest-ServerRescueNegativeTestJSON-603387308-project-member] Acquiring lock "('np0000001286', 'np0000001286')" by "nova.scheduler.host_manager.HostState.update.._locked_update" {{(pid=95676) inner /opt/stack/data/venv/lib/python3.12/site-packages/oslo_concurrency/lockutils.py:511}}
May 22 15:58:02.919339 np0000001286 nova-scheduler[95676]: DEBUG oslo_concurrency.lockutils [None req-7da71d67-cce6-4cc9-958c-ffa4b87a7392 tempest-ServerRescueNegativeTestJSON-603387308 tempest-ServerRescueNegativeTestJSON-603387308-project-member] Lock "('np0000001286', 'np0000001286')" acquired by "nova.scheduler.host_manager.HostState.update.._locked_update" :: waited 0.000s {{(pid=95676) inner /opt/stack/data/venv/lib/python3.12/site-packages/oslo_concurrency/lockutils.py:524}}
