Jun 04 15:25:46.951740 np0000002159 devstack@c-api.service[96168]: INFO cinder.api.openstack.wsgi [None req-78304ca7-8d80-4785-a3f9-13acbc8dcfd1 tempest-VolumesAssistedSnapshotsTest-1610074675 tempest-VolumesAssistedSnapshotsTest-1610074675-project-admin] GET https://10.4.3.115/volume/v3/volumes/9c755dbf-3fda-4d81-946e-66363502101b
Jun 04 15:25:46.951963 np0000002159 devstack@c-api.service[96168]: DEBUG cinder.api.openstack.wsgi [None req-78304ca7-8d80-4785-a3f9-13acbc8dcfd1 tempest-VolumesAssistedSnapshotsTest-1610074675 tempest-VolumesAssistedSnapshotsTest-1610074675-project-admin] Empty body provided in request {{(pid=96168) get_body /opt/stack/cinder/cinder/api/openstack/wsgi.py:725}}
Jun 04 15:25:46.952192 np0000002159 devstack@c-api.service[96168]: DEBUG cinder.api.openstack.wsgi [None req-78304ca7-8d80-4785-a3f9-13acbc8dcfd1 tempest-VolumesAssistedSnapshotsTest-1610074675 tempest-VolumesAssistedSnapshotsTest-1610074675-project-admin] Calling method 'show' {{(pid=96168) _process_stack /opt/stack/cinder/cinder/api/openstack/wsgi.py:878}}
Jun 04 15:25:46.960717 np0000002159 devstack@c-api.service[96168]: /opt/stack/data/venv/lib/python3.12/site-packages/oslo_context/context.py:102: DeprecationWarning: Policy enforcement is depending on the value of is_admin. This key is deprecated. Please update your policy file to use the standard policy values.
Jun 04 15:25:46.960717 np0000002159 devstack@c-api.service[96168]: warnings.warn(
Jun 04 15:25:46.964149 np0000002159 devstack@c-api.service[96168]: INFO cinder.volume.api [None req-78304ca7-8d80-4785-a3f9-13acbc8dcfd1 tempest-VolumesAssistedSnapshotsTest-1610074675 tempest-VolumesAssistedSnapshotsTest-1610074675-project-admin] Volume info retrieved successfully.
Jun 04 15:25:46.967832 np0000002159 devstack@c-api.service[96168]: INFO cinder.api.openstack.wsgi [None req-78304ca7-8d80-4785-a3f9-13acbc8dcfd1 tempest-VolumesAssistedSnapshotsTest-1610074675 tempest-VolumesAssistedSnapshotsTest-1610074675-project-admin] https://10.4.3.115/volume/v3/volumes/9c755dbf-3fda-4d81-946e-66363502101b returned with HTTP 200
Jun 04 15:25:46.968199 np0000002159 devstack@c-api.service[96168]: [pid: 96168|app: 0|req: 182/360] 10.4.3.115 () {66 vars in 1348 bytes} [Thu Jun 4 15:25:46 2026] GET /volume/v3/volumes/9c755dbf-3fda-4d81-946e-66363502101b => generated 1317 bytes in 18 msecs (HTTP/1.1 200) 7 headers in 286 bytes (1 switches on core 0)
Jun 04 15:25:46.969186 np0000002159 devstack@c-api.service[96168]: DEBUG cinder.api.middleware.request_id [None req-2c58b244-93a9-4b0e-b5d9-0aad417bb822 None None] RequestId filter calling following filter/app {{(pid=96168) _context_setter /opt/stack/cinder/cinder/api/middleware/request_id.py:62}}
Jun 04 15:25:46.971222 np0000002159 devstack@c-api.service[96168]: INFO cinder.api.openstack.wsgi [None req-2c58b244-93a9-4b0e-b5d9-0aad417bb822 tempest-TaggedAttachmentsTest-876632361 tempest-TaggedAttachmentsTest-876632361-project-member] GET https://10.4.3.115/volume/v3/volumes/19da4b5f-0b56-4549-96f1-3e39bbccc6b1
Jun 04 15:25:46.971415 np0000002159 devstack@c-api.service[96168]: DEBUG cinder.api.openstack.wsgi [None req-2c58b244-93a9-4b0e-b5d9-0aad417bb822 tempest-TaggedAttachmentsTest-876632361 tempest-TaggedAttachmentsTest-876632361-project-member] Empty body provided in request {{(pid=96168) get_body /opt/stack/cinder/cinder/api/openstack/wsgi.py:725}}
Jun 04 15:25:46.971612 np0000002159 devstack@c-api.service[96168]: DEBUG cinder.api.openstack.wsgi [None req-2c58b244-93a9-4b0e-b5d9-0aad417bb822 tempest-TaggedAttachmentsTest-876632361 tempest-TaggedAttachmentsTest-876632361-project-member] Calling method 'show' {{(pid=96168) _process_stack /opt/stack/cinder/cinder/api/openstack/wsgi.py:878}}
Jun 04 15:25:46.980997 np0000002159 devstack@c-api.service[96168]: /opt/stack/data/venv/lib/python3.12/site-packages/oslo_context/context.py:102: DeprecationWarning: Policy enforcement is depending on the value of is_admin. This key is deprecated. Please update your policy file to use the standard policy values.
Jun 04 15:25:46.980997 np0000002159 devstack@c-api.service[96168]: warnings.warn(
Jun 04 15:25:46.984846 np0000002159 devstack@c-api.service[96168]: INFO cinder.volume.api [None req-2c58b244-93a9-4b0e-b5d9-0aad417bb822 tempest-TaggedAttachmentsTest-876632361 tempest-TaggedAttachmentsTest-876632361-project-member] Volume info retrieved successfully.
Jun 04 15:25:46.989239 np0000002159 devstack@c-api.service[96168]: INFO cinder.api.openstack.wsgi [None req-2c58b244-93a9-4b0e-b5d9-0aad417bb822 tempest-TaggedAttachmentsTest-876632361 tempest-TaggedAttachmentsTest-876632361-project-member] https://10.4.3.115/volume/v3/volumes/19da4b5f-0b56-4549-96f1-3e39bbccc6b1 returned with HTTP 200
Jun 04 15:25:46.989690 np0000002159 devstack@c-api.service[96168]: [pid: 96168|app: 0|req: 183/361] 10.4.3.115 () {66 vars in 1348 bytes} [Thu Jun 4 15:25:46 2026] GET /volume/v3/volumes/19da4b5f-0b56-4549-96f1-3e39bbccc6b1 => generated 844 bytes in 20 msecs (HTTP/1.1 200) 7 headers in 285 bytes (1 switches on core 0)
Jun 04 15:25:47.238432 np0000002159 devstack@c-api.service[96168]: DEBUG cinder.api.middleware.request_id [None req-08df4c7d-d482-4c8d-afcb-3f1ad8e7562f None None] RequestId filter calling following filter/app {{(pid=96168) _context_setter /opt/stack/cinder/cinder/api/middleware/request_id.py:62}}
Jun 04 15:25:47.240692 np0000002159 devstack@c-api.service[96168]: INFO cinder.api.openstack.wsgi [None req-08df4c7d-d482-4c8d-afcb-3f1ad8e7562f tempest-VolumesAssistedSnapshotsTest-1610074675 tempest-VolumesAssistedSnapshotsTest-1610074675-project-admin] GET https://10.4.3.115/volume/v3/volumes/9c755dbf-3fda-4d81-946e-66363502101b
Jun 04 15:25:47.240970 np0000002159 devstack@c-api.service[96168]: DEBUG cinder.api.openstack.wsgi [None req-08df4c7d-d482-4c8d-afcb-3f1ad8e7562f tempest-VolumesAssistedSnapshotsTest-1610074675 tempest-VolumesAssistedSnapshotsTest-1610074675-project-admin] Empty body provided in request {{(pid=96168) get_body /opt/stack/cinder/cinder/api/openstack/wsgi.py:725}}
Jun 04 15:25:47.241151 np0000002159 devstack@c-api.service[96168]: DEBUG cinder.api.openstack.wsgi [None req-08df4c7d-d482-4c8d-afcb-3f1ad8e7562f tempest-VolumesAssistedSnapshotsTest-1610074675 tempest-VolumesAssistedSnapshotsTest-1610074675-project-admin] Calling method 'show' {{(pid=96168) _process_stack /opt/stack/cinder/cinder/api/openstack/wsgi.py:878}}
Jun 04 15:25:47.250860 np0000002159 devstack@c-api.service[96168]: /opt/stack/data/venv/lib/python3.12/site-packages/oslo_context/context.py:102: DeprecationWarning: Policy enforcement is depending on the value of is_admin. This key is deprecated. Please update your policy file to use the standard policy values.
Jun 04 15:25:47.250860 np0000002159 devstack@c-api.service[96168]: warnings.warn(
Jun 04 15:25:47.254643 np0000002159 devstack@c-api.service[96168]: INFO cinder.volume.api [None req-08df4c7d-d482-4c8d-afcb-3f1ad8e7562f tempest-VolumesAssistedSnapshotsTest-1610074675 tempest-VolumesAssistedSnapshotsTest-1610074675-project-admin] Volume info retrieved successfully.
Jun 04 15:25:47.257970 np0000002159 devstack@c-api.service[96168]: INFO cinder.api.openstack.wsgi [None req-08df4c7d-d482-4c8d-afcb-3f1ad8e7562f tempest-VolumesAssistedSnapshotsTest-1610074675 tempest-VolumesAssistedSnapshotsTest-1610074675-project-admin] https://10.4.3.115/volume/v3/volumes/9c755dbf-3fda-4d81-946e-66363502101b returned with HTTP 200
Jun 04 15:25:47.258371 np0000002159 devstack@c-api.service[96168]: [pid: 96168|app: 0|req: 184/362] 10.4.3.115 () {66 vars in 1348 bytes} [Thu Jun 4 15:25:47 2026] GET /volume/v3/volumes/9c755dbf-3fda-4d81-946e-66363502101b => generated 1317 bytes in 20 msecs (HTTP/1.1 200) 7 headers in 286 bytes (1 switches on core 0)
Jun 04 15:25:47.258923 np0000002159 devstack@c-api.service[96168]: DEBUG cinder.api.middleware.request_id [req-9286abbd-a3b8-4caf-97cc-571277634e40 req-f2272a26-3ce1-4459-a2bc-3a335a036d25 None None] RequestId filter calling following filter/app {{(pid=96168) _context_setter /opt/stack/cinder/cinder/api/middleware/request_id.py:62}}
Jun 04 15:25:47.261713 np0000002159 devstack@c-api.service[96168]: INFO cinder.api.openstack.wsgi [req-9286abbd-a3b8-4caf-97cc-571277634e40 req-f2272a26-3ce1-4459-a2bc-3a335a036d25 tempest-VolumesAssistedSnapshotsTest-1472968214 tempest-VolumesAssistedSnapshotsTest-1472968214-project] POST https://10.4.3.115/volume/v3/snapshots/None/action
Jun 04 15:25:47.262024 np0000002159 devstack@c-api.service[96168]: DEBUG cinder.api.openstack.wsgi [req-9286abbd-a3b8-4caf-97cc-571277634e40 req-f2272a26-3ce1-4459-a2bc-3a335a036d25 tempest-VolumesAssistedSnapshotsTest-1472968214 tempest-VolumesAssistedSnapshotsTest-1472968214-project] Action body: b'{"os-update_snapshot_status": {"status": "error_deleting", "progress": "90%"}}' {{(pid=96168) get_method /opt/stack/cinder/cinder/api/openstack/wsgi.py:993}}
Jun 04 15:25:47.262141 np0000002159 devstack@c-api.service[96168]: DEBUG cinder.api.openstack.wsgi [req-9286abbd-a3b8-4caf-97cc-571277634e40 req-f2272a26-3ce1-4459-a2bc-3a335a036d25 tempest-VolumesAssistedSnapshotsTest-1472968214 tempest-VolumesAssistedSnapshotsTest-1472968214-project] Action: 'action', calling method: _update_snapshot_status, body: {"os-update_snapshot_status": {"status": "error_deleting", "progress": "90%"}} {{(pid=96168) _process_stack /opt/stack/cinder/cinder/api/openstack/wsgi.py:876}}
Jun 04 15:25:47.263301 np0000002159 devstack@c-api.service[96168]: DEBUG cinder.api.contrib.snapshot_actions [req-9286abbd-a3b8-4caf-97cc-571277634e40 req-f2272a26-3ce1-4459-a2bc-3a335a036d25 tempest-VolumesAssistedSnapshotsTest-1472968214 tempest-VolumesAssistedSnapshotsTest-1472968214-project] body: {'os-update_snapshot_status': {'status': 'error_deleting', 'progress': '90%'}} {{(pid=96168) _update_snapshot_status /opt/stack/cinder/cinder/api/contrib/snapshot_actions.py:46}}
Jun 04 15:25:47.275212 np0000002159 devstack@c-api.service[96169]: INFO cinder.api.openstack.wsgi [req-d198e134-763e-49cc-9f80-cfbb65769b46 req-1461841c-33ca-4eb5-85e0-50ef326ca567 tempest-AttachSCSIVolumeTestJSON-947204064 tempest-AttachSCSIVolumeTestJSON-947204064-project-member] https://10.4.3.115/volume/v3/attachments/3f90c231-3168-4383-a67c-218c9a8ed5f2 returned with HTTP 200
Jun 04 15:25:47.275786 np0000002159 devstack@c-api.service[96169]: [pid: 96169|app: 0|req: 179/363] 10.4.3.115 () {72 vars in 1673 bytes} [Thu Jun 4 15:25:46 2026] DELETE /volume/v3/attachments/3f90c231-3168-4383-a67c-218c9a8ed5f2 => generated 19 bytes in 564 msecs (HTTP/1.1 200) 7 headers in 285 bytes (1 switches on core 0)
Jun 04 15:25:47.279040 np0000002159 devstack@c-api.service[96168]: INFO cinder.api.openstack.wsgi [req-9286abbd-a3b8-4caf-97cc-571277634e40 req-f2272a26-3ce1-4459-a2bc-3a335a036d25 tempest-VolumesAssistedSnapshotsTest-1472968214 tempest-VolumesAssistedSnapshotsTest-1472968214-project] https://10.4.3.115/volume/v3/snapshots/None/action returned with HTTP 404
Jun 04 15:25:47.280725 np0000002159 devstack@c-api.service[96168]: [pid: 96168|app: 0|req: 185/364] 10.4.3.115 () {72 vars in 1582 bytes} [Thu Jun 4 15:25:47 2026] POST /volume/v3/snapshots/None/action => generated 79 bytes in 21 msecs (HTTP/1.1 404) 7 headers in 291 bytes (1 switches on core 0)
Jun 04 15:25:47.330461 np0000002159 devstack@c-api.service[96169]: DEBUG cinder.api.middleware.request_id [None req-a74575c2-2fe2-467f-ad43-421862418731 None None] RequestId filter calling following filter/app {{(pid=96169) _context_setter /opt/stack/cinder/cinder/api/middleware/request_id.py:62}}
Jun 04 15:25:47.332374 np0000002159 devstack@c-api.service[96169]: INFO cinder.api.openstack.wsgi [None req-a74575c2-2fe2-467f-ad43-421862418731 tempest-ServerStableDeviceRescueTest-238845432 tempest-ServerStableDeviceRescueTest-238845432-project-member] GET https://10.4.3.115/volume/v3/volumes/c2e7439f-5b37-4e3b-88e0-c560ac1df176
Jun 04 15:25:47.332580 np0000002159 devstack@c-api.service[96169]: DEBUG cinder.api.openstack.wsgi [None req-a74575c2-2fe2-467f-ad43-421862418731 tempest-ServerStableDeviceRescueTest-238845432 tempest-ServerStableDeviceRescueTest-238845432-project-member] Empty body provided in request {{(pid=96169) get_body /opt/stack/cinder/cinder/api/openstack/wsgi.py:725}}
Jun 04 15:25:47.332734 np0000002159 devstack@c-api.service[96168]: DEBUG cinder.api.middleware.request_id [req-65586d9c-61ca-4536-8054-ab3a8099fb50 req-3544c55f-c442-49e2-bd4f-6167baf0865e None None] RequestId filter calling following filter/app {{(pid=96168) _context_setter /opt/stack/cinder/cinder/api/middleware/request_id.py:62}}
Jun 04 15:25:47.332790 np0000002159 devstack@c-api.service[96169]: DEBUG cinder.api.openstack.wsgi [None req-a74575c2-2fe2-467f-ad43-421862418731 tempest-ServerStableDeviceRescueTest-238845432 tempest-ServerStableDeviceRescueTest-238845432-project-member] Calling method 'show' {{(pid=96169) _process_stack /opt/stack/cinder/cinder/api/openstack/wsgi.py:878}}
Jun 04 15:25:47.334590 np0000002159 devstack@c-api.service[96168]: INFO cinder.api.openstack.wsgi [req-65586d9c-61ca-4536-8054-ab3a8099fb50 req-3544c55f-c442-49e2-bd4f-6167baf0865e tempest-VolumesAssistedSnapshotsTest-1610074675 tempest-VolumesAssistedSnapshotsTest-1610074675-project-admin] GET https://10.4.3.115/volume/v3/volumes/9c755dbf-3fda-4d81-946e-66363502101b
Jun 04 15:25:47.334799 np0000002159 devstack@c-api.service[96168]: DEBUG cinder.api.openstack.wsgi [req-65586d9c-61ca-4536-8054-ab3a8099fb50 req-3544c55f-c442-49e2-bd4f-6167baf0865e tempest-VolumesAssistedSnapshotsTest-1610074675 tempest-VolumesAssistedSnapshotsTest-1610074675-project-admin] Empty body provided in request {{(pid=96168) get_body /opt/stack/cinder/cinder/api/openstack/wsgi.py:725}}
Jun 04 15:25:47.335021 np0000002159 devstack@c-api.service[96168]: DEBUG cinder.api.openstack.wsgi [req-65586d9c-61ca-4536-8054-ab3a8099fb50 req-3544c55f-c442-49e2-bd4f-6167baf0865e tempest-VolumesAssistedSnapshotsTest-1610074675 tempest-VolumesAssistedSnapshotsTest-1610074675-project-admin] Calling method 'show' {{(pid=96168) _process_stack /opt/stack/cinder/cinder/api/openstack/wsgi.py:878}}
Jun 04 15:25:47.341807 np0000002159 devstack@c-api.service[96169]: /opt/stack/data/venv/lib/python3.12/site-packages/oslo_context/context.py:102: DeprecationWarning: Policy enforcement is depending on the value of is_admin. This key is deprecated. Please update your policy file to use the standard policy values.
Jun 04 15:25:47.341807 np0000002159 devstack@c-api.service[96169]: warnings.warn(
Jun 04 15:25:47.344666 np0000002159 devstack@c-api.service[96168]: /opt/stack/data/venv/lib/python3.12/site-packages/oslo_context/context.py:102: DeprecationWarning: Policy enforcement is depending on the value of is_admin. This key is deprecated. Please update your policy file to use the standard policy values.
Jun 04 15:25:47.344666 np0000002159 devstack@c-api.service[96168]: warnings.warn(
Jun 04 15:25:47.345453 np0000002159 devstack@c-api.service[96169]: INFO cinder.volume.api [None req-a74575c2-2fe2-467f-ad43-421862418731 tempest-ServerStableDeviceRescueTest-238845432 tempest-ServerStableDeviceRescueTest-238845432-project-member] Volume info retrieved successfully.
Jun 04 15:25:47.348884 np0000002159 devstack@c-api.service[96168]: INFO cinder.volume.api [req-65586d9c-61ca-4536-8054-ab3a8099fb50 req-3544c55f-c442-49e2-bd4f-6167baf0865e tempest-VolumesAssistedSnapshotsTest-1610074675 tempest-VolumesAssistedSnapshotsTest-1610074675-project-admin] Volume info retrieved successfully.
Jun 04 15:25:47.350032 np0000002159 devstack@c-api.service[96169]: INFO cinder.api.openstack.wsgi [None req-a74575c2-2fe2-467f-ad43-421862418731 tempest-ServerStableDeviceRescueTest-238845432 tempest-ServerStableDeviceRescueTest-238845432-project-member] https://10.4.3.115/volume/v3/volumes/c2e7439f-5b37-4e3b-88e0-c560ac1df176 returned with HTTP 200
Jun 04 15:25:47.350402 np0000002159 devstack@c-api.service[96169]: [pid: 96169|app: 0|req: 180/365] 10.4.3.115 () {66 vars in 1348 bytes} [Thu Jun 4 15:25:47 2026] GET /volume/v3/volumes/c2e7439f-5b37-4e3b-88e0-c560ac1df176 => generated 850 bytes in 20 msecs (HTTP/1.1 200) 7 headers in 285 bytes (1 switches on core 0)
Jun 04 15:25:47.352617 np0000002159 devstack@c-api.service[96168]: INFO cinder.api.openstack.wsgi [req-65586d9c-61ca-4536-8054-ab3a8099fb50 req-3544c55f-c442-49e2-bd4f-6167baf0865e tempest-VolumesAssistedSnapshotsTest-1610074675 tempest-VolumesAssistedSnapshotsTest-1610074675-project-admin] https://10.4.3.115/volume/v3/volumes/9c755dbf-3fda-4d81-946e-66363502101b returned with HTTP 200
Jun 04 15:25:47.353135 np0000002159 devstack@c-api.service[96168]: [pid: 96168|app: 0|req: 186/366] 10.4.3.115 () {68 vars in 1598 bytes} [Thu Jun 4 15:25:47 2026] GET /volume/v3/volumes/9c755dbf-3fda-4d81-946e-66363502101b => generated 1317 bytes in 20 msecs (HTTP/1.1 200) 7 headers in 286 bytes (1 switches on core 0)
Jun 04 15:25:47.392288 np0000002159 devstack@c-api.service[96169]: DEBUG cinder.api.middleware.request_id [None req-4a0b66ca-6615-43d5-856c-acd4ccf6194c None None] RequestId filter calling following filter/app {{(pid=96169) _context_setter /opt/stack/cinder/cinder/api/middleware/request_id.py:62}}
Jun 04 15:25:47.392643 np0000002159 devstack@c-api.service[96169]: INFO cinder.api.openstack.wsgi [None req-4a0b66ca-6615-43d5-856c-acd4ccf6194c None None] GET https://10.4.3.115/volume//
Jun 04 15:25:47.392786 np0000002159 devstack@c-api.service[96169]: DEBUG cinder.api.openstack.wsgi [None req-4a0b66ca-6615-43d5-856c-acd4ccf6194c None None] Empty body provided in request {{(pid=96169) get_body /opt/stack/cinder/cinder/api/openstack/wsgi.py:725}}
Jun 04 15:25:47.392966 np0000002159 devstack@c-api.service[96169]: DEBUG cinder.api.openstack.wsgi [None req-4a0b66ca-6615-43d5-856c-acd4ccf6194c None None] Calling method 'all' {{(pid=96169) _process_stack /opt/stack/cinder/cinder/api/openstack/wsgi.py:878}}
Jun 04 15:25:47.393257 np0000002159 devstack@c-api.service[96169]: INFO cinder.api.openstack.wsgi [None req-4a0b66ca-6615-43d5-856c-acd4ccf6194c None None] https://10.4.3.115/volume// returned with HTTP 300
Jun 04 15:25:47.394864 np0000002159 devstack@c-api.service[96169]: [pid: 96169|app: 0|req: 181/367] 10.4.3.115 () {66 vars in 1426 bytes} [Thu Jun 4 15:25:47 2026] GET /volume/ => generated 386 bytes in 3 msecs (HTTP/1.1 300) 7 headers in 299 bytes (1 switches on core 0)
Jun 04 15:25:47.406976 np0000002159 devstack@c-api.service[96168]: DEBUG cinder.api.middleware.request_id [req-ffb7c9ee-eb88-41e4-ae0e-66bc9730f418 req-e44347eb-74bb-4736-9eb6-c595f05bbb64 None None] RequestId filter calling following filter/app {{(pid=96168) _context_setter /opt/stack/cinder/cinder/api/middleware/request_id.py:62}}
Jun 04 15:25:47.409559 np0000002159 devstack@c-api.service[96168]: INFO cinder.api.openstack.wsgi [req-ffb7c9ee-eb88-41e4-ae0e-66bc9730f418 req-e44347eb-74bb-4736-9eb6-c595f05bbb64 tempest-TestShelveInstance-41598103 tempest-TestShelveInstance-41598103-project-member] GET https://10.4.3.115/volume/v3/volumes/bfc6ba32-ed89-401f-9ed5-15095ee411aa
Jun 04 15:25:47.409852 np0000002159 devstack@c-api.service[96168]: DEBUG cinder.api.openstack.wsgi [req-ffb7c9ee-eb88-41e4-ae0e-66bc9730f418 req-e44347eb-74bb-4736-9eb6-c595f05bbb64 tempest-TestShelveInstance-41598103 tempest-TestShelveInstance-41598103-project-member] Empty body provided in request {{(pid=96168) get_body /opt/stack/cinder/cinder/api/openstack/wsgi.py:725}}
Jun 04 15:25:47.410141 np0000002159 devstack@c-api.service[96168]: DEBUG cinder.api.openstack.wsgi [req-ffb7c9ee-eb88-41e4-ae0e-66bc9730f418 req-e44347eb-74bb-4736-9eb6-c595f05bbb64 tempest-TestShelveInstance-41598103 tempest-TestShelveInstance-41598103-project-member] Calling method 'show' {{(pid=96168) _process_stack /opt/stack/cinder/cinder/api/openstack/wsgi.py:878}}
Jun 04 15:25:47.422009 np0000002159 devstack@c-api.service[96168]: /opt/stack/data/venv/lib/python3.12/site-packages/oslo_context/context.py:102: DeprecationWarning: Policy enforcement is depending on the value of is_admin. This key is deprecated. Please update your policy file to use the standard policy values.
Jun 04 15:25:47.422009 np0000002159 devstack@c-api.service[96168]: warnings.warn(
Jun 04 15:25:47.426113 np0000002159 devstack@c-api.service[96168]: INFO cinder.volume.api [req-ffb7c9ee-eb88-41e4-ae0e-66bc9730f418 req-e44347eb-74bb-4736-9eb6-c595f05bbb64 tempest-TestShelveInstance-41598103 tempest-TestShelveInstance-41598103-project-member] Volume info retrieved successfully.
Jun 04 15:25:47.432153 np0000002159 devstack@c-api.service[96168]: INFO cinder.api.openstack.wsgi [req-ffb7c9ee-eb88-41e4-ae0e-66bc9730f418 req-e44347eb-74bb-4736-9eb6-c595f05bbb64 tempest-TestShelveInstance-41598103 tempest-TestShelveInstance-41598103-project-member] https://10.4.3.115/volume/v3/volumes/bfc6ba32-ed89-401f-9ed5-15095ee411aa returned with HTTP 200
Jun 04 15:25:47.432820 np0000002159 devstack@c-api.service[96168]: [pid: 96168|app: 0|req: 187/368] 10.4.3.115 () {70 vars in 1639 bytes} [Thu Jun 4 15:25:47 2026] GET /volume/v3/volumes/bfc6ba32-ed89-401f-9ed5-15095ee411aa => generated 1572 bytes in 26 msecs (HTTP/1.1 200) 7 headers in 287 bytes (1 switches on core 0)
Jun 04 15:25:47.449501 np0000002159 devstack@c-api.service[96169]: DEBUG cinder.api.middleware.request_id [None req-34081df7-67ca-4bde-b25d-29aef5707615 None None] RequestId filter calling following filter/app {{(pid=96169) _context_setter /opt/stack/cinder/cinder/api/middleware/request_id.py:62}}
Jun 04 15:25:47.449948 np0000002159 devstack@c-api.service[96169]: INFO cinder.api.openstack.wsgi [None req-34081df7-67ca-4bde-b25d-29aef5707615 None None] GET https://10.4.3.115/volume//
Jun 04 15:25:47.450189 np0000002159 devstack@c-api.service[96169]: DEBUG cinder.api.openstack.wsgi [None req-34081df7-67ca-4bde-b25d-29aef5707615 None None] Empty body provided in request {{(pid=96169) get_body /opt/stack/cinder/cinder/api/openstack/wsgi.py:725}}
Jun 04 15:25:47.450425 np0000002159 devstack@c-api.service[96169]: DEBUG cinder.api.openstack.wsgi [None req-34081df7-67ca-4bde-b25d-29aef5707615 None None] Calling method 'all' {{(pid=96169) _process_stack /opt/stack/cinder/cinder/api/openstack/wsgi.py:878}}
Jun 04 15:25:47.450831 np0000002159 devstack@c-api.service[96169]: INFO cinder.api.openstack.wsgi [None req-34081df7-67ca-4bde-b25d-29aef5707615 None None] https://10.4.3.115/volume// returned with HTTP 300
Jun 04 15:25:47.451249 np0000002159 devstack@c-api.service[96169]: [pid: 96169|app: 0|req: 182/369] 10.4.3.115 () {66 vars in 1426 bytes} [Thu Jun 4 15:25:47 2026] GET /volume/ => generated 386 bytes in 2 msecs (HTTP/1.1 300) 7 headers in 299 bytes (1 switches on core 0)
Jun 04 15:25:47.459524 np0000002159 devstack@c-api.service[96168]: DEBUG cinder.api.middleware.request_id [req-d24e7036-dddf-475e-ac7e-dd168aa2a695 req-02e61226-cc97-4a4c-a161-53d540e60053 None None] RequestId filter calling following filter/app {{(pid=96168) _context_setter /opt/stack/cinder/cinder/api/middleware/request_id.py:62}}
Jun 04 15:25:47.461439 np0000002159 devstack@c-api.service[96168]: INFO cinder.api.openstack.wsgi [req-d24e7036-dddf-475e-ac7e-dd168aa2a695 req-02e61226-cc97-4a4c-a161-53d540e60053 tempest-ServerStableDeviceRescueTest-238845432 tempest-ServerStableDeviceRescueTest-238845432-project-member] GET https://10.4.3.115/volume/v3/volumes/c2e7439f-5b37-4e3b-88e0-c560ac1df176
Jun 04 15:25:47.461777 np0000002159 devstack@c-api.service[96168]: DEBUG cinder.api.openstack.wsgi [req-d24e7036-dddf-475e-ac7e-dd168aa2a695 req-02e61226-cc97-4a4c-a161-53d540e60053 tempest-ServerStableDeviceRescueTest-238845432 tempest-ServerStableDeviceRescueTest-238845432-project-member] Empty body provided in request {{(pid=96168) get_body /opt/stack/cinder/cinder/api/openstack/wsgi.py:725}}
Jun 04 15:25:47.462061 np0000002159 devstack@c-api.service[96168]: DEBUG cinder.api.openstack.wsgi [req-d24e7036-dddf-475e-ac7e-dd168aa2a695 req-02e61226-cc97-4a4c-a161-53d540e60053 tempest-ServerStableDeviceRescueTest-238845432 tempest-ServerStableDeviceRescueTest-238845432-project-member] Calling method 'show' {{(pid=96168) _process_stack /opt/stack/cinder/cinder/api/openstack/wsgi.py:878}}
Jun 04 15:25:47.473247 np0000002159 devstack@c-api.service[96168]: /opt/stack/data/venv/lib/python3.12/site-packages/oslo_context/context.py:102: DeprecationWarning: Policy enforcement is depending on the value of is_admin. This key is deprecated. Please update your policy file to use the standard policy values.
Jun 04 15:25:47.473247 np0000002159 devstack@c-api.service[96168]: warnings.warn(
Jun 04 15:25:47.479080 np0000002159 devstack@c-api.service[96168]: INFO cinder.volume.api [req-d24e7036-dddf-475e-ac7e-dd168aa2a695 req-02e61226-cc97-4a4c-a161-53d540e60053 tempest-ServerStableDeviceRescueTest-238845432 tempest-ServerStableDeviceRescueTest-238845432-project-member] Volume info retrieved successfully.
Jun 04 15:25:47.482395 np0000002159 devstack@c-api.service[96168]: INFO cinder.api.openstack.wsgi [req-d24e7036-dddf-475e-ac7e-dd168aa2a695 req-02e61226-cc97-4a4c-a161-53d540e60053 tempest-ServerStableDeviceRescueTest-238845432 tempest-ServerStableDeviceRescueTest-238845432-project-member] https://10.4.3.115/volume/v3/volumes/c2e7439f-5b37-4e3b-88e0-c560ac1df176 returned with HTTP 200
Jun 04 15:25:47.482893 np0000002159 devstack@c-api.service[96168]: [pid: 96168|app: 0|req: 188/370] 10.4.3.115 () {70 vars in 1639 bytes} [Thu Jun 4 15:25:47 2026] GET /volume/v3/volumes/c2e7439f-5b37-4e3b-88e0-c560ac1df176 => generated 1031 bytes in 24 msecs (HTTP/1.1 200) 7 headers in 287 bytes (1 switches on core 0)
Jun 04 15:25:47.499577 np0000002159 devstack@c-api.service[96169]: DEBUG cinder.api.middleware.request_id [None req-aaf5675b-bd65-4d4b-9e81-36a61ac11c21 None None] RequestId filter calling following filter/app {{(pid=96169) _context_setter /opt/stack/cinder/cinder/api/middleware/request_id.py:62}}
Jun 04 15:25:47.501053 np0000002159 devstack@c-api.service[96169]: INFO cinder.api.openstack.wsgi [None req-aaf5675b-bd65-4d4b-9e81-36a61ac11c21 tempest-AttachSCSIVolumeTestJSON-947204064 tempest-AttachSCSIVolumeTestJSON-947204064-project-reader] GET https://10.4.3.115/volume/v3/volumes/a485af02-ad78-40d2-bdab-cae7ac8ea14c
Jun 04 15:25:47.501310 np0000002159 devstack@c-api.service[96169]: DEBUG cinder.api.openstack.wsgi [None req-aaf5675b-bd65-4d4b-9e81-36a61ac11c21 tempest-AttachSCSIVolumeTestJSON-947204064 tempest-AttachSCSIVolumeTestJSON-947204064-project-reader] Empty body provided in request {{(pid=96169) get_body /opt/stack/cinder/cinder/api/openstack/wsgi.py:725}}
Jun 04 15:25:47.501494 np0000002159 devstack@c-api.service[96169]: DEBUG cinder.api.openstack.wsgi [None req-aaf5675b-bd65-4d4b-9e81-36a61ac11c21 tempest-AttachSCSIVolumeTestJSON-947204064 tempest-AttachSCSIVolumeTestJSON-947204064-project-reader] Calling method 'show' {{(pid=96169) _process_stack /opt/stack/cinder/cinder/api/openstack/wsgi.py:878}}
Jun 04 15:25:47.509029 np0000002159 devstack@c-api.service[96169]: /opt/stack/data/venv/lib/python3.12/site-packages/oslo_context/context.py:102: DeprecationWarning: Policy enforcement is depending on the value of is_admin. This key is deprecated. Please update your policy file to use the standard policy values.
Jun 04 15:25:47.509029 np0000002159 devstack@c-api.service[96169]: warnings.warn(
Jun 04 15:25:47.512332 np0000002159 devstack@c-api.service[96168]: DEBUG cinder.api.middleware.request_id [req-ffb7c9ee-eb88-41e4-ae0e-66bc9730f418 req-8ff41a12-b540-4b60-93a5-c57c57e5d1ca None None] RequestId filter calling following filter/app {{(pid=96168) _context_setter /opt/stack/cinder/cinder/api/middleware/request_id.py:62}}
Jun 04 15:25:47.512790 np0000002159 devstack@c-api.service[96169]: INFO cinder.volume.api [None req-aaf5675b-bd65-4d4b-9e81-36a61ac11c21 tempest-AttachSCSIVolumeTestJSON-947204064 tempest-AttachSCSIVolumeTestJSON-947204064-project-reader] Volume info retrieved successfully.
Jun 04 15:25:47.516539 np0000002159 devstack@c-api.service[96169]: INFO cinder.api.openstack.wsgi [None req-aaf5675b-bd65-4d4b-9e81-36a61ac11c21 tempest-AttachSCSIVolumeTestJSON-947204064 tempest-AttachSCSIVolumeTestJSON-947204064-project-reader] https://10.4.3.115/volume/v3/volumes/a485af02-ad78-40d2-bdab-cae7ac8ea14c returned with HTTP 200
Jun 04 15:25:47.516887 np0000002159 devstack@c-api.service[96169]: [pid: 96169|app: 0|req: 183/371] 10.4.3.115 () {66 vars in 1348 bytes} [Thu Jun 4 15:25:47 2026] GET /volume/v3/volumes/a485af02-ad78-40d2-bdab-cae7ac8ea14c => generated 847 bytes in 18 msecs (HTTP/1.1 200) 7 headers in 285 bytes (1 switches on core 0)
Jun 04 15:25:47.519142 np0000002159 devstack@c-api.service[96168]: INFO cinder.api.openstack.wsgi [req-ffb7c9ee-eb88-41e4-ae0e-66bc9730f418 req-8ff41a12-b540-4b60-93a5-c57c57e5d1ca tempest-TestShelveInstance-41598103 tempest-TestShelveInstance-41598103-project-member] PUT https://10.4.3.115/volume/v3/attachments/d058aed9-7d43-4a73-8cce-f6bcdb23a9bd
Jun 04 15:25:47.520522 np0000002159 devstack@c-api.service[96168]: DEBUG cinder.api.openstack.wsgi [req-ffb7c9ee-eb88-41e4-ae0e-66bc9730f418 req-8ff41a12-b540-4b60-93a5-c57c57e5d1ca tempest-TestShelveInstance-41598103 tempest-TestShelveInstance-41598103-project-member] Action: 'update', calling method: version_select, body: {"attachment": {"connector": {"platform": "x86_64", "os_type": "linux", "ip": "10.4.3.115", "host": "np0000002159", "multipath": false, "enforce_multipath": true, "initiator": "iqn.2016-04.com.open-iscsi:a694b55f7b5", "do_local_attach": false, "nvme_hostid": "59799a10-2558-43cc-bb94-0eda37db2ebb", "uuid": "8515de1c-ba7e-467b-adde-6d9f8a8dbc1f", "system uuid": "106350ce-f670-450e-b755-e2f94f93455c", "nqn": "nqn.2014-08.org.nvmexpress:uuid:106350ce-f670-450e-b755-e2f94f93455c", "nvme_native_multipath": true, "found_dsc": "", "host_ips": ["10.4.3.115", "fe80::f816:3eff:fefd:43d1", "192.168.10.6", "fe80::f816:3eff:fef8:e8f2", "192.168.20.6", "fe80::f816:3eff:fe37:307d", "192.168.30.6", "fe80::f816:3eff:fe5f:4b71", "192.168.122.1", "172.24.5.1", "2001:db8::2", "fe80::cca:abff:fe85:443", "fe80::fc16:3eff:feb6:b928", "fe80::fc16:3eff:fe8e:2b0b", "fe80::14c8:36ff:fe4f:8afa", "fe80::2083:e0ff:fe96:1561", "fe80::fc16:3eff:fe0c:6497", "fe80::fc2d:37ff:fecd:d8b6", "fe80::fc16:3eff:febf:f798", "fe80::bc8c:68ff:fee8:351c", "fe80::fc16:3eff:fee9:e4df", "fe80::cf9:68ff:fe1e:e6ad", "fe80::fc16:3eff:fe20:c70e", "fe80::fce1:6ff:fe12:1e35", "fe80::fc16:3eff:fee0:3fa6", "fe80::99:19ff:fec5:dc27", "fe80::fc16:3eff:fe7c:279b"], "mountpoint": "/dev/vda"}}} {{(pid=96168) _process_stack /opt/stack/cinder/cinder/api/openstack/wsgi.py:876}}
Jun 04 15:25:47.536729 np0000002159 devstack@c-api.service[96168]: DEBUG cinder.coordination [req-ffb7c9ee-eb88-41e4-ae0e-66bc9730f418 req-8ff41a12-b540-4b60-93a5-c57c57e5d1ca tempest-TestShelveInstance-41598103 tempest-TestShelveInstance-41598103-project-member] Acquiring lock "cinder-attachment_update-bfc6ba32-ed89-401f-9ed5-15095ee411aa-np0000002159" by "attachment_update" {{(pid=96168) __acquire /opt/stack/cinder/cinder/coordination.py:138}}
Jun 04 15:25:47.542873 np0000002159 devstack@c-api.service[96168]: DEBUG cinder.coordination [req-ffb7c9ee-eb88-41e4-ae0e-66bc9730f418 req-8ff41a12-b540-4b60-93a5-c57c57e5d1ca tempest-TestShelveInstance-41598103 tempest-TestShelveInstance-41598103-project-member] Lock "cinder-attachment_update-bfc6ba32-ed89-401f-9ed5-15095ee411aa-np0000002159" acquired by "attachment_update" :: waited 0.006s {{(pid=96168) __acquire /opt/stack/cinder/cinder/coordination.py:141}}
Jun 04 15:25:47.544052 np0000002159 devstack@c-api.service[96168]: /opt/stack/data/venv/lib/python3.12/site-packages/oslo_context/context.py:102: DeprecationWarning: Policy enforcement is depending on the value of is_admin. This key is deprecated. Please update your policy file to use the standard policy values.
Jun 04 15:25:47.544052 np0000002159 devstack@c-api.service[96168]: warnings.warn(
Jun 04 15:25:47.575439 np0000002159 devstack@c-api.service[96169]: DEBUG cinder.api.middleware.request_id [req-d24e7036-dddf-475e-ac7e-dd168aa2a695 req-8f773b34-0491-4534-aecb-6fed1e5cb5a4 None None] RequestId filter calling following filter/app {{(pid=96169) _context_setter /opt/stack/cinder/cinder/api/middleware/request_id.py:62}}
Jun 04 15:25:47.577919 np0000002159 devstack@c-api.service[96169]: INFO cinder.api.openstack.wsgi [req-d24e7036-dddf-475e-ac7e-dd168aa2a695 req-8f773b34-0491-4534-aecb-6fed1e5cb5a4 tempest-ServerStableDeviceRescueTest-238845432 tempest-ServerStableDeviceRescueTest-238845432-project-member] PUT https://10.4.3.115/volume/v3/attachments/9923af88-901d-4836-8b19-bfff793fe934
Jun 04 15:25:47.578379 np0000002159 devstack@c-api.service[96169]: DEBUG cinder.api.openstack.wsgi [req-d24e7036-dddf-475e-ac7e-dd168aa2a695 req-8f773b34-0491-4534-aecb-6fed1e5cb5a4 tempest-ServerStableDeviceRescueTest-238845432 tempest-ServerStableDeviceRescueTest-238845432-project-member] Action: 'update', calling method: version_select, body: {"attachment": {"connector": {"platform": "x86_64", "os_type": "linux", "ip": "10.4.3.115", "host": "np0000002159", "multipath": false, "enforce_multipath": true, "initiator": "iqn.2016-04.com.open-iscsi:a694b55f7b5", "do_local_attach": false, "nvme_hostid": "59799a10-2558-43cc-bb94-0eda37db2ebb", "uuid": "8515de1c-ba7e-467b-adde-6d9f8a8dbc1f", "system uuid": "106350ce-f670-450e-b755-e2f94f93455c", "nqn": "nqn.2014-08.org.nvmexpress:uuid:106350ce-f670-450e-b755-e2f94f93455c", "nvme_native_multipath": true, "found_dsc": "", "host_ips": ["10.4.3.115", "fe80::f816:3eff:fefd:43d1", "192.168.10.6", "fe80::f816:3eff:fef8:e8f2", "192.168.20.6", "fe80::f816:3eff:fe37:307d", "192.168.30.6", "fe80::f816:3eff:fe5f:4b71", "192.168.122.1", "172.24.5.1", "2001:db8::2", "fe80::cca:abff:fe85:443", "fe80::fc16:3eff:feb6:b928", "fe80::fc16:3eff:fe8e:2b0b", "fe80::14c8:36ff:fe4f:8afa", "fe80::2083:e0ff:fe96:1561", "fe80::fc16:3eff:fe0c:6497", "fe80::fc2d:37ff:fecd:d8b6", "fe80::fc16:3eff:febf:f798", "fe80::bc8c:68ff:fee8:351c", "fe80::fc16:3eff:fee9:e4df", "fe80::cf9:68ff:fe1e:e6ad", "fe80::fc16:3eff:fe20:c70e", "fe80::fce1:6ff:fe12:1e35", "fe80::fc16:3eff:fee0:3fa6", "fe80::99:19ff:fec5:dc27", "fe80::fc16:3eff:fe7c:279b"], "mountpoint": "/dev/vdb"}}} {{(pid=96169) _process_stack /opt/stack/cinder/cinder/api/openstack/wsgi.py:876}}
Jun 04 15:25:47.585968 np0000002159 devstack@c-api.service[96169]: DEBUG cinder.coordination [req-d24e7036-dddf-475e-ac7e-dd168aa2a695 req-8f773b34-0491-4534-aecb-6fed1e5cb5a4 tempest-ServerStableDeviceRescueTest-238845432 tempest-ServerStableDeviceRescueTest-238845432-project-member] Acquiring lock "cinder-attachment_update-c2e7439f-5b37-4e3b-88e0-c560ac1df176-np0000002159" by "attachment_update" {{(pid=96169) __acquire /opt/stack/cinder/cinder/coordination.py:138}}
Jun 04 15:25:47.590252 np0000002159 devstack@c-api.service[96169]: DEBUG cinder.coordination [req-d24e7036-dddf-475e-ac7e-dd168aa2a695 req-8f773b34-0491-4534-aecb-6fed1e5cb5a4 tempest-ServerStableDeviceRescueTest-238845432 tempest-ServerStableDeviceRescueTest-238845432-project-member] Lock "cinder-attachment_update-c2e7439f-5b37-4e3b-88e0-c560ac1df176-np0000002159" acquired by "attachment_update" :: waited 0.004s {{(pid=96169) __acquire /opt/stack/cinder/cinder/coordination.py:141}}
Jun 04 15:25:47.591148 np0000002159 devstack@c-api.service[96169]: /opt/stack/data/venv/lib/python3.12/site-packages/oslo_context/context.py:102: DeprecationWarning: Policy enforcement is depending on the value of is_admin. This key is deprecated. Please update your policy file to use the standard policy values.
Jun 04 15:25:47.591148 np0000002159 devstack@c-api.service[96169]: warnings.warn(
Jun 04 15:25:48.062921 np0000002159 devstack@c-api.service[96168]: DEBUG cinder.coordination [req-ffb7c9ee-eb88-41e4-ae0e-66bc9730f418 req-8ff41a12-b540-4b60-93a5-c57c57e5d1ca tempest-TestShelveInstance-41598103 tempest-TestShelveInstance-41598103-project-member] Lock "cinder-attachment_update-bfc6ba32-ed89-401f-9ed5-15095ee411aa-np0000002159" released by "attachment_update" :: held 0.520s {{(pid=96168) __release /opt/stack/cinder/cinder/coordination.py:152}}
Jun 04 15:25:48.063330 np0000002159 devstack@c-api.service[96168]: INFO cinder.api.openstack.wsgi [req-ffb7c9ee-eb88-41e4-ae0e-66bc9730f418 req-8ff41a12-b540-4b60-93a5-c57c57e5d1ca tempest-TestShelveInstance-41598103 tempest-TestShelveInstance-41598103-project-member] https://10.4.3.115/volume/v3/attachments/d058aed9-7d43-4a73-8cce-f6bcdb23a9bd returned with HTTP 200
Jun 04 15:25:48.064069 np0000002159 devstack@c-api.service[96168]: [pid: 96168|app: 0|req: 189/372] 10.4.3.115 () {74 vars in 1705 bytes} [Thu Jun 4 15:25:47 2026] PUT /volume/v3/attachments/d058aed9-7d43-4a73-8cce-f6bcdb23a9bd => generated 535 bytes in 552 msecs (HTTP/1.1 200) 7 headers in 286 bytes (1 switches on core 0)
Jun 04 15:25:48.064696 np0000002159 devstack@c-api.service[96168]: DEBUG cinder.api.middleware.request_id [req-65586d9c-61ca-4536-8054-ab3a8099fb50 req-8841d629-0cad-467f-ba08-a1a6d6daef4d None None] RequestId filter calling following filter/app {{(pid=96168) _context_setter /opt/stack/cinder/cinder/api/middleware/request_id.py:62}}
Jun 04 15:25:48.066320 np0000002159 devstack@c-api.service[96168]: INFO cinder.api.openstack.wsgi [req-65586d9c-61ca-4536-8054-ab3a8099fb50 req-8841d629-0cad-467f-ba08-a1a6d6daef4d tempest-VolumesAssistedSnapshotsTest-1610074675 tempest-VolumesAssistedSnapshotsTest-1610074675-project-admin] POST https://10.4.3.115/volume/v3/volumes/9c755dbf-3fda-4d81-946e-66363502101b/action
Jun 04 15:25:48.066689 np0000002159 devstack@c-api.service[96168]: DEBUG cinder.api.openstack.wsgi [req-65586d9c-61ca-4536-8054-ab3a8099fb50 req-8841d629-0cad-467f-ba08-a1a6d6daef4d tempest-VolumesAssistedSnapshotsTest-1610074675 tempest-VolumesAssistedSnapshotsTest-1610074675-project-admin] Action body: b'{"os-begin_detaching": null}' {{(pid=96168) get_method /opt/stack/cinder/cinder/api/openstack/wsgi.py:993}}
Jun 04 15:25:48.066870 np0000002159 devstack@c-api.service[96168]: DEBUG cinder.api.openstack.wsgi [req-65586d9c-61ca-4536-8054-ab3a8099fb50 req-8841d629-0cad-467f-ba08-a1a6d6daef4d tempest-VolumesAssistedSnapshotsTest-1610074675 tempest-VolumesAssistedSnapshotsTest-1610074675-project-admin] Action: 'action', calling method: _begin_detaching, body: {"os-begin_detaching": null} {{(pid=96168) _process_stack /opt/stack/cinder/cinder/api/openstack/wsgi.py:876}}
Jun 04 15:25:48.079470 np0000002159 devstack@c-api.service[96168]: /opt/stack/data/venv/lib/python3.12/site-packages/oslo_context/context.py:102: DeprecationWarning: Policy enforcement is depending on the value of is_admin. This key is deprecated. Please update your policy file to use the standard policy values.
Jun 04 15:25:48.079470 np0000002159 devstack@c-api.service[96168]: warnings.warn(
Jun 04 15:25:48.079944 np0000002159 devstack@c-api.service[96168]: INFO cinder.volume.api [req-65586d9c-61ca-4536-8054-ab3a8099fb50 req-8841d629-0cad-467f-ba08-a1a6d6daef4d tempest-VolumesAssistedSnapshotsTest-1610074675 tempest-VolumesAssistedSnapshotsTest-1610074675-project-admin] Volume info retrieved successfully.
Jun 04 15:25:48.096745 np0000002159 devstack@c-api.service[96168]: INFO cinder.volume.api [req-65586d9c-61ca-4536-8054-ab3a8099fb50 req-8841d629-0cad-467f-ba08-a1a6d6daef4d tempest-VolumesAssistedSnapshotsTest-1610074675 tempest-VolumesAssistedSnapshotsTest-1610074675-project-admin] Begin detaching volume completed successfully.
Jun 04 15:25:48.097100 np0000002159 devstack@c-api.service[96168]: INFO cinder.api.openstack.wsgi [req-65586d9c-61ca-4536-8054-ab3a8099fb50 req-8841d629-0cad-467f-ba08-a1a6d6daef4d tempest-VolumesAssistedSnapshotsTest-1610074675 tempest-VolumesAssistedSnapshotsTest-1610074675-project-admin] https://10.4.3.115/volume/v3/volumes/9c755dbf-3fda-4d81-946e-66363502101b/action returned with HTTP 202
Jun 04 15:25:48.097670 np0000002159 devstack@c-api.service[96168]: [pid: 96168|app: 0|req: 190/373] 10.4.3.115 () {72 vars in 1672 bytes} [Thu Jun 4 15:25:48 2026] POST /volume/v3/volumes/9c755dbf-3fda-4d81-946e-66363502101b/action => generated 0 bytes in 33 msecs (HTTP/1.1 202) 7 headers in 289 bytes (1 switches on core 0)
Jun 04 15:25:48.098505 np0000002159 devstack@c-api.service[96168]: DEBUG cinder.api.middleware.request_id [req-bb8b4c6b-874f-472a-a4be-682d2c338fbb req-562bf2fb-41d5-4804-a097-95a208ae5bed None None] RequestId filter calling following filter/app {{(pid=96168) _context_setter /opt/stack/cinder/cinder/api/middleware/request_id.py:62}}
Jun 04 15:25:48.100726 np0000002159 devstack@c-api.service[96168]: INFO cinder.api.openstack.wsgi [req-bb8b4c6b-874f-472a-a4be-682d2c338fbb req-562bf2fb-41d5-4804-a097-95a208ae5bed tempest-VolumesAssistedSnapshotsTest-1472968214 tempest-VolumesAssistedSnapshotsTest-1472968214-project] POST https://10.4.3.115/volume/v3/snapshots/8cc3bdf9-57dc-41c9-b162-870b1f4e99d4/action
Jun 04 15:25:48.101216 np0000002159 devstack@c-api.service[96168]: DEBUG cinder.api.openstack.wsgi [req-bb8b4c6b-874f-472a-a4be-682d2c338fbb req-562bf2fb-41d5-4804-a097-95a208ae5bed tempest-VolumesAssistedSnapshotsTest-1472968214 tempest-VolumesAssistedSnapshotsTest-1472968214-project] Action body: b'{"os-update_snapshot_status": {"status": "error", "progress": "90%"}}' {{(pid=96168) get_method /opt/stack/cinder/cinder/api/openstack/wsgi.py:993}}
Jun 04 15:25:48.101430 np0000002159 devstack@c-api.service[96168]: DEBUG cinder.api.openstack.wsgi [req-bb8b4c6b-874f-472a-a4be-682d2c338fbb req-562bf2fb-41d5-4804-a097-95a208ae5bed tempest-VolumesAssistedSnapshotsTest-1472968214 tempest-VolumesAssistedSnapshotsTest-1472968214-project] Action: 'action', calling method: _update_snapshot_status, body: {"os-update_snapshot_status": {"status": "error", "progress": "90%"}} {{(pid=96168) _process_stack /opt/stack/cinder/cinder/api/openstack/wsgi.py:876}}
Jun 04 15:25:48.103123 np0000002159 devstack@c-api.service[96168]: DEBUG cinder.api.contrib.snapshot_actions [req-bb8b4c6b-874f-472a-a4be-682d2c338fbb req-562bf2fb-41d5-4804-a097-95a208ae5bed tempest-VolumesAssistedSnapshotsTest-1472968214 tempest-VolumesAssistedSnapshotsTest-1472968214-project] body: {'os-update_snapshot_status': {'status': 'error', 'progress': '90%'}} {{(pid=96168) _update_snapshot_status /opt/stack/cinder/cinder/api/contrib/snapshot_actions.py:46}}
Jun 04 15:25:48.107870 np0000002159 devstack@c-api.service[96168]: INFO cinder.api.openstack.wsgi [req-bb8b4c6b-874f-472a-a4be-682d2c338fbb req-562bf2fb-41d5-4804-a097-95a208ae5bed tempest-VolumesAssistedSnapshotsTest-1472968214 tempest-VolumesAssistedSnapshotsTest-1472968214-project] https://10.4.3.115/volume/v3/snapshots/8cc3bdf9-57dc-41c9-b162-870b1f4e99d4/action returned with HTTP 404
Jun 04 15:25:48.109015 np0000002159 devstack@c-api.service[96168]: [pid: 96168|app: 0|req: 191/374] 10.4.3.115 () {72 vars in 1678 bytes} [Thu Jun 4 15:25:48 2026] POST /volume/v3/snapshots/8cc3bdf9-57dc-41c9-b162-870b1f4e99d4/action => generated 111 bytes in 11 msecs (HTTP/1.1 404) 7 headers in 292 bytes (1 switches on core 0)
Jun 04 15:25:48.109803 np0000002159 devstack@c-api.service[96168]: DEBUG cinder.api.middleware.request_id [req-a500eead-79e2-4d65-bbf8-5da8efebc908 req-1dbd80b9-6f8d-4557-b155-c900c3757ca3 None None] RequestId filter calling following filter/app {{(pid=96168) _context_setter /opt/stack/cinder/cinder/api/middleware/request_id.py:62}}
Jun 04 15:25:48.110539 np0000002159 devstack@c-api.service[96169]: DEBUG cinder.coordination [req-d24e7036-dddf-475e-ac7e-dd168aa2a695 req-8f773b34-0491-4534-aecb-6fed1e5cb5a4 tempest-ServerStableDeviceRescueTest-238845432 tempest-ServerStableDeviceRescueTest-238845432-project-member] Lock "cinder-attachment_update-c2e7439f-5b37-4e3b-88e0-c560ac1df176-np0000002159" released by "attachment_update" :: held 0.520s {{(pid=96169) __release /opt/stack/cinder/cinder/coordination.py:152}}
Jun 04 15:25:48.110785 np0000002159 devstack@c-api.service[96169]: INFO cinder.api.openstack.wsgi [req-d24e7036-dddf-475e-ac7e-dd168aa2a695 req-8f773b34-0491-4534-aecb-6fed1e5cb5a4 tempest-ServerStableDeviceRescueTest-238845432 tempest-ServerStableDeviceRescueTest-238845432-project-member] https://10.4.3.115/volume/v3/attachments/9923af88-901d-4836-8b19-bfff793fe934 returned with HTTP 200
Jun 04 15:25:48.111253 np0000002159 devstack@c-api.service[96169]: [pid: 96169|app: 0|req: 184/375] 10.4.3.115 () {74 vars in 1705 bytes} [Thu Jun 4 15:25:47 2026] PUT /volume/v3/attachments/9923af88-901d-4836-8b19-bfff793fe934 => generated 535 bytes in 536 msecs (HTTP/1.1 200) 7 headers in 286 bytes (1 switches on core 0)
Jun 04 15:25:48.111848 np0000002159 devstack@c-api.service[96169]: DEBUG cinder.api.middleware.request_id [None req-ba646947-db2c-401e-a452-4de7ac60617c None None] RequestId filter calling following filter/app {{(pid=96169) _context_setter /opt/stack/cinder/cinder/api/middleware/request_id.py:62}}
Jun 04 15:25:48.113507 np0000002159 devstack@c-api.service[96168]: INFO cinder.api.openstack.wsgi [req-a500eead-79e2-4d65-bbf8-5da8efebc908 req-1dbd80b9-6f8d-4557-b155-c900c3757ca3 tempest-TaggedAttachmentsTest-876632361 tempest-TaggedAttachmentsTest-876632361-project-member] POST https://10.4.3.115/volume/v3/attachments/82503143-3089-4da6-94d3-05b402af055c/action
Jun 04 15:25:48.113565 np0000002159 devstack@c-api.service[96169]: INFO cinder.api.openstack.wsgi [None req-ba646947-db2c-401e-a452-4de7ac60617c tempest-TaggedAttachmentsTest-876632361 tempest-TaggedAttachmentsTest-876632361-project-member] GET https://10.4.3.115/volume/v3/volumes/19da4b5f-0b56-4549-96f1-3e39bbccc6b1
Jun 04 15:25:48.113565 np0000002159 devstack@c-api.service[96169]: DEBUG cinder.api.openstack.wsgi [None req-ba646947-db2c-401e-a452-4de7ac60617c tempest-TaggedAttachmentsTest-876632361 tempest-TaggedAttachmentsTest-876632361-project-member] Empty body provided in request {{(pid=96169) get_body /opt/stack/cinder/cinder/api/openstack/wsgi.py:725}}
Jun 04 15:25:48.113722 np0000002159 devstack@c-api.service[96169]: DEBUG cinder.api.openstack.wsgi [None req-ba646947-db2c-401e-a452-4de7ac60617c tempest-TaggedAttachmentsTest-876632361 tempest-TaggedAttachmentsTest-876632361-project-member] Calling method 'show' {{(pid=96169) _process_stack /opt/stack/cinder/cinder/api/openstack/wsgi.py:878}}
Jun 04 15:25:48.114679 np0000002159 devstack@c-api.service[96168]: DEBUG cinder.api.openstack.wsgi [req-a500eead-79e2-4d65-bbf8-5da8efebc908 req-1dbd80b9-6f8d-4557-b155-c900c3757ca3 tempest-TaggedAttachmentsTest-876632361 tempest-TaggedAttachmentsTest-876632361-project-member] Action body: b'{"os-complete": null}' {{(pid=96168) get_method /opt/stack/cinder/cinder/api/openstack/wsgi.py:993}}
Jun 04 15:25:48.114868 np0000002159 devstack@c-api.service[96168]: DEBUG cinder.api.openstack.wsgi [req-a500eead-79e2-4d65-bbf8-5da8efebc908 req-1dbd80b9-6f8d-4557-b155-c900c3757ca3 tempest-TaggedAttachmentsTest-876632361 tempest-TaggedAttachmentsTest-876632361-project-member] Action: 'action', calling method: complete, body: {"os-complete": null} {{(pid=96168) _process_stack /opt/stack/cinder/cinder/api/openstack/wsgi.py:876}}
Jun 04 15:25:48.126913 np0000002159 devstack@c-api.service[96169]: /opt/stack/data/venv/lib/python3.12/site-packages/oslo_context/context.py:102: DeprecationWarning: Policy enforcement is depending on the value of is_admin. This key is deprecated. Please update your policy file to use the standard policy values.
Jun 04 15:25:48.126913 np0000002159 devstack@c-api.service[96169]: warnings.warn(
Jun 04 15:25:48.131808 np0000002159 devstack@c-api.service[96169]: INFO cinder.volume.api [None req-ba646947-db2c-401e-a452-4de7ac60617c tempest-TaggedAttachmentsTest-876632361 tempest-TaggedAttachmentsTest-876632361-project-member] Volume info retrieved successfully.
Jun 04 15:25:48.137441 np0000002159 devstack@c-api.service[96168]: /opt/stack/data/venv/lib/python3.12/site-packages/oslo_context/context.py:102: DeprecationWarning: Policy enforcement is depending on the value of is_admin. This key is deprecated. Please update your policy file to use the standard policy values.
Jun 04 15:25:48.137441 np0000002159 devstack@c-api.service[96168]: warnings.warn(
Jun 04 15:25:48.140022 np0000002159 devstack@c-api.service[96169]: INFO cinder.api.openstack.wsgi [None req-ba646947-db2c-401e-a452-4de7ac60617c tempest-TaggedAttachmentsTest-876632361 tempest-TaggedAttachmentsTest-876632361-project-member] https://10.4.3.115/volume/v3/volumes/19da4b5f-0b56-4549-96f1-3e39bbccc6b1 returned with HTTP 200
Jun 04 15:25:48.140434 np0000002159 devstack@c-api.service[96169]: [pid: 96169|app: 0|req: 185/376] 10.4.3.115 () {66 vars in 1348 bytes} [Thu Jun 4 15:25:48 2026] GET /volume/v3/volumes/19da4b5f-0b56-4549-96f1-3e39bbccc6b1 => generated 844 bytes in 29 msecs (HTTP/1.1 200) 7 headers in 285 bytes (1 switches on core 0)
Jun 04 15:25:48.154243 np0000002159 devstack@c-api.service[96168]: INFO cinder.api.openstack.wsgi [req-a500eead-79e2-4d65-bbf8-5da8efebc908 req-1dbd80b9-6f8d-4557-b155-c900c3757ca3 tempest-TaggedAttachmentsTest-876632361 tempest-TaggedAttachmentsTest-876632361-project-member] https://10.4.3.115/volume/v3/attachments/82503143-3089-4da6-94d3-05b402af055c/action returned with HTTP 204
Jun 04 15:25:48.154470 np0000002159 devstack@c-api.service[96168]: [pid: 96168|app: 0|req: 192/377] 10.4.3.115 () {74 vars in 1725 bytes} [Thu Jun 4 15:25:48 2026] POST /volume/v3/attachments/82503143-3089-4da6-94d3-05b402af055c/action => generated 0 bytes in 45 msecs (HTTP/1.1 204) 7 headers in 292 bytes (1 switches on core 0)
Jun 04 15:25:48.361732 np0000002159 devstack@c-api.service[96169]: DEBUG cinder.api.middleware.request_id [None req-eec5cf92-2de2-4893-b339-e9e6fdba8c68 None None] RequestId filter calling following filter/app {{(pid=96169) _context_setter /opt/stack/cinder/cinder/api/middleware/request_id.py:62}}
