Jun 04 15:30:44.887874 np0000002159 devstack@g-api.service[98896]: DEBUG glance.api.middleware.version_negotiation [None req-61f06d3b-5d81-4858-8781-099f31f1c84c tempest-ServerBootFromVolumeStableRescueTest-1868492935 tempest-ServerBootFromVolumeStableRescueTest-1868492935-project-member] new path /v2/images/73bd13f9-9def-443f-8876-d6fb4dbd7acf {{(pid=98896) process_request /opt/stack/glance/glance/api/middleware/version_negotiation.py:70}}
Jun 04 15:30:44.900525 np0000002159 devstack@g-api.service[98896]: [pid: 98896|app: 0|req: 232/419] 127.0.0.1 () {40 vars in 838 bytes} [Thu Jun 4 15:30:44 2026] GET /v2/images/73bd13f9-9def-443f-8876-d6fb4dbd7acf => generated 1359 bytes in 13 msecs (HTTP/1.1 200) 4 headers in 158 bytes (1 switches on core 0)
Jun 04 15:30:45.911179 np0000002159 devstack@g-api.service[98897]: DEBUG glance.api.middleware.version_negotiation [None req-4f7adba5-4174-4247-a667-6b1799a1f680 tempest-ServerBootFromVolumeStableRescueTest-1868492935 tempest-ServerBootFromVolumeStableRescueTest-1868492935-project-member] Determining version of request: GET /v2/images/73bd13f9-9def-443f-8876-d6fb4dbd7acf Accept: application/json {{(pid=98897) process_request /opt/stack/glance/glance/api/middleware/version_negotiation.py:44}}
Jun 04 15:30:45.912916 np0000002159 devstack@g-api.service[98897]: DEBUG glance.api.middleware.version_negotiation [None req-4f7adba5-4174-4247-a667-6b1799a1f680 tempest-ServerBootFromVolumeStableRescueTest-1868492935 tempest-ServerBootFromVolumeStableRescueTest-1868492935-project-member] Using url versioning {{(pid=98897) process_request /opt/stack/glance/glance/api/middleware/version_negotiation.py:57}}
Jun 04 15:30:45.912916 np0000002159 devstack@g-api.service[98897]: DEBUG glance.api.middleware.version_negotiation [None req-4f7adba5-4174-4247-a667-6b1799a1f680 tempest-ServerBootFromVolumeStableRescueTest-1868492935 tempest-ServerBootFromVolumeStableRescueTest-1868492935-project-member] Matched version: v2 {{(pid=98897) process_request /opt/stack/glance/glance/api/middleware/version_negotiation.py:69}}
Jun 04 15:30:45.912916 np0000002159 devstack@g-api.service[98897]: DEBUG glance.api.middleware.version_negotiation [None req-4f7adba5-4174-4247-a667-6b1799a1f680 tempest-ServerBootFromVolumeStableRescueTest-1868492935 tempest-ServerBootFromVolumeStableRescueTest-1868492935-project-member] new path /v2/images/73bd13f9-9def-443f-8876-d6fb4dbd7acf {{(pid=98897) process_request /opt/stack/glance/glance/api/middleware/version_negotiation.py:70}}
Jun 04 15:30:45.929103 np0000002159 devstack@g-api.service[98897]: [pid: 98897|app: 0|req: 188/420] 127.0.0.1 () {40 vars in 838 bytes} [Thu Jun 4 15:30:45 2026] GET /v2/images/73bd13f9-9def-443f-8876-d6fb4dbd7acf => generated 1359 bytes in 18 msecs (HTTP/1.1 200) 4 headers in 158 bytes (1 switches on core 0)
Jun 04 15:30:46.263529 np0000002159 devstack@g-api.service[98896]: DEBUG glance.api.middleware.version_negotiation [None req-a21382bd-1323-438f-9071-0d17e8a3b8c8 tempest-ServerBootFromVolumeStableRescueTest-1868492935 tempest-ServerBootFromVolumeStableRescueTest-1868492935-project-member] Determining version of request: GET /v2/images/73bd13f9-9def-443f-8876-d6fb4dbd7acf Accept: */* {{(pid=98896) process_request /opt/stack/glance/glance/api/middleware/version_negotiation.py:44}}
Jun 04 15:30:46.263529 np0000002159 devstack@g-api.service[98896]: DEBUG glance.api.middleware.version_negotiation [None req-a21382bd-1323-438f-9071-0d17e8a3b8c8 tempest-ServerBootFromVolumeStableRescueTest-1868492935 tempest-ServerBootFromVolumeStableRescueTest-1868492935-project-member] Using url versioning {{(pid=98896) process_request /opt/stack/glance/glance/api/middleware/version_negotiation.py:57}}
Jun 04 15:30:46.263529 np0000002159 devstack@g-api.service[98896]: DEBUG glance.api.middleware.version_negotiation [None req-a21382bd-1323-438f-9071-0d17e8a3b8c8 tempest-ServerBootFromVolumeStableRescueTest-1868492935 tempest-ServerBootFromVolumeStableRescueTest-1868492935-project-member] Matched version: v2 {{(pid=98896) process_request /opt/stack/glance/glance/api/middleware/version_negotiation.py:69}}
Jun 04 15:30:46.263529 np0000002159 devstack@g-api.service[98896]: DEBUG glance.api.middleware.version_negotiation [None req-a21382bd-1323-438f-9071-0d17e8a3b8c8 tempest-ServerBootFromVolumeStableRescueTest-1868492935 tempest-ServerBootFromVolumeStableRescueTest-1868492935-project-member] new path /v2/images/73bd13f9-9def-443f-8876-d6fb4dbd7acf {{(pid=98896) process_request /opt/stack/glance/glance/api/middleware/version_negotiation.py:70}}
Jun 04 15:30:46.277821 np0000002159 devstack@g-api.service[98896]: [pid: 98896|app: 0|req: 233/421] 127.0.0.1 () {44 vars in 1115 bytes} [Thu Jun 4 15:30:46 2026] GET /v2/images/73bd13f9-9def-443f-8876-d6fb4dbd7acf => generated 1359 bytes in 16 msecs (HTTP/1.1 200) 4 headers in 158 bytes (1 switches on core 0)
Jun 04 15:30:46.313355 np0000002159 devstack@g-api.service[98897]: DEBUG glance.api.middleware.version_negotiation [None req-3d74afef-8442-427e-aa8e-790fa900d31a tempest-ServerBootFromVolumeStableRescueTest-1868492935 tempest-ServerBootFromVolumeStableRescueTest-1868492935-project-member] Determining version of request: GET /v2/schemas/image Accept: */* {{(pid=98897) process_request /opt/stack/glance/glance/api/middleware/version_negotiation.py:44}}
Jun 04 15:30:46.313355 np0000002159 devstack@g-api.service[98897]: DEBUG glance.api.middleware.version_negotiation [None req-3d74afef-8442-427e-aa8e-790fa900d31a tempest-ServerBootFromVolumeStableRescueTest-1868492935 tempest-ServerBootFromVolumeStableRescueTest-1868492935-project-member] Using url versioning {{(pid=98897) process_request /opt/stack/glance/glance/api/middleware/version_negotiation.py:57}}
Jun 04 15:30:46.313355 np0000002159 devstack@g-api.service[98897]: DEBUG glance.api.middleware.version_negotiation [None req-3d74afef-8442-427e-aa8e-790fa900d31a tempest-ServerBootFromVolumeStableRescueTest-1868492935 tempest-ServerBootFromVolumeStableRescueTest-1868492935-project-member] Matched version: v2 {{(pid=98897) process_request /opt/stack/glance/glance/api/middleware/version_negotiation.py:69}}
Jun 04 15:30:46.313776 np0000002159 devstack@g-api.service[98897]: DEBUG glance.api.middleware.version_negotiation [None req-3d74afef-8442-427e-aa8e-790fa900d31a tempest-ServerBootFromVolumeStableRescueTest-1868492935 tempest-ServerBootFromVolumeStableRescueTest-1868492935-project-member] new path /v2/schemas/image {{(pid=98897) process_request /opt/stack/glance/glance/api/middleware/version_negotiation.py:70}}
Jun 04 15:30:46.316410 np0000002159 devstack@g-api.service[98897]: [pid: 98897|app: 0|req: 189/422] 127.0.0.1 () {44 vars in 1055 bytes} [Thu Jun 4 15:30:46 2026] GET /v2/schemas/image => generated 6083 bytes in 4 msecs (HTTP/1.1 200) 4 headers in 158 bytes (1 switches on core 0)
Jun 04 15:30:46.367877 np0000002159 devstack@g-api.service[98896]: DEBUG glance.api.middleware.version_negotiation [None req-61f06d3b-5d81-4858-8781-099f31f1c84c tempest-ServerBootFromVolumeStableRescueTest-1868492935 tempest-ServerBootFromVolumeStableRescueTest-1868492935-project-member] Determining version of request: GET /v2/schemas/image Accept: */* {{(pid=98896) process_request /opt/stack/glance/glance/api/middleware/version_negotiation.py:44}}
Jun 04 15:30:46.368763 np0000002159 devstack@g-api.service[98896]: DEBUG glance.api.middleware.version_negotiation [None req-61f06d3b-5d81-4858-8781-099f31f1c84c tempest-ServerBootFromVolumeStableRescueTest-1868492935 tempest-ServerBootFromVolumeStableRescueTest-1868492935-project-member] Using url versioning {{(pid=98896) process_request /opt/stack/glance/glance/api/middleware/version_negotiation.py:57}}
Jun 04 15:30:46.368763 np0000002159 devstack@g-api.service[98896]: DEBUG glance.api.middleware.version_negotiation [None req-61f06d3b-5d81-4858-8781-099f31f1c84c tempest-ServerBootFromVolumeStableRescueTest-1868492935 tempest-ServerBootFromVolumeStableRescueTest-1868492935-project-member] Matched version: v2 {{(pid=98896) process_request /opt/stack/glance/glance/api/middleware/version_negotiation.py:69}}
Jun 04 15:30:46.368763 np0000002159 devstack@g-api.service[98896]: DEBUG glance.api.middleware.version_negotiation [None req-61f06d3b-5d81-4858-8781-099f31f1c84c tempest-ServerBootFromVolumeStableRescueTest-1868492935 tempest-ServerBootFromVolumeStableRescueTest-1868492935-project-member] new path /v2/schemas/image {{(pid=98896) process_request /opt/stack/glance/glance/api/middleware/version_negotiation.py:70}}
Jun 04 15:30:46.370923 np0000002159 devstack@g-api.service[98896]: [pid: 98896|app: 0|req: 234/423] 127.0.0.1 () {44 vars in 1055 bytes} [Thu Jun 4 15:30:46 2026] GET /v2/schemas/image => generated 6083 bytes in 3 msecs (HTTP/1.1 200) 4 headers in 158 bytes (1 switches on core 0)
Jun 04 15:30:46.420446 np0000002159 devstack@g-api.service[98897]: DEBUG glance.api.middleware.version_negotiation [None req-61f06d3b-5d81-4858-8781-099f31f1c84c tempest-ServerBootFromVolumeStableRescueTest-1868492935 tempest-ServerBootFromVolumeStableRescueTest-1868492935-project-member] Determining version of request: PATCH /v2/images/73bd13f9-9def-443f-8876-d6fb4dbd7acf Accept: */* {{(pid=98897) process_request /opt/stack/glance/glance/api/middleware/version_negotiation.py:44}}
Jun 04 15:30:46.420927 np0000002159 devstack@g-api.service[98897]: DEBUG glance.api.middleware.version_negotiation [None req-61f06d3b-5d81-4858-8781-099f31f1c84c tempest-ServerBootFromVolumeStableRescueTest-1868492935 tempest-ServerBootFromVolumeStableRescueTest-1868492935-project-member] Using url versioning {{(pid=98897) process_request /opt/stack/glance/glance/api/middleware/version_negotiation.py:57}}
Jun 04 15:30:46.421341 np0000002159 devstack@g-api.service[98897]: DEBUG glance.api.middleware.version_negotiation [None req-61f06d3b-5d81-4858-8781-099f31f1c84c tempest-ServerBootFromVolumeStableRescueTest-1868492935 tempest-ServerBootFromVolumeStableRescueTest-1868492935-project-member] Matched version: v2 {{(pid=98897) process_request /opt/stack/glance/glance/api/middleware/version_negotiation.py:69}}
Jun 04 15:30:46.421730 np0000002159 devstack@g-api.service[98897]: DEBUG glance.api.middleware.version_negotiation [None req-61f06d3b-5d81-4858-8781-099f31f1c84c tempest-ServerBootFromVolumeStableRescueTest-1868492935 tempest-ServerBootFromVolumeStableRescueTest-1868492935-project-member] new path /v2/images/73bd13f9-9def-443f-8876-d6fb4dbd7acf {{(pid=98897) process_request /opt/stack/glance/glance/api/middleware/version_negotiation.py:70}}
Jun 04 15:30:46.568023 np0000002159 devstack@g-api.service[98897]: [pid: 98897|app: 0|req: 190/424] 127.0.0.1 () {46 vars in 1158 bytes} [Thu Jun 4 15:30:46 2026] PATCH /v2/images/73bd13f9-9def-443f-8876-d6fb4dbd7acf => generated 1470 bytes in 148 msecs (HTTP/1.1 200) 4 headers in 158 bytes (1 switches on core 0)
Jun 04 15:30:46.614511 np0000002159 devstack@g-api.service[98896]: DEBUG glance.api.middleware.version_negotiation [None req-61f06d3b-5d81-4858-8781-099f31f1c84c tempest-ServerBootFromVolumeStableRescueTest-1868492935 tempest-ServerBootFromVolumeStableRescueTest-1868492935-project-member] Determining version of request: GET /v2/images/73bd13f9-9def-443f-8876-d6fb4dbd7acf Accept: */* {{(pid=98896) process_request /opt/stack/glance/glance/api/middleware/version_negotiation.py:44}}
Jun 04 15:30:46.615659 np0000002159 devstack@g-api.service[98896]: DEBUG glance.api.middleware.version_negotiation [None req-61f06d3b-5d81-4858-8781-099f31f1c84c tempest-ServerBootFromVolumeStableRescueTest-1868492935 tempest-ServerBootFromVolumeStableRescueTest-1868492935-project-member] Using url versioning {{(pid=98896) process_request /opt/stack/glance/glance/api/middleware/version_negotiation.py:57}}
Jun 04 15:30:46.615659 np0000002159 devstack@g-api.service[98896]: DEBUG glance.api.middleware.version_negotiation [None req-61f06d3b-5d81-4858-8781-099f31f1c84c tempest-ServerBootFromVolumeStableRescueTest-1868492935 tempest-ServerBootFromVolumeStableRescueTest-1868492935-project-member] Matched version: v2 {{(pid=98896) process_request /opt/stack/glance/glance/api/middleware/version_negotiation.py:69}}
Jun 04 15:30:46.615659 np0000002159 devstack@g-api.service[98896]: DEBUG glance.api.middleware.version_negotiation [None req-61f06d3b-5d81-4858-8781-099f31f1c84c tempest-ServerBootFromVolumeStableRescueTest-1868492935 tempest-ServerBootFromVolumeStableRescueTest-1868492935-project-member] new path /v2/images/73bd13f9-9def-443f-8876-d6fb4dbd7acf {{(pid=98896) process_request /opt/stack/glance/glance/api/middleware/version_negotiation.py:70}}
Jun 04 15:30:46.632515 np0000002159 devstack@g-api.service[98896]: [pid: 98896|app: 0|req: 235/425] 127.0.0.1 () {44 vars in 1115 bytes} [Thu Jun 4 15:30:46 2026] GET /v2/images/73bd13f9-9def-443f-8876-d6fb4dbd7acf => generated 1470 bytes in 18 msecs (HTTP/1.1 200) 4 headers in 158 bytes (1 switches on core 0)
Jun 04 15:30:46.674565 np0000002159 devstack@g-api.service[98897]: DEBUG glance.api.middleware.version_negotiation [None req-61f06d3b-5d81-4858-8781-099f31f1c84c tempest-ServerBootFromVolumeStableRescueTest-1868492935 tempest-ServerBootFromVolumeStableRescueTest-1868492935-project-member] Determining version of request: PUT /v2/images/73bd13f9-9def-443f-8876-d6fb4dbd7acf/file Accept: */* {{(pid=98897) process_request /opt/stack/glance/glance/api/middleware/version_negotiation.py:44}}
Jun 04 15:30:46.674565 np0000002159 devstack@g-api.service[98897]: DEBUG glance.api.middleware.version_negotiation [None req-61f06d3b-5d81-4858-8781-099f31f1c84c tempest-ServerBootFromVolumeStableRescueTest-1868492935 tempest-ServerBootFromVolumeStableRescueTest-1868492935-project-member] Using url versioning {{(pid=98897) process_request /opt/stack/glance/glance/api/middleware/version_negotiation.py:57}}
Jun 04 15:30:46.674565 np0000002159 devstack@g-api.service[98897]: DEBUG glance.api.middleware.version_negotiation [None req-61f06d3b-5d81-4858-8781-099f31f1c84c tempest-ServerBootFromVolumeStableRescueTest-1868492935 tempest-ServerBootFromVolumeStableRescueTest-1868492935-project-member] Matched version: v2 {{(pid=98897) process_request /opt/stack/glance/glance/api/middleware/version_negotiation.py:69}}
Jun 04 15:30:46.674565 np0000002159 devstack@g-api.service[98897]: DEBUG glance.api.middleware.version_negotiation [None req-61f06d3b-5d81-4858-8781-099f31f1c84c tempest-ServerBootFromVolumeStableRescueTest-1868492935 tempest-ServerBootFromVolumeStableRescueTest-1868492935-project-member] new path /v2/images/73bd13f9-9def-443f-8876-d6fb4dbd7acf/file {{(pid=98897) process_request /opt/stack/glance/glance/api/middleware/version_negotiation.py:70}}
Jun 04 15:30:46.939307 np0000002159 devstack@g-api.service[98896]: DEBUG glance.api.middleware.version_negotiation [None req-61f06d3b-5d81-4858-8781-099f31f1c84c tempest-ServerBootFromVolumeStableRescueTest-1868492935 tempest-ServerBootFromVolumeStableRescueTest-1868492935-project-member] Determining version of request: GET /v2/images/73bd13f9-9def-443f-8876-d6fb4dbd7acf Accept: application/json {{(pid=98896) process_request /opt/stack/glance/glance/api/middleware/version_negotiation.py:44}}
Jun 04 15:30:46.939442 np0000002159 devstack@g-api.service[98896]: DEBUG glance.api.middleware.version_negotiation [None req-61f06d3b-5d81-4858-8781-099f31f1c84c tempest-ServerBootFromVolumeStableRescueTest-1868492935 tempest-ServerBootFromVolumeStableRescueTest-1868492935-project-member] Using url versioning {{(pid=98896) process_request /opt/stack/glance/glance/api/middleware/version_negotiation.py:57}}
Jun 04 15:30:46.939561 np0000002159 devstack@g-api.service[98896]: DEBUG glance.api.middleware.version_negotiation [None req-61f06d3b-5d81-4858-8781-099f31f1c84c tempest-ServerBootFromVolumeStableRescueTest-1868492935 tempest-ServerBootFromVolumeStableRescueTest-1868492935-project-member] Matched version: v2 {{(pid=98896) process_request /opt/stack/glance/glance/api/middleware/version_negotiation.py:69}}
Jun 04 15:30:46.939736 np0000002159 devstack@g-api.service[98896]: DEBUG glance.api.middleware.version_negotiation [None req-61f06d3b-5d81-4858-8781-099f31f1c84c tempest-ServerBootFromVolumeStableRescueTest-1868492935 tempest-ServerBootFromVolumeStableRescueTest-1868492935-project-member] new path /v2/images/73bd13f9-9def-443f-8876-d6fb4dbd7acf {{(pid=98896) process_request /opt/stack/glance/glance/api/middleware/version_negotiation.py:70}}
Jun 04 15:30:46.950196 np0000002159 devstack@g-api.service[98896]: [pid: 98896|app: 0|req: 236/426] 127.0.0.1 () {40 vars in 838 bytes} [Thu Jun 4 15:30:46 2026] GET /v2/images/73bd13f9-9def-443f-8876-d6fb4dbd7acf => generated 1470 bytes in 11 msecs (HTTP/1.1 200) 4 headers in 158 bytes (1 switches on core 0)
Jun 04 15:30:47.213649 np0000002159 devstack@g-api.service[98897]: INFO glance.api.v2.image_data [None req-61f06d3b-5d81-4858-8781-099f31f1c84c tempest-ServerBootFromVolumeStableRescueTest-1868492935 tempest-ServerBootFromVolumeStableRescueTest-1868492935-project-member] Unable to create trust: no such option collect_timing in group [keystone_authtoken] Use the existing user token.
Jun 04 15:30:47.729169 np0000002159 devstack@g-api.service[98897]: DEBUG glance.location [None req-61f06d3b-5d81-4858-8781-099f31f1c84c tempest-ServerBootFromVolumeStableRescueTest-1868492935 tempest-ServerBootFromVolumeStableRescueTest-1868492935-project-member] Enabling in-flight format inspection for qcow2 {{(pid=98897) set_data /opt/stack/glance/glance/location.py:616}}
Jun 04 15:30:47.730099 np0000002159 devstack@g-api.service[98897]: DEBUG glance_store.backend [None req-61f06d3b-5d81-4858-8781-099f31f1c84c tempest-ServerBootFromVolumeStableRescueTest-1868492935 tempest-ServerBootFromVolumeStableRescueTest-1868492935-project-member] Attempting to import store swift {{(pid=98897) _load_store /opt/stack/data/venv/lib/python3.12/site-packages/glance_store/backend.py:215}}
Jun 04 15:30:47.731525 np0000002159 devstack@g-api.service[98897]: DEBUG glance_store.capabilities [None req-61f06d3b-5d81-4858-8781-099f31f1c84c tempest-ServerBootFromVolumeStableRescueTest-1868492935 tempest-ServerBootFromVolumeStableRescueTest-1868492935-project-member] Store glance_store._drivers.swift.store.SingleTenantStore doesn't support updating dynamic storage capabilities. Please overwrite 'update_capabilities' method of the store to implement updating logics if needed. {{(pid=98897) update_capabilities /opt/stack/data/venv/lib/python3.12/site-packages/glance_store/capabilities.py:91}}
Jun 04 15:30:47.731653 np0000002159 devstack@g-api.service[98897]: DEBUG glance_store.driver [None req-61f06d3b-5d81-4858-8781-099f31f1c84c tempest-ServerBootFromVolumeStableRescueTest-1868492935 tempest-ServerBootFromVolumeStableRescueTest-1868492935-project-member] Late loading location class glance_store._drivers.swift.store.StoreLocation {{(pid=98897) get_store_location_class /opt/stack/data/venv/lib/python3.12/site-packages/glance_store/driver.py:134}}
Jun 04 15:30:47.731793 np0000002159 devstack@g-api.service[98897]: DEBUG glance_store.location [None req-61f06d3b-5d81-4858-8781-099f31f1c84c tempest-ServerBootFromVolumeStableRescueTest-1868492935 tempest-ServerBootFromVolumeStableRescueTest-1868492935-project-member] Registering scheme swift+https with {'store': , 'location_class': , 'store_entry': 'swift'} {{(pid=98897) register_scheme_map /opt/stack/data/venv/lib/python3.12/site-packages/glance_store/location.py:146}}
Jun 04 15:30:47.731903 np0000002159 devstack@g-api.service[98897]: DEBUG glance_store.location [None req-61f06d3b-5d81-4858-8781-099f31f1c84c tempest-ServerBootFromVolumeStableRescueTest-1868492935 tempest-ServerBootFromVolumeStableRescueTest-1868492935-project-member] Registering scheme swift+https with {'store': , 'location_class': , 'store_entry': 'swift'} {{(pid=98897) register_scheme_map /opt/stack/data/venv/lib/python3.12/site-packages/glance_store/location.py:146}}
Jun 04 15:30:47.732038 np0000002159 devstack@g-api.service[98897]: DEBUG glance_store.location [None req-61f06d3b-5d81-4858-8781-099f31f1c84c tempest-ServerBootFromVolumeStableRescueTest-1868492935 tempest-ServerBootFromVolumeStableRescueTest-1868492935-project-member] Registering scheme swift with {'store': , 'location_class': , 'store_entry': 'swift'} {{(pid=98897) register_scheme_map /opt/stack/data/venv/lib/python3.12/site-packages/glance_store/location.py:146}}
Jun 04 15:30:47.732409 np0000002159 devstack@g-api.service[98897]: DEBUG glance_store.location [None req-61f06d3b-5d81-4858-8781-099f31f1c84c tempest-ServerBootFromVolumeStableRescueTest-1868492935 tempest-ServerBootFromVolumeStableRescueTest-1868492935-project-member] Registering scheme swift+https with {'store': , 'location_class': , 'store_entry': 'swift'} {{(pid=98897) register_scheme_map /opt/stack/data/venv/lib/python3.12/site-packages/glance_store/location.py:146}}
Jun 04 15:30:47.732521 np0000002159 devstack@g-api.service[98897]: DEBUG glance_store.location [None req-61f06d3b-5d81-4858-8781-099f31f1c84c tempest-ServerBootFromVolumeStableRescueTest-1868492935 tempest-ServerBootFromVolumeStableRescueTest-1868492935-project-member] Registering scheme swift with {'store': , 'location_class': , 'store_entry': 'swift'} {{(pid=98897) register_scheme_map /opt/stack/data/venv/lib/python3.12/site-packages/glance_store/location.py:146}}
Jun 04 15:30:47.732618 np0000002159 devstack@g-api.service[98897]: DEBUG glance_store.location [None req-61f06d3b-5d81-4858-8781-099f31f1c84c tempest-ServerBootFromVolumeStableRescueTest-1868492935 tempest-ServerBootFromVolumeStableRescueTest-1868492935-project-member] Registering scheme swift+http with {'store': , 'location_class': , 'store_entry': 'swift'} {{(pid=98897) register_scheme_map /opt/stack/data/venv/lib/python3.12/site-packages/glance_store/location.py:146}}
Jun 04 15:30:47.732709 np0000002159 devstack@g-api.service[98897]: DEBUG glance_store.location [None req-61f06d3b-5d81-4858-8781-099f31f1c84c tempest-ServerBootFromVolumeStableRescueTest-1868492935 tempest-ServerBootFromVolumeStableRescueTest-1868492935-project-member] Registering scheme swift+https with {'store': , 'location_class': , 'store_entry': 'swift'} {{(pid=98897) register_scheme_map /opt/stack/data/venv/lib/python3.12/site-packages/glance_store/location.py:146}}
Jun 04 15:30:47.732809 np0000002159 devstack@g-api.service[98897]: DEBUG glance_store.location [None req-61f06d3b-5d81-4858-8781-099f31f1c84c tempest-ServerBootFromVolumeStableRescueTest-1868492935 tempest-ServerBootFromVolumeStableRescueTest-1868492935-project-member] Registering scheme swift with {'store': , 'location_class': , 'store_entry': 'swift'} {{(pid=98897) register_scheme_map /opt/stack/data/venv/lib/python3.12/site-packages/glance_store/location.py:146}}
Jun 04 15:30:47.732897 np0000002159 devstack@g-api.service[98897]: DEBUG glance_store.location [None req-61f06d3b-5d81-4858-8781-099f31f1c84c tempest-ServerBootFromVolumeStableRescueTest-1868492935 tempest-ServerBootFromVolumeStableRescueTest-1868492935-project-member] Registering scheme swift+http with {'store': , 'location_class': , 'store_entry': 'swift'} {{(pid=98897) register_scheme_map /opt/stack/data/venv/lib/python3.12/site-packages/glance_store/location.py:146}}
Jun 04 15:30:47.733047 np0000002159 devstack@g-api.service[98897]: DEBUG glance_store.location [None req-61f06d3b-5d81-4858-8781-099f31f1c84c tempest-ServerBootFromVolumeStableRescueTest-1868492935 tempest-ServerBootFromVolumeStableRescueTest-1868492935-project-member] Registering scheme swift+config with {'store': , 'location_class': , 'store_entry': 'swift'} {{(pid=98897) register_scheme_map /opt/stack/data/venv/lib/python3.12/site-packages/glance_store/location.py:146}}
Jun 04 15:30:47.962422 np0000002159 devstack@g-api.service[98897]: DEBUG swiftclient [None req-61f06d3b-5d81-4858-8781-099f31f1c84c tempest-ServerBootFromVolumeStableRescueTest-1868492935 tempest-ServerBootFromVolumeStableRescueTest-1868492935-project-member] REQ: curl -i https://10.4.3.115:8080/v1/AUTH_48e1db336c6a4c10a3277a3cdbd58a88/glance -I -H "X-Auth-Token: gAAAAABqIZonz3tr..." {{(pid=98897) http_log /opt/stack/data/venv/lib/python3.12/site-packages/swiftclient/client.py:160}}
Jun 04 15:30:47.962422 np0000002159 devstack@g-api.service[98897]: DEBUG swiftclient [None req-61f06d3b-5d81-4858-8781-099f31f1c84c tempest-ServerBootFromVolumeStableRescueTest-1868492935 tempest-ServerBootFromVolumeStableRescueTest-1868492935-project-member] RESP STATUS: 204 No Content {{(pid=98897) http_log /opt/stack/data/venv/lib/python3.12/site-packages/swiftclient/client.py:161}}
Jun 04 15:30:47.962619 np0000002159 devstack@g-api.service[98897]: DEBUG swiftclient [None req-61f06d3b-5d81-4858-8781-099f31f1c84c tempest-ServerBootFromVolumeStableRescueTest-1868492935 tempest-ServerBootFromVolumeStableRescueTest-1868492935-project-member] RESP HEADERS: {'Date': 'Thu, 04 Jun 2026 15:30:47 GMT', 'Server': 'Apache/2.4.58 (Ubuntu)', 'Content-Type': 'text/plain; charset=utf-8', 'X-Container-Object-Count': '7', 'X-Container-Bytes-Used': '141950976', 'X-Timestamp': '1780586531.25043', 'Last-Modified': 'Thu, 04 Jun 2026 15:22:12 GMT', 'Accept-Ranges': 'bytes', 'X-Storage-Policy': 'Policy-0', 'X-Container-Sharding': 'False', 'Vary': 'Accept', 'X-Trans-Id': 'tx4d61540511194e9e85519-006a219a27', 'X-Openstack-Request-Id': 'tx4d61540511194e9e85519-006a219a27', 'Connection': 'close'} {{(pid=98897) http_log /opt/stack/data/venv/lib/python3.12/site-packages/swiftclient/client.py:162}}
Jun 04 15:30:47.962715 np0000002159 devstack@g-api.service[98896]: DEBUG glance.api.middleware.version_negotiation [None req-2570b231-25df-4016-8321-46ab001954b5 tempest-ServerBootFromVolumeStableRescueTest-1868492935 tempest-ServerBootFromVolumeStableRescueTest-1868492935-project-member] Determining version of request: GET /v2/images/73bd13f9-9def-443f-8876-d6fb4dbd7acf Accept: application/json {{(pid=98896) process_request /opt/stack/glance/glance/api/middleware/version_negotiation.py:44}}
Jun 04 15:30:47.963140 np0000002159 devstack@g-api.service[98897]: DEBUG glance_store._drivers.swift.store [None req-61f06d3b-5d81-4858-8781-099f31f1c84c tempest-ServerBootFromVolumeStableRescueTest-1868492935 tempest-ServerBootFromVolumeStableRescueTest-1868492935-project-member] Adding image object '73bd13f9-9def-443f-8876-d6fb4dbd7acf' to Swift {{(pid=98897) add /opt/stack/data/venv/lib/python3.12/site-packages/glance_store/_drivers/swift/store.py:970}}
Jun 04 15:30:47.963140 np0000002159 devstack@g-api.service[98897]: DEBUG glance_store._drivers.swift.store [None req-61f06d3b-5d81-4858-8781-099f31f1c84c tempest-ServerBootFromVolumeStableRescueTest-1868492935 tempest-ServerBootFromVolumeStableRescueTest-1868492935-project-member] Cannot determine image size because it is either not provided in the request or chunked-transfer encoding is used. Adding image as a segmented object to Swift. {{(pid=98897) add /opt/stack/data/venv/lib/python3.12/site-packages/glance_store/_drivers/swift/store.py:994}}
Jun 04 15:30:47.963272 np0000002159 devstack@g-api.service[98896]: DEBUG glance.api.middleware.version_negotiation [None req-2570b231-25df-4016-8321-46ab001954b5 tempest-ServerBootFromVolumeStableRescueTest-1868492935 tempest-ServerBootFromVolumeStableRescueTest-1868492935-project-member] Using url versioning {{(pid=98896) process_request /opt/stack/glance/glance/api/middleware/version_negotiation.py:57}}
Jun 04 15:30:47.963600 np0000002159 devstack@g-api.service[98896]: DEBUG glance.api.middleware.version_negotiation [None req-2570b231-25df-4016-8321-46ab001954b5 tempest-ServerBootFromVolumeStableRescueTest-1868492935 tempest-ServerBootFromVolumeStableRescueTest-1868492935-project-member] Matched version: v2 {{(pid=98896) process_request /opt/stack/glance/glance/api/middleware/version_negotiation.py:69}}
Jun 04 15:30:47.963720 np0000002159 devstack@g-api.service[98896]: DEBUG glance.api.middleware.version_negotiation [None req-2570b231-25df-4016-8321-46ab001954b5 tempest-ServerBootFromVolumeStableRescueTest-1868492935 tempest-ServerBootFromVolumeStableRescueTest-1868492935-project-member] new path /v2/images/73bd13f9-9def-443f-8876-d6fb4dbd7acf {{(pid=98896) process_request /opt/stack/glance/glance/api/middleware/version_negotiation.py:70}}
Jun 04 15:30:47.970622 np0000002159 devstack@g-api.service[98897]: DEBUG oslo_utils.imageutils.format_inspector [None req-61f06d3b-5d81-4858-8781-099f31f1c84c tempest-ServerBootFromVolumeStableRescueTest-1868492935 tempest-ServerBootFromVolumeStableRescueTest-1868492935-project-member] Format inspector for vmdk does not match, excluding from consideration (Signature KDMV not found: b'QFI\xfb') {{(pid=98897) _process_chunk /opt/stack/data/venv/lib/python3.12/site-packages/oslo_utils/imageutils/format_inspector.py:1758}}
Jun 04 15:30:47.977917 np0000002159 devstack@g-api.service[98897]: DEBUG oslo_utils.imageutils.format_inspector [None req-61f06d3b-5d81-4858-8781-099f31f1c84c tempest-ServerBootFromVolumeStableRescueTest-1868492935 tempest-ServerBootFromVolumeStableRescueTest-1868492935-project-member] Format inspector for vhdx does not match, excluding from consideration (Region signature not found at 30000) {{(pid=98897) _process_chunk /opt/stack/data/venv/lib/python3.12/site-packages/oslo_utils/imageutils/format_inspector.py:1758}}
Jun 04 15:30:47.987999 np0000002159 devstack@g-api.service[98896]: [pid: 98896|app: 0|req: 237/427] 127.0.0.1 () {40 vars in 838 bytes} [Thu Jun 4 15:30:47 2026] GET /v2/images/73bd13f9-9def-443f-8876-d6fb4dbd7acf => generated 1470 bytes in 25 msecs (HTTP/1.1 200) 4 headers in 158 bytes (1 switches on core 0)
Jun 04 15:30:48.223757 np0000002159 devstack@g-api.service[98897]: DEBUG swiftclient [None req-61f06d3b-5d81-4858-8781-099f31f1c84c tempest-ServerBootFromVolumeStableRescueTest-1868492935 tempest-ServerBootFromVolumeStableRescueTest-1868492935-project-member] REQ: curl -i https://10.4.3.115:8080/v1/AUTH_48e1db336c6a4c10a3277a3cdbd58a88/glance/73bd13f9-9def-443f-8876-d6fb4dbd7acf-00001 -X PUT -H "X-Auth-Token: gAAAAABqIZonz3tr..." {{(pid=98897) http_log /opt/stack/data/venv/lib/python3.12/site-packages/swiftclient/client.py:160}}
Jun 04 15:30:48.224123 np0000002159 devstack@g-api.service[98897]: DEBUG swiftclient [None req-61f06d3b-5d81-4858-8781-099f31f1c84c tempest-ServerBootFromVolumeStableRescueTest-1868492935 tempest-ServerBootFromVolumeStableRescueTest-1868492935-project-member] RESP STATUS: 201 Created {{(pid=98897) http_log /opt/stack/data/venv/lib/python3.12/site-packages/swiftclient/client.py:161}}
Jun 04 15:30:48.224123 np0000002159 devstack@g-api.service[98897]: DEBUG swiftclient [None req-61f06d3b-5d81-4858-8781-099f31f1c84c tempest-ServerBootFromVolumeStableRescueTest-1868492935 tempest-ServerBootFromVolumeStableRescueTest-1868492935-project-member] RESP HEADERS: {'Date': 'Thu, 04 Jun 2026 15:30:48 GMT', 'Server': 'Apache/2.4.58 (Ubuntu)', 'Content-Type': 'text/html; charset=UTF-8', 'Content-Length': '0', 'Etag': '4fa343ee581d8d2e78533191fd1ac3e1', 'Last-Modified': 'Thu, 04 Jun 2026 15:30:48 GMT', 'X-Trans-Id': 'tx9fbd610229c84cd195658-006a219a27', 'X-Openstack-Request-Id': 'tx9fbd610229c84cd195658-006a219a27', 'Connection': 'close'} {{(pid=98897) http_log /opt/stack/data/venv/lib/python3.12/site-packages/swiftclient/client.py:162}}
Jun 04 15:30:48.224221 np0000002159 devstack@g-api.service[98897]: DEBUG glance_store._drivers.swift.store [None req-61f06d3b-5d81-4858-8781-099f31f1c84c tempest-ServerBootFromVolumeStableRescueTest-1868492935 tempest-ServerBootFromVolumeStableRescueTest-1868492935-project-member] Wrote chunk 73bd13f9-9def-443f-8876-d6fb4dbd7acf-00001 (1/?) of length 23527424 to Swift returning MD5 of content: 4fa343ee581d8d2e78533191fd1ac3e1 {{(pid=98897) add /opt/stack/data/venv/lib/python3.12/site-packages/glance_store/_drivers/swift/store.py:1059}}
Jun 04 15:30:48.224606 np0000002159 devstack@g-api.service[98897]: DEBUG glance_store._drivers.swift.store [None req-61f06d3b-5d81-4858-8781-099f31f1c84c tempest-ServerBootFromVolumeStableRescueTest-1868492935 tempest-ServerBootFromVolumeStableRescueTest-1868492935-project-member] Not writing zero-length chunk. {{(pid=98897) add /opt/stack/data/venv/lib/python3.12/site-packages/glance_store/_drivers/swift/store.py:1028}}
Jun 04 15:30:48.251372 np0000002159 devstack@g-api.service[98897]: DEBUG swiftclient [None req-61f06d3b-5d81-4858-8781-099f31f1c84c tempest-ServerBootFromVolumeStableRescueTest-1868492935 tempest-ServerBootFromVolumeStableRescueTest-1868492935-project-member] REQ: curl -i https://10.4.3.115:8080/v1/AUTH_48e1db336c6a4c10a3277a3cdbd58a88/glance/73bd13f9-9def-443f-8876-d6fb4dbd7acf -X PUT -H "X-Object-Manifest: glance/73bd13f9-9def-443f-8876-d6fb4dbd7acf-" -H "X-Auth-Token: gAAAAABqIZonz3tr..." -H "Content-Length: 0" {{(pid=98897) http_log /opt/stack/data/venv/lib/python3.12/site-packages/swiftclient/client.py:160}}
Jun 04 15:30:48.251694 np0000002159 devstack@g-api.service[98897]: DEBUG swiftclient [None req-61f06d3b-5d81-4858-8781-099f31f1c84c tempest-ServerBootFromVolumeStableRescueTest-1868492935 tempest-ServerBootFromVolumeStableRescueTest-1868492935-project-member] RESP STATUS: 201 Created {{(pid=98897) http_log /opt/stack/data/venv/lib/python3.12/site-packages/swiftclient/client.py:161}}
Jun 04 15:30:48.251694 np0000002159 devstack@g-api.service[98897]: DEBUG swiftclient [None req-61f06d3b-5d81-4858-8781-099f31f1c84c tempest-ServerBootFromVolumeStableRescueTest-1868492935 tempest-ServerBootFromVolumeStableRescueTest-1868492935-project-member] RESP HEADERS: {'Date': 'Thu, 04 Jun 2026 15:30:48 GMT', 'Server': 'Apache/2.4.58 (Ubuntu)', 'Content-Type': 'text/html; charset=UTF-8', 'Content-Length': '0', 'Etag': 'd41d8cd98f00b204e9800998ecf8427e', 'Last-Modified': 'Thu, 04 Jun 2026 15:30:49 GMT', 'X-Trans-Id': 'tx0e30584b554d42ff8d102-006a219a28', 'X-Openstack-Request-Id': 'tx0e30584b554d42ff8d102-006a219a28', 'Connection': 'close'} {{(pid=98897) http_log /opt/stack/data/venv/lib/python3.12/site-packages/swiftclient/client.py:162}}
Jun 04 15:30:48.252079 np0000002159 devstack@g-api.service[98897]: INFO glance.location [None req-61f06d3b-5d81-4858-8781-099f31f1c84c tempest-ServerBootFromVolumeStableRescueTest-1868492935 tempest-ServerBootFromVolumeStableRescueTest-1868492935-project-member] Image format matched and virtual size computed: 1073741824
Jun 04 15:30:48.311526 np0000002159 devstack@g-api.service[98897]: DEBUG glance_store.backend [None req-61f06d3b-5d81-4858-8781-099f31f1c84c tempest-ServerBootFromVolumeStableRescueTest-1868492935 tempest-ServerBootFromVolumeStableRescueTest-1868492935-project-member] Attempting to import store swift {{(pid=98897) _load_store /opt/stack/data/venv/lib/python3.12/site-packages/glance_store/backend.py:215}}
Jun 04 15:30:48.312930 np0000002159 devstack@g-api.service[98897]: DEBUG glance_store.capabilities [None req-61f06d3b-5d81-4858-8781-099f31f1c84c tempest-ServerBootFromVolumeStableRescueTest-1868492935 tempest-ServerBootFromVolumeStableRescueTest-1868492935-project-member] Store glance_store._drivers.swift.store.SingleTenantStore doesn't support updating dynamic storage capabilities. Please overwrite 'update_capabilities' method of the store to implement updating logics if needed. {{(pid=98897) update_capabilities /opt/stack/data/venv/lib/python3.12/site-packages/glance_store/capabilities.py:91}}
Jun 04 15:30:48.313114 np0000002159 devstack@g-api.service[98897]: DEBUG glance_store.driver [None req-61f06d3b-5d81-4858-8781-099f31f1c84c tempest-ServerBootFromVolumeStableRescueTest-1868492935 tempest-ServerBootFromVolumeStableRescueTest-1868492935-project-member] Late loading location class glance_store._drivers.swift.store.StoreLocation {{(pid=98897) get_store_location_class /opt/stack/data/venv/lib/python3.12/site-packages/glance_store/driver.py:134}}
Jun 04 15:30:48.313450 np0000002159 devstack@g-api.service[98897]: DEBUG glance_store.location [None req-61f06d3b-5d81-4858-8781-099f31f1c84c tempest-ServerBootFromVolumeStableRescueTest-1868492935 tempest-ServerBootFromVolumeStableRescueTest-1868492935-project-member] Registering scheme swift+https with {'store': , 'location_class': , 'store_entry': 'swift'} {{(pid=98897) register_scheme_map /opt/stack/data/venv/lib/python3.12/site-packages/glance_store/location.py:146}}
Jun 04 15:30:48.313559 np0000002159 devstack@g-api.service[98897]: DEBUG glance_store.location [None req-61f06d3b-5d81-4858-8781-099f31f1c84c tempest-ServerBootFromVolumeStableRescueTest-1868492935 tempest-ServerBootFromVolumeStableRescueTest-1868492935-project-member] Registering scheme swift+https with {'store': , 'location_class': , 'store_entry': 'swift'} {{(pid=98897) register_scheme_map /opt/stack/data/venv/lib/python3.12/site-packages/glance_store/location.py:146}}
Jun 04 15:30:48.313612 np0000002159 devstack@g-api.service[98897]: DEBUG glance_store.location [None req-61f06d3b-5d81-4858-8781-099f31f1c84c tempest-ServerBootFromVolumeStableRescueTest-1868492935 tempest-ServerBootFromVolumeStableRescueTest-1868492935-project-member] Registering scheme swift with {'store': , 'location_class': , 'store_entry': 'swift'} {{(pid=98897) register_scheme_map /opt/stack/data/venv/lib/python3.12/site-packages/glance_store/location.py:146}}
Jun 04 15:30:48.313679 np0000002159 devstack@g-api.service[98897]: DEBUG glance_store.location [None req-61f06d3b-5d81-4858-8781-099f31f1c84c tempest-ServerBootFromVolumeStableRescueTest-1868492935 tempest-ServerBootFromVolumeStableRescueTest-1868492935-project-member] Registering scheme swift+https with {'store': , 'location_class': , 'store_entry': 'swift'} {{(pid=98897) register_scheme_map /opt/stack/data/venv/lib/python3.12/site-packages/glance_store/location.py:146}}
Jun 04 15:30:48.313798 np0000002159 devstack@g-api.service[98897]: DEBUG glance_store.location [None req-61f06d3b-5d81-4858-8781-099f31f1c84c tempest-ServerBootFromVolumeStableRescueTest-1868492935 tempest-ServerBootFromVolumeStableRescueTest-1868492935-project-member] Registering scheme swift with {'store': , 'location_class': , 'store_entry': 'swift'} {{(pid=98897) register_scheme_map /opt/stack/data/venv/lib/python3.12/site-packages/glance_store/location.py:146}}
Jun 04 15:30:48.313876 np0000002159 devstack@g-api.service[98897]: DEBUG glance_store.location [None req-61f06d3b-5d81-4858-8781-099f31f1c84c tempest-ServerBootFromVolumeStableRescueTest-1868492935 tempest-ServerBootFromVolumeStableRescueTest-1868492935-project-member] Registering scheme swift+http with {'store': , 'location_class': , 'store_entry': 'swift'} {{(pid=98897) register_scheme_map /opt/stack/data/venv/lib/python3.12/site-packages/glance_store/location.py:146}}
Jun 04 15:30:48.313967 np0000002159 devstack@g-api.service[98897]: DEBUG glance_store.location [None req-61f06d3b-5d81-4858-8781-099f31f1c84c tempest-ServerBootFromVolumeStableRescueTest-1868492935 tempest-ServerBootFromVolumeStableRescueTest-1868492935-project-member] Registering scheme swift+https with {'store': , 'location_class': , 'store_entry': 'swift'} {{(pid=98897) register_scheme_map /opt/stack/data/venv/lib/python3.12/site-packages/glance_store/location.py:146}}
Jun 04 15:30:48.314022 np0000002159 devstack@g-api.service[98897]: DEBUG glance_store.location [None req-61f06d3b-5d81-4858-8781-099f31f1c84c tempest-ServerBootFromVolumeStableRescueTest-1868492935 tempest-ServerBootFromVolumeStableRescueTest-1868492935-project-member] Registering scheme swift with {'store': , 'location_class': , 'store_entry': 'swift'} {{(pid=98897) register_scheme_map /opt/stack/data/venv/lib/python3.12/site-packages/glance_store/location.py:146}}
Jun 04 15:30:48.314118 np0000002159 devstack@g-api.service[98897]: DEBUG glance_store.location [None req-61f06d3b-5d81-4858-8781-099f31f1c84c tempest-ServerBootFromVolumeStableRescueTest-1868492935 tempest-ServerBootFromVolumeStableRescueTest-1868492935-project-member] Registering scheme swift+http with {'store': , 'location_class': , 'store_entry': 'swift'} {{(pid=98897) register_scheme_map /opt/stack/data/venv/lib/python3.12/site-packages/glance_store/location.py:146}}
Jun 04 15:30:48.314184 np0000002159 devstack@g-api.service[98897]: DEBUG glance_store.location [None req-61f06d3b-5d81-4858-8781-099f31f1c84c tempest-ServerBootFromVolumeStableRescueTest-1868492935 tempest-ServerBootFromVolumeStableRescueTest-1868492935-project-member] Registering scheme swift+config with {'store': , 'location_class': , 'store_entry': 'swift'} {{(pid=98897) register_scheme_map /opt/stack/data/venv/lib/python3.12/site-packages/glance_store/location.py:146}}
Jun 04 15:30:48.314266 np0000002159 devstack@g-api.service[98897]: DEBUG glance_store.backend [None req-61f06d3b-5d81-4858-8781-099f31f1c84c tempest-ServerBootFromVolumeStableRescueTest-1868492935 tempest-ServerBootFromVolumeStableRescueTest-1868492935-project-member] Skipping store.set_acls... not implemented. {{(pid=98897) set_acls /opt/stack/data/venv/lib/python3.12/site-packages/glance_store/backend.py:507}}
Jun 04 15:30:48.316194 np0000002159 devstack@g-api.service[98897]: [pid: 98897|app: 0|req: 191/428] 127.0.0.1 () {46 vars in 1158 bytes} [Thu Jun 4 15:30:46 2026] PUT /v2/images/73bd13f9-9def-443f-8876-d6fb4dbd7acf/file => generated 0 bytes in 1642 msecs (HTTP/1.1 204) 4 headers in 171 bytes (1 switches on core 0)
Jun 04 15:30:48.357004 np0000002159 devstack@g-api.service[98896]: DEBUG glance.api.middleware.version_negotiation [None req-32519ca5-54be-422f-b8e9-67a2c95b6d09 tempest-ServerBootFromVolumeStableRescueTest-1868492935 tempest-ServerBootFromVolumeStableRescueTest-1868492935-project-member] Determining version of request: GET /v2/images/73bd13f9-9def-443f-8876-d6fb4dbd7acf Accept: */* {{(pid=98896) process_request /opt/stack/glance/glance/api/middleware/version_negotiation.py:44}}
Jun 04 15:30:48.357004 np0000002159 devstack@g-api.service[98896]: DEBUG glance.api.middleware.version_negotiation [None req-32519ca5-54be-422f-b8e9-67a2c95b6d09 tempest-ServerBootFromVolumeStableRescueTest-1868492935 tempest-ServerBootFromVolumeStableRescueTest-1868492935-project-member] Using url versioning {{(pid=98896) process_request /opt/stack/glance/glance/api/middleware/version_negotiation.py:57}}
Jun 04 15:30:48.357142 np0000002159 devstack@g-api.service[98896]: DEBUG glance.api.middleware.version_negotiation [None req-32519ca5-54be-422f-b8e9-67a2c95b6d09 tempest-ServerBootFromVolumeStableRescueTest-1868492935 tempest-ServerBootFromVolumeStableRescueTest-1868492935-project-member] Matched version: v2 {{(pid=98896) process_request /opt/stack/glance/glance/api/middleware/version_negotiation.py:69}}
Jun 04 15:30:48.357194 np0000002159 devstack@g-api.service[98896]: DEBUG glance.api.middleware.version_negotiation [None req-32519ca5-54be-422f-b8e9-67a2c95b6d09 tempest-ServerBootFromVolumeStableRescueTest-1868492935 tempest-ServerBootFromVolumeStableRescueTest-1868492935-project-member] new path /v2/images/73bd13f9-9def-443f-8876-d6fb4dbd7acf {{(pid=98896) process_request /opt/stack/glance/glance/api/middleware/version_negotiation.py:70}}
Jun 04 15:30:48.373901 np0000002159 devstack@g-api.service[98896]: [pid: 98896|app: 0|req: 238/429] 127.0.0.1 () {44 vars in 1115 bytes} [Thu Jun 4 15:30:48 2026] GET /v2/images/73bd13f9-9def-443f-8876-d6fb4dbd7acf => generated 1640 bytes in 17 msecs (HTTP/1.1 200) 4 headers in 158 bytes (1 switches on core 0)
Jun 04 15:30:48.405825 np0000002159 devstack@g-api.service[98897]: DEBUG glance.api.middleware.version_negotiation [None req-61f06d3b-5d81-4858-8781-099f31f1c84c tempest-ServerBootFromVolumeStableRescueTest-1868492935 tempest-ServerBootFromVolumeStableRescueTest-1868492935-project-member] Determining version of request: GET /v2/schemas/image Accept: */* {{(pid=98897) process_request /opt/stack/glance/glance/api/middleware/version_negotiation.py:44}}
Jun 04 15:30:48.405825 np0000002159 devstack@g-api.service[98897]: DEBUG glance.api.middleware.version_negotiation [None req-61f06d3b-5d81-4858-8781-099f31f1c84c tempest-ServerBootFromVolumeStableRescueTest-1868492935 tempest-ServerBootFromVolumeStableRescueTest-1868492935-project-member] Using url versioning {{(pid=98897) process_request /opt/stack/glance/glance/api/middleware/version_negotiation.py:57}}
Jun 04 15:30:48.405825 np0000002159 devstack@g-api.service[98897]: DEBUG glance.api.middleware.version_negotiation [None req-61f06d3b-5d81-4858-8781-099f31f1c84c tempest-ServerBootFromVolumeStableRescueTest-1868492935 tempest-ServerBootFromVolumeStableRescueTest-1868492935-project-member] Matched version: v2 {{(pid=98897) process_request /opt/stack/glance/glance/api/middleware/version_negotiation.py:69}}
Jun 04 15:30:48.405825 np0000002159 devstack@g-api.service[98897]: DEBUG glance.api.middleware.version_negotiation [None req-61f06d3b-5d81-4858-8781-099f31f1c84c tempest-ServerBootFromVolumeStableRescueTest-1868492935 tempest-ServerBootFromVolumeStableRescueTest-1868492935-project-member] new path /v2/schemas/image {{(pid=98897) process_request /opt/stack/glance/glance/api/middleware/version_negotiation.py:70}}
Jun 04 15:30:48.408542 np0000002159 devstack@g-api.service[98897]: [pid: 98897|app: 0|req: 192/430] 127.0.0.1 () {44 vars in 1055 bytes} [Thu Jun 4 15:30:48 2026] GET /v2/schemas/image => generated 6083 bytes in 3 msecs (HTTP/1.1 200) 4 headers in 158 bytes (1 switches on core 0)
Jun 04 15:30:48.996323 np0000002159 devstack@g-api.service[98896]: DEBUG glance.api.middleware.version_negotiation [None req-61f06d3b-5d81-4858-8781-099f31f1c84c tempest-ServerBootFromVolumeStableRescueTest-1868492935 tempest-ServerBootFromVolumeStableRescueTest-1868492935-project-member] Determining version of request: GET /v2/images/73bd13f9-9def-443f-8876-d6fb4dbd7acf Accept: application/json {{(pid=98896) process_request /opt/stack/glance/glance/api/middleware/version_negotiation.py:44}}
Jun 04 15:30:48.996323 np0000002159 devstack@g-api.service[98896]: DEBUG glance.api.middleware.version_negotiation [None req-61f06d3b-5d81-4858-8781-099f31f1c84c tempest-ServerBootFromVolumeStableRescueTest-1868492935 tempest-ServerBootFromVolumeStableRescueTest-1868492935-project-member] Using url versioning {{(pid=98896) process_request /opt/stack/glance/glance/api/middleware/version_negotiation.py:57}}
Jun 04 15:30:48.996323 np0000002159 devstack@g-api.service[98896]: DEBUG glance.api.middleware.version_negotiation [None req-61f06d3b-5d81-4858-8781-099f31f1c84c tempest-ServerBootFromVolumeStableRescueTest-1868492935 tempest-ServerBootFromVolumeStableRescueTest-1868492935-project-member] Matched version: v2 {{(pid=98896) process_request /opt/stack/glance/glance/api/middleware/version_negotiation.py:69}}
Jun 04 15:30:48.996323 np0000002159 devstack@g-api.service[98896]: DEBUG glance.api.middleware.version_negotiation [None req-61f06d3b-5d81-4858-8781-099f31f1c84c tempest-ServerBootFromVolumeStableRescueTest-1868492935 tempest-ServerBootFromVolumeStableRescueTest-1868492935-project-member] new path /v2/images/73bd13f9-9def-443f-8876-d6fb4dbd7acf {{(pid=98896) process_request /opt/stack/glance/glance/api/middleware/version_negotiation.py:70}}
Jun 04 15:30:49.011401 np0000002159 devstack@g-api.service[98896]: [pid: 98896|app: 0|req: 239/431] 127.0.0.1 () {40 vars in 838 bytes} [Thu Jun 4 15:30:48 2026] GET /v2/images/73bd13f9-9def-443f-8876-d6fb4dbd7acf => generated 1640 bytes in 16 msecs (HTTP/1.1 200) 4 headers in 158 bytes (1 switches on core 0)
Jun 04 15:30:49.025796 np0000002159 devstack@g-api.service[98897]: DEBUG glance.api.middleware.version_negotiation [None req-61f06d3b-5d81-4858-8781-099f31f1c84c tempest-ServerBootFromVolumeStableRescueTest-1868492935 tempest-ServerBootFromVolumeStableRescueTest-1868492935-project-member] Determining version of request: GET /v2/images/73bd13f9-9def-443f-8876-d6fb4dbd7acf Accept: application/json {{(pid=98897) process_request /opt/stack/glance/glance/api/middleware/version_negotiation.py:44}}
Jun 04 15:30:49.025796 np0000002159 devstack@g-api.service[98897]: DEBUG glance.api.middleware.version_negotiation [None req-61f06d3b-5d81-4858-8781-099f31f1c84c tempest-ServerBootFromVolumeStableRescueTest-1868492935 tempest-ServerBootFromVolumeStableRescueTest-1868492935-project-member] Using url versioning {{(pid=98897) process_request /opt/stack/glance/glance/api/middleware/version_negotiation.py:57}}
Jun 04 15:30:49.025796 np0000002159 devstack@g-api.service[98897]: DEBUG glance.api.middleware.version_negotiation [None req-61f06d3b-5d81-4858-8781-099f31f1c84c tempest-ServerBootFromVolumeStableRescueTest-1868492935 tempest-ServerBootFromVolumeStableRescueTest-1868492935-project-member] Matched version: v2 {{(pid=98897) process_request /opt/stack/glance/glance/api/middleware/version_negotiation.py:69}}
Jun 04 15:30:49.025796 np0000002159 devstack@g-api.service[98897]: DEBUG glance.api.middleware.version_negotiation [None req-61f06d3b-5d81-4858-8781-099f31f1c84c tempest-ServerBootFromVolumeStableRescueTest-1868492935 tempest-ServerBootFromVolumeStableRescueTest-1868492935-project-member] new path /v2/images/73bd13f9-9def-443f-8876-d6fb4dbd7acf {{(pid=98897) process_request /opt/stack/glance/glance/api/middleware/version_negotiation.py:70}}
Jun 04 15:30:49.036837 np0000002159 devstack@g-api.service[98897]: [pid: 98897|app: 0|req: 193/432] 127.0.0.1 () {40 vars in 838 bytes} [Thu Jun 4 15:30:49 2026] GET /v2/images/73bd13f9-9def-443f-8876-d6fb4dbd7acf => generated 1640 bytes in 12 msecs (HTTP/1.1 200) 4 headers in 158 bytes (1 switches on core 0)
Jun 04 15:30:49.501147 np0000002159 devstack@g-api.service[98896]: DEBUG glance.api.middleware.version_negotiation [None req-7d22271b-25db-48b5-908d-c33737adb55d tempest-ServerBootFromVolumeStableRescueTest-1868492935 tempest-ServerBootFromVolumeStableRescueTest-1868492935-project-member] Determining version of request: GET /v2/images/c6961223-942f-406d-b150-59d979a2b964 Accept: */* {{(pid=98896) process_request /opt/stack/glance/glance/api/middleware/version_negotiation.py:44}}
