Aug 19 22:07:17.053513 np0000007817 devstack@c-api.service[97008]: DEBUG cinder.api.openstack.wsgi [None req-cdde2ca6-5493-4151-94d3-31b52cf6235c tempest-GroupSnapshotsTest-535373632 tempest-GroupSnapshotsTest-535373632-project-member] Empty body provided in request {{(pid=97008) get_body /opt/stack/cinder/cinder/api/openstack/wsgi.py:725}}
Aug 19 22:07:17.053513 np0000007817 devstack@c-api.service[97008]: DEBUG cinder.api.openstack.wsgi [None req-cdde2ca6-5493-4151-94d3-31b52cf6235c tempest-GroupSnapshotsTest-535373632 tempest-GroupSnapshotsTest-535373632-project-member] Calling method 'version_select' {{(pid=97008) _process_stack /opt/stack/cinder/cinder/api/openstack/wsgi.py:878}}
Aug 19 22:07:17.054002 np0000007817 devstack@c-api.service[97008]: DEBUG cinder.api.v3.groups [None req-cdde2ca6-5493-4151-94d3-31b52cf6235c tempest-GroupSnapshotsTest-535373632 tempest-GroupSnapshotsTest-535373632-project-member] show called for member a5d047af-17ed-4a74-889f-733b6b4ec95a {{(pid=97008) show /opt/stack/cinder/cinder/api/v3/groups.py:58}}
Aug 19 22:07:17.054615 np0000007817 devstack@c-api.service[97006]: DEBUG oslo_db.sqlalchemy.engines [None req-1bc950f4-1466-4ea4-9e67-5458fe43c930 tempest-GroupsV314Test-304656095 tempest-GroupsV314Test-304656095-project-member] MySQL server mode set to STRICT_TRANS_TABLES,STRICT_ALL_TABLES,NO_ZERO_IN_DATE,NO_ZERO_DATE,ERROR_FOR_DIVISION_BY_ZERO,TRADITIONAL,NO_ENGINE_SUBSTITUTION {{(pid=97006) _check_effective_sql_mode /opt/stack/data/venv/lib/python3.12/site-packages/oslo_db/sqlalchemy/engines.py:325}}
Aug 19 22:07:17.058086 np0000007817 devstack@c-api.service[97006]: /opt/stack/data/venv/lib/python3.12/site-packages/oslo_context/context.py:102: DeprecationWarning: Policy enforcement is depending on the value of is_admin. This key is deprecated. Please update your policy file to use the standard policy values.
Aug 19 22:07:17.058086 np0000007817 devstack@c-api.service[97006]: warnings.warn(
Aug 19 22:07:17.059055 np0000007817 devstack@c-api.service[97008]: /opt/stack/data/venv/lib/python3.12/site-packages/oslo_context/context.py:102: DeprecationWarning: Policy enforcement is depending on the value of is_admin. This key is deprecated. Please update your policy file to use the standard policy values.
Aug 19 22:07:17.059055 np0000007817 devstack@c-api.service[97008]: warnings.warn(
Aug 19 22:07:17.062138 np0000007817 devstack@c-api.service[97006]: WARNING stevedore.named [None req-1bc950f4-1466-4ea4-9e67-5458fe43c930 tempest-GroupsV314Test-304656095 tempest-GroupsV314Test-304656095-project-member] Could not load cinder.keymgr.conf_key_mgr.ConfKeyManager
Aug 19 22:07:17.062326 np0000007817 devstack@c-api.service[97006]: WARNING castellan.key_manager [None req-1bc950f4-1466-4ea4-9e67-5458fe43c930 tempest-GroupsV314Test-304656095 tempest-GroupsV314Test-304656095-project-member] Deprecation Warning : cinder.keymgr.conf_key_mgr.ConfKeyManager is not a stevedore based driver, trying to load it as a class: stevedore.exception.NoMatches: No 'castellan.drivers' driver found, looking for 'cinder.keymgr.conf_key_mgr.ConfKeyManager'
Aug 19 22:07:17.069713 np0000007817 devstack@c-api.service[97008]: INFO cinder.api.openstack.wsgi [None req-cdde2ca6-5493-4151-94d3-31b52cf6235c tempest-GroupSnapshotsTest-535373632 tempest-GroupSnapshotsTest-535373632-project-member] https://10.4.3.143/volume/v3/groups/a5d047af-17ed-4a74-889f-733b6b4ec95a returned with HTTP 200
Aug 19 22:07:17.070112 np0000007817 devstack@c-api.service[97008]: [pid: 97008|app: 0|req: 119/348] 10.4.3.143 () {68 vars in 1386 bytes} [Wed Aug 19 22:07:17 2026] GET /volume/v3/groups/a5d047af-17ed-4a74-889f-733b6b4ec95a => generated 393 bytes in 21 msecs (HTTP/1.1 200) 7 headers in 286 bytes (1 switches on core 0)
Aug 19 22:07:17.084187 np0000007817 devstack@c-api.service[97007]: DEBUG cinder.api.middleware.request_id [None req-65aadb39-fe92-478a-ae47-580fcf0db235 None None] RequestId filter calling following filter/app {{(pid=97007) _context_setter /opt/stack/cinder/cinder/api/middleware/request_id.py:62}}
Aug 19 22:07:17.085614 np0000007817 devstack@c-api.service[97007]: INFO cinder.api.openstack.wsgi [None req-65aadb39-fe92-478a-ae47-580fcf0db235 tempest-GroupSnapshotsTest-535373632 tempest-GroupSnapshotsTest-535373632-project-member] GET https://10.4.3.143/volume/v3/volumes/detail
Aug 19 22:07:17.085856 np0000007817 devstack@c-api.service[97007]: DEBUG cinder.api.openstack.wsgi [None req-65aadb39-fe92-478a-ae47-580fcf0db235 tempest-GroupSnapshotsTest-535373632 tempest-GroupSnapshotsTest-535373632-project-member] Empty body provided in request {{(pid=97007) get_body /opt/stack/cinder/cinder/api/openstack/wsgi.py:725}}
Aug 19 22:07:17.086077 np0000007817 devstack@c-api.service[97007]: DEBUG cinder.api.openstack.wsgi [None req-65aadb39-fe92-478a-ae47-580fcf0db235 tempest-GroupSnapshotsTest-535373632 tempest-GroupSnapshotsTest-535373632-project-member] Calling method 'detail' {{(pid=97007) _process_stack /opt/stack/cinder/cinder/api/openstack/wsgi.py:878}}
Aug 19 22:07:17.086607 np0000007817 devstack@c-api.service[97007]: DEBUG cinder.api.api_utils [None req-65aadb39-fe92-478a-ae47-580fcf0db235 tempest-GroupSnapshotsTest-535373632 tempest-GroupSnapshotsTest-535373632-project-member] Removing options '' from query. {{(pid=97007) remove_invalid_filter_options /opt/stack/cinder/cinder/api/api_utils.py:82}}
Aug 19 22:07:17.087014 np0000007817 devstack@c-api.service[97007]: /opt/stack/data/venv/lib/python3.12/site-packages/oslo_context/context.py:102: DeprecationWarning: Policy enforcement is depending on the value of is_admin. This key is deprecated. Please update your policy file to use the standard policy values.
Aug 19 22:07:17.087014 np0000007817 devstack@c-api.service[97007]: warnings.warn(
Aug 19 22:07:17.087480 np0000007817 devstack@c-api.service[97007]: DEBUG cinder.volume.api [None req-65aadb39-fe92-478a-ae47-580fcf0db235 tempest-GroupSnapshotsTest-535373632 tempest-GroupSnapshotsTest-535373632-project-member] Searching by: MultiDict([('no_migration_targets', True)]). {{(pid=97007) get_all /opt/stack/cinder/cinder/volume/api.py:664}}
Aug 19 22:07:17.093933 np0000007817 devstack@c-api.service[97006]: DEBUG oslo_db.sqlalchemy.engines [None req-1bc950f4-1466-4ea4-9e67-5458fe43c930 tempest-GroupsV314Test-304656095 tempest-GroupsV314Test-304656095-project-member] MySQL server mode set to STRICT_TRANS_TABLES,STRICT_ALL_TABLES,NO_ZERO_IN_DATE,NO_ZERO_DATE,ERROR_FOR_DIVISION_BY_ZERO,TRADITIONAL,NO_ENGINE_SUBSTITUTION {{(pid=97006) _check_effective_sql_mode /opt/stack/data/venv/lib/python3.12/site-packages/oslo_db/sqlalchemy/engines.py:325}}
Aug 19 22:07:17.096739 np0000007817 devstack@c-api.service[97006]: /opt/stack/data/venv/lib/python3.12/site-packages/oslo_context/context.py:102: DeprecationWarning: Policy enforcement is depending on the value of is_admin. This key is deprecated. Please update your policy file to use the standard policy values.
Aug 19 22:07:17.096739 np0000007817 devstack@c-api.service[97006]: warnings.warn(
Aug 19 22:07:17.103377 np0000007817 devstack@c-api.service[97006]: INFO cinder.api.openstack.wsgi [None req-1bc950f4-1466-4ea4-9e67-5458fe43c930 tempest-GroupsV314Test-304656095 tempest-GroupsV314Test-304656095-project-member] https://10.4.3.143/volume/v3/volumes/detail returned with HTTP 200
Aug 19 22:07:17.103733 np0000007817 devstack@c-api.service[97006]: [pid: 97006|app: 0|req: 114/349] 10.4.3.143 () {68 vars in 1299 bytes} [Wed Aug 19 22:07:17 2026] GET /volume/v3/volumes/detail => generated 1826 bytes in 100 msecs (HTTP/1.1 200) 7 headers in 287 bytes (1 switches on core 0)
Aug 19 22:07:17.118306 np0000007817 devstack@c-api.service[97008]: DEBUG cinder.api.middleware.request_id [None req-6e536749-be86-48ca-99f8-3c48a346fa75 None None] RequestId filter calling following filter/app {{(pid=97008) _context_setter /opt/stack/cinder/cinder/api/middleware/request_id.py:62}}
Aug 19 22:07:17.120062 np0000007817 devstack@c-api.service[97008]: INFO cinder.api.openstack.wsgi [None req-6e536749-be86-48ca-99f8-3c48a346fa75 tempest-GroupsV314Test-304656095 tempest-GroupsV314Test-304656095-project-member] POST https://10.4.3.143/volume/v3/groups/72b81b1f-fe28-4b1c-8887-246392f94785/action
Aug 19 22:07:17.120487 np0000007817 devstack@c-api.service[97008]: DEBUG cinder.api.openstack.wsgi [None req-6e536749-be86-48ca-99f8-3c48a346fa75 tempest-GroupsV314Test-304656095 tempest-GroupsV314Test-304656095-project-member] Action body: b'{"delete": {"delete-volumes": true}}' {{(pid=97008) get_method /opt/stack/cinder/cinder/api/openstack/wsgi.py:993}}
Aug 19 22:07:17.120601 np0000007817 devstack@c-api.service[97008]: DEBUG cinder.api.openstack.wsgi [None req-6e536749-be86-48ca-99f8-3c48a346fa75 tempest-GroupsV314Test-304656095 tempest-GroupsV314Test-304656095-project-member] Action: 'action', calling method: version_select, body: {"delete": {"delete-volumes": true}} {{(pid=97008) _process_stack /opt/stack/cinder/cinder/api/openstack/wsgi.py:876}}
Aug 19 22:07:17.121930 np0000007817 devstack@c-api.service[97008]: DEBUG cinder.api.v3.groups [None req-6e536749-be86-48ca-99f8-3c48a346fa75 tempest-GroupsV314Test-304656095 tempest-GroupsV314Test-304656095-project-member] delete called for group 72b81b1f-fe28-4b1c-8887-246392f94785 {{(pid=97008) _delete /opt/stack/cinder/cinder/api/v3/groups.py:117}}
Aug 19 22:07:17.122041 np0000007817 devstack@c-api.service[97008]: INFO cinder.api.v3.groups [None req-6e536749-be86-48ca-99f8-3c48a346fa75 tempest-GroupsV314Test-304656095 tempest-GroupsV314Test-304656095-project-member] Delete group with id: 72b81b1f-fe28-4b1c-8887-246392f94785
Aug 19 22:07:17.122639 np0000007817 devstack@c-api.service[97007]: INFO cinder.volume.api [None req-65aadb39-fe92-478a-ae47-580fcf0db235 tempest-GroupSnapshotsTest-535373632 tempest-GroupSnapshotsTest-535373632-project-member] Get all volumes completed successfully.
Aug 19 22:07:17.123663 np0000007817 devstack@c-api.service[97007]: WARNING stevedore.named [None req-65aadb39-fe92-478a-ae47-580fcf0db235 tempest-GroupSnapshotsTest-535373632 tempest-GroupSnapshotsTest-535373632-project-member] Could not load cinder.keymgr.conf_key_mgr.ConfKeyManager
Aug 19 22:07:17.123886 np0000007817 devstack@c-api.service[97007]: WARNING castellan.key_manager [None req-65aadb39-fe92-478a-ae47-580fcf0db235 tempest-GroupSnapshotsTest-535373632 tempest-GroupSnapshotsTest-535373632-project-member] Deprecation Warning : cinder.keymgr.conf_key_mgr.ConfKeyManager is not a stevedore based driver, trying to load it as a class: stevedore.exception.NoMatches: No 'castellan.drivers' driver found, looking for 'cinder.keymgr.conf_key_mgr.ConfKeyManager'
Aug 19 22:07:17.125481 np0000007817 devstack@c-api.service[97008]: /opt/stack/data/venv/lib/python3.12/site-packages/oslo_context/context.py:102: DeprecationWarning: Policy enforcement is depending on the value of is_admin. This key is deprecated. Please update your policy file to use the standard policy values.
Aug 19 22:07:17.125481 np0000007817 devstack@c-api.service[97008]: warnings.warn(
Aug 19 22:07:17.176715 np0000007817 devstack@c-api.service[97007]: DEBUG oslo_db.sqlalchemy.engines [None req-65aadb39-fe92-478a-ae47-580fcf0db235 tempest-GroupSnapshotsTest-535373632 tempest-GroupSnapshotsTest-535373632-project-member] MySQL server mode set to STRICT_TRANS_TABLES,STRICT_ALL_TABLES,NO_ZERO_IN_DATE,NO_ZERO_DATE,ERROR_FOR_DIVISION_BY_ZERO,TRADITIONAL,NO_ENGINE_SUBSTITUTION {{(pid=97007) _check_effective_sql_mode /opt/stack/data/venv/lib/python3.12/site-packages/oslo_db/sqlalchemy/engines.py:325}}
Aug 19 22:07:17.181228 np0000007817 devstack@c-api.service[97008]: INFO cinder.api.openstack.wsgi [None req-6e536749-be86-48ca-99f8-3c48a346fa75 tempest-GroupsV314Test-304656095 tempest-GroupsV314Test-304656095-project-member] https://10.4.3.143/volume/v3/groups/72b81b1f-fe28-4b1c-8887-246392f94785/action returned with HTTP 202
Aug 19 22:07:17.181641 np0000007817 devstack@c-api.service[97008]: [pid: 97008|app: 0|req: 120/350] 10.4.3.143 () {70 vars in 1428 bytes} [Wed Aug 19 22:07:17 2026] POST /volume/v3/groups/72b81b1f-fe28-4b1c-8887-246392f94785/action => generated 0 bytes in 64 msecs (HTTP/1.1 202) 6 headers in 234 bytes (1 switches on core 0)
Aug 19 22:07:17.181788 np0000007817 devstack@c-api.service[97006]: DEBUG cinder.api.middleware.request_id [None req-dd1729ef-26b6-49ce-bbfe-668cdafae633 None None] RequestId filter calling following filter/app {{(pid=97006) _context_setter /opt/stack/cinder/cinder/api/middleware/request_id.py:62}}
Aug 19 22:07:17.182641 np0000007817 devstack@c-api.service[97007]: /opt/stack/data/venv/lib/python3.12/site-packages/oslo_context/context.py:102: DeprecationWarning: Policy enforcement is depending on the value of is_admin. This key is deprecated. Please update your policy file to use the standard policy values.
Aug 19 22:07:17.182641 np0000007817 devstack@c-api.service[97007]: warnings.warn(
Aug 19 22:07:17.188101 np0000007817 devstack@c-api.service[97007]: WARNING stevedore.named [None req-65aadb39-fe92-478a-ae47-580fcf0db235 tempest-GroupSnapshotsTest-535373632 tempest-GroupSnapshotsTest-535373632-project-member] Could not load cinder.keymgr.conf_key_mgr.ConfKeyManager
Aug 19 22:07:17.188410 np0000007817 devstack@c-api.service[97007]: WARNING castellan.key_manager [None req-65aadb39-fe92-478a-ae47-580fcf0db235 tempest-GroupSnapshotsTest-535373632 tempest-GroupSnapshotsTest-535373632-project-member] Deprecation Warning : cinder.keymgr.conf_key_mgr.ConfKeyManager is not a stevedore based driver, trying to load it as a class: stevedore.exception.NoMatches: No 'castellan.drivers' driver found, looking for 'cinder.keymgr.conf_key_mgr.ConfKeyManager'
Aug 19 22:07:17.189366 np0000007817 devstack@c-api.service[97008]: DEBUG cinder.api.middleware.request_id [None req-20767f9e-d57a-4ec4-bcb0-14978340d3e8 None None] RequestId filter calling following filter/app {{(pid=97008) _context_setter /opt/stack/cinder/cinder/api/middleware/request_id.py:62}}
Aug 19 22:07:17.191061 np0000007817 devstack@c-api.service[97008]: INFO cinder.api.openstack.wsgi [None req-20767f9e-d57a-4ec4-bcb0-14978340d3e8 tempest-GroupsV314Test-304656095 tempest-GroupsV314Test-304656095-project-member] GET https://10.4.3.143/volume/v3/volumes/667f4588-1ca3-4766-875c-61615125231a
Aug 19 22:07:17.191296 np0000007817 devstack@c-api.service[97008]: DEBUG cinder.api.openstack.wsgi [None req-20767f9e-d57a-4ec4-bcb0-14978340d3e8 tempest-GroupsV314Test-304656095 tempest-GroupsV314Test-304656095-project-member] Empty body provided in request {{(pid=97008) get_body /opt/stack/cinder/cinder/api/openstack/wsgi.py:725}}
Aug 19 22:07:17.191501 np0000007817 devstack@c-api.service[97008]: DEBUG cinder.api.openstack.wsgi [None req-20767f9e-d57a-4ec4-bcb0-14978340d3e8 tempest-GroupsV314Test-304656095 tempest-GroupsV314Test-304656095-project-member] Calling method 'show' {{(pid=97008) _process_stack /opt/stack/cinder/cinder/api/openstack/wsgi.py:878}}
Aug 19 22:07:17.202531 np0000007817 devstack@c-api.service[97008]: /opt/stack/data/venv/lib/python3.12/site-packages/oslo_context/context.py:102: DeprecationWarning: Policy enforcement is depending on the value of is_admin. This key is deprecated. Please update your policy file to use the standard policy values.
Aug 19 22:07:17.202531 np0000007817 devstack@c-api.service[97008]: warnings.warn(
Aug 19 22:07:17.207161 np0000007817 devstack@c-api.service[97008]: INFO cinder.volume.api [None req-20767f9e-d57a-4ec4-bcb0-14978340d3e8 tempest-GroupsV314Test-304656095 tempest-GroupsV314Test-304656095-project-member] Volume info retrieved successfully.
Aug 19 22:07:17.208843 np0000007817 devstack@c-api.service[97008]: WARNING stevedore.named [None req-20767f9e-d57a-4ec4-bcb0-14978340d3e8 tempest-GroupsV314Test-304656095 tempest-GroupsV314Test-304656095-project-member] Could not load cinder.keymgr.conf_key_mgr.ConfKeyManager
Aug 19 22:07:17.209742 np0000007817 devstack@c-api.service[97008]: WARNING castellan.key_manager [None req-20767f9e-d57a-4ec4-bcb0-14978340d3e8 tempest-GroupsV314Test-304656095 tempest-GroupsV314Test-304656095-project-member] Deprecation Warning : cinder.keymgr.conf_key_mgr.ConfKeyManager is not a stevedore based driver, trying to load it as a class: stevedore.exception.NoMatches: No 'castellan.drivers' driver found, looking for 'cinder.keymgr.conf_key_mgr.ConfKeyManager'
Aug 19 22:07:17.241229 np0000007817 devstack@c-api.service[97007]: DEBUG oslo_db.sqlalchemy.engines [None req-65aadb39-fe92-478a-ae47-580fcf0db235 tempest-GroupSnapshotsTest-535373632 tempest-GroupSnapshotsTest-535373632-project-member] MySQL server mode set to STRICT_TRANS_TABLES,STRICT_ALL_TABLES,NO_ZERO_IN_DATE,NO_ZERO_DATE,ERROR_FOR_DIVISION_BY_ZERO,TRADITIONAL,NO_ENGINE_SUBSTITUTION {{(pid=97007) _check_effective_sql_mode /opt/stack/data/venv/lib/python3.12/site-packages/oslo_db/sqlalchemy/engines.py:325}}
Aug 19 22:07:17.244968 np0000007817 devstack@c-api.service[97007]: /opt/stack/data/venv/lib/python3.12/site-packages/oslo_context/context.py:102: DeprecationWarning: Policy enforcement is depending on the value of is_admin. This key is deprecated. Please update your policy file to use the standard policy values.
Aug 19 22:07:17.244968 np0000007817 devstack@c-api.service[97007]: warnings.warn(
Aug 19 22:07:17.248778 np0000007817 devstack@c-api.service[97008]: DEBUG oslo_db.sqlalchemy.engines [None req-20767f9e-d57a-4ec4-bcb0-14978340d3e8 tempest-GroupsV314Test-304656095 tempest-GroupsV314Test-304656095-project-member] MySQL server mode set to STRICT_TRANS_TABLES,STRICT_ALL_TABLES,NO_ZERO_IN_DATE,NO_ZERO_DATE,ERROR_FOR_DIVISION_BY_ZERO,TRADITIONAL,NO_ENGINE_SUBSTITUTION {{(pid=97008) _check_effective_sql_mode /opt/stack/data/venv/lib/python3.12/site-packages/oslo_db/sqlalchemy/engines.py:325}}
Aug 19 22:07:17.252218 np0000007817 devstack@c-api.service[97008]: /opt/stack/data/venv/lib/python3.12/site-packages/oslo_context/context.py:102: DeprecationWarning: Policy enforcement is depending on the value of is_admin. This key is deprecated. Please update your policy file to use the standard policy values.
Aug 19 22:07:17.252218 np0000007817 devstack@c-api.service[97008]: warnings.warn(
Aug 19 22:07:17.256401 np0000007817 devstack@c-api.service[97007]: INFO cinder.api.openstack.wsgi [None req-65aadb39-fe92-478a-ae47-580fcf0db235 tempest-GroupSnapshotsTest-535373632 tempest-GroupSnapshotsTest-535373632-project-member] https://10.4.3.143/volume/v3/volumes/detail returned with HTTP 200
Aug 19 22:07:17.256993 np0000007817 devstack@c-api.service[97007]: [pid: 97007|app: 0|req: 117/351] 10.4.3.143 () {68 vars in 1299 bytes} [Wed Aug 19 22:07:17 2026] GET /volume/v3/volumes/detail => generated 1824 bytes in 174 msecs (HTTP/1.1 200) 7 headers in 287 bytes (1 switches on core 0)
Aug 19 22:07:17.263861 np0000007817 devstack@c-api.service[97008]: INFO cinder.api.openstack.wsgi [None req-20767f9e-d57a-4ec4-bcb0-14978340d3e8 tempest-GroupsV314Test-304656095 tempest-GroupsV314Test-304656095-project-member] https://10.4.3.143/volume/v3/volumes/667f4588-1ca3-4766-875c-61615125231a returned with HTTP 200
Aug 19 22:07:17.263861 np0000007817 devstack@c-api.service[97008]: [pid: 97008|app: 0|req: 121/352] 10.4.3.143 () {68 vars in 1389 bytes} [Wed Aug 19 22:07:17 2026] GET /volume/v3/volumes/667f4588-1ca3-4766-875c-61615125231a => generated 921 bytes in 75 msecs (HTTP/1.1 200) 7 headers in 286 bytes (1 switches on core 0)
Aug 19 22:07:17.280647 np0000007817 devstack@c-api.service[97007]: DEBUG cinder.api.middleware.request_id [None req-67a01d8d-8675-4401-a568-e733c03fb0e6 None None] RequestId filter calling following filter/app {{(pid=97007) _context_setter /opt/stack/cinder/cinder/api/middleware/request_id.py:62}}
Aug 19 22:07:17.282745 np0000007817 devstack@c-api.service[97007]: INFO cinder.api.openstack.wsgi [None req-67a01d8d-8675-4401-a568-e733c03fb0e6 tempest-GroupSnapshotsTest-535373632 tempest-GroupSnapshotsTest-535373632-project-member] POST https://10.4.3.143/volume/v3/group_snapshots
Aug 19 22:07:17.283162 np0000007817 devstack@c-api.service[97007]: DEBUG cinder.api.openstack.wsgi [None req-67a01d8d-8675-4401-a568-e733c03fb0e6 tempest-GroupSnapshotsTest-535373632 tempest-GroupSnapshotsTest-535373632-project-member] Action: 'create', calling method: version_select, body: {"group_snapshot": {"group_id": "a5d047af-17ed-4a74-889f-733b6b4ec95a", "name": "tempest-GroupSnapshotsTest-Group_Snapshot-216383608"}} {{(pid=97007) _process_stack /opt/stack/cinder/cinder/api/openstack/wsgi.py:876}}
Aug 19 22:07:17.284804 np0000007817 devstack@c-api.service[97007]: DEBUG cinder.api.v3.group_snapshots [None req-67a01d8d-8675-4401-a568-e733c03fb0e6 tempest-GroupSnapshotsTest-535373632 tempest-GroupSnapshotsTest-535373632-project-member] Creating new group_snapshot {'group_snapshot': {'group_id': 'a5d047af-17ed-4a74-889f-733b6b4ec95a', 'name': 'tempest-GroupSnapshotsTest-Group_Snapshot-216383608'}} {{(pid=97007) create /opt/stack/cinder/cinder/api/v3/group_snapshots.py:154}}
Aug 19 22:07:17.289040 np0000007817 devstack@c-api.service[97007]: /opt/stack/data/venv/lib/python3.12/site-packages/oslo_context/context.py:102: DeprecationWarning: Policy enforcement is depending on the value of is_admin. This key is deprecated. Please update your policy file to use the standard policy values.
Aug 19 22:07:17.289040 np0000007817 devstack@c-api.service[97007]: warnings.warn(
Aug 19 22:07:17.293338 np0000007817 devstack@c-api.service[97007]: INFO cinder.api.v3.group_snapshots [None req-67a01d8d-8675-4401-a568-e733c03fb0e6 tempest-GroupSnapshotsTest-535373632 tempest-GroupSnapshotsTest-535373632-project-member] Creating group_snapshot tempest-GroupSnapshotsTest-Group_Snapshot-216383608.
Aug 19 22:07:17.316989 np0000007817 devstack@c-api.service[97007]: /opt/stack/data/venv/lib/python3.12/site-packages/oslo_context/context.py:102: DeprecationWarning: Policy enforcement is depending on the value of is_admin. This key is deprecated. Please update your policy file to use the standard policy values.
Aug 19 22:07:17.316989 np0000007817 devstack@c-api.service[97007]: warnings.warn(
Aug 19 22:07:17.334379 np0000007817 devstack@c-api.service[97007]: WARNING cinder.quota [None req-67a01d8d-8675-4401-a568-e733c03fb0e6 tempest-GroupSnapshotsTest-535373632 tempest-GroupSnapshotsTest-535373632-project-member] Deprecated: Default quota for resource: gigabytes_tempest-GroupSnapshotsTest-volume-type-2016184009 is set by the default quota flag: quota_gigabytes_tempest-GroupSnapshotsTest-volume-type-2016184009, it is now deprecated. Please use the default quota class for default quota.
Aug 19 22:07:17.334869 np0000007817 devstack@c-api.service[97007]: WARNING cinder.quota [None req-67a01d8d-8675-4401-a568-e733c03fb0e6 tempest-GroupSnapshotsTest-535373632 tempest-GroupSnapshotsTest-535373632-project-member] Deprecated: Default quota for resource: snapshots_tempest-GroupSnapshotsTest-volume-type-2016184009 is set by the default quota flag: quota_snapshots_tempest-GroupSnapshotsTest-volume-type-2016184009, it is now deprecated. Please use the default quota class for default quota.
Aug 19 22:07:17.365601 np0000007817 devstack@c-api.service[97007]: DEBUG cinder.quota [None req-67a01d8d-8675-4401-a568-e733c03fb0e6 tempest-GroupSnapshotsTest-535373632 tempest-GroupSnapshotsTest-535373632-project-member] Created reservations ['85365ce8-5dfb-4542-b6fb-d46ccaf7f1fe', '2eaed8d3-4499-41ae-994f-3dde425201e6', '8c728736-84c4-405f-af73-b0e888c47d59', 'e8a3f08a-462e-4be6-8821-ce5c5417198a'] {{(pid=97007) reserve /opt/stack/cinder/cinder/quota.py:752}}
Aug 19 22:07:17.406490 np0000007817 devstack@c-api.service[97006]: INFO cinder.api.openstack.wsgi [None req-dd1729ef-26b6-49ce-bbfe-668cdafae633 tempest-VolumesBackupsAdminTest-1619848887 tempest-VolumesBackupsAdminTest-1619848887-project-member] POST https://10.4.3.143/volume/v3/volumes
Aug 19 22:07:17.406881 np0000007817 devstack@c-api.service[97006]: DEBUG cinder.api.openstack.wsgi [None req-dd1729ef-26b6-49ce-bbfe-668cdafae633 tempest-VolumesBackupsAdminTest-1619848887 tempest-VolumesBackupsAdminTest-1619848887-project-member] Action: 'create', calling method: create, body: {"volume": {"size": 1, "name": "tempest-VolumesBackupsAdminTest-Volume-1512410079"}} {{(pid=97006) _process_stack /opt/stack/cinder/cinder/api/openstack/wsgi.py:876}}
Aug 19 22:07:17.407597 np0000007817 devstack@c-api.service[97007]: INFO cinder.api.openstack.wsgi [None req-67a01d8d-8675-4401-a568-e733c03fb0e6 tempest-GroupSnapshotsTest-535373632 tempest-GroupSnapshotsTest-535373632-project-member] https://10.4.3.143/volume/v3/group_snapshots returned with HTTP 202
Aug 19 22:07:17.408061 np0000007817 devstack@c-api.service[97007]: [pid: 97007|app: 0|req: 118/353] 10.4.3.143 () {70 vars in 1324 bytes} [Wed Aug 19 22:07:17 2026] POST /volume/v3/group_snapshots => generated 186 bytes in 128 msecs (HTTP/1.1 202) 7 headers in 292 bytes (1 switches on core 0)
Aug 19 22:07:17.408726 np0000007817 devstack@c-api.service[97006]: DEBUG cinder.api.v3.volumes [None req-dd1729ef-26b6-49ce-bbfe-668cdafae633 tempest-VolumesBackupsAdminTest-1619848887 tempest-VolumesBackupsAdminTest-1619848887-project-member] Create volume request body: {'volume': {'size': 1, 'name': 'tempest-VolumesBackupsAdminTest-Volume-1512410079'}} {{(pid=97006) create /opt/stack/cinder/cinder/api/v3/volumes.py:368}}
Aug 19 22:07:17.408929 np0000007817 devstack@c-api.service[97006]: INFO cinder.api.v3.volumes [None req-dd1729ef-26b6-49ce-bbfe-668cdafae633 tempest-VolumesBackupsAdminTest-1619848887 tempest-VolumesBackupsAdminTest-1619848887-project-member] Create volume of 1 GB
Aug 19 22:07:17.414085 np0000007817 devstack@c-api.service[97006]: INFO cinder.volume.api [None req-dd1729ef-26b6-49ce-bbfe-668cdafae633 tempest-VolumesBackupsAdminTest-1619848887 tempest-VolumesBackupsAdminTest-1619848887-project-member] Availability Zones retrieved successfully.
Aug 19 22:07:17.422468 np0000007817 devstack@c-api.service[97008]: DEBUG cinder.api.middleware.request_id [None req-0a8335ae-71e7-46b9-89b5-55163e28c5ff None None] RequestId filter calling following filter/app {{(pid=97008) _context_setter /opt/stack/cinder/cinder/api/middleware/request_id.py:62}}
Aug 19 22:07:17.425226 np0000007817 devstack@c-api.service[97008]: INFO cinder.api.openstack.wsgi [None req-0a8335ae-71e7-46b9-89b5-55163e28c5ff tempest-GroupSnapshotsTest-535373632 tempest-GroupSnapshotsTest-535373632-project-member] GET https://10.4.3.143/volume/v3/group_snapshots/d0cb50e4-8685-4562-86aa-c8ffc84e80c1
Aug 19 22:07:17.425560 np0000007817 devstack@c-api.service[97008]: DEBUG cinder.api.openstack.wsgi [None req-0a8335ae-71e7-46b9-89b5-55163e28c5ff tempest-GroupSnapshotsTest-535373632 tempest-GroupSnapshotsTest-535373632-project-member] Empty body provided in request {{(pid=97008) get_body /opt/stack/cinder/cinder/api/openstack/wsgi.py:725}}
Aug 19 22:07:17.425842 np0000007817 devstack@c-api.service[97008]: DEBUG cinder.api.openstack.wsgi [None req-0a8335ae-71e7-46b9-89b5-55163e28c5ff tempest-GroupSnapshotsTest-535373632 tempest-GroupSnapshotsTest-535373632-project-member] Calling method 'version_select' {{(pid=97008) _process_stack /opt/stack/cinder/cinder/api/openstack/wsgi.py:878}}
Aug 19 22:07:17.426068 np0000007817 devstack@c-api.service[97008]: DEBUG cinder.api.v3.group_snapshots [None req-0a8335ae-71e7-46b9-89b5-55163e28c5ff tempest-GroupSnapshotsTest-535373632 tempest-GroupSnapshotsTest-535373632-project-member] show called for member d0cb50e4-8685-4562-86aa-c8ffc84e80c1 {{(pid=97008) show /opt/stack/cinder/cinder/api/v3/group_snapshots.py:58}}
Aug 19 22:07:17.427065 np0000007817 devstack@c-api.service[97006]: DEBUG cinder.volume.api [None req-dd1729ef-26b6-49ce-bbfe-668cdafae633 tempest-VolumesBackupsAdminTest-1619848887 tempest-VolumesBackupsAdminTest-1619848887-project-member] Flow 'volume_create_api' (9fc2712c-e475-4882-b1b9-88182b32e19b) transitioned into state 'RUNNING' from state 'PENDING' {{(pid=97006) _flow_receiver /opt/stack/data/venv/lib/python3.12/site-packages/taskflow/listeners/logging.py:160}}
Aug 19 22:07:17.428572 np0000007817 devstack@c-api.service[97006]: DEBUG cinder.volume.api [None req-dd1729ef-26b6-49ce-bbfe-668cdafae633 tempest-VolumesBackupsAdminTest-1619848887 tempest-VolumesBackupsAdminTest-1619848887-project-member] Task 'cinder.volume.flows.api.create_volume.ExtractVolumeRequestTask;volume:create' (45243865-8c01-483f-a617-02b3a0d3c94f) transitioned into state 'RUNNING' from state 'PENDING' {{(pid=97006) _task_receiver /opt/stack/data/venv/lib/python3.12/site-packages/taskflow/listeners/logging.py:242}}
Aug 19 22:07:17.429991 np0000007817 devstack@c-api.service[97006]: DEBUG cinder.volume.flows.api.create_volume [None req-dd1729ef-26b6-49ce-bbfe-668cdafae633 tempest-VolumesBackupsAdminTest-1619848887 tempest-VolumesBackupsAdminTest-1619848887-project-member] Validating volume size '1' using validate_int {{(pid=97006) _extract_size /opt/stack/cinder/cinder/volume/flows/api/create_volume.py:226}}
Aug 19 22:07:17.430180 np0000007817 devstack@c-api.service[97008]: /opt/stack/data/venv/lib/python3.12/site-packages/oslo_context/context.py:102: DeprecationWarning: Policy enforcement is depending on the value of is_admin. This key is deprecated. Please update your policy file to use the standard policy values.
Aug 19 22:07:17.430180 np0000007817 devstack@c-api.service[97008]: warnings.warn(
Aug 19 22:07:17.437845 np0000007817 devstack@c-api.service[97008]: INFO cinder.api.openstack.wsgi [None req-0a8335ae-71e7-46b9-89b5-55163e28c5ff tempest-GroupSnapshotsTest-535373632 tempest-GroupSnapshotsTest-535373632-project-member] https://10.4.3.143/volume/v3/group_snapshots/d0cb50e4-8685-4562-86aa-c8ffc84e80c1 returned with HTTP 200
Aug 19 22:07:17.438322 np0000007817 devstack@c-api.service[97008]: [pid: 97008|app: 0|req: 122/354] 10.4.3.143 () {68 vars in 1413 bytes} [Wed Aug 19 22:07:17 2026] GET /volume/v3/group_snapshots/d0cb50e4-8685-4562-86aa-c8ffc84e80c1 => generated 325 bytes in 16 msecs (HTTP/1.1 200) 7 headers in 286 bytes (1 switches on core 0)
Aug 19 22:07:17.476811 np0000007817 devstack@c-api.service[97006]: DEBUG cinder.volume.api [None req-dd1729ef-26b6-49ce-bbfe-668cdafae633 tempest-VolumesBackupsAdminTest-1619848887 tempest-VolumesBackupsAdminTest-1619848887-project-member] Task 'cinder.volume.flows.api.create_volume.ExtractVolumeRequestTask;volume:create' (45243865-8c01-483f-a617-02b3a0d3c94f) transitioned into state 'SUCCESS' from state 'RUNNING' with result '{'size': 1, 'snapshot_id': None, 'source_volid': None, 'volume_type': VolumeType(created_at=2026-08-19T22:03:31Z,deleted=False,deleted_at=None,description=None,extra_specs={volume_backend_name='storpool'},id=df5f348c-c8fa-48a4-8c5b-cfde65c544fe,is_public=True,name='storpool',projects=[],qos_specs=,qos_specs_id=None,updated_at=None), 'volume_type_id': 'df5f348c-c8fa-48a4-8c5b-cfde65c544fe', 'encryption_key_id': None, 'qos_specs': None, 'consistencygroup_id': None, 'cgsnapshot_id': None, 'group_id': None, 'replication_status': 'disabled', 'refresh_az': False, 'backup_id': None, 'multiattach': False, 'availability_zones': ['nova']}' {{(pid=97006) _task_receiver /opt/stack/data/venv/lib/python3.12/site-packages/taskflow/listeners/logging.py:218}}
Aug 19 22:07:17.478479 np0000007817 devstack@c-api.service[97006]: DEBUG cinder.volume.api [None req-dd1729ef-26b6-49ce-bbfe-668cdafae633 tempest-VolumesBackupsAdminTest-1619848887 tempest-VolumesBackupsAdminTest-1619848887-project-member] Task 'cinder.volume.flows.api.create_volume.QuotaReserveTask;volume:create' (0b71a2a0-3992-4fe6-8c5c-f98b5abaa298) transitioned into state 'RUNNING' from state 'PENDING' {{(pid=97006) _task_receiver /opt/stack/data/venv/lib/python3.12/site-packages/taskflow/listeners/logging.py:242}}
Aug 19 22:07:17.568062 np0000007817 devstack@c-api.service[97006]: DEBUG cinder.quota [None req-dd1729ef-26b6-49ce-bbfe-668cdafae633 tempest-VolumesBackupsAdminTest-1619848887 tempest-VolumesBackupsAdminTest-1619848887-project-member] Created reservations ['6086a13b-dbe0-4c6e-80a1-e738c47b0479', '6288ba3d-c85f-4ce4-9bc4-763160023a0b', 'f53991f4-c07a-4d02-a3dd-fc8ccfe2518a', '2d0af180-575a-4b51-8c0d-72de9beb1181'] {{(pid=97006) reserve /opt/stack/cinder/cinder/quota.py:752}}
Aug 19 22:07:17.568848 np0000007817 devstack@c-api.service[97006]: DEBUG cinder.volume.api [None req-dd1729ef-26b6-49ce-bbfe-668cdafae633 tempest-VolumesBackupsAdminTest-1619848887 tempest-VolumesBackupsAdminTest-1619848887-project-member] Task 'cinder.volume.flows.api.create_volume.QuotaReserveTask;volume:create' (0b71a2a0-3992-4fe6-8c5c-f98b5abaa298) transitioned into state 'SUCCESS' from state 'RUNNING' with result '{'reservations': ['6086a13b-dbe0-4c6e-80a1-e738c47b0479', '6288ba3d-c85f-4ce4-9bc4-763160023a0b', 'f53991f4-c07a-4d02-a3dd-fc8ccfe2518a', '2d0af180-575a-4b51-8c0d-72de9beb1181']}' {{(pid=97006) _task_receiver /opt/stack/data/venv/lib/python3.12/site-packages/taskflow/listeners/logging.py:218}}
Aug 19 22:07:17.569712 np0000007817 devstack@c-api.service[97006]: DEBUG cinder.volume.api [None req-dd1729ef-26b6-49ce-bbfe-668cdafae633 tempest-VolumesBackupsAdminTest-1619848887 tempest-VolumesBackupsAdminTest-1619848887-project-member] Task 'cinder.volume.flows.api.create_volume.EntryCreateTask;volume:create' (b5b9c5d9-eedb-4555-acc0-d150c3e0d0ac) transitioned into state 'RUNNING' from state 'PENDING' {{(pid=97006) _task_receiver /opt/stack/data/venv/lib/python3.12/site-packages/taskflow/listeners/logging.py:242}}
Aug 19 22:07:17.613605 np0000007817 devstack@c-api.service[97006]: DEBUG cinder.volume.api [None req-dd1729ef-26b6-49ce-bbfe-668cdafae633 tempest-VolumesBackupsAdminTest-1619848887 tempest-VolumesBackupsAdminTest-1619848887-project-member] Task 'cinder.volume.flows.api.create_volume.EntryCreateTask;volume:create' (b5b9c5d9-eedb-4555-acc0-d150c3e0d0ac) transitioned into state 'SUCCESS' from state 'RUNNING' with result '{'volume_id': '25768edb-d472-4e18-aaf6-1f13e977e5de', 'volume_properties': VolumeProperties(attach_status='detached',availability_zone='nova',cgsnapshot_id=None,consistencygroup_id=None,display_description=None,display_name='tempest-VolumesBackupsAdminTest-Volume-1512410079',encryption_key_id=None,group_id=None,group_type_id=,metadata={},multiattach=False,project_id='5ffd9291b09a44038ef20ac27403745c',qos_specs=None,replication_status=,reservations=['6086a13b-dbe0-4c6e-80a1-e738c47b0479','6288ba3d-c85f-4ce4-9bc4-763160023a0b','f53991f4-c07a-4d02-a3dd-fc8ccfe2518a','2d0af180-575a-4b51-8c0d-72de9beb1181'],size=1,snapshot_id=None,source_replicaid=,source_volid=None,status='creating',user_id='95a7c224c1bd43e6acb4eeb5f45cc620',volume_type_id=df5f348c-c8fa-48a4-8c5b-cfde65c544fe), 'volume': Volume(_name_id=None,admin_metadata=,attach_status='detached',availability_zone='nova',bootable=False,cluster=,cluster_name=None,consistencygroup=,consistencygroup_id=None,created_at=2026-08-19T22:07:17Z,deleted=False,deleted_at=None,display_description=None,display_name='tempest-VolumesBackupsAdminTest-Volume-1512410079',ec2_id=None,encryption_key_id=None,glance_metadata=,group=,group_id=None,host=None,id=25768edb-d472-4e18-aaf6-1f13e977e5de,launched_at=None,metadata={},migration_status=None,multiattach=False,previous_status=None,project_id='5ffd9291b09a44038ef20ac27403745c',provider_auth=None,provider_geometry=None,provider_id=None,provider_location=None,replication_driver_data=None,replication_extended_status=None,replication_status=None,scheduled_at=None,service_uuid=None,shared_targets=True,size=1,snapshot_id=None,snapshots=,source_volid=None,status='creating',terminated_at=None,updated_at=None,use_quota=True,user_id='95a7c224c1bd43e6acb4eeb5f45cc620',volume_attachment=VolumeAttachmentList,volume_type=VolumeType(df5f348c-c8fa-48a4-8c5b-cfde65c544fe),volume_type_id=df5f348c-c8fa-48a4-8c5b-cfde65c544fe)}' {{(pid=97006) _task_receiver /opt/stack/data/venv/lib/python3.12/site-packages/taskflow/listeners/logging.py:218}}
Aug 19 22:07:17.616582 np0000007817 devstack@c-api.service[97006]: DEBUG cinder.volume.api [None req-dd1729ef-26b6-49ce-bbfe-668cdafae633 tempest-VolumesBackupsAdminTest-1619848887 tempest-VolumesBackupsAdminTest-1619848887-project-member] Task 'cinder.volume.flows.api.create_volume.QuotaCommitTask;volume:create' (7be6cd32-6e7d-4265-89b7-4692827888b5) transitioned into state 'RUNNING' from state 'PENDING' {{(pid=97006) _task_receiver /opt/stack/data/venv/lib/python3.12/site-packages/taskflow/listeners/logging.py:242}}
Aug 19 22:07:17.619681 np0000007817 devstack@c-api.service[97007]: DEBUG cinder.api.middleware.request_id [None req-53678048-d438-40c0-98a7-17bb5a9e7a77 None None] RequestId filter calling following filter/app {{(pid=97007) _context_setter /opt/stack/cinder/cinder/api/middleware/request_id.py:62}}
Aug 19 22:07:17.621843 np0000007817 devstack@c-api.service[97007]: INFO cinder.api.openstack.wsgi [None req-53678048-d438-40c0-98a7-17bb5a9e7a77 tempest-ServerActionsTestOtherA-2121687618 tempest-ServerActionsTestOtherA-2121687618-project-member] POST https://10.4.3.143/volume/v3/volumes
Aug 19 22:07:17.622197 np0000007817 devstack@c-api.service[97007]: DEBUG cinder.api.openstack.wsgi [None req-53678048-d438-40c0-98a7-17bb5a9e7a77 tempest-ServerActionsTestOtherA-2121687618 tempest-ServerActionsTestOtherA-2121687618-project-member] Action: 'create', calling method: create, body: {"volume": {"size": 1, "display_name": "tempest-ServerActionsTestOtherA-volume-653397609"}} {{(pid=97007) _process_stack /opt/stack/cinder/cinder/api/openstack/wsgi.py:876}}
Aug 19 22:07:17.623835 np0000007817 devstack@c-api.service[97007]: DEBUG cinder.api.v3.volumes [None req-53678048-d438-40c0-98a7-17bb5a9e7a77 tempest-ServerActionsTestOtherA-2121687618 tempest-ServerActionsTestOtherA-2121687618-project-member] Create volume request body: {'volume': {'size': 1, 'display_name': 'tempest-ServerActionsTestOtherA-volume-653397609'}} {{(pid=97007) create /opt/stack/cinder/cinder/api/v3/volumes.py:368}}
Aug 19 22:07:17.623993 np0000007817 devstack@c-api.service[97007]: INFO cinder.api.v3.volumes [None req-53678048-d438-40c0-98a7-17bb5a9e7a77 tempest-ServerActionsTestOtherA-2121687618 tempest-ServerActionsTestOtherA-2121687618-project-member] Create volume of 1 GB
Aug 19 22:07:17.624387 np0000007817 devstack@c-api.service[97007]: /opt/stack/data/venv/lib/python3.12/site-packages/oslo_context/context.py:102: DeprecationWarning: Policy enforcement is depending on the value of is_admin. This key is deprecated. Please update your policy file to use the standard policy values.
Aug 19 22:07:17.624387 np0000007817 devstack@c-api.service[97007]: warnings.warn(
Aug 19 22:07:17.632720 np0000007817 devstack@c-api.service[97007]: INFO cinder.volume.api [None req-53678048-d438-40c0-98a7-17bb5a9e7a77 tempest-ServerActionsTestOtherA-2121687618 tempest-ServerActionsTestOtherA-2121687618-project-member] Availability Zones retrieved successfully.
Aug 19 22:07:17.645587 np0000007817 devstack@c-api.service[97007]: DEBUG cinder.volume.api [None req-53678048-d438-40c0-98a7-17bb5a9e7a77 tempest-ServerActionsTestOtherA-2121687618 tempest-ServerActionsTestOtherA-2121687618-project-member] Flow 'volume_create_api' (178434fb-be6e-4366-91e3-521b959041d3) transitioned into state 'RUNNING' from state 'PENDING' {{(pid=97007) _flow_receiver /opt/stack/data/venv/lib/python3.12/site-packages/taskflow/listeners/logging.py:160}}
Aug 19 22:07:17.646308 np0000007817 devstack@c-api.service[97006]: DEBUG cinder.volume.api [None req-dd1729ef-26b6-49ce-bbfe-668cdafae633 tempest-VolumesBackupsAdminTest-1619848887 tempest-VolumesBackupsAdminTest-1619848887-project-member] Task 'cinder.volume.flows.api.create_volume.QuotaCommitTask;volume:create' (7be6cd32-6e7d-4265-89b7-4692827888b5) transitioned into state 'SUCCESS' from state 'RUNNING' with result '{'volume_properties': VolumeProperties(attach_status='detached',availability_zone='nova',cgsnapshot_id=None,consistencygroup_id=None,display_description=None,display_name='tempest-VolumesBackupsAdminTest-Volume-1512410079',encryption_key_id=None,group_id=None,group_type_id=,metadata={},multiattach=False,project_id='5ffd9291b09a44038ef20ac27403745c',qos_specs=None,replication_status=,reservations=['6086a13b-dbe0-4c6e-80a1-e738c47b0479','6288ba3d-c85f-4ce4-9bc4-763160023a0b','f53991f4-c07a-4d02-a3dd-fc8ccfe2518a','2d0af180-575a-4b51-8c0d-72de9beb1181'],size=1,snapshot_id=None,source_replicaid=,source_volid=None,status='creating',user_id='95a7c224c1bd43e6acb4eeb5f45cc620',volume_type_id=df5f348c-c8fa-48a4-8c5b-cfde65c544fe)}' {{(pid=97006) _task_receiver /opt/stack/data/venv/lib/python3.12/site-packages/taskflow/listeners/logging.py:218}}
Aug 19 22:07:17.647385 np0000007817 devstack@c-api.service[97006]: DEBUG cinder.volume.api [None req-dd1729ef-26b6-49ce-bbfe-668cdafae633 tempest-VolumesBackupsAdminTest-1619848887 tempest-VolumesBackupsAdminTest-1619848887-project-member] Task 'cinder.volume.flows.api.create_volume.VolumeCastTask;volume:create' (56718fba-e876-4b74-9796-c6be0ade73b4) transitioned into state 'RUNNING' from state 'PENDING' {{(pid=97006) _task_receiver /opt/stack/data/venv/lib/python3.12/site-packages/taskflow/listeners/logging.py:242}}
Aug 19 22:07:17.651756 np0000007817 devstack@c-api.service[97007]: DEBUG cinder.volume.api [None req-53678048-d438-40c0-98a7-17bb5a9e7a77 tempest-ServerActionsTestOtherA-2121687618 tempest-ServerActionsTestOtherA-2121687618-project-member] Task 'cinder.volume.flows.api.create_volume.ExtractVolumeRequestTask;volume:create' (73ecd350-fbd5-43aa-bcdb-23719465a6f8) transitioned into state 'RUNNING' from state 'PENDING' {{(pid=97007) _task_receiver /opt/stack/data/venv/lib/python3.12/site-packages/taskflow/listeners/logging.py:242}}
Aug 19 22:07:17.653060 np0000007817 devstack@c-api.service[97007]: DEBUG cinder.volume.flows.api.create_volume [None req-53678048-d438-40c0-98a7-17bb5a9e7a77 tempest-ServerActionsTestOtherA-2121687618 tempest-ServerActionsTestOtherA-2121687618-project-member] Validating volume size '1' using validate_int {{(pid=97007) _extract_size /opt/stack/cinder/cinder/volume/flows/api/create_volume.py:226}}
Aug 19 22:07:17.667471 np0000007817 devstack@c-api.service[97006]: DEBUG cinder.volume.api [None req-dd1729ef-26b6-49ce-bbfe-668cdafae633 tempest-VolumesBackupsAdminTest-1619848887 tempest-VolumesBackupsAdminTest-1619848887-project-member] Task 'cinder.volume.flows.api.create_volume.VolumeCastTask;volume:create' (56718fba-e876-4b74-9796-c6be0ade73b4) transitioned into state 'SUCCESS' from state 'RUNNING' with result 'None' {{(pid=97006) _task_receiver /opt/stack/data/venv/lib/python3.12/site-packages/taskflow/listeners/logging.py:218}}
Aug 19 22:07:17.669399 np0000007817 devstack@c-api.service[97006]: DEBUG cinder.volume.api [None req-dd1729ef-26b6-49ce-bbfe-668cdafae633 tempest-VolumesBackupsAdminTest-1619848887 tempest-VolumesBackupsAdminTest-1619848887-project-member] Flow 'volume_create_api' (9fc2712c-e475-4882-b1b9-88182b32e19b) transitioned into state 'SUCCESS' from state 'RUNNING' {{(pid=97006) _flow_receiver /opt/stack/data/venv/lib/python3.12/site-packages/taskflow/listeners/logging.py:160}}
Aug 19 22:07:17.670059 np0000007817 devstack@c-api.service[97006]: INFO cinder.volume.api [None req-dd1729ef-26b6-49ce-bbfe-668cdafae633 tempest-VolumesBackupsAdminTest-1619848887 tempest-VolumesBackupsAdminTest-1619848887-project-member] Create volume request issued successfully.
Aug 19 22:07:17.671240 np0000007817 devstack@c-api.service[97006]: INFO cinder.api.openstack.wsgi [None req-dd1729ef-26b6-49ce-bbfe-668cdafae633 tempest-VolumesBackupsAdminTest-1619848887 tempest-VolumesBackupsAdminTest-1619848887-project-member] https://10.4.3.143/volume/v3/volumes returned with HTTP 202
Aug 19 22:07:17.672360 np0000007817 devstack@c-api.service[97006]: [pid: 97006|app: 0|req: 115/355] 10.4.3.143 () {68 vars in 1258 bytes} [Wed Aug 19 22:07:17 2026] POST /volume/v3/volumes => generated 754 bytes in 491 msecs (HTTP/1.1 202) 7 headers in 291 bytes (1 switches on core 0)
Aug 19 22:07:17.686602 np0000007817 devstack@c-api.service[97008]: DEBUG cinder.api.middleware.request_id [None req-37167963-7bd1-4b9f-a3e9-52ab0f4c39d0 None None] RequestId filter calling following filter/app {{(pid=97008) _context_setter /opt/stack/cinder/cinder/api/middleware/request_id.py:62}}
Aug 19 22:07:17.691337 np0000007817 devstack@c-api.service[97008]: INFO cinder.api.openstack.wsgi [None req-37167963-7bd1-4b9f-a3e9-52ab0f4c39d0 tempest-VolumesBackupsAdminTest-1619848887 tempest-VolumesBackupsAdminTest-1619848887-project-member] GET https://10.4.3.143/volume/v3/volumes/25768edb-d472-4e18-aaf6-1f13e977e5de
Aug 19 22:07:17.691620 np0000007817 devstack@c-api.service[97008]: DEBUG cinder.api.openstack.wsgi [None req-37167963-7bd1-4b9f-a3e9-52ab0f4c39d0 tempest-VolumesBackupsAdminTest-1619848887 tempest-VolumesBackupsAdminTest-1619848887-project-member] Empty body provided in request {{(pid=97008) get_body /opt/stack/cinder/cinder/api/openstack/wsgi.py:725}}
Aug 19 22:07:17.691940 np0000007817 devstack@c-api.service[97008]: DEBUG cinder.api.openstack.wsgi [None req-37167963-7bd1-4b9f-a3e9-52ab0f4c39d0 tempest-VolumesBackupsAdminTest-1619848887 tempest-VolumesBackupsAdminTest-1619848887-project-member] Calling method 'show' {{(pid=97008) _process_stack /opt/stack/cinder/cinder/api/openstack/wsgi.py:878}}
Aug 19 22:07:17.694739 np0000007817 devstack@c-api.service[97007]: DEBUG cinder.volume.api [None req-53678048-d438-40c0-98a7-17bb5a9e7a77 tempest-ServerActionsTestOtherA-2121687618 tempest-ServerActionsTestOtherA-2121687618-project-member] Task 'cinder.volume.flows.api.create_volume.ExtractVolumeRequestTask;volume:create' (73ecd350-fbd5-43aa-bcdb-23719465a6f8) transitioned into state 'SUCCESS' from state 'RUNNING' with result '{'size': 1, 'snapshot_id': None, 'source_volid': None, 'volume_type': VolumeType(created_at=2026-08-19T22:03:31Z,deleted=False,deleted_at=None,description=None,extra_specs={volume_backend_name='storpool'},id=df5f348c-c8fa-48a4-8c5b-cfde65c544fe,is_public=True,name='storpool',projects=[],qos_specs=,qos_specs_id=None,updated_at=None), 'volume_type_id': 'df5f348c-c8fa-48a4-8c5b-cfde65c544fe', 'encryption_key_id': None, 'qos_specs': None, 'consistencygroup_id': None, 'cgsnapshot_id': None, 'group_id': None, 'replication_status': 'disabled', 'refresh_az': False, 'backup_id': None, 'multiattach': False, 'availability_zones': ['nova']}' {{(pid=97007) _task_receiver /opt/stack/data/venv/lib/python3.12/site-packages/taskflow/listeners/logging.py:218}}
Aug 19 22:07:17.695685 np0000007817 devstack@c-api.service[97007]: DEBUG cinder.volume.api [None req-53678048-d438-40c0-98a7-17bb5a9e7a77 tempest-ServerActionsTestOtherA-2121687618 tempest-ServerActionsTestOtherA-2121687618-project-member] Task 'cinder.volume.flows.api.create_volume.QuotaReserveTask;volume:create' (ef92e562-6609-4a7c-8484-3c8c8cd03e48) transitioned into state 'RUNNING' from state 'PENDING' {{(pid=97007) _task_receiver /opt/stack/data/venv/lib/python3.12/site-packages/taskflow/listeners/logging.py:242}}
Aug 19 22:07:17.704953 np0000007817 devstack@c-api.service[97008]: /opt/stack/data/venv/lib/python3.12/site-packages/oslo_context/context.py:102: DeprecationWarning: Policy enforcement is depending on the value of is_admin. This key is deprecated. Please update your policy file to use the standard policy values.
Aug 19 22:07:17.704953 np0000007817 devstack@c-api.service[97008]: warnings.warn(
Aug 19 22:07:17.712119 np0000007817 devstack@c-api.service[97008]: INFO cinder.volume.api [None req-37167963-7bd1-4b9f-a3e9-52ab0f4c39d0 tempest-VolumesBackupsAdminTest-1619848887 tempest-VolumesBackupsAdminTest-1619848887-project-member] Volume info retrieved successfully.
Aug 19 22:07:17.721337 np0000007817 devstack@c-api.service[97008]: INFO cinder.api.openstack.wsgi [None req-37167963-7bd1-4b9f-a3e9-52ab0f4c39d0 tempest-VolumesBackupsAdminTest-1619848887 tempest-VolumesBackupsAdminTest-1619848887-project-member] https://10.4.3.143/volume/v3/volumes/25768edb-d472-4e18-aaf6-1f13e977e5de returned with HTTP 200
Aug 19 22:07:17.721916 np0000007817 devstack@c-api.service[97008]: [pid: 97008|app: 0|req: 123/356] 10.4.3.143 () {66 vars in 1348 bytes} [Wed Aug 19 22:07:17 2026] GET /volume/v3/volumes/25768edb-d472-4e18-aaf6-1f13e977e5de => generated 822 bytes in 36 msecs (HTTP/1.1 200) 7 headers in 285 bytes (1 switches on core 0)
Aug 19 22:07:17.784163 np0000007817 devstack@c-api.service[97007]: DEBUG cinder.quota [None req-53678048-d438-40c0-98a7-17bb5a9e7a77 tempest-ServerActionsTestOtherA-2121687618 tempest-ServerActionsTestOtherA-2121687618-project-member] Created reservations ['aa4df418-ccf3-4df8-a7a8-ee7ca855bc33', '9d3132f8-0141-41f9-aea3-1023c4b78879', 'b9ac7b39-ddb5-474a-a29c-4c4a208bc3a4', 'dd047070-853b-4251-9690-b5634f892bc0'] {{(pid=97007) reserve /opt/stack/cinder/cinder/quota.py:752}}
Aug 19 22:07:17.785216 np0000007817 devstack@c-api.service[97007]: DEBUG cinder.volume.api [None req-53678048-d438-40c0-98a7-17bb5a9e7a77 tempest-ServerActionsTestOtherA-2121687618 tempest-ServerActionsTestOtherA-2121687618-project-member] Task 'cinder.volume.flows.api.create_volume.QuotaReserveTask;volume:create' (ef92e562-6609-4a7c-8484-3c8c8cd03e48) transitioned into state 'SUCCESS' from state 'RUNNING' with result '{'reservations': ['aa4df418-ccf3-4df8-a7a8-ee7ca855bc33', '9d3132f8-0141-41f9-aea3-1023c4b78879', 'b9ac7b39-ddb5-474a-a29c-4c4a208bc3a4', 'dd047070-853b-4251-9690-b5634f892bc0']}' {{(pid=97007) _task_receiver /opt/stack/data/venv/lib/python3.12/site-packages/taskflow/listeners/logging.py:218}}
