Aug 19 22:06:21.576017 np0000007817 devstack@n-api.service[84260]: DEBUG nova.policy [None req-e42b41af-8c33-46ee-b843-1940f79e46b5 tempest-AttachVolumeShelveTestJSON-1730830348 tempest-AttachVolumeShelveTestJSON-1730830348-project-member] Policy check for os_compute_api:servers:show:host_status:unknown-only failed with credentials {'is_admin': False, 'user_id': '233a44751d09417c92693b363b84b456', 'user_domain_id': 'default', 'system_scope': None, 'domain_id': None, 'project_id': '8487be932e4445ccb217a25ef32aa741', 'project_domain_id': 'default', 'roles': ['member', 'reader'], 'is_admin_project': True, 'service_user_id': None, 'service_user_domain_id': None, 'service_project_id': None, 'service_project_domain_id': None, 'service_roles': []} {{(pid=84260) authorize /opt/stack/nova/nova/policy.py:202}}
Aug 19 22:06:21.583474 np0000007817 devstack@n-api.service[84260]: INFO nova.api.openstack.requestlog [None req-e42b41af-8c33-46ee-b843-1940f79e46b5 tempest-AttachVolumeShelveTestJSON-1730830348 tempest-AttachVolumeShelveTestJSON-1730830348-project-member] 10.4.3.143 "GET /compute/v2.1/servers/e8353e0c-0b72-40e9-9539-9c6602d8b0a8" status: 200 len: 1402 microversion: 2.20 time: 0.308422
Aug 19 22:06:21.584004 np0000007817 devstack@n-api.service[84260]: [pid: 84260|app: 0|req: 39/143] 10.4.3.143 () {68 vars in 1395 bytes} [Wed Aug 19 22:06:21 2026] GET /compute/v2.1/servers/e8353e0c-0b72-40e9-9539-9c6602d8b0a8 => generated 1402 bytes in 309 msecs (HTTP/1.1 200) 9 headers in 360 bytes (1 switches on core 0)
Aug 19 22:06:21.606518 np0000007817 devstack@n-api.service[84261]: DEBUG nova.policy [None req-6908a130-75cb-4806-a2cc-c3378a7ad935 tempest-TaggedBootDevicesTest-1941950211 tempest-TaggedBootDevicesTest-1941950211-project-member] Policy check for os_compute_api:os-extended-server-attributes failed with credentials {'is_admin': False, 'user_id': 'bc98b7357184434293c0934c4d6f56ba', 'user_domain_id': 'default', 'system_scope': None, 'domain_id': None, 'project_id': '1b55c581aaff4ff9aac7463598cfc956', 'project_domain_id': 'default', 'roles': ['member', 'reader'], 'is_admin_project': True, 'service_user_id': None, 'service_user_domain_id': None, 'service_project_id': None, 'service_project_domain_id': None, 'service_roles': []} {{(pid=84261) authorize /opt/stack/nova/nova/policy.py:202}}
Aug 19 22:06:21.611833 np0000007817 devstack@n-api.service[84261]: DEBUG nova.policy [None req-6908a130-75cb-4806-a2cc-c3378a7ad935 tempest-TaggedBootDevicesTest-1941950211 tempest-TaggedBootDevicesTest-1941950211-project-member] Policy check for os_compute_api:servers:show:host_status failed with credentials {'is_admin': False, 'user_id': 'bc98b7357184434293c0934c4d6f56ba', 'user_domain_id': 'default', 'system_scope': None, 'domain_id': None, 'project_id': '1b55c581aaff4ff9aac7463598cfc956', 'project_domain_id': 'default', 'roles': ['member', 'reader'], 'is_admin_project': True, 'service_user_id': None, 'service_user_domain_id': None, 'service_project_id': None, 'service_project_domain_id': None, 'service_roles': []} {{(pid=84261) authorize /opt/stack/nova/nova/policy.py:202}}
Aug 19 22:06:21.612478 np0000007817 devstack@n-api.service[84261]: DEBUG nova.policy [None req-6908a130-75cb-4806-a2cc-c3378a7ad935 tempest-TaggedBootDevicesTest-1941950211 tempest-TaggedBootDevicesTest-1941950211-project-member] Policy check for os_compute_api:servers:show:host_status:unknown-only failed with credentials {'is_admin': False, 'user_id': 'bc98b7357184434293c0934c4d6f56ba', 'user_domain_id': 'default', 'system_scope': None, 'domain_id': None, 'project_id': '1b55c581aaff4ff9aac7463598cfc956', 'project_domain_id': 'default', 'roles': ['member', 'reader'], 'is_admin_project': True, 'service_user_id': None, 'service_user_domain_id': None, 'service_project_id': None, 'service_project_domain_id': None, 'service_roles': []} {{(pid=84261) authorize /opt/stack/nova/nova/policy.py:202}}
Aug 19 22:06:21.616813 np0000007817 devstack@n-api.service[84261]: INFO nova.api.openstack.requestlog [None req-6908a130-75cb-4806-a2cc-c3378a7ad935 tempest-TaggedBootDevicesTest-1941950211 tempest-TaggedBootDevicesTest-1941950211-project-member] 10.4.3.143 "GET /compute/v2.1/servers/67969fb5-b090-41d6-8b1f-4e07b74245c2" status: 200 len: 1873 microversion: 2.32 time: 0.473315
Aug 19 22:06:21.617040 np0000007817 devstack@n-api.service[84261]: [pid: 84261|app: 0|req: 53/144] 10.4.3.143 () {68 vars in 1395 bytes} [Wed Aug 19 22:06:21 2026] GET /compute/v2.1/servers/67969fb5-b090-41d6-8b1f-4e07b74245c2 => generated 1873 bytes in 474 msecs (HTTP/1.1 200) 9 headers in 360 bytes (1 switches on core 0)
Aug 19 22:06:22.009057 np0000007817 devstack@n-api.service[84259]: DEBUG nova.api.openstack.wsgi [None req-c908bbd3-5387-4cef-8cb5-561a9b4533a1 tempest-ServersNegativeTestJSON-660421235 tempest-ServersNegativeTestJSON-660421235-project-member] Action: 'create', calling method: >, body: {"server": {"name": "tempest-ServersNegativeTestJSON-server-1246550825", "imageRef": "436f2ce4-07a5-4da6-b2a1-5df9c3ba33ad", "flavorRef": "42", "networks": [{"uuid": "a326c26a-0192-4b26-896f-f2e61d8aae98"}]}} {{(pid=84259) _process_stack /opt/stack/nova/nova/api/openstack/wsgi.py:549}}
Aug 19 22:06:22.117278 np0000007817 devstack@n-api.service[84260]: DEBUG nova.api.openstack.wsgi [req-f626eb2f-e372-4cc3-ab64-4039a29159ee req-2df533e3-0420-41b5-91be-f8dd3bb62d26 service nova] Action: 'create', calling method: >, body: {"events": [{"server_uuid": "e8353e0c-0b72-40e9-9539-9c6602d8b0a8", "name": "network-vif-unplugged", "status": "completed", "tag": "8c99fb79-f981-4b16-b67e-cb87c35c2720"}, {"server_uuid": "67969fb5-b090-41d6-8b1f-4e07b74245c2", "name": "network-vif-plugged", "status": "completed", "tag": "bdb483f6-0102-41b8-a888-0ff07a685ead"}, {"server_uuid": "67969fb5-b090-41d6-8b1f-4e07b74245c2", "name": "network-vif-plugged", "status": "completed", "tag": "bdb483f6-0102-41b8-a888-0ff07a685ead"}, {"server_uuid": "67969fb5-b090-41d6-8b1f-4e07b74245c2", "name": "network-vif-plugged", "status": "completed", "tag": "5a993df5-d7b5-462b-a80f-036f9661bb76"}, {"server_uuid": "67969fb5-b090-41d6-8b1f-4e07b74245c2", "name": "network-vif-plugged", "status": "completed", "tag": "5a993df5-d7b5-462b-a80f-036f9661bb76"}, {"server_uuid": "e8353e0c-0b72-40e9-9539-9c6602d8b0a8", "name": "network-vif-plugged", "status": "completed", "tag": "8c99fb79-f981-4b16-b67e-cb87c35c2720"}]} {{(pid=84260) _process_stack /opt/stack/nova/nova/api/openstack/wsgi.py:549}}
Aug 19 22:06:22.123619 np0000007817 devstack@n-api.service[84260]: DEBUG oslo_concurrency.lockutils [req-f626eb2f-e372-4cc3-ab64-4039a29159ee req-2df533e3-0420-41b5-91be-f8dd3bb62d26 service nova] Acquiring lock "362c546e-8f39-4b3a-87f3-0df1f536f8db" by "nova.context.set_target_cell..get_or_set_cached_cell_and_set_connections" {{(pid=84260) inner /opt/stack/data/venv/lib/python3.12/site-packages/oslo_concurrency/lockutils.py:512}}
Aug 19 22:06:22.124105 np0000007817 devstack@n-api.service[84260]: DEBUG oslo_concurrency.lockutils [req-f626eb2f-e372-4cc3-ab64-4039a29159ee req-2df533e3-0420-41b5-91be-f8dd3bb62d26 service nova] Lock "362c546e-8f39-4b3a-87f3-0df1f536f8db" acquired by "nova.context.set_target_cell..get_or_set_cached_cell_and_set_connections" :: waited 0.001s {{(pid=84260) inner /opt/stack/data/venv/lib/python3.12/site-packages/oslo_concurrency/lockutils.py:525}}
Aug 19 22:06:22.124499 np0000007817 devstack@n-api.service[84260]: DEBUG oslo_concurrency.lockutils [req-f626eb2f-e372-4cc3-ab64-4039a29159ee req-2df533e3-0420-41b5-91be-f8dd3bb62d26 service nova] Lock "362c546e-8f39-4b3a-87f3-0df1f536f8db" "released" by "nova.context.set_target_cell..get_or_set_cached_cell_and_set_connections" :: held 0.000s {{(pid=84260) inner /opt/stack/data/venv/lib/python3.12/site-packages/oslo_concurrency/lockutils.py:544}}
Aug 19 22:06:22.134297 np0000007817 devstack@n-api.service[84260]: INFO nova.api.openstack.compute.server_external_events [req-f626eb2f-e372-4cc3-ab64-4039a29159ee req-2df533e3-0420-41b5-91be-f8dd3bb62d26 service nova] Creating event network-vif-unplugged:8c99fb79-f981-4b16-b67e-cb87c35c2720 for instance e8353e0c-0b72-40e9-9539-9c6602d8b0a8 on np0000007817
Aug 19 22:06:22.135076 np0000007817 devstack@n-api.service[84260]: INFO nova.api.openstack.compute.server_external_events [req-f626eb2f-e372-4cc3-ab64-4039a29159ee req-2df533e3-0420-41b5-91be-f8dd3bb62d26 service nova] Creating event network-vif-plugged:bdb483f6-0102-41b8-a888-0ff07a685ead for instance 67969fb5-b090-41d6-8b1f-4e07b74245c2 on np0000007817
Aug 19 22:06:22.135372 np0000007817 devstack@n-api.service[84260]: INFO nova.api.openstack.compute.server_external_events [req-f626eb2f-e372-4cc3-ab64-4039a29159ee req-2df533e3-0420-41b5-91be-f8dd3bb62d26 service nova] Creating event network-vif-plugged:bdb483f6-0102-41b8-a888-0ff07a685ead for instance 67969fb5-b090-41d6-8b1f-4e07b74245c2 on np0000007817
Aug 19 22:06:22.135625 np0000007817 devstack@n-api.service[84260]: INFO nova.api.openstack.compute.server_external_events [req-f626eb2f-e372-4cc3-ab64-4039a29159ee req-2df533e3-0420-41b5-91be-f8dd3bb62d26 service nova] Creating event network-vif-plugged:5a993df5-d7b5-462b-a80f-036f9661bb76 for instance 67969fb5-b090-41d6-8b1f-4e07b74245c2 on np0000007817
Aug 19 22:06:22.135871 np0000007817 devstack@n-api.service[84260]: INFO nova.api.openstack.compute.server_external_events [req-f626eb2f-e372-4cc3-ab64-4039a29159ee req-2df533e3-0420-41b5-91be-f8dd3bb62d26 service nova] Creating event network-vif-plugged:5a993df5-d7b5-462b-a80f-036f9661bb76 for instance 67969fb5-b090-41d6-8b1f-4e07b74245c2 on np0000007817
Aug 19 22:06:22.136080 np0000007817 devstack@n-api.service[84260]: INFO nova.api.openstack.compute.server_external_events [req-f626eb2f-e372-4cc3-ab64-4039a29159ee req-2df533e3-0420-41b5-91be-f8dd3bb62d26 service nova] Creating event network-vif-plugged:8c99fb79-f981-4b16-b67e-cb87c35c2720 for instance e8353e0c-0b72-40e9-9539-9c6602d8b0a8 on np0000007817
Aug 19 22:06:22.136612 np0000007817 devstack@n-api.service[84260]: DEBUG nova.compute.rpcapi [req-f626eb2f-e372-4cc3-ab64-4039a29159ee req-2df533e3-0420-41b5-91be-f8dd3bb62d26 service nova] RPC: Sending the message to topic: compute-alt {{(pid=84260) prepare_for_alt_rpcserver /opt/stack/nova/nova/compute/rpcapi.py:595}}
Aug 19 22:06:22.144488 np0000007817 devstack@n-api.service[84260]: INFO nova.api.openstack.requestlog [req-f626eb2f-e372-4cc3-ab64-4039a29159ee req-2df533e3-0420-41b5-91be-f8dd3bb62d26 service nova] 10.4.3.143 "POST /compute/v2.1/os-server-external-events" status: 200 len: 1040 microversion: 2.1 time: 0.030436
Aug 19 22:06:22.144970 np0000007817 devstack@n-api.service[84260]: [pid: 84260|app: 0|req: 40/145] 10.4.3.143 () {72 vars in 1432 bytes} [Wed Aug 19 22:06:22 2026] POST /compute/v2.1/os-server-external-events => generated 1040 bytes in 31 msecs (HTTP/1.1 200) 9 headers in 358 bytes (1 switches on core 0)
Aug 19 22:06:22.148900 np0000007817 devstack@n-api.service[84259]: DEBUG oslo_concurrency.lockutils [None req-c908bbd3-5387-4cef-8cb5-561a9b4533a1 tempest-ServersNegativeTestJSON-660421235 tempest-ServersNegativeTestJSON-660421235-project-member] Acquiring lock "00000000-0000-0000-0000-000000000000" by "nova.context.set_target_cell..get_or_set_cached_cell_and_set_connections" {{(pid=84259) inner /opt/stack/data/venv/lib/python3.12/site-packages/oslo_concurrency/lockutils.py:512}}
Aug 19 22:06:22.149387 np0000007817 devstack@n-api.service[84259]: DEBUG oslo_concurrency.lockutils [None req-c908bbd3-5387-4cef-8cb5-561a9b4533a1 tempest-ServersNegativeTestJSON-660421235 tempest-ServersNegativeTestJSON-660421235-project-member] Lock "00000000-0000-0000-0000-000000000000" acquired by "nova.context.set_target_cell..get_or_set_cached_cell_and_set_connections" :: waited 0.001s {{(pid=84259) inner /opt/stack/data/venv/lib/python3.12/site-packages/oslo_concurrency/lockutils.py:525}}
Aug 19 22:06:22.149819 np0000007817 devstack@n-api.service[84259]: DEBUG oslo_concurrency.lockutils [None req-c908bbd3-5387-4cef-8cb5-561a9b4533a1 tempest-ServersNegativeTestJSON-660421235 tempest-ServersNegativeTestJSON-660421235-project-member] Lock "00000000-0000-0000-0000-000000000000" "released" by "nova.context.set_target_cell..get_or_set_cached_cell_and_set_connections" :: held 0.000s {{(pid=84259) inner /opt/stack/data/venv/lib/python3.12/site-packages/oslo_concurrency/lockutils.py:544}}
Aug 19 22:06:22.150613 np0000007817 devstack@n-api.service[84259]: DEBUG oslo_concurrency.lockutils [None req-c908bbd3-5387-4cef-8cb5-561a9b4533a1 tempest-ServersNegativeTestJSON-660421235 tempest-ServersNegativeTestJSON-660421235-project-member] Acquiring lock "362c546e-8f39-4b3a-87f3-0df1f536f8db" by "nova.context.set_target_cell..get_or_set_cached_cell_and_set_connections" {{(pid=84259) inner /opt/stack/data/venv/lib/python3.12/site-packages/oslo_concurrency/lockutils.py:512}}
Aug 19 22:06:22.151711 np0000007817 devstack@n-api.service[84259]: DEBUG oslo_concurrency.lockutils [None req-c908bbd3-5387-4cef-8cb5-561a9b4533a1 tempest-ServersNegativeTestJSON-660421235 tempest-ServersNegativeTestJSON-660421235-project-member] Lock "362c546e-8f39-4b3a-87f3-0df1f536f8db" acquired by "nova.context.set_target_cell..get_or_set_cached_cell_and_set_connections" :: waited 0.000s {{(pid=84259) inner /opt/stack/data/venv/lib/python3.12/site-packages/oslo_concurrency/lockutils.py:525}}
Aug 19 22:06:22.151711 np0000007817 devstack@n-api.service[84259]: DEBUG oslo_concurrency.lockutils [None req-c908bbd3-5387-4cef-8cb5-561a9b4533a1 tempest-ServersNegativeTestJSON-660421235 tempest-ServersNegativeTestJSON-660421235-project-member] Lock "362c546e-8f39-4b3a-87f3-0df1f536f8db" "released" by "nova.context.set_target_cell..get_or_set_cached_cell_and_set_connections" :: held 0.000s {{(pid=84259) inner /opt/stack/data/venv/lib/python3.12/site-packages/oslo_concurrency/lockutils.py:544}}
Aug 19 22:06:22.159641 np0000007817 devstack@n-api.service[84259]: DEBUG nova.network.neutron [None req-c908bbd3-5387-4cef-8cb5-561a9b4533a1 tempest-ServersNegativeTestJSON-660421235 tempest-ServersNegativeTestJSON-660421235-project-member] validate_networks() for [('a326c26a-0192-4b26-896f-f2e61d8aae98', None, None, None, None, None)] {{(pid=84259) validate_networks /opt/stack/nova/nova/network/neutron.py:2686}}
Aug 19 22:06:22.161477 np0000007817 devstack@n-api.service[84259]: WARNING neutronclient.v2_0.client [None req-c908bbd3-5387-4cef-8cb5-561a9b4533a1 tempest-ServersNegativeTestJSON-660421235 tempest-ServersNegativeTestJSON-660421235-project-member] The python binding code in neutronclient is deprecated in favor of OpenstackSDK, please use that as this will be removed in a future release.
Aug 19 22:06:22.254954 np0000007817 devstack@n-api.service[84261]: DEBUG nova.api.openstack.wsgi [req-97c36db1-45df-4b11-a131-9002659accf9 req-2faec3e8-31a5-466e-b847-24cabba7e96c service nova] Action: 'create', calling method: >, body: {"events": [{"server_uuid": "67969fb5-b090-41d6-8b1f-4e07b74245c2", "name": "network-vif-plugged", "status": "completed", "tag": "e2bb3885-bd13-402d-94e7-12fc0151d4f4"}, {"server_uuid": "67969fb5-b090-41d6-8b1f-4e07b74245c2", "name": "network-vif-plugged", "status": "completed", "tag": "f9e0f4f0-867d-45aa-86ac-449652963bcc"}]} {{(pid=84261) _process_stack /opt/stack/nova/nova/api/openstack/wsgi.py:549}}
Aug 19 22:06:22.263146 np0000007817 devstack@n-api.service[84261]: DEBUG oslo_concurrency.lockutils [req-97c36db1-45df-4b11-a131-9002659accf9 req-2faec3e8-31a5-466e-b847-24cabba7e96c service nova] Acquiring lock "362c546e-8f39-4b3a-87f3-0df1f536f8db" by "nova.context.set_target_cell..get_or_set_cached_cell_and_set_connections" {{(pid=84261) inner /opt/stack/data/venv/lib/python3.12/site-packages/oslo_concurrency/lockutils.py:512}}
Aug 19 22:06:22.263424 np0000007817 devstack@n-api.service[84261]: DEBUG oslo_concurrency.lockutils [req-97c36db1-45df-4b11-a131-9002659accf9 req-2faec3e8-31a5-466e-b847-24cabba7e96c service nova] Lock "362c546e-8f39-4b3a-87f3-0df1f536f8db" acquired by "nova.context.set_target_cell..get_or_set_cached_cell_and_set_connections" :: waited 0.000s {{(pid=84261) inner /opt/stack/data/venv/lib/python3.12/site-packages/oslo_concurrency/lockutils.py:525}}
Aug 19 22:06:22.263626 np0000007817 devstack@n-api.service[84261]: DEBUG oslo_concurrency.lockutils [req-97c36db1-45df-4b11-a131-9002659accf9 req-2faec3e8-31a5-466e-b847-24cabba7e96c service nova] Lock "362c546e-8f39-4b3a-87f3-0df1f536f8db" "released" by "nova.context.set_target_cell..get_or_set_cached_cell_and_set_connections" :: held 0.000s {{(pid=84261) inner /opt/stack/data/venv/lib/python3.12/site-packages/oslo_concurrency/lockutils.py:544}}
Aug 19 22:06:22.274531 np0000007817 devstack@n-api.service[84261]: INFO nova.api.openstack.compute.server_external_events [req-97c36db1-45df-4b11-a131-9002659accf9 req-2faec3e8-31a5-466e-b847-24cabba7e96c service nova] Creating event network-vif-plugged:e2bb3885-bd13-402d-94e7-12fc0151d4f4 for instance 67969fb5-b090-41d6-8b1f-4e07b74245c2 on np0000007817
Aug 19 22:06:22.274722 np0000007817 devstack@n-api.service[84261]: INFO nova.api.openstack.compute.server_external_events [req-97c36db1-45df-4b11-a131-9002659accf9 req-2faec3e8-31a5-466e-b847-24cabba7e96c service nova] Creating event network-vif-plugged:f9e0f4f0-867d-45aa-86ac-449652963bcc for instance 67969fb5-b090-41d6-8b1f-4e07b74245c2 on np0000007817
Aug 19 22:06:22.275084 np0000007817 devstack@n-api.service[84261]: DEBUG nova.compute.rpcapi [req-97c36db1-45df-4b11-a131-9002659accf9 req-2faec3e8-31a5-466e-b847-24cabba7e96c service nova] RPC: Sending the message to topic: compute-alt {{(pid=84261) prepare_for_alt_rpcserver /opt/stack/nova/nova/compute/rpcapi.py:595}}
Aug 19 22:06:22.284131 np0000007817 devstack@n-api.service[84261]: INFO nova.api.openstack.requestlog [req-97c36db1-45df-4b11-a131-9002659accf9 req-2faec3e8-31a5-466e-b847-24cabba7e96c service nova] 10.4.3.143 "POST /compute/v2.1/os-server-external-events" status: 200 len: 354 microversion: 2.1 time: 0.031155
Aug 19 22:06:22.284521 np0000007817 devstack@n-api.service[84261]: [pid: 84261|app: 0|req: 54/146] 10.4.3.143 () {72 vars in 1432 bytes} [Wed Aug 19 22:06:22 2026] POST /compute/v2.1/os-server-external-events => generated 354 bytes in 32 msecs (HTTP/1.1 200) 9 headers in 357 bytes (1 switches on core 0)
Aug 19 22:06:22.411729 np0000007817 devstack@n-api.service[84259]: WARNING neutronclient.v2_0.client [None req-c908bbd3-5387-4cef-8cb5-561a9b4533a1 tempest-ServersNegativeTestJSON-660421235 tempest-ServersNegativeTestJSON-660421235-project-member] The python binding code in neutronclient is deprecated in favor of OpenstackSDK, please use that as this will be removed in a future release.
Aug 19 22:06:22.510377 np0000007817 devstack@n-api.service[84260]: DEBUG nova.api.openstack.wsgi [req-37982ff0-ec1f-4535-a259-22935410842e req-8a2d3b0c-7e96-4855-bafc-04585ef218e2 service nova] Action: 'create', calling method: >, body: {"events": [{"server_uuid": "67969fb5-b090-41d6-8b1f-4e07b74245c2", "name": "network-vif-plugged", "status": "completed", "tag": "2e6a5226-fe47-4b21-b251-02a00b486ebb"}, {"server_uuid": "67969fb5-b090-41d6-8b1f-4e07b74245c2", "name": "network-vif-plugged", "status": "completed", "tag": "8408e091-835b-47ce-9392-053f2dd2cfd3"}, {"server_uuid": "67969fb5-b090-41d6-8b1f-4e07b74245c2", "name": "network-vif-plugged", "status": "completed", "tag": "8408e091-835b-47ce-9392-053f2dd2cfd3"}]} {{(pid=84260) _process_stack /opt/stack/nova/nova/api/openstack/wsgi.py:549}}
Aug 19 22:06:22.518999 np0000007817 devstack@n-api.service[84260]: DEBUG oslo_concurrency.lockutils [req-37982ff0-ec1f-4535-a259-22935410842e req-8a2d3b0c-7e96-4855-bafc-04585ef218e2 service nova] Acquiring lock "362c546e-8f39-4b3a-87f3-0df1f536f8db" by "nova.context.set_target_cell..get_or_set_cached_cell_and_set_connections" {{(pid=84260) inner /opt/stack/data/venv/lib/python3.12/site-packages/oslo_concurrency/lockutils.py:512}}
Aug 19 22:06:22.519243 np0000007817 devstack@n-api.service[84260]: DEBUG oslo_concurrency.lockutils [req-37982ff0-ec1f-4535-a259-22935410842e req-8a2d3b0c-7e96-4855-bafc-04585ef218e2 service nova] Lock "362c546e-8f39-4b3a-87f3-0df1f536f8db" acquired by "nova.context.set_target_cell..get_or_set_cached_cell_and_set_connections" :: waited 0.000s {{(pid=84260) inner /opt/stack/data/venv/lib/python3.12/site-packages/oslo_concurrency/lockutils.py:525}}
Aug 19 22:06:22.519458 np0000007817 devstack@n-api.service[84260]: DEBUG oslo_concurrency.lockutils [req-37982ff0-ec1f-4535-a259-22935410842e req-8a2d3b0c-7e96-4855-bafc-04585ef218e2 service nova] Lock "362c546e-8f39-4b3a-87f3-0df1f536f8db" "released" by "nova.context.set_target_cell..get_or_set_cached_cell_and_set_connections" :: held 0.000s {{(pid=84260) inner /opt/stack/data/venv/lib/python3.12/site-packages/oslo_concurrency/lockutils.py:544}}
Aug 19 22:06:22.530979 np0000007817 devstack@n-api.service[84260]: INFO nova.api.openstack.compute.server_external_events [req-37982ff0-ec1f-4535-a259-22935410842e req-8a2d3b0c-7e96-4855-bafc-04585ef218e2 service nova] Creating event network-vif-plugged:2e6a5226-fe47-4b21-b251-02a00b486ebb for instance 67969fb5-b090-41d6-8b1f-4e07b74245c2 on np0000007817
Aug 19 22:06:22.531214 np0000007817 devstack@n-api.service[84260]: INFO nova.api.openstack.compute.server_external_events [req-37982ff0-ec1f-4535-a259-22935410842e req-8a2d3b0c-7e96-4855-bafc-04585ef218e2 service nova] Creating event network-vif-plugged:8408e091-835b-47ce-9392-053f2dd2cfd3 for instance 67969fb5-b090-41d6-8b1f-4e07b74245c2 on np0000007817
Aug 19 22:06:22.531430 np0000007817 devstack@n-api.service[84260]: INFO nova.api.openstack.compute.server_external_events [req-37982ff0-ec1f-4535-a259-22935410842e req-8a2d3b0c-7e96-4855-bafc-04585ef218e2 service nova] Creating event network-vif-plugged:8408e091-835b-47ce-9392-053f2dd2cfd3 for instance 67969fb5-b090-41d6-8b1f-4e07b74245c2 on np0000007817
Aug 19 22:06:22.533755 np0000007817 devstack@n-api.service[84260]: DEBUG nova.compute.rpcapi [req-37982ff0-ec1f-4535-a259-22935410842e req-8a2d3b0c-7e96-4855-bafc-04585ef218e2 service nova] RPC: Sending the message to topic: compute-alt {{(pid=84260) prepare_for_alt_rpcserver /opt/stack/nova/nova/compute/rpcapi.py:595}}
Aug 19 22:06:22.543215 np0000007817 devstack@n-api.service[84260]: INFO nova.api.openstack.requestlog [req-37982ff0-ec1f-4535-a259-22935410842e req-8a2d3b0c-7e96-4855-bafc-04585ef218e2 service nova] 10.4.3.143 "POST /compute/v2.1/os-server-external-events" status: 200 len: 525 microversion: 2.1 time: 0.035475
Aug 19 22:06:22.543811 np0000007817 devstack@n-api.service[84260]: [pid: 84260|app: 0|req: 41/147] 10.4.3.143 () {72 vars in 1432 bytes} [Wed Aug 19 22:06:22 2026] POST /compute/v2.1/os-server-external-events => generated 525 bytes in 36 msecs (HTTP/1.1 200) 9 headers in 357 bytes (1 switches on core 0)
Aug 19 22:06:22.580366 np0000007817 devstack@n-api.service[84259]: DEBUG nova.virt.hardware [None req-c908bbd3-5387-4cef-8cb5-561a9b4533a1 tempest-ServersNegativeTestJSON-660421235 tempest-ServersNegativeTestJSON-660421235-project-member] Flavor limits 0:0:0 {{(pid=84259) get_cpu_topology_constraints /opt/stack/nova/nova/virt/hardware.py:516}}
Aug 19 22:06:22.580633 np0000007817 devstack@n-api.service[84259]: DEBUG nova.virt.hardware [None req-c908bbd3-5387-4cef-8cb5-561a9b4533a1 tempest-ServersNegativeTestJSON-660421235 tempest-ServersNegativeTestJSON-660421235-project-member] Image limits 0:0:0 {{(pid=84259) get_cpu_topology_constraints /opt/stack/nova/nova/virt/hardware.py:520}}
Aug 19 22:06:22.580874 np0000007817 devstack@n-api.service[84259]: DEBUG nova.virt.hardware [None req-c908bbd3-5387-4cef-8cb5-561a9b4533a1 tempest-ServersNegativeTestJSON-660421235 tempest-ServersNegativeTestJSON-660421235-project-member] Flavor pref 0:0:0 {{(pid=84259) get_cpu_topology_constraints /opt/stack/nova/nova/virt/hardware.py:556}}
Aug 19 22:06:22.581085 np0000007817 devstack@n-api.service[84259]: DEBUG nova.virt.hardware [None req-c908bbd3-5387-4cef-8cb5-561a9b4533a1 tempest-ServersNegativeTestJSON-660421235 tempest-ServersNegativeTestJSON-660421235-project-member] Image pref 0:0:0 {{(pid=84259) get_cpu_topology_constraints /opt/stack/nova/nova/virt/hardware.py:560}}
Aug 19 22:06:22.581306 np0000007817 devstack@n-api.service[84259]: DEBUG nova.virt.hardware [None req-c908bbd3-5387-4cef-8cb5-561a9b4533a1 tempest-ServersNegativeTestJSON-660421235 tempest-ServersNegativeTestJSON-660421235-project-member] Chose sockets=0, cores=0, threads=0; limits were sockets=65536, cores=65536, threads=65536 {{(pid=84259) get_cpu_topology_constraints /opt/stack/nova/nova/virt/hardware.py:598}}
Aug 19 22:06:22.588748 np0000007817 devstack@n-api.service[84259]: DEBUG oslo_concurrency.lockutils [None req-c908bbd3-5387-4cef-8cb5-561a9b4533a1 tempest-ServersNegativeTestJSON-660421235 tempest-ServersNegativeTestJSON-660421235-project-member] Acquiring lock "00000000-0000-0000-0000-000000000000" by "nova.context.set_target_cell..get_or_set_cached_cell_and_set_connections" {{(pid=84259) inner /opt/stack/data/venv/lib/python3.12/site-packages/oslo_concurrency/lockutils.py:512}}
Aug 19 22:06:22.588922 np0000007817 devstack@n-api.service[84259]: DEBUG oslo_concurrency.lockutils [None req-c908bbd3-5387-4cef-8cb5-561a9b4533a1 tempest-ServersNegativeTestJSON-660421235 tempest-ServersNegativeTestJSON-660421235-project-member] Lock "00000000-0000-0000-0000-000000000000" acquired by "nova.context.set_target_cell..get_or_set_cached_cell_and_set_connections" :: waited 0.000s {{(pid=84259) inner /opt/stack/data/venv/lib/python3.12/site-packages/oslo_concurrency/lockutils.py:525}}
Aug 19 22:06:22.589105 np0000007817 devstack@n-api.service[84259]: DEBUG oslo_concurrency.lockutils [None req-c908bbd3-5387-4cef-8cb5-561a9b4533a1 tempest-ServersNegativeTestJSON-660421235 tempest-ServersNegativeTestJSON-660421235-project-member] Lock "00000000-0000-0000-0000-000000000000" "released" by "nova.context.set_target_cell..get_or_set_cached_cell_and_set_connections" :: held 0.000s {{(pid=84259) inner /opt/stack/data/venv/lib/python3.12/site-packages/oslo_concurrency/lockutils.py:544}}
Aug 19 22:06:22.589568 np0000007817 devstack@n-api.service[84259]: DEBUG oslo_concurrency.lockutils [None req-c908bbd3-5387-4cef-8cb5-561a9b4533a1 tempest-ServersNegativeTestJSON-660421235 tempest-ServersNegativeTestJSON-660421235-project-member] Acquiring lock "362c546e-8f39-4b3a-87f3-0df1f536f8db" by "nova.context.set_target_cell..get_or_set_cached_cell_and_set_connections" {{(pid=84259) inner /opt/stack/data/venv/lib/python3.12/site-packages/oslo_concurrency/lockutils.py:512}}
Aug 19 22:06:22.589739 np0000007817 devstack@n-api.service[84259]: DEBUG oslo_concurrency.lockutils [None req-c908bbd3-5387-4cef-8cb5-561a9b4533a1 tempest-ServersNegativeTestJSON-660421235 tempest-ServersNegativeTestJSON-660421235-project-member] Lock "362c546e-8f39-4b3a-87f3-0df1f536f8db" acquired by "nova.context.set_target_cell..get_or_set_cached_cell_and_set_connections" :: waited 0.000s {{(pid=84259) inner /opt/stack/data/venv/lib/python3.12/site-packages/oslo_concurrency/lockutils.py:525}}
Aug 19 22:06:22.589858 np0000007817 devstack@n-api.service[84259]: DEBUG oslo_concurrency.lockutils [None req-c908bbd3-5387-4cef-8cb5-561a9b4533a1 tempest-ServersNegativeTestJSON-660421235 tempest-ServersNegativeTestJSON-660421235-project-member] Lock "362c546e-8f39-4b3a-87f3-0df1f536f8db" "released" by "nova.context.set_target_cell..get_or_set_cached_cell_and_set_connections" :: held 0.000s {{(pid=84259) inner /opt/stack/data/venv/lib/python3.12/site-packages/oslo_concurrency/lockutils.py:544}}
Aug 19 22:06:22.603393 np0000007817 devstack@n-api.service[84261]: DEBUG nova.api.openstack.wsgi [None req-ea16bf87-6042-43b2-9fb6-354b226d3cd9 tempest-AttachVolumeShelveTestJSON-1730830348 tempest-AttachVolumeShelveTestJSON-1730830348-project-member] Calling method '>' {{(pid=84261) _process_stack /opt/stack/nova/nova/api/openstack/wsgi.py:551}}
Aug 19 22:06:22.604836 np0000007817 devstack@n-api.service[84259]: DEBUG nova.quota [None req-c908bbd3-5387-4cef-8cb5-561a9b4533a1 tempest-ServersNegativeTestJSON-660421235 tempest-ServersNegativeTestJSON-660421235-project-member] Getting quotas for project 219088c66eff477f97cc21105504555c. Resources: {'instances', 'cores', 'ram'} {{(pid=84259) _get_quotas /opt/stack/nova/nova/quota.py:389}}
Aug 19 22:06:22.605457 np0000007817 devstack@n-api.service[84261]: DEBUG nova.compute.api [None req-ea16bf87-6042-43b2-9fb6-354b226d3cd9 tempest-AttachVolumeShelveTestJSON-1730830348 tempest-AttachVolumeShelveTestJSON-1730830348-project-member] [instance: e8353e0c-0b72-40e9-9539-9c6602d8b0a8] Fetching instance by UUID {{(pid=84261) get /opt/stack/nova/nova/compute/api.py:3068}}
Aug 19 22:06:22.606567 np0000007817 devstack@n-api.service[84259]: DEBUG nova.quota [None req-c908bbd3-5387-4cef-8cb5-561a9b4533a1 tempest-ServersNegativeTestJSON-660421235 tempest-ServersNegativeTestJSON-660421235-project-member] Getting quotas for user 4b4a1c35475843a3952e38eec4f68989 and project 219088c66eff477f97cc21105504555c. Resources: {'instances', 'cores', 'ram'} {{(pid=84259) _get_quotas /opt/stack/nova/nova/quota.py:379}}
Aug 19 22:06:22.610797 np0000007817 devstack@n-api.service[84261]: DEBUG oslo_concurrency.lockutils [None req-ea16bf87-6042-43b2-9fb6-354b226d3cd9 tempest-AttachVolumeShelveTestJSON-1730830348 tempest-AttachVolumeShelveTestJSON-1730830348-project-member] Acquiring lock "362c546e-8f39-4b3a-87f3-0df1f536f8db" by "nova.context.set_target_cell..get_or_set_cached_cell_and_set_connections" {{(pid=84261) inner /opt/stack/data/venv/lib/python3.12/site-packages/oslo_concurrency/lockutils.py:512}}
Aug 19 22:06:22.611053 np0000007817 devstack@n-api.service[84259]: DEBUG nova.compute.api [None req-c908bbd3-5387-4cef-8cb5-561a9b4533a1 tempest-ServersNegativeTestJSON-660421235 tempest-ServersNegativeTestJSON-660421235-project-member] Going to run 1 instances... {{(pid=84259) _provision_instances /opt/stack/nova/nova/compute/api.py:1480}}
Aug 19 22:06:22.611268 np0000007817 devstack@n-api.service[84261]: DEBUG oslo_concurrency.lockutils [None req-ea16bf87-6042-43b2-9fb6-354b226d3cd9 tempest-AttachVolumeShelveTestJSON-1730830348 tempest-AttachVolumeShelveTestJSON-1730830348-project-member] Lock "362c546e-8f39-4b3a-87f3-0df1f536f8db" acquired by "nova.context.set_target_cell..get_or_set_cached_cell_and_set_connections" :: waited 0.000s {{(pid=84261) inner /opt/stack/data/venv/lib/python3.12/site-packages/oslo_concurrency/lockutils.py:525}}
Aug 19 22:06:22.611572 np0000007817 devstack@n-api.service[84261]: DEBUG oslo_concurrency.lockutils [None req-ea16bf87-6042-43b2-9fb6-354b226d3cd9 tempest-AttachVolumeShelveTestJSON-1730830348 tempest-AttachVolumeShelveTestJSON-1730830348-project-member] Lock "362c546e-8f39-4b3a-87f3-0df1f536f8db" "released" by "nova.context.set_target_cell..get_or_set_cached_cell_and_set_connections" :: held 0.000s {{(pid=84261) inner /opt/stack/data/venv/lib/python3.12/site-packages/oslo_concurrency/lockutils.py:544}}
Aug 19 22:06:22.612162 np0000007817 devstack@n-api.service[84261]: DEBUG oslo_concurrency.lockutils [None req-ea16bf87-6042-43b2-9fb6-354b226d3cd9 tempest-AttachVolumeShelveTestJSON-1730830348 tempest-AttachVolumeShelveTestJSON-1730830348-project-member] Acquiring lock "362c546e-8f39-4b3a-87f3-0df1f536f8db" by "nova.context.set_target_cell..get_or_set_cached_cell_and_set_connections" {{(pid=84261) inner /opt/stack/data/venv/lib/python3.12/site-packages/oslo_concurrency/lockutils.py:512}}
Aug 19 22:06:22.612348 np0000007817 devstack@n-api.service[84259]: DEBUG nova.compute.api [None req-c908bbd3-5387-4cef-8cb5-561a9b4533a1 tempest-ServersNegativeTestJSON-660421235 tempest-ServersNegativeTestJSON-660421235-project-member] [instance: 6ac893ad-be67-4f69-b4ed-fa7209a7a970] block_device_mapping [BlockDeviceMapping(attachment_id=,boot_index=0,connection_info=None,created_at=,delete_on_termination=True,deleted=,deleted_at=,destination_type='local',device_name=None,device_type='disk',disk_bus=None,encrypted=False,encryption_format=None,encryption_options=None,encryption_secret_uuid=None,guest_format=None,id=,image_id='436f2ce4-07a5-4da6-b2a1-5df9c3ba33ad',instance=,instance_uuid=,no_device=False,snapshot_id=None,source_type='image',tag=None,updated_at=,uuid=,volume_id=None,volume_size=None,volume_type=None)] {{(pid=84259) _bdm_validate_set_size_and_instance /opt/stack/nova/nova/compute/api.py:1942}}
Aug 19 22:06:22.612791 np0000007817 devstack@n-api.service[84261]: DEBUG oslo_concurrency.lockutils [None req-ea16bf87-6042-43b2-9fb6-354b226d3cd9 tempest-AttachVolumeShelveTestJSON-1730830348 tempest-AttachVolumeShelveTestJSON-1730830348-project-member] Lock "362c546e-8f39-4b3a-87f3-0df1f536f8db" acquired by "nova.context.set_target_cell..get_or_set_cached_cell_and_set_connections" :: waited 0.000s {{(pid=84261) inner /opt/stack/data/venv/lib/python3.12/site-packages/oslo_concurrency/lockutils.py:525}}
Aug 19 22:06:22.613173 np0000007817 devstack@n-api.service[84261]: DEBUG oslo_concurrency.lockutils [None req-ea16bf87-6042-43b2-9fb6-354b226d3cd9 tempest-AttachVolumeShelveTestJSON-1730830348 tempest-AttachVolumeShelveTestJSON-1730830348-project-member] Lock "362c546e-8f39-4b3a-87f3-0df1f536f8db" "released" by "nova.context.set_target_cell..get_or_set_cached_cell_and_set_connections" :: held 0.001s {{(pid=84261) inner /opt/stack/data/venv/lib/python3.12/site-packages/oslo_concurrency/lockutils.py:544}}
Aug 19 22:06:22.638491 np0000007817 devstack@n-api.service[84261]: WARNING neutronclient.v2_0.client [None req-ea16bf87-6042-43b2-9fb6-354b226d3cd9 tempest-AttachVolumeShelveTestJSON-1730830348 tempest-AttachVolumeShelveTestJSON-1730830348-project-member] The python binding code in neutronclient is deprecated in favor of OpenstackSDK, please use that as this will be removed in a future release.
Aug 19 22:06:22.638860 np0000007817 devstack@n-api.service[84260]: DEBUG nova.api.openstack.wsgi [None req-586f6d8d-68c6-4abb-b3e3-20ba89b802f3 tempest-TaggedBootDevicesTest-1941950211 tempest-TaggedBootDevicesTest-1941950211-project-member] Calling method '>' {{(pid=84260) _process_stack /opt/stack/nova/nova/api/openstack/wsgi.py:551}}
Aug 19 22:06:22.640375 np0000007817 devstack@n-api.service[84260]: DEBUG nova.compute.api [None req-586f6d8d-68c6-4abb-b3e3-20ba89b802f3 tempest-TaggedBootDevicesTest-1941950211 tempest-TaggedBootDevicesTest-1941950211-project-member] [instance: 67969fb5-b090-41d6-8b1f-4e07b74245c2] Fetching instance by UUID {{(pid=84260) get /opt/stack/nova/nova/compute/api.py:3068}}
Aug 19 22:06:22.644383 np0000007817 devstack@n-api.service[84260]: DEBUG oslo_concurrency.lockutils [None req-586f6d8d-68c6-4abb-b3e3-20ba89b802f3 tempest-TaggedBootDevicesTest-1941950211 tempest-TaggedBootDevicesTest-1941950211-project-member] Acquiring lock "362c546e-8f39-4b3a-87f3-0df1f536f8db" by "nova.context.set_target_cell..get_or_set_cached_cell_and_set_connections" {{(pid=84260) inner /opt/stack/data/venv/lib/python3.12/site-packages/oslo_concurrency/lockutils.py:512}}
Aug 19 22:06:22.644706 np0000007817 devstack@n-api.service[84260]: DEBUG oslo_concurrency.lockutils [None req-586f6d8d-68c6-4abb-b3e3-20ba89b802f3 tempest-TaggedBootDevicesTest-1941950211 tempest-TaggedBootDevicesTest-1941950211-project-member] Lock "362c546e-8f39-4b3a-87f3-0df1f536f8db" acquired by "nova.context.set_target_cell..get_or_set_cached_cell_and_set_connections" :: waited 0.000s {{(pid=84260) inner /opt/stack/data/venv/lib/python3.12/site-packages/oslo_concurrency/lockutils.py:525}}
Aug 19 22:06:22.644863 np0000007817 devstack@n-api.service[84260]: DEBUG oslo_concurrency.lockutils [None req-586f6d8d-68c6-4abb-b3e3-20ba89b802f3 tempest-TaggedBootDevicesTest-1941950211 tempest-TaggedBootDevicesTest-1941950211-project-member] Lock "362c546e-8f39-4b3a-87f3-0df1f536f8db" "released" by "nova.context.set_target_cell..get_or_set_cached_cell_and_set_connections" :: held 0.000s {{(pid=84260) inner /opt/stack/data/venv/lib/python3.12/site-packages/oslo_concurrency/lockutils.py:544}}
Aug 19 22:06:22.645281 np0000007817 devstack@n-api.service[84260]: DEBUG oslo_concurrency.lockutils [None req-586f6d8d-68c6-4abb-b3e3-20ba89b802f3 tempest-TaggedBootDevicesTest-1941950211 tempest-TaggedBootDevicesTest-1941950211-project-member] Acquiring lock "362c546e-8f39-4b3a-87f3-0df1f536f8db" by "nova.context.set_target_cell..get_or_set_cached_cell_and_set_connections" {{(pid=84260) inner /opt/stack/data/venv/lib/python3.12/site-packages/oslo_concurrency/lockutils.py:512}}
Aug 19 22:06:22.645592 np0000007817 devstack@n-api.service[84260]: DEBUG oslo_concurrency.lockutils [None req-586f6d8d-68c6-4abb-b3e3-20ba89b802f3 tempest-TaggedBootDevicesTest-1941950211 tempest-TaggedBootDevicesTest-1941950211-project-member] Lock "362c546e-8f39-4b3a-87f3-0df1f536f8db" acquired by "nova.context.set_target_cell..get_or_set_cached_cell_and_set_connections" :: waited 0.000s {{(pid=84260) inner /opt/stack/data/venv/lib/python3.12/site-packages/oslo_concurrency/lockutils.py:525}}
Aug 19 22:06:22.645874 np0000007817 devstack@n-api.service[84260]: DEBUG oslo_concurrency.lockutils [None req-586f6d8d-68c6-4abb-b3e3-20ba89b802f3 tempest-TaggedBootDevicesTest-1941950211 tempest-TaggedBootDevicesTest-1941950211-project-member] Lock "362c546e-8f39-4b3a-87f3-0df1f536f8db" "released" by "nova.context.set_target_cell..get_or_set_cached_cell_and_set_connections" :: held 0.000s {{(pid=84260) inner /opt/stack/data/venv/lib/python3.12/site-packages/oslo_concurrency/lockutils.py:544}}
Aug 19 22:06:22.657856 np0000007817 devstack@n-api.service[84259]: INFO nova.api.openstack.requestlog [None req-c908bbd3-5387-4cef-8cb5-561a9b4533a1 tempest-ServersNegativeTestJSON-660421235 tempest-ServersNegativeTestJSON-660421235-project-member] 10.4.3.143 "POST /compute/v2.1/servers" status: 202 len: 380 microversion: 2.1 time: 0.976650
Aug 19 22:06:22.661173 np0000007817 devstack@n-api.service[84260]: WARNING neutronclient.v2_0.client [None req-586f6d8d-68c6-4abb-b3e3-20ba89b802f3 tempest-TaggedBootDevicesTest-1941950211 tempest-TaggedBootDevicesTest-1941950211-project-member] The python binding code in neutronclient is deprecated in favor of OpenstackSDK, please use that as this will be removed in a future release.
Aug 19 22:06:22.661300 np0000007817 devstack@n-api.service[84259]: [pid: 84259|app: 0|req: 53/148] 10.4.3.143 () {68 vars in 1265 bytes} [Wed Aug 19 22:06:21 2026] POST /compute/v2.1/servers => generated 380 bytes in 980 msecs (HTTP/1.1 202) 10 headers in 451 bytes (1 switches on core 0)
Aug 19 22:06:22.674168 np0000007817 devstack@n-api.service[84259]: DEBUG nova.api.openstack.wsgi [None req-89569741-9126-410f-8d37-5d0280f0e127 tempest-ServersNegativeTestJSON-660421235 tempest-ServersNegativeTestJSON-660421235-project-member] Calling method '>' {{(pid=84259) _process_stack /opt/stack/nova/nova/api/openstack/wsgi.py:551}}
Aug 19 22:06:22.682057 np0000007817 devstack@n-api.service[84259]: DEBUG nova.compute.api [None req-89569741-9126-410f-8d37-5d0280f0e127 tempest-ServersNegativeTestJSON-660421235 tempest-ServersNegativeTestJSON-660421235-project-member] [instance: 6ac893ad-be67-4f69-b4ed-fa7209a7a970] Fetching instance by UUID {{(pid=84259) get /opt/stack/nova/nova/compute/api.py:3068}}
Aug 19 22:06:22.694284 np0000007817 devstack@n-api.service[84259]: WARNING neutronclient.v2_0.client [None req-89569741-9126-410f-8d37-5d0280f0e127 tempest-ServersNegativeTestJSON-660421235 tempest-ServersNegativeTestJSON-660421235-project-member] The python binding code in neutronclient is deprecated in favor of OpenstackSDK, please use that as this will be removed in a future release.
Aug 19 22:06:22.763849 np0000007817 devstack@n-api.service[84259]: DEBUG nova.policy [None req-89569741-9126-410f-8d37-5d0280f0e127 tempest-ServersNegativeTestJSON-660421235 tempest-ServersNegativeTestJSON-660421235-project-member] Policy check for os_compute_api:os-extended-server-attributes failed with credentials {'is_admin': False, 'user_id': '4b4a1c35475843a3952e38eec4f68989', 'user_domain_id': 'default', 'system_scope': None, 'domain_id': None, 'project_id': '219088c66eff477f97cc21105504555c', 'project_domain_id': 'default', 'roles': ['member', 'reader'], 'is_admin_project': True, 'service_user_id': None, 'service_user_domain_id': None, 'service_project_id': None, 'service_project_domain_id': None, 'service_roles': []} {{(pid=84259) authorize /opt/stack/nova/nova/policy.py:202}}
Aug 19 22:06:22.774213 np0000007817 devstack@n-api.service[84259]: INFO nova.api.openstack.requestlog [None req-89569741-9126-410f-8d37-5d0280f0e127 tempest-ServersNegativeTestJSON-660421235 tempest-ServersNegativeTestJSON-660421235-project-member] 10.4.3.143 "GET /compute/v2.1/servers/6ac893ad-be67-4f69-b4ed-fa7209a7a970" status: 200 len: 1215 microversion: 2.1 time: 0.102128
Aug 19 22:06:22.774995 np0000007817 devstack@n-api.service[84259]: [pid: 84259|app: 0|req: 54/149] 10.4.3.143 () {66 vars in 1354 bytes} [Wed Aug 19 22:06:22 2026] GET /compute/v2.1/servers/6ac893ad-be67-4f69-b4ed-fa7209a7a970 => generated 1215 bytes in 103 msecs (HTTP/1.1 200) 9 headers in 358 bytes (1 switches on core 0)
Aug 19 22:06:22.820571 np0000007817 devstack@n-api.service[84260]: DEBUG nova.policy [None req-586f6d8d-68c6-4abb-b3e3-20ba89b802f3 tempest-TaggedBootDevicesTest-1941950211 tempest-TaggedBootDevicesTest-1941950211-project-member] Policy check for os_compute_api:os-extended-server-attributes failed with credentials {'is_admin': False, 'user_id': 'bc98b7357184434293c0934c4d6f56ba', 'user_domain_id': 'default', 'system_scope': None, 'domain_id': None, 'project_id': '1b55c581aaff4ff9aac7463598cfc956', 'project_domain_id': 'default', 'roles': ['member', 'reader'], 'is_admin_project': True, 'service_user_id': None, 'service_user_domain_id': None, 'service_project_id': None, 'service_project_domain_id': None, 'service_roles': []} {{(pid=84260) authorize /opt/stack/nova/nova/policy.py:202}}
Aug 19 22:06:22.822152 np0000007817 devstack@n-api.service[84261]: DEBUG nova.policy [None req-ea16bf87-6042-43b2-9fb6-354b226d3cd9 tempest-AttachVolumeShelveTestJSON-1730830348 tempest-AttachVolumeShelveTestJSON-1730830348-project-member] Policy check for os_compute_api:os-extended-server-attributes failed with credentials {'is_admin': False, 'user_id': '233a44751d09417c92693b363b84b456', 'user_domain_id': 'default', 'system_scope': None, 'domain_id': None, 'project_id': '8487be932e4445ccb217a25ef32aa741', 'project_domain_id': 'default', 'roles': ['member', 'reader'], 'is_admin_project': True, 'service_user_id': None, 'service_user_domain_id': None, 'service_project_id': None, 'service_project_domain_id': None, 'service_roles': []} {{(pid=84261) authorize /opt/stack/nova/nova/policy.py:202}}
Aug 19 22:06:22.826836 np0000007817 devstack@n-api.service[84260]: DEBUG nova.policy [None req-586f6d8d-68c6-4abb-b3e3-20ba89b802f3 tempest-TaggedBootDevicesTest-1941950211 tempest-TaggedBootDevicesTest-1941950211-project-member] Policy check for os_compute_api:servers:show:host_status failed with credentials {'is_admin': False, 'user_id': 'bc98b7357184434293c0934c4d6f56ba', 'user_domain_id': 'default', 'system_scope': None, 'domain_id': None, 'project_id': '1b55c581aaff4ff9aac7463598cfc956', 'project_domain_id': 'default', 'roles': ['member', 'reader'], 'is_admin_project': True, 'service_user_id': None, 'service_user_domain_id': None, 'service_project_id': None, 'service_project_domain_id': None, 'service_roles': []} {{(pid=84260) authorize /opt/stack/nova/nova/policy.py:202}}
Aug 19 22:06:22.827441 np0000007817 devstack@n-api.service[84261]: DEBUG nova.policy [None req-ea16bf87-6042-43b2-9fb6-354b226d3cd9 tempest-AttachVolumeShelveTestJSON-1730830348 tempest-AttachVolumeShelveTestJSON-1730830348-project-member] Policy check for os_compute_api:servers:show:host_status failed with credentials {'is_admin': False, 'user_id': '233a44751d09417c92693b363b84b456', 'user_domain_id': 'default', 'system_scope': None, 'domain_id': None, 'project_id': '8487be932e4445ccb217a25ef32aa741', 'project_domain_id': 'default', 'roles': ['member', 'reader'], 'is_admin_project': True, 'service_user_id': None, 'service_user_domain_id': None, 'service_project_id': None, 'service_project_domain_id': None, 'service_roles': []} {{(pid=84261) authorize /opt/stack/nova/nova/policy.py:202}}
Aug 19 22:06:22.827557 np0000007817 devstack@n-api.service[84260]: DEBUG nova.policy [None req-586f6d8d-68c6-4abb-b3e3-20ba89b802f3 tempest-TaggedBootDevicesTest-1941950211 tempest-TaggedBootDevicesTest-1941950211-project-member] Policy check for os_compute_api:servers:show:host_status:unknown-only failed with credentials {'is_admin': False, 'user_id': 'bc98b7357184434293c0934c4d6f56ba', 'user_domain_id': 'default', 'system_scope': None, 'domain_id': None, 'project_id': '1b55c581aaff4ff9aac7463598cfc956', 'project_domain_id': 'default', 'roles': ['member', 'reader'], 'is_admin_project': True, 'service_user_id': None, 'service_user_domain_id': None, 'service_project_id': None, 'service_project_domain_id': None, 'service_roles': []} {{(pid=84260) authorize /opt/stack/nova/nova/policy.py:202}}
Aug 19 22:06:22.828198 np0000007817 devstack@n-api.service[84261]: DEBUG nova.policy [None req-ea16bf87-6042-43b2-9fb6-354b226d3cd9 tempest-AttachVolumeShelveTestJSON-1730830348 tempest-AttachVolumeShelveTestJSON-1730830348-project-member] Policy check for os_compute_api:servers:show:host_status:unknown-only failed with credentials {'is_admin': False, 'user_id': '233a44751d09417c92693b363b84b456', 'user_domain_id': 'default', 'system_scope': None, 'domain_id': None, 'project_id': '8487be932e4445ccb217a25ef32aa741', 'project_domain_id': 'default', 'roles': ['member', 'reader'], 'is_admin_project': True, 'service_user_id': None, 'service_user_domain_id': None, 'service_project_id': None, 'service_project_domain_id': None, 'service_roles': []} {{(pid=84261) authorize /opt/stack/nova/nova/policy.py:202}}
Aug 19 22:06:22.831997 np0000007817 devstack@n-api.service[84260]: INFO nova.api.openstack.requestlog [None req-586f6d8d-68c6-4abb-b3e3-20ba89b802f3 tempest-TaggedBootDevicesTest-1941950211 tempest-TaggedBootDevicesTest-1941950211-project-member] 10.4.3.143 "GET /compute/v2.1/servers/67969fb5-b090-41d6-8b1f-4e07b74245c2" status: 200 len: 1873 microversion: 2.32 time: 0.195336
Aug 19 22:06:22.832337 np0000007817 devstack@n-api.service[84260]: [pid: 84260|app: 0|req: 42/150] 10.4.3.143 () {68 vars in 1395 bytes} [Wed Aug 19 22:06:22 2026] GET /compute/v2.1/servers/67969fb5-b090-41d6-8b1f-4e07b74245c2 => generated 1873 bytes in 196 msecs (HTTP/1.1 200) 9 headers in 360 bytes (1 switches on core 0)
Aug 19 22:06:22.832840 np0000007817 devstack@n-api.service[84261]: INFO nova.api.openstack.requestlog [None req-ea16bf87-6042-43b2-9fb6-354b226d3cd9 tempest-AttachVolumeShelveTestJSON-1730830348 tempest-AttachVolumeShelveTestJSON-1730830348-project-member] 10.4.3.143 "GET /compute/v2.1/servers/e8353e0c-0b72-40e9-9539-9c6602d8b0a8" status: 200 len: 1402 microversion: 2.20 time: 0.232311
Aug 19 22:06:22.833157 np0000007817 devstack@n-api.service[84261]: [pid: 84261|app: 0|req: 55/151] 10.4.3.143 () {68 vars in 1395 bytes} [Wed Aug 19 22:06:22 2026] GET /compute/v2.1/servers/e8353e0c-0b72-40e9-9539-9c6602d8b0a8 => generated 1402 bytes in 233 msecs (HTTP/1.1 200) 9 headers in 360 bytes (1 switches on core 0)
Aug 19 22:06:23.791290 np0000007817 devstack@n-api.service[84259]: DEBUG nova.api.openstack.wsgi [None req-25646f2d-fba0-4b21-8574-b18d275665c3 tempest-ServersNegativeTestJSON-660421235 tempest-ServersNegativeTestJSON-660421235-project-member] Calling method '>' {{(pid=84259) _process_stack /opt/stack/nova/nova/api/openstack/wsgi.py:551}}
Aug 19 22:06:23.795279 np0000007817 devstack@n-api.service[84259]: DEBUG nova.compute.api [None req-25646f2d-fba0-4b21-8574-b18d275665c3 tempest-ServersNegativeTestJSON-660421235 tempest-ServersNegativeTestJSON-660421235-project-member] [instance: 6ac893ad-be67-4f69-b4ed-fa7209a7a970] Fetching instance by UUID {{(pid=84259) get /opt/stack/nova/nova/compute/api.py:3068}}
Aug 19 22:06:23.797067 np0000007817 devstack@n-api.service[84259]: DEBUG oslo_concurrency.lockutils [None req-25646f2d-fba0-4b21-8574-b18d275665c3 tempest-ServersNegativeTestJSON-660421235 tempest-ServersNegativeTestJSON-660421235-project-member] Acquiring lock "362c546e-8f39-4b3a-87f3-0df1f536f8db" by "nova.context.set_target_cell..get_or_set_cached_cell_and_set_connections" {{(pid=84259) inner /opt/stack/data/venv/lib/python3.12/site-packages/oslo_concurrency/lockutils.py:512}}
Aug 19 22:06:23.797387 np0000007817 devstack@n-api.service[84259]: DEBUG oslo_concurrency.lockutils [None req-25646f2d-fba0-4b21-8574-b18d275665c3 tempest-ServersNegativeTestJSON-660421235 tempest-ServersNegativeTestJSON-660421235-project-member] Lock "362c546e-8f39-4b3a-87f3-0df1f536f8db" acquired by "nova.context.set_target_cell..get_or_set_cached_cell_and_set_connections" :: waited 0.000s {{(pid=84259) inner /opt/stack/data/venv/lib/python3.12/site-packages/oslo_concurrency/lockutils.py:525}}
Aug 19 22:06:23.797758 np0000007817 devstack@n-api.service[84259]: DEBUG oslo_concurrency.lockutils [None req-25646f2d-fba0-4b21-8574-b18d275665c3 tempest-ServersNegativeTestJSON-660421235 tempest-ServersNegativeTestJSON-660421235-project-member] Lock "362c546e-8f39-4b3a-87f3-0df1f536f8db" "released" by "nova.context.set_target_cell..get_or_set_cached_cell_and_set_connections" :: held 0.000s {{(pid=84259) inner /opt/stack/data/venv/lib/python3.12/site-packages/oslo_concurrency/lockutils.py:544}}
