Aug 19 22:03:19.108750 np0000007817 nova-conductor[95884]: DEBUG cotyledon.oslo_config_glue [-] oslo_messaging_rabbit.rabbit_login_method = AMQPLAIN {{(pid=95884) log_opt_values /opt/stack/data/venv/lib/python3.12/site-packages/oslo_config/cfg.py:3560}}
Aug 19 22:03:19.108750 np0000007817 nova-conductor[95884]: DEBUG cotyledon.oslo_config_glue [-] oslo_messaging_rabbit.rabbit_qos_prefetch_count = 0 {{(pid=95884) log_opt_values /opt/stack/data/venv/lib/python3.12/site-packages/oslo_config/cfg.py:3560}}
Aug 19 22:03:19.108750 np0000007817 nova-conductor[95884]: DEBUG cotyledon.oslo_config_glue [-] oslo_messaging_rabbit.rabbit_quorum_delivery_limit = 0 {{(pid=95884) log_opt_values /opt/stack/data/venv/lib/python3.12/site-packages/oslo_config/cfg.py:3560}}
Aug 19 22:03:19.108750 np0000007817 nova-conductor[95884]: DEBUG cotyledon.oslo_config_glue [-] oslo_messaging_rabbit.rabbit_quorum_max_memory_bytes = 0 {{(pid=95884) log_opt_values /opt/stack/data/venv/lib/python3.12/site-packages/oslo_config/cfg.py:3560}}
Aug 19 22:03:19.108750 np0000007817 nova-conductor[95884]: DEBUG cotyledon.oslo_config_glue [-] oslo_messaging_rabbit.rabbit_quorum_max_memory_length = 0 {{(pid=95884) log_opt_values /opt/stack/data/venv/lib/python3.12/site-packages/oslo_config/cfg.py:3560}}
Aug 19 22:03:19.108750 np0000007817 nova-conductor[95884]: DEBUG cotyledon.oslo_config_glue [-] oslo_messaging_rabbit.rabbit_quorum_queue = False {{(pid=95884) log_opt_values /opt/stack/data/venv/lib/python3.12/site-packages/oslo_config/cfg.py:3560}}
Aug 19 22:03:19.108750 np0000007817 nova-conductor[95884]: DEBUG cotyledon.oslo_config_glue [-] oslo_messaging_rabbit.rabbit_retry_backoff = 2 {{(pid=95884) log_opt_values /opt/stack/data/venv/lib/python3.12/site-packages/oslo_config/cfg.py:3560}}
Aug 19 22:03:19.108750 np0000007817 nova-conductor[95884]: DEBUG cotyledon.oslo_config_glue [-] oslo_messaging_rabbit.rabbit_retry_interval = 1 {{(pid=95884) log_opt_values /opt/stack/data/venv/lib/python3.12/site-packages/oslo_config/cfg.py:3560}}
Aug 19 22:03:19.108750 np0000007817 nova-conductor[95884]: DEBUG cotyledon.oslo_config_glue [-] oslo_messaging_rabbit.rabbit_stream_fanout = False {{(pid=95884) log_opt_values /opt/stack/data/venv/lib/python3.12/site-packages/oslo_config/cfg.py:3560}}
Aug 19 22:03:19.108922 np0000007817 nova-conductor[95884]: DEBUG cotyledon.oslo_config_glue [-] oslo_messaging_rabbit.rabbit_transient_queues_ttl = 1800 {{(pid=95884) log_opt_values /opt/stack/data/venv/lib/python3.12/site-packages/oslo_config/cfg.py:3560}}
Aug 19 22:03:19.108922 np0000007817 nova-conductor[95884]: DEBUG cotyledon.oslo_config_glue [-] oslo_messaging_rabbit.rabbit_transient_quorum_queue = False {{(pid=95884) log_opt_values /opt/stack/data/venv/lib/python3.12/site-packages/oslo_config/cfg.py:3560}}
Aug 19 22:03:19.108922 np0000007817 nova-conductor[95884]: DEBUG cotyledon.oslo_config_glue [-] oslo_messaging_rabbit.rpc_conn_pool_size = 30 {{(pid=95884) log_opt_values /opt/stack/data/venv/lib/python3.12/site-packages/oslo_config/cfg.py:3560}}
Aug 19 22:03:19.108922 np0000007817 nova-conductor[95884]: DEBUG cotyledon.oslo_config_glue [-] oslo_messaging_rabbit.ssl = False {{(pid=95884) log_opt_values /opt/stack/data/venv/lib/python3.12/site-packages/oslo_config/cfg.py:3560}}
Aug 19 22:03:19.108922 np0000007817 nova-conductor[95884]: DEBUG cotyledon.oslo_config_glue [-] oslo_messaging_rabbit.ssl_ca_file = {{(pid=95884) log_opt_values /opt/stack/data/venv/lib/python3.12/site-packages/oslo_config/cfg.py:3560}}
Aug 19 22:03:19.108922 np0000007817 nova-conductor[95884]: DEBUG cotyledon.oslo_config_glue [-] oslo_messaging_rabbit.ssl_cert_file = {{(pid=95884) log_opt_values /opt/stack/data/venv/lib/python3.12/site-packages/oslo_config/cfg.py:3560}}
Aug 19 22:03:19.108922 np0000007817 nova-conductor[95884]: DEBUG cotyledon.oslo_config_glue [-] oslo_messaging_rabbit.ssl_enforce_fips_mode = False {{(pid=95884) log_opt_values /opt/stack/data/venv/lib/python3.12/site-packages/oslo_config/cfg.py:3560}}
Aug 19 22:03:19.108922 np0000007817 nova-conductor[95884]: DEBUG cotyledon.oslo_config_glue [-] oslo_messaging_rabbit.ssl_enforce_hostname_verification = True {{(pid=95884) log_opt_values /opt/stack/data/venv/lib/python3.12/site-packages/oslo_config/cfg.py:3560}}
Aug 19 22:03:19.108922 np0000007817 nova-conductor[95884]: DEBUG cotyledon.oslo_config_glue [-] oslo_messaging_rabbit.ssl_key_file = {{(pid=95884) log_opt_values /opt/stack/data/venv/lib/python3.12/site-packages/oslo_config/cfg.py:3560}}
Aug 19 22:03:19.109096 np0000007817 nova-conductor[95884]: DEBUG cotyledon.oslo_config_glue [-] oslo_messaging_rabbit.ssl_version = {{(pid=95884) log_opt_values /opt/stack/data/venv/lib/python3.12/site-packages/oslo_config/cfg.py:3560}}
Aug 19 22:03:19.109096 np0000007817 nova-conductor[95884]: DEBUG cotyledon.oslo_config_glue [-] oslo_messaging_rabbit.use_queue_manager = False {{(pid=95884) log_opt_values /opt/stack/data/venv/lib/python3.12/site-packages/oslo_config/cfg.py:3560}}
Aug 19 22:03:19.109096 np0000007817 nova-conductor[95884]: DEBUG cotyledon.oslo_config_glue [-] oslo_messaging_notifications.driver = ['messagingv2'] {{(pid=95884) log_opt_values /opt/stack/data/venv/lib/python3.12/site-packages/oslo_config/cfg.py:3560}}
Aug 19 22:03:19.109096 np0000007817 nova-conductor[95884]: DEBUG cotyledon.oslo_config_glue [-] oslo_messaging_notifications.retry = -1 {{(pid=95884) log_opt_values /opt/stack/data/venv/lib/python3.12/site-packages/oslo_config/cfg.py:3560}}
Aug 19 22:03:19.109096 np0000007817 nova-conductor[95884]: DEBUG cotyledon.oslo_config_glue [-] oslo_messaging_notifications.topics = ['notifications'] {{(pid=95884) log_opt_values /opt/stack/data/venv/lib/python3.12/site-packages/oslo_config/cfg.py:3560}}
Aug 19 22:03:19.109096 np0000007817 nova-conductor[95884]: DEBUG cotyledon.oslo_config_glue [-] oslo_messaging_notifications.transport_url = **** {{(pid=95884) log_opt_values /opt/stack/data/venv/lib/python3.12/site-packages/oslo_config/cfg.py:3560}}
Aug 19 22:03:19.109096 np0000007817 nova-conductor[95884]: DEBUG cotyledon.oslo_config_glue [-] oslo_limit.auth_section = None {{(pid=95884) log_opt_values /opt/stack/data/venv/lib/python3.12/site-packages/oslo_config/cfg.py:3560}}
Aug 19 22:03:19.109096 np0000007817 nova-conductor[95884]: DEBUG cotyledon.oslo_config_glue [-] oslo_limit.auth_type = None {{(pid=95884) log_opt_values /opt/stack/data/venv/lib/python3.12/site-packages/oslo_config/cfg.py:3560}}
Aug 19 22:03:19.109096 np0000007817 nova-conductor[95884]: DEBUG cotyledon.oslo_config_glue [-] oslo_limit.cafile = None {{(pid=95884) log_opt_values /opt/stack/data/venv/lib/python3.12/site-packages/oslo_config/cfg.py:3560}}
Aug 19 22:03:19.109289 np0000007817 nova-conductor[95884]: DEBUG cotyledon.oslo_config_glue [-] oslo_limit.certfile = None {{(pid=95884) log_opt_values /opt/stack/data/venv/lib/python3.12/site-packages/oslo_config/cfg.py:3560}}
Aug 19 22:03:19.109289 np0000007817 nova-conductor[95884]: DEBUG cotyledon.oslo_config_glue [-] oslo_limit.collect_timing = False {{(pid=95884) log_opt_values /opt/stack/data/venv/lib/python3.12/site-packages/oslo_config/cfg.py:3560}}
Aug 19 22:03:19.109289 np0000007817 nova-conductor[95884]: DEBUG cotyledon.oslo_config_glue [-] oslo_limit.connect_retries = None {{(pid=95884) log_opt_values /opt/stack/data/venv/lib/python3.12/site-packages/oslo_config/cfg.py:3560}}
Aug 19 22:03:19.109289 np0000007817 nova-conductor[95884]: DEBUG cotyledon.oslo_config_glue [-] oslo_limit.connect_retry_delay = None {{(pid=95884) log_opt_values /opt/stack/data/venv/lib/python3.12/site-packages/oslo_config/cfg.py:3560}}
Aug 19 22:03:19.109289 np0000007817 nova-conductor[95884]: DEBUG cotyledon.oslo_config_glue [-] oslo_limit.endpoint_id = None {{(pid=95884) log_opt_values /opt/stack/data/venv/lib/python3.12/site-packages/oslo_config/cfg.py:3560}}
Aug 19 22:03:19.109289 np0000007817 nova-conductor[95884]: DEBUG cotyledon.oslo_config_glue [-] oslo_limit.endpoint_interface = public {{(pid=95884) log_opt_values /opt/stack/data/venv/lib/python3.12/site-packages/oslo_config/cfg.py:3560}}
Aug 19 22:03:19.109289 np0000007817 nova-conductor[95884]: DEBUG cotyledon.oslo_config_glue [-] oslo_limit.endpoint_override = None {{(pid=95884) log_opt_values /opt/stack/data/venv/lib/python3.12/site-packages/oslo_config/cfg.py:3560}}
Aug 19 22:03:19.109289 np0000007817 nova-conductor[95884]: DEBUG cotyledon.oslo_config_glue [-] oslo_limit.endpoint_region_name = None {{(pid=95884) log_opt_values /opt/stack/data/venv/lib/python3.12/site-packages/oslo_config/cfg.py:3560}}
Aug 19 22:03:19.109289 np0000007817 nova-conductor[95884]: DEBUG cotyledon.oslo_config_glue [-] oslo_limit.endpoint_service_name = None {{(pid=95884) log_opt_values /opt/stack/data/venv/lib/python3.12/site-packages/oslo_config/cfg.py:3560}}
Aug 19 22:03:19.109462 np0000007817 nova-conductor[95884]: DEBUG cotyledon.oslo_config_glue [-] oslo_limit.endpoint_service_type = None {{(pid=95884) log_opt_values /opt/stack/data/venv/lib/python3.12/site-packages/oslo_config/cfg.py:3560}}
Aug 19 22:03:19.109462 np0000007817 nova-conductor[95884]: DEBUG cotyledon.oslo_config_glue [-] oslo_limit.insecure = False {{(pid=95884) log_opt_values /opt/stack/data/venv/lib/python3.12/site-packages/oslo_config/cfg.py:3560}}
Aug 19 22:03:19.109462 np0000007817 nova-conductor[95884]: DEBUG cotyledon.oslo_config_glue [-] oslo_limit.keyfile = None {{(pid=95884) log_opt_values /opt/stack/data/venv/lib/python3.12/site-packages/oslo_config/cfg.py:3560}}
Aug 19 22:03:19.109462 np0000007817 nova-conductor[95884]: DEBUG cotyledon.oslo_config_glue [-] oslo_limit.max_version = None {{(pid=95884) log_opt_values /opt/stack/data/venv/lib/python3.12/site-packages/oslo_config/cfg.py:3560}}
Aug 19 22:03:19.109462 np0000007817 nova-conductor[95884]: DEBUG cotyledon.oslo_config_glue [-] oslo_limit.min_version = None {{(pid=95884) log_opt_values /opt/stack/data/venv/lib/python3.12/site-packages/oslo_config/cfg.py:3560}}
Aug 19 22:03:19.109462 np0000007817 nova-conductor[95884]: DEBUG cotyledon.oslo_config_glue [-] oslo_limit.region_name = None {{(pid=95884) log_opt_values /opt/stack/data/venv/lib/python3.12/site-packages/oslo_config/cfg.py:3560}}
Aug 19 22:03:19.109462 np0000007817 nova-conductor[95884]: DEBUG cotyledon.oslo_config_glue [-] oslo_limit.retriable_status_codes = None {{(pid=95884) log_opt_values /opt/stack/data/venv/lib/python3.12/site-packages/oslo_config/cfg.py:3560}}
Aug 19 22:03:19.109462 np0000007817 nova-conductor[95884]: DEBUG cotyledon.oslo_config_glue [-] oslo_limit.service_name = None {{(pid=95884) log_opt_values /opt/stack/data/venv/lib/python3.12/site-packages/oslo_config/cfg.py:3560}}
Aug 19 22:03:19.109462 np0000007817 nova-conductor[95884]: DEBUG cotyledon.oslo_config_glue [-] oslo_limit.service_type = None {{(pid=95884) log_opt_values /opt/stack/data/venv/lib/python3.12/site-packages/oslo_config/cfg.py:3560}}
Aug 19 22:03:19.109638 np0000007817 nova-conductor[95884]: DEBUG cotyledon.oslo_config_glue [-] oslo_limit.split_loggers = False {{(pid=95884) log_opt_values /opt/stack/data/venv/lib/python3.12/site-packages/oslo_config/cfg.py:3560}}
Aug 19 22:03:19.109638 np0000007817 nova-conductor[95884]: DEBUG cotyledon.oslo_config_glue [-] oslo_limit.status_code_retries = None {{(pid=95884) log_opt_values /opt/stack/data/venv/lib/python3.12/site-packages/oslo_config/cfg.py:3560}}
Aug 19 22:03:19.109638 np0000007817 nova-conductor[95884]: DEBUG cotyledon.oslo_config_glue [-] oslo_limit.status_code_retry_delay = None {{(pid=95884) log_opt_values /opt/stack/data/venv/lib/python3.12/site-packages/oslo_config/cfg.py:3560}}
Aug 19 22:03:19.109638 np0000007817 nova-conductor[95884]: DEBUG cotyledon.oslo_config_glue [-] oslo_limit.timeout = None {{(pid=95884) log_opt_values /opt/stack/data/venv/lib/python3.12/site-packages/oslo_config/cfg.py:3560}}
Aug 19 22:03:19.109638 np0000007817 nova-conductor[95884]: DEBUG cotyledon.oslo_config_glue [-] oslo_limit.valid_interfaces = None {{(pid=95884) log_opt_values /opt/stack/data/venv/lib/python3.12/site-packages/oslo_config/cfg.py:3560}}
Aug 19 22:03:19.109638 np0000007817 nova-conductor[95884]: DEBUG cotyledon.oslo_config_glue [-] oslo_limit.version = None {{(pid=95884) log_opt_values /opt/stack/data/venv/lib/python3.12/site-packages/oslo_config/cfg.py:3560}}
Aug 19 22:03:19.109638 np0000007817 nova-conductor[95884]: DEBUG cotyledon.oslo_config_glue [-] oslo_reports.file_event_handler = None {{(pid=95884) log_opt_values /opt/stack/data/venv/lib/python3.12/site-packages/oslo_config/cfg.py:3560}}
Aug 19 22:03:19.109638 np0000007817 nova-conductor[95884]: DEBUG cotyledon.oslo_config_glue [-] oslo_reports.file_event_handler_interval = 1 {{(pid=95884) log_opt_values /opt/stack/data/venv/lib/python3.12/site-packages/oslo_config/cfg.py:3560}}
Aug 19 22:03:19.109638 np0000007817 nova-conductor[95884]: DEBUG cotyledon.oslo_config_glue [-] oslo_reports.log_dir = None {{(pid=95884) log_opt_values /opt/stack/data/venv/lib/python3.12/site-packages/oslo_config/cfg.py:3560}}
Aug 19 22:03:19.109814 np0000007817 nova-conductor[95884]: DEBUG cotyledon.oslo_config_glue [-] ******************************************************************************** {{(pid=95884) log_opt_values /opt/stack/data/venv/lib/python3.12/site-packages/oslo_config/cfg.py:3567}}
Aug 19 22:03:19.109814 np0000007817 nova-conductor[95884]: DEBUG cotyledon._service_worker [-] Run service ServiceWrapper(2) [95884] {{(pid=95884) wait_forever /opt/stack/data/venv/lib/python3.12/site-packages/cotyledon/_service_worker.py:218}}
Aug 19 22:03:19.109814 np0000007817 nova-conductor[95884]: INFO nova.service [-] Starting conductor node (version 33.1.0)
Aug 19 22:03:19.109876 np0000007817 nova-conductor[95872]: DEBUG oslo_db.sqlalchemy.engines [None req-9b0a2d24-3f9c-46c6-8c16-475ad1c98d60 None None] MySQL server mode set to STRICT_TRANS_TABLES,STRICT_ALL_TABLES,NO_ZERO_IN_DATE,NO_ZERO_DATE,ERROR_FOR_DIVISION_BY_ZERO,TRADITIONAL,NO_ENGINE_SUBSTITUTION {{(pid=95872) _check_effective_sql_mode /opt/stack/data/venv/lib/python3.12/site-packages/oslo_db/sqlalchemy/engines.py:325}}
Aug 19 22:03:19.109909 np0000007817 nova-conductor[95884]: INFO dbcounter [None req-3096d187-b89f-40a6-a71c-0cfc7005a515 None None] Registered counter for database nova_cell0
Aug 19 22:03:19.109939 np0000007817 nova-conductor[95872]: DEBUG dbcounter [-] [95872] Writer thread running {{(pid=95872) stat_writer /opt/stack/data/venv/lib/python3.12/site-packages/dbcounter.py:102}}
Aug 19 22:03:19.111425 np0000007817 nova-conductor[95879]: DEBUG oslo_db.sqlalchemy.engines [None req-b6e01804-971f-47a4-bce4-c96c303c3811 None None] MySQL server mode set to STRICT_TRANS_TABLES,STRICT_ALL_TABLES,NO_ZERO_IN_DATE,NO_ZERO_DATE,ERROR_FOR_DIVISION_BY_ZERO,TRADITIONAL,NO_ENGINE_SUBSTITUTION {{(pid=95879) _check_effective_sql_mode /opt/stack/data/venv/lib/python3.12/site-packages/oslo_db/sqlalchemy/engines.py:325}}
Aug 19 22:03:19.113448 np0000007817 nova-conductor[95872]: DEBUG nova.service [None req-9b0a2d24-3f9c-46c6-8c16-475ad1c98d60 None None] Creating RPC server for service: nova-conductor on topic: conductor {{(pid=95872) start /opt/stack/nova/nova/service.py:262}}
Aug 19 22:03:19.119944 np0000007817 nova-conductor[95879]: DEBUG dbcounter [-] [95879] Writer thread running {{(pid=95879) stat_writer /opt/stack/data/venv/lib/python3.12/site-packages/dbcounter.py:102}}
Aug 19 22:03:19.124857 np0000007817 nova-conductor[95879]: DEBUG nova.service [None req-b6e01804-971f-47a4-bce4-c96c303c3811 None None] Creating RPC server for service: nova-conductor on topic: conductor {{(pid=95879) start /opt/stack/nova/nova/service.py:262}}
Aug 19 22:03:19.127419 np0000007817 nova-conductor[95884]: DEBUG oslo_db.sqlalchemy.engines [None req-3096d187-b89f-40a6-a71c-0cfc7005a515 None None] MySQL server mode set to STRICT_TRANS_TABLES,STRICT_ALL_TABLES,NO_ZERO_IN_DATE,NO_ZERO_DATE,ERROR_FOR_DIVISION_BY_ZERO,TRADITIONAL,NO_ENGINE_SUBSTITUTION {{(pid=95884) _check_effective_sql_mode /opt/stack/data/venv/lib/python3.12/site-packages/oslo_db/sqlalchemy/engines.py:325}}
Aug 19 22:03:19.140173 np0000007817 nova-conductor[95872]: DEBUG nova.service [None req-9b0a2d24-3f9c-46c6-8c16-475ad1c98d60 None None] Join ServiceGroup membership for this service conductor {{(pid=95872) start /opt/stack/nova/nova/service.py:288}}
Aug 19 22:03:19.140417 np0000007817 nova-conductor[95872]: DEBUG nova.servicegroup.drivers.db [None req-9b0a2d24-3f9c-46c6-8c16-475ad1c98d60 None None] DB_Driver: join new ServiceGroup member np0000007817 to the conductor group, service = {{(pid=95872) join /opt/stack/nova/nova/servicegroup/drivers/db.py:44}}
Aug 19 22:03:19.143732 np0000007817 nova-conductor[95879]: DEBUG nova.service [None req-b6e01804-971f-47a4-bce4-c96c303c3811 None None] Join ServiceGroup membership for this service conductor {{(pid=95879) start /opt/stack/nova/nova/service.py:288}}
Aug 19 22:03:19.144103 np0000007817 nova-conductor[95879]: DEBUG nova.servicegroup.drivers.db [None req-b6e01804-971f-47a4-bce4-c96c303c3811 None None] DB_Driver: join new ServiceGroup member np0000007817 to the conductor group, service = {{(pid=95879) join /opt/stack/nova/nova/servicegroup/drivers/db.py:44}}
Aug 19 22:03:19.146812 np0000007817 nova-conductor[95884]: DEBUG dbcounter [-] [95884] Writer thread running {{(pid=95884) stat_writer /opt/stack/data/venv/lib/python3.12/site-packages/dbcounter.py:102}}
Aug 19 22:03:19.152774 np0000007817 nova-conductor[95884]: DEBUG nova.service [None req-3096d187-b89f-40a6-a71c-0cfc7005a515 None None] Creating RPC server for service: nova-conductor on topic: conductor {{(pid=95884) start /opt/stack/nova/nova/service.py:262}}
Aug 19 22:03:19.168577 np0000007817 nova-conductor[95884]: DEBUG nova.service [None req-3096d187-b89f-40a6-a71c-0cfc7005a515 None None] Join ServiceGroup membership for this service conductor {{(pid=95884) start /opt/stack/nova/nova/service.py:288}}
Aug 19 22:03:19.168827 np0000007817 nova-conductor[95884]: DEBUG nova.servicegroup.drivers.db [None req-3096d187-b89f-40a6-a71c-0cfc7005a515 None None] DB_Driver: join new ServiceGroup member np0000007817 to the conductor group, service = {{(pid=95884) join /opt/stack/nova/nova/servicegroup/drivers/db.py:44}}
Aug 19 22:03:24.159397 np0000007817 nova-conductor[95879]: DEBUG oslo.service.backend._threading.loopingcall [-] Fixed interval looping call 'nova.servicegroup.drivers.db.DbDriver._report_state' sleeping for 119.99 seconds {{(pid=95879) _run_loop /opt/stack/data/venv/lib/python3.12/site-packages/oslo_service/backend/_threading/loopingcall.py:125}}
Aug 19 22:03:24.159966 np0000007817 nova-conductor[95872]: DEBUG oslo.service.backend._threading.loopingcall [-] Fixed interval looping call 'nova.servicegroup.drivers.db.DbDriver._report_state' sleeping for 119.98 seconds {{(pid=95872) _run_loop /opt/stack/data/venv/lib/python3.12/site-packages/oslo_service/backend/_threading/loopingcall.py:125}}
Aug 19 22:03:24.182921 np0000007817 nova-conductor[95884]: DEBUG oslo.service.backend._threading.loopingcall [-] Fixed interval looping call 'nova.servicegroup.drivers.db.DbDriver._report_state' sleeping for 119.99 seconds {{(pid=95884) _run_loop /opt/stack/data/venv/lib/python3.12/site-packages/oslo_service/backend/_threading/loopingcall.py:125}}
Aug 19 22:03:27.770060 np0000007817 nova-conductor[94364]: DEBUG dbcounter [-] [94364] Writing DB stats nova_api:SELECT=1 {{(pid=94364) stat_writer /opt/stack/data/venv/lib/python3.12/site-packages/dbcounter.py:115}}
Aug 19 22:03:27.889015 np0000007817 nova-conductor[94364]: DEBUG dbcounter [-] [94364] Writing DB stats nova_cell1:SELECT=1 {{(pid=94364) stat_writer /opt/stack/data/venv/lib/python3.12/site-packages/dbcounter.py:115}}
Aug 19 22:03:27.893439 np0000007817 nova-conductor[94364]: DEBUG dbcounter [-] [94364] Writing DB stats nova_cell0:SELECT=1 {{(pid=94364) stat_writer /opt/stack/data/venv/lib/python3.12/site-packages/dbcounter.py:115}}
Aug 19 22:03:34.155583 np0000007817 nova-conductor[95879]: DEBUG dbcounter [-] [95879] Writing DB stats nova_cell0:SELECT=3,nova_cell0:UPDATE=1 {{(pid=95879) stat_writer /opt/stack/data/venv/lib/python3.12/site-packages/dbcounter.py:115}}
Aug 19 22:03:34.157104 np0000007817 nova-conductor[95872]: DEBUG dbcounter [-] [95872] Writing DB stats nova_cell0:SELECT=4,nova_cell0:INSERT=1,nova_cell0:UPDATE=1 {{(pid=95872) stat_writer /opt/stack/data/venv/lib/python3.12/site-packages/dbcounter.py:115}}
Aug 19 22:03:34.181575 np0000007817 nova-conductor[95884]: DEBUG dbcounter [-] [95884] Writing DB stats nova_cell0:SELECT=3 {{(pid=95884) stat_writer /opt/stack/data/venv/lib/python3.12/site-packages/dbcounter.py:115}}
Aug 19 22:03:39.143152 np0000007817 nova-conductor[95872]: DEBUG oslo.service.backend._threading.loopingcall [None req-9ce16abd-c6e2-462b-9dfa-67703ca911bf None None] Dynamic interval looping call 'nova.service.Service.periodic_tasks' sleeping for 60.00 seconds {{(pid=95872) _run_loop /opt/stack/data/venv/lib/python3.12/site-packages/oslo_service/backend/_threading/loopingcall.py:125}}
Aug 19 22:03:39.170793 np0000007817 nova-conductor[95884]: DEBUG oslo.service.backend._threading.loopingcall [None req-205377a8-5d3c-4ce4-bce1-293a22d1509d None None] Dynamic interval looping call 'nova.service.Service.periodic_tasks' sleeping for 60.00 seconds {{(pid=95884) _run_loop /opt/stack/data/venv/lib/python3.12/site-packages/oslo_service/backend/_threading/loopingcall.py:125}}
Aug 19 22:03:47.145954 np0000007817 nova-conductor[95879]: DEBUG oslo.service.backend._threading.loopingcall [None req-ba3ae114-c43f-487c-9a03-94e2cbe56576 None None] Dynamic interval looping call 'nova.service.Service.periodic_tasks' sleeping for 60.00 seconds {{(pid=95879) _run_loop /opt/stack/data/venv/lib/python3.12/site-packages/oslo_service/backend/_threading/loopingcall.py:125}}
Aug 19 22:04:39.143649 np0000007817 nova-conductor[95872]: DEBUG oslo.service.backend._threading.loopingcall [None req-9ce16abd-c6e2-462b-9dfa-67703ca911bf None None] Dynamic interval looping call 'nova.service.Service.periodic_tasks' sleeping for 60.00 seconds {{(pid=95872) _run_loop /opt/stack/data/venv/lib/python3.12/site-packages/oslo_service/backend/_threading/loopingcall.py:125}}
Aug 19 22:04:39.171287 np0000007817 nova-conductor[95884]: DEBUG oslo.service.backend._threading.loopingcall [None req-205377a8-5d3c-4ce4-bce1-293a22d1509d None None] Dynamic interval looping call 'nova.service.Service.periodic_tasks' sleeping for 60.00 seconds {{(pid=95884) _run_loop /opt/stack/data/venv/lib/python3.12/site-packages/oslo_service/backend/_threading/loopingcall.py:125}}
Aug 19 22:04:47.146196 np0000007817 nova-conductor[95879]: DEBUG oslo.service.backend._threading.loopingcall [None req-ba3ae114-c43f-487c-9a03-94e2cbe56576 None None] Dynamic interval looping call 'nova.service.Service.periodic_tasks' sleeping for 60.00 seconds {{(pid=95879) _run_loop /opt/stack/data/venv/lib/python3.12/site-packages/oslo_service/backend/_threading/loopingcall.py:125}}
Aug 19 22:05:24.146957 np0000007817 nova-conductor[95872]: DEBUG oslo.service.backend._threading.loopingcall [-] Fixed interval looping call 'nova.servicegroup.drivers.db.DbDriver._report_state' sleeping for 119.99 seconds {{(pid=95872) _run_loop /opt/stack/data/venv/lib/python3.12/site-packages/oslo_service/backend/_threading/loopingcall.py:125}}
Aug 19 22:05:24.153912 np0000007817 nova-conductor[95879]: DEBUG oslo.service.backend._threading.loopingcall [-] Fixed interval looping call 'nova.servicegroup.drivers.db.DbDriver._report_state' sleeping for 120.00 seconds {{(pid=95879) _run_loop /opt/stack/data/venv/lib/python3.12/site-packages/oslo_service/backend/_threading/loopingcall.py:125}}
Aug 19 22:05:24.177023 np0000007817 nova-conductor[95884]: DEBUG oslo.service.backend._threading.loopingcall [-] Fixed interval looping call 'nova.servicegroup.drivers.db.DbDriver._report_state' sleeping for 120.00 seconds {{(pid=95884) _run_loop /opt/stack/data/venv/lib/python3.12/site-packages/oslo_service/backend/_threading/loopingcall.py:125}}
Aug 19 22:05:34.143654 np0000007817 nova-conductor[95872]: DEBUG dbcounter [-] [95872] Writing DB stats nova_cell0:SELECT=1,nova_cell0:UPDATE=1 {{(pid=95872) stat_writer /opt/stack/data/venv/lib/python3.12/site-packages/dbcounter.py:115}}
Aug 19 22:05:34.152283 np0000007817 nova-conductor[95879]: DEBUG dbcounter [-] [95879] Writing DB stats nova_cell0:SELECT=1 {{(pid=95879) stat_writer /opt/stack/data/venv/lib/python3.12/site-packages/dbcounter.py:115}}
Aug 19 22:05:34.175141 np0000007817 nova-conductor[95884]: DEBUG dbcounter [-] [95884] Writing DB stats nova_cell0:SELECT=1 {{(pid=95884) stat_writer /opt/stack/data/venv/lib/python3.12/site-packages/dbcounter.py:115}}
Aug 19 22:05:39.144049 np0000007817 nova-conductor[95872]: DEBUG oslo.service.backend._threading.loopingcall [None req-9ce16abd-c6e2-462b-9dfa-67703ca911bf None None] Dynamic interval looping call 'nova.service.Service.periodic_tasks' sleeping for 60.00 seconds {{(pid=95872) _run_loop /opt/stack/data/venv/lib/python3.12/site-packages/oslo_service/backend/_threading/loopingcall.py:125}}
Aug 19 22:05:39.171878 np0000007817 nova-conductor[95884]: DEBUG oslo.service.backend._threading.loopingcall [None req-205377a8-5d3c-4ce4-bce1-293a22d1509d None None] Dynamic interval looping call 'nova.service.Service.periodic_tasks' sleeping for 60.00 seconds {{(pid=95884) _run_loop /opt/stack/data/venv/lib/python3.12/site-packages/oslo_service/backend/_threading/loopingcall.py:125}}
Aug 19 22:05:42.861466 np0000007817 nova-conductor[95872]: DEBUG oslo_db.sqlalchemy.engines [None req-80b2e80f-2244-48e1-95cc-c35f7969a8ed tempest-DeleteServersTestJSON-929365642 tempest-DeleteServersTestJSON-929365642-project-member] Parent process 94364 forked (95872) with an open database connection, which is being discarded and recreated. {{(pid=95872) checkout /opt/stack/data/venv/lib/python3.12/site-packages/oslo_db/sqlalchemy/engines.py:402}}
Aug 19 22:05:42.898972 np0000007817 nova-conductor[95872]: DEBUG dbcounter [-] [95872] Writer thread running {{(pid=95872) stat_writer /opt/stack/data/venv/lib/python3.12/site-packages/dbcounter.py:102}}
Aug 19 22:05:43.808624 np0000007817 nova-conductor[95872]: DEBUG nova.conductor.manager [None req-80b2e80f-2244-48e1-95cc-c35f7969a8ed tempest-DeleteServersTestJSON-929365642 tempest-DeleteServersTestJSON-929365642-project-member] Took 0.91 seconds to select destinations for 1 instance(s). {{(pid=95872) _schedule_instances /opt/stack/nova/nova/conductor/manager.py:956}}
Aug 19 22:05:43.849398 np0000007817 nova-conductor[95872]: DEBUG oslo_concurrency.lockutils [None req-80b2e80f-2244-48e1-95cc-c35f7969a8ed tempest-DeleteServersTestJSON-929365642 tempest-DeleteServersTestJSON-929365642-project-member] Acquiring lock "362c546e-8f39-4b3a-87f3-0df1f536f8db" by "nova.context.set_target_cell..get_or_set_cached_cell_and_set_connections" {{(pid=95872) inner /opt/stack/data/venv/lib/python3.12/site-packages/oslo_concurrency/lockutils.py:512}}
Aug 19 22:05:43.849764 np0000007817 nova-conductor[95872]: DEBUG oslo_concurrency.lockutils [None req-80b2e80f-2244-48e1-95cc-c35f7969a8ed tempest-DeleteServersTestJSON-929365642 tempest-DeleteServersTestJSON-929365642-project-member] Lock "362c546e-8f39-4b3a-87f3-0df1f536f8db" acquired by "nova.context.set_target_cell..get_or_set_cached_cell_and_set_connections" :: waited 0.000s {{(pid=95872) inner /opt/stack/data/venv/lib/python3.12/site-packages/oslo_concurrency/lockutils.py:525}}
Aug 19 22:05:43.851441 np0000007817 nova-conductor[95872]: DEBUG oslo_concurrency.lockutils [None req-80b2e80f-2244-48e1-95cc-c35f7969a8ed tempest-DeleteServersTestJSON-929365642 tempest-DeleteServersTestJSON-929365642-project-member] Lock "362c546e-8f39-4b3a-87f3-0df1f536f8db" "released" by "nova.context.set_target_cell..get_or_set_cached_cell_and_set_connections" :: held 0.002s {{(pid=95872) inner /opt/stack/data/venv/lib/python3.12/site-packages/oslo_concurrency/lockutils.py:544}}
Aug 19 22:05:43.853772 np0000007817 nova-conductor[95872]: INFO dbcounter [None req-80b2e80f-2244-48e1-95cc-c35f7969a8ed tempest-DeleteServersTestJSON-929365642 tempest-DeleteServersTestJSON-929365642-project-member] Registered counter for database nova_cell1
Aug 19 22:05:43.898460 np0000007817 nova-conductor[95872]: DEBUG oslo_db.sqlalchemy.engines [None req-80b2e80f-2244-48e1-95cc-c35f7969a8ed tempest-DeleteServersTestJSON-929365642 tempest-DeleteServersTestJSON-929365642-project-member] MySQL server mode set to STRICT_TRANS_TABLES,STRICT_ALL_TABLES,NO_ZERO_IN_DATE,NO_ZERO_DATE,ERROR_FOR_DIVISION_BY_ZERO,TRADITIONAL,NO_ENGINE_SUBSTITUTION {{(pid=95872) _check_effective_sql_mode /opt/stack/data/venv/lib/python3.12/site-packages/oslo_db/sqlalchemy/engines.py:325}}
Aug 19 22:05:43.905146 np0000007817 nova-conductor[95872]: DEBUG dbcounter [-] [95872] Writer thread running {{(pid=95872) stat_writer /opt/stack/data/venv/lib/python3.12/site-packages/dbcounter.py:102}}
Aug 19 22:05:43.958753 np0000007817 nova-conductor[95872]: INFO nova.utils [None req-80b2e80f-2244-48e1-95cc-c35f7969a8ed tempest-DeleteServersTestJSON-929365642 tempest-DeleteServersTestJSON-929365642-project-member] The cell worker thread pool ForkProcess-1.cell_worker is initialized
Aug 19 22:05:43.959039 np0000007817 nova-conductor[95872]: DEBUG oslo_concurrency.lockutils [None req-80b2e80f-2244-48e1-95cc-c35f7969a8ed tempest-DeleteServersTestJSON-929365642 tempest-DeleteServersTestJSON-929365642-project-member] Acquiring lock "00000000-0000-0000-0000-000000000000" by "nova.context.set_target_cell..get_or_set_cached_cell_and_set_connections" {{(pid=95872) inner /opt/stack/data/venv/lib/python3.12/site-packages/oslo_concurrency/lockutils.py:512}}
Aug 19 22:05:43.959272 np0000007817 nova-conductor[95872]: DEBUG oslo_concurrency.lockutils [None req-80b2e80f-2244-48e1-95cc-c35f7969a8ed tempest-DeleteServersTestJSON-929365642 tempest-DeleteServersTestJSON-929365642-project-member] Lock "00000000-0000-0000-0000-000000000000" acquired by "nova.context.set_target_cell..get_or_set_cached_cell_and_set_connections" :: waited 0.000s {{(pid=95872) inner /opt/stack/data/venv/lib/python3.12/site-packages/oslo_concurrency/lockutils.py:525}}
Aug 19 22:05:43.959538 np0000007817 nova-conductor[95872]: DEBUG oslo_concurrency.lockutils [None req-80b2e80f-2244-48e1-95cc-c35f7969a8ed tempest-DeleteServersTestJSON-929365642 tempest-DeleteServersTestJSON-929365642-project-member] Lock "00000000-0000-0000-0000-000000000000" "released" by "nova.context.set_target_cell..get_or_set_cached_cell_and_set_connections" :: held 0.000s {{(pid=95872) inner /opt/stack/data/venv/lib/python3.12/site-packages/oslo_concurrency/lockutils.py:544}}
Aug 19 22:05:43.960532 np0000007817 nova-conductor[95872]: DEBUG oslo_concurrency.lockutils [None req-80b2e80f-2244-48e1-95cc-c35f7969a8ed tempest-DeleteServersTestJSON-929365642 tempest-DeleteServersTestJSON-929365642-project-member] Acquiring lock "362c546e-8f39-4b3a-87f3-0df1f536f8db" by "nova.context.set_target_cell..get_or_set_cached_cell_and_set_connections" {{(pid=95872) inner /opt/stack/data/venv/lib/python3.12/site-packages/oslo_concurrency/lockutils.py:512}}
Aug 19 22:05:43.960532 np0000007817 nova-conductor[95872]: DEBUG oslo_concurrency.lockutils [None req-80b2e80f-2244-48e1-95cc-c35f7969a8ed tempest-DeleteServersTestJSON-929365642 tempest-DeleteServersTestJSON-929365642-project-member] Lock "362c546e-8f39-4b3a-87f3-0df1f536f8db" acquired by "nova.context.set_target_cell..get_or_set_cached_cell_and_set_connections" :: waited 0.000s {{(pid=95872) inner /opt/stack/data/venv/lib/python3.12/site-packages/oslo_concurrency/lockutils.py:525}}
Aug 19 22:05:43.960532 np0000007817 nova-conductor[95872]: DEBUG oslo_concurrency.lockutils [None req-80b2e80f-2244-48e1-95cc-c35f7969a8ed tempest-DeleteServersTestJSON-929365642 tempest-DeleteServersTestJSON-929365642-project-member] Lock "362c546e-8f39-4b3a-87f3-0df1f536f8db" "released" by "nova.context.set_target_cell..get_or_set_cached_cell_and_set_connections" :: held 0.000s {{(pid=95872) inner /opt/stack/data/venv/lib/python3.12/site-packages/oslo_concurrency/lockutils.py:544}}
Aug 19 22:05:43.961989 np0000007817 nova-conductor[95872]: INFO dbcounter [None req-80b2e80f-2244-48e1-95cc-c35f7969a8ed tempest-DeleteServersTestJSON-929365642 tempest-DeleteServersTestJSON-929365642-project-member] Registered counter for database nova_cell0
Aug 19 22:05:44.005072 np0000007817 nova-conductor[95872]: DEBUG oslo_db.sqlalchemy.engines [None req-80b2e80f-2244-48e1-95cc-c35f7969a8ed tempest-DeleteServersTestJSON-929365642 tempest-DeleteServersTestJSON-929365642-project-member] MySQL server mode set to STRICT_TRANS_TABLES,STRICT_ALL_TABLES,NO_ZERO_IN_DATE,NO_ZERO_DATE,ERROR_FOR_DIVISION_BY_ZERO,TRADITIONAL,NO_ENGINE_SUBSTITUTION {{(pid=95872) _check_effective_sql_mode /opt/stack/data/venv/lib/python3.12/site-packages/oslo_db/sqlalchemy/engines.py:325}}
Aug 19 22:05:44.014440 np0000007817 nova-conductor[95872]: DEBUG dbcounter [-] [95872] Writer thread running {{(pid=95872) stat_writer /opt/stack/data/venv/lib/python3.12/site-packages/dbcounter.py:102}}
Aug 19 22:05:44.030527 np0000007817 nova-conductor[95872]: DEBUG nova.quota [None req-80b2e80f-2244-48e1-95cc-c35f7969a8ed tempest-DeleteServersTestJSON-929365642 tempest-DeleteServersTestJSON-929365642-project-member] Getting quotas for project 92bcab9c377e448b96901076f49c48ab. Resources: {'ram', 'instances', 'cores'} {{(pid=95872) _get_quotas /opt/stack/nova/nova/quota.py:389}}
Aug 19 22:05:44.035162 np0000007817 nova-conductor[95872]: DEBUG nova.quota [None req-80b2e80f-2244-48e1-95cc-c35f7969a8ed tempest-DeleteServersTestJSON-929365642 tempest-DeleteServersTestJSON-929365642-project-member] Getting quotas for user 0e6f6c2189644ae5acc01ff7c0f672be and project 92bcab9c377e448b96901076f49c48ab. Resources: {'ram', 'instances', 'cores'} {{(pid=95872) _get_quotas /opt/stack/nova/nova/quota.py:379}}
Aug 19 22:05:44.042503 np0000007817 nova-conductor[95872]: DEBUG nova.conductor.manager [None req-80b2e80f-2244-48e1-95cc-c35f7969a8ed tempest-DeleteServersTestJSON-929365642 tempest-DeleteServersTestJSON-929365642-project-member] [instance: 994d44f5-5d4a-4045-9c39-6f9ecdf70e7f] Selected host: np0000007817; Selected node: np0000007817; Alternates: [] {{(pid=95872) schedule_and_build_instances /opt/stack/nova/nova/conductor/manager.py:1772}}
Aug 19 22:05:44.043469 np0000007817 nova-conductor[95872]: DEBUG oslo_concurrency.lockutils [None req-80b2e80f-2244-48e1-95cc-c35f7969a8ed tempest-DeleteServersTestJSON-929365642 tempest-DeleteServersTestJSON-929365642-project-member] Acquiring lock "362c546e-8f39-4b3a-87f3-0df1f536f8db" by "nova.context.set_target_cell..get_or_set_cached_cell_and_set_connections" {{(pid=95872) inner /opt/stack/data/venv/lib/python3.12/site-packages/oslo_concurrency/lockutils.py:512}}
Aug 19 22:05:44.043739 np0000007817 nova-conductor[95872]: DEBUG oslo_concurrency.lockutils [None req-80b2e80f-2244-48e1-95cc-c35f7969a8ed tempest-DeleteServersTestJSON-929365642 tempest-DeleteServersTestJSON-929365642-project-member] Lock "362c546e-8f39-4b3a-87f3-0df1f536f8db" acquired by "nova.context.set_target_cell..get_or_set_cached_cell_and_set_connections" :: waited 0.000s {{(pid=95872) inner /opt/stack/data/venv/lib/python3.12/site-packages/oslo_concurrency/lockutils.py:525}}
Aug 19 22:05:44.043940 np0000007817 nova-conductor[95872]: DEBUG oslo_concurrency.lockutils [None req-80b2e80f-2244-48e1-95cc-c35f7969a8ed tempest-DeleteServersTestJSON-929365642 tempest-DeleteServersTestJSON-929365642-project-member] Lock "362c546e-8f39-4b3a-87f3-0df1f536f8db" "released" by "nova.context.set_target_cell..get_or_set_cached_cell_and_set_connections" :: held 0.000s {{(pid=95872) inner /opt/stack/data/venv/lib/python3.12/site-packages/oslo_concurrency/lockutils.py:544}}
Aug 19 22:05:44.063634 np0000007817 nova-conductor[95872]: DEBUG nova.conductor.manager [None req-80b2e80f-2244-48e1-95cc-c35f7969a8ed tempest-DeleteServersTestJSON-929365642 tempest-DeleteServersTestJSON-929365642-project-member] [instance: 994d44f5-5d4a-4045-9c39-6f9ecdf70e7f] block_device_mapping [BlockDeviceMapping(attachment_id=,boot_index=0,connection_info=None,created_at=,delete_on_termination=True,deleted=,deleted_at=,destination_type='local',device_name=None,device_type='disk',disk_bus=None,encrypted=False,encryption_format=None,encryption_options=None,encryption_secret_uuid=None,guest_format=None,id=,image_id='436f2ce4-07a5-4da6-b2a1-5df9c3ba33ad',instance=,instance_uuid=,no_device=False,snapshot_id=None,source_type='image',tag=None,updated_at=,uuid=,volume_id=None,volume_size=None,volume_type=None)] {{(pid=95872) _create_block_device_mapping /opt/stack/nova/nova/conductor/manager.py:1517}}
Aug 19 22:05:44.065066 np0000007817 nova-conductor[95872]: DEBUG oslo_concurrency.lockutils [None req-80b2e80f-2244-48e1-95cc-c35f7969a8ed tempest-DeleteServersTestJSON-929365642 tempest-DeleteServersTestJSON-929365642-project-member] Acquiring lock "362c546e-8f39-4b3a-87f3-0df1f536f8db" by "nova.context.set_target_cell..get_or_set_cached_cell_and_set_connections" {{(pid=95872) inner /opt/stack/data/venv/lib/python3.12/site-packages/oslo_concurrency/lockutils.py:512}}
Aug 19 22:05:44.065385 np0000007817 nova-conductor[95872]: DEBUG oslo_concurrency.lockutils [None req-80b2e80f-2244-48e1-95cc-c35f7969a8ed tempest-DeleteServersTestJSON-929365642 tempest-DeleteServersTestJSON-929365642-project-member] Lock "362c546e-8f39-4b3a-87f3-0df1f536f8db" acquired by "nova.context.set_target_cell..get_or_set_cached_cell_and_set_connections" :: waited 0.000s {{(pid=95872) inner /opt/stack/data/venv/lib/python3.12/site-packages/oslo_concurrency/lockutils.py:525}}
Aug 19 22:05:44.065385 np0000007817 nova-conductor[95872]: DEBUG oslo_concurrency.lockutils [None req-80b2e80f-2244-48e1-95cc-c35f7969a8ed tempest-DeleteServersTestJSON-929365642 tempest-DeleteServersTestJSON-929365642-project-member] Lock "362c546e-8f39-4b3a-87f3-0df1f536f8db" "released" by "nova.context.set_target_cell..get_or_set_cached_cell_and_set_connections" :: held 0.000s {{(pid=95872) inner /opt/stack/data/venv/lib/python3.12/site-packages/oslo_concurrency/lockutils.py:544}}
Aug 19 22:05:44.113069 np0000007817 nova-conductor[95872]: DEBUG oslo_concurrency.lockutils [None req-80b2e80f-2244-48e1-95cc-c35f7969a8ed tempest-DeleteServersTestJSON-929365642 tempest-DeleteServersTestJSON-929365642-project-member] Acquiring lock "362c546e-8f39-4b3a-87f3-0df1f536f8db" by "nova.context.set_target_cell..get_or_set_cached_cell_and_set_connections" {{(pid=95872) inner /opt/stack/data/venv/lib/python3.12/site-packages/oslo_concurrency/lockutils.py:512}}
Aug 19 22:05:44.113284 np0000007817 nova-conductor[95872]: DEBUG oslo_concurrency.lockutils [None req-80b2e80f-2244-48e1-95cc-c35f7969a8ed tempest-DeleteServersTestJSON-929365642 tempest-DeleteServersTestJSON-929365642-project-member] Lock "362c546e-8f39-4b3a-87f3-0df1f536f8db" acquired by "nova.context.set_target_cell..get_or_set_cached_cell_and_set_connections" :: waited 0.000s {{(pid=95872) inner /opt/stack/data/venv/lib/python3.12/site-packages/oslo_concurrency/lockutils.py:525}}
Aug 19 22:05:44.113460 np0000007817 nova-conductor[95872]: DEBUG oslo_concurrency.lockutils [None req-80b2e80f-2244-48e1-95cc-c35f7969a8ed tempest-DeleteServersTestJSON-929365642 tempest-DeleteServersTestJSON-929365642-project-member] Lock "362c546e-8f39-4b3a-87f3-0df1f536f8db" "released" by "nova.context.set_target_cell..get_or_set_cached_cell_and_set_connections" :: held 0.000s {{(pid=95872) inner /opt/stack/data/venv/lib/python3.12/site-packages/oslo_concurrency/lockutils.py:544}}
Aug 19 22:05:44.114232 np0000007817 nova-conductor[95872]: DEBUG oslo_concurrency.lockutils [None req-80b2e80f-2244-48e1-95cc-c35f7969a8ed tempest-DeleteServersTestJSON-929365642 tempest-DeleteServersTestJSON-929365642-project-member] Acquiring lock "compute-rpcapi-router" {{(pid=95872) lock /opt/stack/data/venv/lib/python3.12/site-packages/oslo_concurrency/lockutils.py:396}}
Aug 19 22:05:44.114380 np0000007817 nova-conductor[95872]: DEBUG oslo_concurrency.lockutils [None req-80b2e80f-2244-48e1-95cc-c35f7969a8ed tempest-DeleteServersTestJSON-929365642 tempest-DeleteServersTestJSON-929365642-project-member] Acquired lock "compute-rpcapi-router" {{(pid=95872) lock /opt/stack/data/venv/lib/python3.12/site-packages/oslo_concurrency/lockutils.py:399}}
Aug 19 22:05:44.115026 np0000007817 nova-conductor[95872]: DEBUG oslo_concurrency.lockutils [None req-a6ceda1a-750a-4557-ae31-7867f58437b3 None None] Acquiring lock "00000000-0000-0000-0000-000000000000" by "nova.context.set_target_cell..get_or_set_cached_cell_and_set_connections" {{(pid=95872) inner /opt/stack/data/venv/lib/python3.12/site-packages/oslo_concurrency/lockutils.py:512}}
Aug 19 22:05:44.115186 np0000007817 nova-conductor[95872]: DEBUG oslo_concurrency.lockutils [None req-a6ceda1a-750a-4557-ae31-7867f58437b3 None None] Lock "00000000-0000-0000-0000-000000000000" acquired by "nova.context.set_target_cell..get_or_set_cached_cell_and_set_connections" :: waited 0.000s {{(pid=95872) inner /opt/stack/data/venv/lib/python3.12/site-packages/oslo_concurrency/lockutils.py:525}}
Aug 19 22:05:44.115453 np0000007817 nova-conductor[95872]: DEBUG oslo_concurrency.lockutils [None req-a6ceda1a-750a-4557-ae31-7867f58437b3 None None] Lock "00000000-0000-0000-0000-000000000000" "released" by "nova.context.set_target_cell..get_or_set_cached_cell_and_set_connections" :: held 0.000s {{(pid=95872) inner /opt/stack/data/venv/lib/python3.12/site-packages/oslo_concurrency/lockutils.py:544}}
Aug 19 22:05:44.116187 np0000007817 nova-conductor[95872]: DEBUG oslo_concurrency.lockutils [None req-a6ceda1a-750a-4557-ae31-7867f58437b3 None None] Acquiring lock "362c546e-8f39-4b3a-87f3-0df1f536f8db" by "nova.context.set_target_cell..get_or_set_cached_cell_and_set_connections" {{(pid=95872) inner /opt/stack/data/venv/lib/python3.12/site-packages/oslo_concurrency/lockutils.py:512}}
Aug 19 22:05:44.117669 np0000007817 nova-conductor[95872]: DEBUG oslo_concurrency.lockutils [None req-a6ceda1a-750a-4557-ae31-7867f58437b3 None None] Lock "362c546e-8f39-4b3a-87f3-0df1f536f8db" acquired by "nova.context.set_target_cell..get_or_set_cached_cell_and_set_connections" :: waited 0.001s {{(pid=95872) inner /opt/stack/data/venv/lib/python3.12/site-packages/oslo_concurrency/lockutils.py:525}}
Aug 19 22:05:44.117669 np0000007817 nova-conductor[95872]: DEBUG oslo_concurrency.lockutils [None req-a6ceda1a-750a-4557-ae31-7867f58437b3 None None] Lock "362c546e-8f39-4b3a-87f3-0df1f536f8db" "released" by "nova.context.set_target_cell..get_or_set_cached_cell_and_set_connections" :: held 0.000s {{(pid=95872) inner /opt/stack/data/venv/lib/python3.12/site-packages/oslo_concurrency/lockutils.py:544}}
Aug 19 22:05:44.131560 np0000007817 nova-conductor[95872]: INFO nova.compute.rpcapi [None req-a6ceda1a-750a-4557-ae31-7867f58437b3 None None] Automatically selected compute RPC version 6.5 from minimum service version 72
Aug 19 22:05:44.131995 np0000007817 nova-conductor[95872]: DEBUG oslo_concurrency.lockutils [None req-a6ceda1a-750a-4557-ae31-7867f58437b3 None None] Releasing lock "compute-rpcapi-router" {{(pid=95872) lock /opt/stack/data/venv/lib/python3.12/site-packages/oslo_concurrency/lockutils.py:419}}
Aug 19 22:05:47.146805 np0000007817 nova-conductor[95879]: DEBUG oslo.service.backend._threading.loopingcall [None req-ba3ae114-c43f-487c-9a03-94e2cbe56576 None None] Dynamic interval looping call 'nova.service.Service.periodic_tasks' sleeping for 60.00 seconds {{(pid=95879) _run_loop /opt/stack/data/venv/lib/python3.12/site-packages/oslo_service/backend/_threading/loopingcall.py:125}}
Aug 19 22:05:48.686840 np0000007817 nova-conductor[95879]: DEBUG dbcounter [-] [95879] Writer thread running {{(pid=95879) stat_writer /opt/stack/data/venv/lib/python3.12/site-packages/dbcounter.py:102}}
Aug 19 22:05:49.092864 np0000007817 nova-conductor[95879]: DEBUG nova.conductor.manager [None req-f29aefda-f605-426e-a53b-719e161b22be tempest-ServerActionsTestOtherB-546604740 tempest-ServerActionsTestOtherB-546604740-project-member] Took 0.40 seconds to select destinations for 1 instance(s). {{(pid=95879) _schedule_instances /opt/stack/nova/nova/conductor/manager.py:956}}
Aug 19 22:05:49.139942 np0000007817 nova-conductor[95879]: DEBUG oslo_concurrency.lockutils [None req-f29aefda-f605-426e-a53b-719e161b22be tempest-ServerActionsTestOtherB-546604740 tempest-ServerActionsTestOtherB-546604740-project-member] Acquiring lock "362c546e-8f39-4b3a-87f3-0df1f536f8db" by "nova.context.set_target_cell..get_or_set_cached_cell_and_set_connections" {{(pid=95879) inner /opt/stack/data/venv/lib/python3.12/site-packages/oslo_concurrency/lockutils.py:512}}
Aug 19 22:05:49.140464 np0000007817 nova-conductor[95879]: DEBUG oslo_concurrency.lockutils [None req-f29aefda-f605-426e-a53b-719e161b22be tempest-ServerActionsTestOtherB-546604740 tempest-ServerActionsTestOtherB-546604740-project-member] Lock "362c546e-8f39-4b3a-87f3-0df1f536f8db" acquired by "nova.context.set_target_cell..get_or_set_cached_cell_and_set_connections" :: waited 0.001s {{(pid=95879) inner /opt/stack/data/venv/lib/python3.12/site-packages/oslo_concurrency/lockutils.py:525}}
Aug 19 22:05:49.142336 np0000007817 nova-conductor[95879]: DEBUG oslo_concurrency.lockutils [None req-f29aefda-f605-426e-a53b-719e161b22be tempest-ServerActionsTestOtherB-546604740 tempest-ServerActionsTestOtherB-546604740-project-member] Lock "362c546e-8f39-4b3a-87f3-0df1f536f8db" "released" by "nova.context.set_target_cell..get_or_set_cached_cell_and_set_connections" :: held 0.002s {{(pid=95879) inner /opt/stack/data/venv/lib/python3.12/site-packages/oslo_concurrency/lockutils.py:544}}
Aug 19 22:05:49.145308 np0000007817 nova-conductor[95879]: INFO dbcounter [None req-f29aefda-f605-426e-a53b-719e161b22be tempest-ServerActionsTestOtherB-546604740 tempest-ServerActionsTestOtherB-546604740-project-member] Registered counter for database nova_cell1
Aug 19 22:05:49.192930 np0000007817 nova-conductor[95879]: DEBUG oslo_db.sqlalchemy.engines [None req-f29aefda-f605-426e-a53b-719e161b22be tempest-ServerActionsTestOtherB-546604740 tempest-ServerActionsTestOtherB-546604740-project-member] MySQL server mode set to STRICT_TRANS_TABLES,STRICT_ALL_TABLES,NO_ZERO_IN_DATE,NO_ZERO_DATE,ERROR_FOR_DIVISION_BY_ZERO,TRADITIONAL,NO_ENGINE_SUBSTITUTION {{(pid=95879) _check_effective_sql_mode /opt/stack/data/venv/lib/python3.12/site-packages/oslo_db/sqlalchemy/engines.py:325}}
Aug 19 22:05:49.199585 np0000007817 nova-conductor[95879]: DEBUG dbcounter [-] [95879] Writer thread running {{(pid=95879) stat_writer /opt/stack/data/venv/lib/python3.12/site-packages/dbcounter.py:102}}
Aug 19 22:05:49.273537 np0000007817 nova-conductor[95879]: INFO nova.utils [None req-f29aefda-f605-426e-a53b-719e161b22be tempest-ServerActionsTestOtherB-546604740 tempest-ServerActionsTestOtherB-546604740-project-member] The cell worker thread pool ForkProcess-2.cell_worker is initialized
Aug 19 22:05:49.274478 np0000007817 nova-conductor[95879]: DEBUG oslo_concurrency.lockutils [None req-f29aefda-f605-426e-a53b-719e161b22be tempest-ServerActionsTestOtherB-546604740 tempest-ServerActionsTestOtherB-546604740-project-member] Acquiring lock "00000000-0000-0000-0000-000000000000" by "nova.context.set_target_cell..get_or_set_cached_cell_and_set_connections" {{(pid=95879) inner /opt/stack/data/venv/lib/python3.12/site-packages/oslo_concurrency/lockutils.py:512}}
Aug 19 22:05:49.274478 np0000007817 nova-conductor[95879]: DEBUG oslo_concurrency.lockutils [None req-f29aefda-f605-426e-a53b-719e161b22be tempest-ServerActionsTestOtherB-546604740 tempest-ServerActionsTestOtherB-546604740-project-member] Lock "00000000-0000-0000-0000-000000000000" acquired by "nova.context.set_target_cell..get_or_set_cached_cell_and_set_connections" :: waited 0.000s {{(pid=95879) inner /opt/stack/data/venv/lib/python3.12/site-packages/oslo_concurrency/lockutils.py:525}}
Aug 19 22:05:49.274804 np0000007817 nova-conductor[95879]: DEBUG oslo_concurrency.lockutils [None req-f29aefda-f605-426e-a53b-719e161b22be tempest-ServerActionsTestOtherB-546604740 tempest-ServerActionsTestOtherB-546604740-project-member] Lock "00000000-0000-0000-0000-000000000000" "released" by "nova.context.set_target_cell..get_or_set_cached_cell_and_set_connections" :: held 0.001s {{(pid=95879) inner /opt/stack/data/venv/lib/python3.12/site-packages/oslo_concurrency/lockutils.py:544}}
Aug 19 22:05:49.275678 np0000007817 nova-conductor[95879]: DEBUG oslo_concurrency.lockutils [None req-f29aefda-f605-426e-a53b-719e161b22be tempest-ServerActionsTestOtherB-546604740 tempest-ServerActionsTestOtherB-546604740-project-member] Acquiring lock "362c546e-8f39-4b3a-87f3-0df1f536f8db" by "nova.context.set_target_cell..get_or_set_cached_cell_and_set_connections" {{(pid=95879) inner /opt/stack/data/venv/lib/python3.12/site-packages/oslo_concurrency/lockutils.py:512}}
Aug 19 22:05:49.277552 np0000007817 nova-conductor[95879]: INFO dbcounter [None req-f29aefda-f605-426e-a53b-719e161b22be tempest-ServerActionsTestOtherB-546604740 tempest-ServerActionsTestOtherB-546604740-project-member] Registered counter for database nova_cell0
Aug 19 22:05:49.278955 np0000007817 nova-conductor[95879]: DEBUG oslo_concurrency.lockutils [None req-f29aefda-f605-426e-a53b-719e161b22be tempest-ServerActionsTestOtherB-546604740 tempest-ServerActionsTestOtherB-546604740-project-member] Lock "362c546e-8f39-4b3a-87f3-0df1f536f8db" acquired by "nova.context.set_target_cell..get_or_set_cached_cell_and_set_connections" :: waited 0.002s {{(pid=95879) inner /opt/stack/data/venv/lib/python3.12/site-packages/oslo_concurrency/lockutils.py:525}}
