May 18 21:36:19.272436 np0000001001 nova-scheduler[95453]: DEBUG cotyledon.oslo_config_glue [-] oslo_messaging_notifications.driver = ['messagingv2'] {{(pid=95453) log_opt_values /opt/stack/data/venv/lib/python3.12/site-packages/oslo_config/cfg.py:3006}}
May 18 21:36:19.272554 np0000001001 nova-scheduler[95453]: DEBUG cotyledon.oslo_config_glue [-] oslo_messaging_notifications.retry = -1 {{(pid=95453) log_opt_values /opt/stack/data/venv/lib/python3.12/site-packages/oslo_config/cfg.py:3006}}
May 18 21:36:19.272554 np0000001001 nova-scheduler[95453]: DEBUG cotyledon.oslo_config_glue [-] oslo_messaging_notifications.topics = ['notifications'] {{(pid=95453) log_opt_values /opt/stack/data/venv/lib/python3.12/site-packages/oslo_config/cfg.py:3006}}
May 18 21:36:19.272627 np0000001001 nova-scheduler[95453]: DEBUG cotyledon.oslo_config_glue [-] oslo_messaging_notifications.transport_url = **** {{(pid=95453) log_opt_values /opt/stack/data/venv/lib/python3.12/site-packages/oslo_config/cfg.py:3006}}
May 18 21:36:19.272686 np0000001001 nova-scheduler[95453]: DEBUG cotyledon.oslo_config_glue [-] oslo_limit.auth_section = None {{(pid=95453) log_opt_values /opt/stack/data/venv/lib/python3.12/site-packages/oslo_config/cfg.py:3006}}
May 18 21:36:19.272734 np0000001001 nova-scheduler[95453]: DEBUG cotyledon.oslo_config_glue [-] oslo_limit.auth_type = None {{(pid=95453) log_opt_values /opt/stack/data/venv/lib/python3.12/site-packages/oslo_config/cfg.py:3006}}
May 18 21:36:19.272787 np0000001001 nova-scheduler[95453]: DEBUG cotyledon.oslo_config_glue [-] oslo_limit.cafile = None {{(pid=95453) log_opt_values /opt/stack/data/venv/lib/python3.12/site-packages/oslo_config/cfg.py:3006}}
May 18 21:36:19.272824 np0000001001 nova-scheduler[95453]: DEBUG cotyledon.oslo_config_glue [-] oslo_limit.certfile = None {{(pid=95453) log_opt_values /opt/stack/data/venv/lib/python3.12/site-packages/oslo_config/cfg.py:3006}}
May 18 21:36:19.272883 np0000001001 nova-scheduler[95453]: DEBUG cotyledon.oslo_config_glue [-] oslo_limit.collect_timing = False {{(pid=95453) log_opt_values /opt/stack/data/venv/lib/python3.12/site-packages/oslo_config/cfg.py:3006}}
May 18 21:36:19.272926 np0000001001 nova-scheduler[95453]: DEBUG cotyledon.oslo_config_glue [-] oslo_limit.connect_retries = None {{(pid=95453) log_opt_values /opt/stack/data/venv/lib/python3.12/site-packages/oslo_config/cfg.py:3006}}
May 18 21:36:19.272983 np0000001001 nova-scheduler[95453]: DEBUG cotyledon.oslo_config_glue [-] oslo_limit.connect_retry_delay = None {{(pid=95453) log_opt_values /opt/stack/data/venv/lib/python3.12/site-packages/oslo_config/cfg.py:3006}}
May 18 21:36:19.273054 np0000001001 nova-scheduler[95453]: DEBUG cotyledon.oslo_config_glue [-] oslo_limit.endpoint_id = None {{(pid=95453) log_opt_values /opt/stack/data/venv/lib/python3.12/site-packages/oslo_config/cfg.py:3006}}
May 18 21:36:19.273113 np0000001001 nova-scheduler[95453]: DEBUG cotyledon.oslo_config_glue [-] oslo_limit.endpoint_interface = public {{(pid=95453) log_opt_values /opt/stack/data/venv/lib/python3.12/site-packages/oslo_config/cfg.py:3006}}
May 18 21:36:19.273174 np0000001001 nova-scheduler[95453]: DEBUG cotyledon.oslo_config_glue [-] oslo_limit.endpoint_override = None {{(pid=95453) log_opt_values /opt/stack/data/venv/lib/python3.12/site-packages/oslo_config/cfg.py:3006}}
May 18 21:36:19.273230 np0000001001 nova-scheduler[95453]: DEBUG cotyledon.oslo_config_glue [-] oslo_limit.endpoint_region_name = None {{(pid=95453) log_opt_values /opt/stack/data/venv/lib/python3.12/site-packages/oslo_config/cfg.py:3006}}
May 18 21:36:19.273302 np0000001001 nova-scheduler[95453]: DEBUG cotyledon.oslo_config_glue [-] oslo_limit.endpoint_service_name = None {{(pid=95453) log_opt_values /opt/stack/data/venv/lib/python3.12/site-packages/oslo_config/cfg.py:3006}}
May 18 21:36:19.273370 np0000001001 nova-scheduler[95453]: DEBUG cotyledon.oslo_config_glue [-] oslo_limit.endpoint_service_type = None {{(pid=95453) log_opt_values /opt/stack/data/venv/lib/python3.12/site-packages/oslo_config/cfg.py:3006}}
May 18 21:36:19.273418 np0000001001 nova-scheduler[95453]: DEBUG cotyledon.oslo_config_glue [-] oslo_limit.insecure = False {{(pid=95453) log_opt_values /opt/stack/data/venv/lib/python3.12/site-packages/oslo_config/cfg.py:3006}}
May 18 21:36:19.273465 np0000001001 nova-scheduler[95453]: DEBUG cotyledon.oslo_config_glue [-] oslo_limit.keyfile = None {{(pid=95453) log_opt_values /opt/stack/data/venv/lib/python3.12/site-packages/oslo_config/cfg.py:3006}}
May 18 21:36:19.273511 np0000001001 nova-scheduler[95453]: DEBUG cotyledon.oslo_config_glue [-] oslo_limit.max_version = None {{(pid=95453) log_opt_values /opt/stack/data/venv/lib/python3.12/site-packages/oslo_config/cfg.py:3006}}
May 18 21:36:19.273563 np0000001001 nova-scheduler[95453]: DEBUG cotyledon.oslo_config_glue [-] oslo_limit.min_version = None {{(pid=95453) log_opt_values /opt/stack/data/venv/lib/python3.12/site-packages/oslo_config/cfg.py:3006}}
May 18 21:36:19.273624 np0000001001 nova-scheduler[95453]: DEBUG cotyledon.oslo_config_glue [-] oslo_limit.region_name = None {{(pid=95453) log_opt_values /opt/stack/data/venv/lib/python3.12/site-packages/oslo_config/cfg.py:3006}}
May 18 21:36:19.273668 np0000001001 nova-scheduler[95453]: DEBUG cotyledon.oslo_config_glue [-] oslo_limit.retriable_status_codes = None {{(pid=95453) log_opt_values /opt/stack/data/venv/lib/python3.12/site-packages/oslo_config/cfg.py:3006}}
May 18 21:36:19.273734 np0000001001 nova-scheduler[95453]: DEBUG cotyledon.oslo_config_glue [-] oslo_limit.service_name = None {{(pid=95453) log_opt_values /opt/stack/data/venv/lib/python3.12/site-packages/oslo_config/cfg.py:3006}}
May 18 21:36:19.273785 np0000001001 nova-scheduler[95453]: DEBUG cotyledon.oslo_config_glue [-] oslo_limit.service_type = None {{(pid=95453) log_opt_values /opt/stack/data/venv/lib/python3.12/site-packages/oslo_config/cfg.py:3006}}
May 18 21:36:19.273837 np0000001001 nova-scheduler[95453]: DEBUG cotyledon.oslo_config_glue [-] oslo_limit.split_loggers = False {{(pid=95453) log_opt_values /opt/stack/data/venv/lib/python3.12/site-packages/oslo_config/cfg.py:3006}}
May 18 21:36:19.273918 np0000001001 nova-scheduler[95453]: DEBUG cotyledon.oslo_config_glue [-] oslo_limit.status_code_retries = None {{(pid=95453) log_opt_values /opt/stack/data/venv/lib/python3.12/site-packages/oslo_config/cfg.py:3006}}
May 18 21:36:19.273947 np0000001001 nova-scheduler[95453]: DEBUG cotyledon.oslo_config_glue [-] oslo_limit.status_code_retry_delay = None {{(pid=95453) log_opt_values /opt/stack/data/venv/lib/python3.12/site-packages/oslo_config/cfg.py:3006}}
May 18 21:36:19.273977 np0000001001 nova-scheduler[95453]: DEBUG cotyledon.oslo_config_glue [-] oslo_limit.timeout = None {{(pid=95453) log_opt_values /opt/stack/data/venv/lib/python3.12/site-packages/oslo_config/cfg.py:3006}}
May 18 21:36:19.274038 np0000001001 nova-scheduler[95453]: DEBUG cotyledon.oslo_config_glue [-] oslo_limit.valid_interfaces = None {{(pid=95453) log_opt_values /opt/stack/data/venv/lib/python3.12/site-packages/oslo_config/cfg.py:3006}}
May 18 21:36:19.274089 np0000001001 nova-scheduler[95453]: DEBUG cotyledon.oslo_config_glue [-] oslo_limit.version = None {{(pid=95453) log_opt_values /opt/stack/data/venv/lib/python3.12/site-packages/oslo_config/cfg.py:3006}}
May 18 21:36:19.274188 np0000001001 nova-scheduler[95453]: DEBUG cotyledon.oslo_config_glue [-] oslo_reports.file_event_handler = None {{(pid=95453) log_opt_values /opt/stack/data/venv/lib/python3.12/site-packages/oslo_config/cfg.py:3006}}
May 18 21:36:19.274242 np0000001001 nova-scheduler[95453]: DEBUG cotyledon.oslo_config_glue [-] oslo_reports.file_event_handler_interval = 1 {{(pid=95453) log_opt_values /opt/stack/data/venv/lib/python3.12/site-packages/oslo_config/cfg.py:3006}}
May 18 21:36:19.274320 np0000001001 nova-scheduler[95453]: DEBUG cotyledon.oslo_config_glue [-] oslo_reports.log_dir = None {{(pid=95453) log_opt_values /opt/stack/data/venv/lib/python3.12/site-packages/oslo_config/cfg.py:3006}}
May 18 21:36:19.274374 np0000001001 nova-scheduler[95453]: DEBUG cotyledon.oslo_config_glue [-] ******************************************************************************** {{(pid=95453) log_opt_values /opt/stack/data/venv/lib/python3.12/site-packages/oslo_config/cfg.py:3013}}
May 18 21:36:19.274556 np0000001001 nova-scheduler[95453]: DEBUG cotyledon._service_worker [-] Run service ServiceWrapper(2) [95453] {{(pid=95453) wait_forever /opt/stack/data/venv/lib/python3.12/site-packages/cotyledon/_service_worker.py:218}}
May 18 21:36:19.275666 np0000001001 nova-scheduler[95453]: INFO nova.service [-] Starting scheduler node (version 33.1.0)
May 18 21:36:19.279570 np0000001001 nova-scheduler[95453]: INFO dbcounter [None req-da361b74-0aa5-4ae9-b7a6-2a6c8715071b None None] Registered counter for database nova_cell0
May 18 21:36:19.281601 np0000001001 nova-scheduler[95449]: DEBUG nova.service [None req-c5038763-0d2f-496f-8ec7-045a607103c5 None None] Creating RPC server for service: nova-scheduler on topic: scheduler {{(pid=95449) start /opt/stack/nova/nova/service.py:195}}
May 18 21:36:19.286130 np0000001001 nova-scheduler[95451]: DEBUG nova.service [None req-264455b2-a153-4394-a892-36a9254fee03 None None] Creating RPC server for service: nova-scheduler on topic: scheduler {{(pid=95451) start /opt/stack/nova/nova/service.py:195}}
May 18 21:36:19.288196 np0000001001 nova-scheduler[95453]: DEBUG oslo_db.sqlalchemy.engines [None req-da361b74-0aa5-4ae9-b7a6-2a6c8715071b None None] MySQL server mode set to STRICT_TRANS_TABLES,STRICT_ALL_TABLES,NO_ZERO_IN_DATE,NO_ZERO_DATE,ERROR_FOR_DIVISION_BY_ZERO,TRADITIONAL,NO_ENGINE_SUBSTITUTION {{(pid=95453) _check_effective_sql_mode /opt/stack/data/venv/lib/python3.12/site-packages/oslo_db/sqlalchemy/engines.py:325}}
May 18 21:36:19.297140 np0000001001 nova-scheduler[95453]: DEBUG dbcounter [-] [95453] Writer thread running {{(pid=95453) stat_writer /opt/stack/data/venv/lib/python3.12/site-packages/dbcounter.py:102}}
May 18 21:36:19.300102 np0000001001 nova-scheduler[95453]: DEBUG nova.service [None req-da361b74-0aa5-4ae9-b7a6-2a6c8715071b None None] Creating RPC server for service: nova-scheduler on topic: scheduler {{(pid=95453) start /opt/stack/nova/nova/service.py:195}}
May 18 21:36:19.319927 np0000001001 nova-scheduler[95451]: DEBUG nova.service [None req-264455b2-a153-4394-a892-36a9254fee03 None None] Join ServiceGroup membership for this service scheduler {{(pid=95451) start /opt/stack/nova/nova/service.py:221}}
May 18 21:36:19.320101 np0000001001 nova-scheduler[95451]: DEBUG nova.servicegroup.drivers.db [None req-264455b2-a153-4394-a892-36a9254fee03 None None] DB_Driver: join new ServiceGroup member np0000001001 to the scheduler group, service = {{(pid=95451) join /opt/stack/nova/nova/servicegroup/drivers/db.py:44}}
May 18 21:36:19.322479 np0000001001 nova-scheduler[95453]: DEBUG nova.service [None req-da361b74-0aa5-4ae9-b7a6-2a6c8715071b None None] Join ServiceGroup membership for this service scheduler {{(pid=95453) start /opt/stack/nova/nova/service.py:221}}
May 18 21:36:19.322690 np0000001001 nova-scheduler[95453]: DEBUG nova.servicegroup.drivers.db [None req-da361b74-0aa5-4ae9-b7a6-2a6c8715071b None None] DB_Driver: join new ServiceGroup member np0000001001 to the scheduler group, service = {{(pid=95453) join /opt/stack/nova/nova/servicegroup/drivers/db.py:44}}
May 18 21:36:19.325287 np0000001001 nova-scheduler[95449]: DEBUG nova.service [None req-c5038763-0d2f-496f-8ec7-045a607103c5 None None] Join ServiceGroup membership for this service scheduler {{(pid=95449) start /opt/stack/nova/nova/service.py:221}}
May 18 21:36:19.325567 np0000001001 nova-scheduler[95449]: DEBUG nova.servicegroup.drivers.db [None req-c5038763-0d2f-496f-8ec7-045a607103c5 None None] DB_Driver: join new ServiceGroup member np0000001001 to the scheduler group, service = {{(pid=95449) join /opt/stack/nova/nova/servicegroup/drivers/db.py:44}}
May 18 21:36:19.330810 np0000001001 nova-scheduler[95449]: DEBUG oslo.service.backend._threading.loopingcall [None req-dc1ba878-543a-41ea-9e4f-5c24d84b71cc None None] Dynamic interval looping call 'nova.service.Service.periodic_tasks' sleeping for 60.00 seconds {{(pid=95449) _run_loop /opt/stack/data/venv/lib/python3.12/site-packages/oslo_service/backend/_threading/loopingcall.py:125}}
May 18 21:36:24.334753 np0000001001 nova-scheduler[95451]: DEBUG oslo.service.backend._threading.loopingcall [-] Fixed interval looping call 'nova.servicegroup.drivers.db.DbDriver._report_state' sleeping for 119.99 seconds {{(pid=95451) _run_loop /opt/stack/data/venv/lib/python3.12/site-packages/oslo_service/backend/_threading/loopingcall.py:125}}
May 18 21:36:24.336128 np0000001001 nova-scheduler[95449]: DEBUG oslo.service.backend._threading.loopingcall [-] Fixed interval looping call 'nova.servicegroup.drivers.db.DbDriver._report_state' sleeping for 119.99 seconds {{(pid=95449) _run_loop /opt/stack/data/venv/lib/python3.12/site-packages/oslo_service/backend/_threading/loopingcall.py:125}}
May 18 21:36:24.336417 np0000001001 nova-scheduler[95453]: DEBUG oslo.service.backend._threading.loopingcall [-] Fixed interval looping call 'nova.servicegroup.drivers.db.DbDriver._report_state' sleeping for 119.99 seconds {{(pid=95453) _run_loop /opt/stack/data/venv/lib/python3.12/site-packages/oslo_service/backend/_threading/loopingcall.py:125}}
May 18 21:36:27.921532 np0000001001 nova-scheduler[94183]: DEBUG dbcounter [-] [94183] Writing DB stats nova_api:SELECT=3 {{(pid=94183) stat_writer /opt/stack/data/venv/lib/python3.12/site-packages/dbcounter.py:115}}
May 18 21:36:28.023320 np0000001001 nova-scheduler[94183]: DEBUG dbcounter [-] [94183] Writing DB stats nova_cell0:SELECT=1 {{(pid=94183) stat_writer /opt/stack/data/venv/lib/python3.12/site-packages/dbcounter.py:115}}
May 18 21:36:28.026794 np0000001001 nova-scheduler[94183]: DEBUG dbcounter [-] [94183] Writing DB stats nova_cell1:SELECT=1 {{(pid=94183) stat_writer /opt/stack/data/venv/lib/python3.12/site-packages/dbcounter.py:115}}
May 18 21:36:34.329711 np0000001001 nova-scheduler[95451]: DEBUG dbcounter [-] [95451] Writing DB stats nova_cell0:SELECT=5,nova_cell0:INSERT=1,nova_cell0:UPDATE=1 {{(pid=95451) stat_writer /opt/stack/data/venv/lib/python3.12/site-packages/dbcounter.py:115}}
May 18 21:36:34.333870 np0000001001 nova-scheduler[95449]: DEBUG dbcounter [-] [95449] Writing DB stats nova_cell0:SELECT=4,nova_cell0:INSERT=1 {{(pid=95449) stat_writer /opt/stack/data/venv/lib/python3.12/site-packages/dbcounter.py:115}}
May 18 21:36:34.334708 np0000001001 nova-scheduler[95453]: DEBUG dbcounter [-] [95453] Writing DB stats nova_cell0:SELECT=3,nova_cell0:UPDATE=1 {{(pid=95453) stat_writer /opt/stack/data/venv/lib/python3.12/site-packages/dbcounter.py:115}}
May 18 21:36:36.323128 np0000001001 nova-scheduler[95451]: DEBUG oslo.service.backend._threading.loopingcall [None req-da0ca7fd-ea46-4e3f-aa80-356e869164c4 None None] Dynamic interval looping call 'nova.service.Service.periodic_tasks' sleeping for 60.00 seconds {{(pid=95451) _run_loop /opt/stack/data/venv/lib/python3.12/site-packages/oslo_service/backend/_threading/loopingcall.py:125}}
May 18 21:36:59.324980 np0000001001 nova-scheduler[95453]: DEBUG oslo.service.backend._threading.loopingcall [None req-87d5537a-6489-4d57-8d59-0b8ccf90017a None None] Dynamic interval looping call 'nova.service.Service.periodic_tasks' sleeping for 60.00 seconds {{(pid=95453) _run_loop /opt/stack/data/venv/lib/python3.12/site-packages/oslo_service/backend/_threading/loopingcall.py:125}}
May 18 21:37:19.331560 np0000001001 nova-scheduler[95449]: DEBUG oslo.service.backend._threading.loopingcall [None req-dc1ba878-543a-41ea-9e4f-5c24d84b71cc None None] Dynamic interval looping call 'nova.service.Service.periodic_tasks' sleeping for 60.00 seconds {{(pid=95449) _run_loop /opt/stack/data/venv/lib/python3.12/site-packages/oslo_service/backend/_threading/loopingcall.py:125}}
May 18 21:37:36.323578 np0000001001 nova-scheduler[95451]: DEBUG oslo.service.backend._threading.loopingcall [None req-da0ca7fd-ea46-4e3f-aa80-356e869164c4 None None] Dynamic interval looping call 'nova.service.Service.periodic_tasks' sleeping for 60.00 seconds {{(pid=95451) _run_loop /opt/stack/data/venv/lib/python3.12/site-packages/oslo_service/backend/_threading/loopingcall.py:125}}
May 18 21:37:59.325487 np0000001001 nova-scheduler[95453]: DEBUG oslo.service.backend._threading.loopingcall [None req-87d5537a-6489-4d57-8d59-0b8ccf90017a None None] Dynamic interval looping call 'nova.service.Service.periodic_tasks' sleeping for 60.00 seconds {{(pid=95453) _run_loop /opt/stack/data/venv/lib/python3.12/site-packages/oslo_service/backend/_threading/loopingcall.py:125}}
May 18 21:38:19.332107 np0000001001 nova-scheduler[95449]: DEBUG oslo.service.backend._threading.loopingcall [None req-dc1ba878-543a-41ea-9e4f-5c24d84b71cc None None] Dynamic interval looping call 'nova.service.Service.periodic_tasks' sleeping for 60.00 seconds {{(pid=95449) _run_loop /opt/stack/data/venv/lib/python3.12/site-packages/oslo_service/backend/_threading/loopingcall.py:125}}
May 18 21:38:24.330932 np0000001001 nova-scheduler[95451]: DEBUG oslo.service.backend._threading.loopingcall [-] Fixed interval looping call 'nova.servicegroup.drivers.db.DbDriver._report_state' sleeping for 119.99 seconds {{(pid=95451) _run_loop /opt/stack/data/venv/lib/python3.12/site-packages/oslo_service/backend/_threading/loopingcall.py:125}}
May 18 21:38:24.331537 np0000001001 nova-scheduler[95453]: DEBUG oslo.service.backend._threading.loopingcall [-] Fixed interval looping call 'nova.servicegroup.drivers.db.DbDriver._report_state' sleeping for 120.00 seconds {{(pid=95453) _run_loop /opt/stack/data/venv/lib/python3.12/site-packages/oslo_service/backend/_threading/loopingcall.py:125}}
May 18 21:38:24.331832 np0000001001 nova-scheduler[95449]: DEBUG oslo.service.backend._threading.loopingcall [-] Fixed interval looping call 'nova.servicegroup.drivers.db.DbDriver._report_state' sleeping for 119.99 seconds {{(pid=95449) _run_loop /opt/stack/data/venv/lib/python3.12/site-packages/oslo_service/backend/_threading/loopingcall.py:125}}
May 18 21:38:34.328536 np0000001001 nova-scheduler[95451]: DEBUG dbcounter [-] [95451] Writing DB stats nova_cell0:SELECT=1,nova_cell0:UPDATE=1 {{(pid=95451) stat_writer /opt/stack/data/venv/lib/python3.12/site-packages/dbcounter.py:115}}
May 18 21:38:34.329387 np0000001001 nova-scheduler[95453]: DEBUG dbcounter [-] [95453] Writing DB stats nova_cell0:SELECT=1,nova_cell0:UPDATE=1 {{(pid=95453) stat_writer /opt/stack/data/venv/lib/python3.12/site-packages/dbcounter.py:115}}
May 18 21:38:34.330850 np0000001001 nova-scheduler[95449]: DEBUG dbcounter [-] [95449] Writing DB stats nova_cell0:SELECT=1,nova_cell0:UPDATE=1 {{(pid=95449) stat_writer /opt/stack/data/venv/lib/python3.12/site-packages/dbcounter.py:115}}
May 18 21:38:36.324076 np0000001001 nova-scheduler[95451]: DEBUG oslo.service.backend._threading.loopingcall [None req-da0ca7fd-ea46-4e3f-aa80-356e869164c4 None None] Dynamic interval looping call 'nova.service.Service.periodic_tasks' sleeping for 60.00 seconds {{(pid=95451) _run_loop /opt/stack/data/venv/lib/python3.12/site-packages/oslo_service/backend/_threading/loopingcall.py:125}}
May 18 21:38:59.327167 np0000001001 nova-scheduler[95453]: DEBUG oslo.service.backend._threading.loopingcall [None req-87d5537a-6489-4d57-8d59-0b8ccf90017a None None] Dynamic interval looping call 'nova.service.Service.periodic_tasks' sleeping for 60.00 seconds {{(pid=95453) _run_loop /opt/stack/data/venv/lib/python3.12/site-packages/oslo_service/backend/_threading/loopingcall.py:125}}
May 18 21:39:19.334266 np0000001001 nova-scheduler[95449]: DEBUG oslo.service.backend._threading.loopingcall [None req-dc1ba878-543a-41ea-9e4f-5c24d84b71cc None None] Dynamic interval looping call 'nova.service.Service.periodic_tasks' sleeping for 60.00 seconds {{(pid=95449) _run_loop /opt/stack/data/venv/lib/python3.12/site-packages/oslo_service/backend/_threading/loopingcall.py:125}}
May 18 21:39:22.817789 np0000001001 nova-scheduler[95451]: DEBUG nova.scheduler.manager [None req-acc1900a-76b4-482e-933f-aab12f4f5969 tempest-ServerStableDeviceRescueTest-306764877 tempest-ServerStableDeviceRescueTest-306764877-project-member] Starting to schedule for instances: ['35afde5f-74e7-4686-ad8f-cf34103f2249'] {{(pid=95451) select_destinations /opt/stack/nova/nova/scheduler/manager.py:210}}
May 18 21:39:22.818281 np0000001001 nova-scheduler[95451]: DEBUG nova.scheduler.request_filter [None req-acc1900a-76b4-482e-933f-aab12f4f5969 tempest-ServerStableDeviceRescueTest-306764877 tempest-ServerStableDeviceRescueTest-306764877-project-member] compute_status_filter request filter added forbidden trait COMPUTE_STATUS_DISABLED {{(pid=95451) compute_status_filter /opt/stack/nova/nova/scheduler/request_filter.py:253}}
May 18 21:39:22.818423 np0000001001 nova-scheduler[95451]: DEBUG nova.scheduler.request_filter [None req-acc1900a-76b4-482e-933f-aab12f4f5969 tempest-ServerStableDeviceRescueTest-306764877 tempest-ServerStableDeviceRescueTest-306764877-project-member] Request filter 'compute_status_filter' took 0.0 seconds {{(pid=95451) wrapper /opt/stack/nova/nova/scheduler/request_filter.py:46}}
May 18 21:39:22.818643 np0000001001 nova-scheduler[95451]: DEBUG nova.scheduler.request_filter [None req-acc1900a-76b4-482e-933f-aab12f4f5969 tempest-ServerStableDeviceRescueTest-306764877 tempest-ServerStableDeviceRescueTest-306764877-project-member] Request filter 'accelerators_filter' took 0.0 seconds {{(pid=95451) wrapper /opt/stack/nova/nova/scheduler/request_filter.py:46}}
May 18 21:39:22.818857 np0000001001 nova-scheduler[95451]: DEBUG nova.scheduler.request_filter [None req-acc1900a-76b4-482e-933f-aab12f4f5969 tempest-ServerStableDeviceRescueTest-306764877 tempest-ServerStableDeviceRescueTest-306764877-project-member] Request filter 'packed_virtqueue_filter' took 0.0 seconds {{(pid=95451) wrapper /opt/stack/nova/nova/scheduler/request_filter.py:46}}
May 18 21:39:22.819180 np0000001001 nova-scheduler[95451]: DEBUG nova.scheduler.request_filter [None req-acc1900a-76b4-482e-933f-aab12f4f5969 tempest-ServerStableDeviceRescueTest-306764877 tempest-ServerStableDeviceRescueTest-306764877-project-member] Request filter 'remote_managed_ports_filter' took 0.0 seconds {{(pid=95451) wrapper /opt/stack/nova/nova/scheduler/request_filter.py:46}}
May 18 21:39:22.820220 np0000001001 nova-scheduler[95451]: DEBUG nova.scheduler.request_filter [None req-acc1900a-76b4-482e-933f-aab12f4f5969 tempest-ServerStableDeviceRescueTest-306764877 tempest-ServerStableDeviceRescueTest-306764877-project-member] ephemeral_encryption_filter skipped {{(pid=95451) ephemeral_encryption_filter /opt/stack/nova/nova/scheduler/request_filter.py:426}}
May 18 21:39:22.820389 np0000001001 nova-scheduler[95451]: DEBUG nova.scheduler.request_filter [None req-acc1900a-76b4-482e-933f-aab12f4f5969 tempest-ServerStableDeviceRescueTest-306764877 tempest-ServerStableDeviceRescueTest-306764877-project-member] virtio_sound_filter skipped {{(pid=95451) virtio_sound_filter /opt/stack/nova/nova/scheduler/request_filter.py:460}}
May 18 21:39:22.820539 np0000001001 nova-scheduler[95451]: DEBUG nova.scheduler.request_filter [None req-acc1900a-76b4-482e-933f-aab12f4f5969 tempest-ServerStableDeviceRescueTest-306764877 tempest-ServerStableDeviceRescueTest-306764877-project-member] tpm_secret_security_filter skipped {{(pid=95451) tpm_secret_security_filter /opt/stack/nova/nova/scheduler/request_filter.py:477}}
May 18 21:39:23.410417 np0000001001 nova-scheduler[95451]: INFO nova.utils [None req-acc1900a-76b4-482e-933f-aab12f4f5969 tempest-ServerStableDeviceRescueTest-306764877 tempest-ServerStableDeviceRescueTest-306764877-project-member] The cell worker thread pool ForkProcess-2.cell_worker is initialized
May 18 21:39:23.410805 np0000001001 nova-scheduler[95451]: DEBUG oslo_concurrency.lockutils [None req-acc1900a-76b4-482e-933f-aab12f4f5969 tempest-ServerStableDeviceRescueTest-306764877 tempest-ServerStableDeviceRescueTest-306764877-project-member] Acquiring lock "0b699f86-f2c3-40bf-ae4d-824cd817a25b" by "nova.context.set_target_cell..get_or_set_cached_cell_and_set_connections" {{(pid=95451) inner /opt/stack/data/venv/lib/python3.12/site-packages/oslo_concurrency/lockutils.py:506}}
May 18 21:39:23.411042 np0000001001 nova-scheduler[95451]: DEBUG oslo_concurrency.lockutils [None req-acc1900a-76b4-482e-933f-aab12f4f5969 tempest-ServerStableDeviceRescueTest-306764877 tempest-ServerStableDeviceRescueTest-306764877-project-member] Lock "0b699f86-f2c3-40bf-ae4d-824cd817a25b" acquired by "nova.context.set_target_cell..get_or_set_cached_cell_and_set_connections" :: waited 0.000s {{(pid=95451) inner /opt/stack/data/venv/lib/python3.12/site-packages/oslo_concurrency/lockutils.py:519}}
May 18 21:39:23.412689 np0000001001 nova-scheduler[95451]: DEBUG oslo_concurrency.lockutils [None req-acc1900a-76b4-482e-933f-aab12f4f5969 tempest-ServerStableDeviceRescueTest-306764877 tempest-ServerStableDeviceRescueTest-306764877-project-member] Lock "0b699f86-f2c3-40bf-ae4d-824cd817a25b" "released" by "nova.context.set_target_cell..get_or_set_cached_cell_and_set_connections" :: held 0.002s {{(pid=95451) inner /opt/stack/data/venv/lib/python3.12/site-packages/oslo_concurrency/lockutils.py:538}}
May 18 21:39:23.414093 np0000001001 nova-scheduler[95451]: INFO dbcounter [None req-acc1900a-76b4-482e-933f-aab12f4f5969 tempest-ServerStableDeviceRescueTest-306764877 tempest-ServerStableDeviceRescueTest-306764877-project-member] Registered counter for database nova_cell1
May 18 21:39:23.420530 np0000001001 nova-scheduler[95451]: DEBUG oslo_db.sqlalchemy.engines [None req-acc1900a-76b4-482e-933f-aab12f4f5969 tempest-ServerStableDeviceRescueTest-306764877 tempest-ServerStableDeviceRescueTest-306764877-project-member] MySQL server mode set to STRICT_TRANS_TABLES,STRICT_ALL_TABLES,NO_ZERO_IN_DATE,NO_ZERO_DATE,ERROR_FOR_DIVISION_BY_ZERO,TRADITIONAL,NO_ENGINE_SUBSTITUTION {{(pid=95451) _check_effective_sql_mode /opt/stack/data/venv/lib/python3.12/site-packages/oslo_db/sqlalchemy/engines.py:325}}
May 18 21:39:23.425146 np0000001001 nova-scheduler[95451]: DEBUG dbcounter [-] [95451] Writer thread running {{(pid=95451) stat_writer /opt/stack/data/venv/lib/python3.12/site-packages/dbcounter.py:102}}
May 18 21:39:23.438345 np0000001001 nova-scheduler[95451]: DEBUG oslo_db.sqlalchemy.engines [None req-acc1900a-76b4-482e-933f-aab12f4f5969 tempest-ServerStableDeviceRescueTest-306764877 tempest-ServerStableDeviceRescueTest-306764877-project-member] Parent process 94183 forked (95451) with an open database connection, which is being discarded and recreated. {{(pid=95451) checkout /opt/stack/data/venv/lib/python3.12/site-packages/oslo_db/sqlalchemy/engines.py:402}}
May 18 21:39:23.445268 np0000001001 nova-scheduler[95451]: DEBUG dbcounter [-] [95451] Writer thread running {{(pid=95451) stat_writer /opt/stack/data/venv/lib/python3.12/site-packages/dbcounter.py:102}}
May 18 21:39:23.449251 np0000001001 nova-scheduler[95451]: DEBUG oslo_concurrency.lockutils [None req-acc1900a-76b4-482e-933f-aab12f4f5969 tempest-ServerStableDeviceRescueTest-306764877 tempest-ServerStableDeviceRescueTest-306764877-project-member] Acquiring lock "0b699f86-f2c3-40bf-ae4d-824cd817a25b" by "nova.context.set_target_cell..get_or_set_cached_cell_and_set_connections" {{(pid=95451) inner /opt/stack/data/venv/lib/python3.12/site-packages/oslo_concurrency/lockutils.py:506}}
May 18 21:39:23.449651 np0000001001 nova-scheduler[95451]: DEBUG oslo_concurrency.lockutils [None req-acc1900a-76b4-482e-933f-aab12f4f5969 tempest-ServerStableDeviceRescueTest-306764877 tempest-ServerStableDeviceRescueTest-306764877-project-member] Lock "0b699f86-f2c3-40bf-ae4d-824cd817a25b" acquired by "nova.context.set_target_cell..get_or_set_cached_cell_and_set_connections" :: waited 0.000s {{(pid=95451) inner /opt/stack/data/venv/lib/python3.12/site-packages/oslo_concurrency/lockutils.py:519}}
May 18 21:39:23.449722 np0000001001 nova-scheduler[95451]: DEBUG oslo_concurrency.lockutils [None req-acc1900a-76b4-482e-933f-aab12f4f5969 tempest-ServerStableDeviceRescueTest-306764877 tempest-ServerStableDeviceRescueTest-306764877-project-member] Lock "0b699f86-f2c3-40bf-ae4d-824cd817a25b" "released" by "nova.context.set_target_cell..get_or_set_cached_cell_and_set_connections" :: held 0.000s {{(pid=95451) inner /opt/stack/data/venv/lib/python3.12/site-packages/oslo_concurrency/lockutils.py:538}}
May 18 21:39:23.457172 np0000001001 nova-scheduler[95451]: DEBUG oslo_concurrency.lockutils [None req-acc1900a-76b4-482e-933f-aab12f4f5969 tempest-ServerStableDeviceRescueTest-306764877 tempest-ServerStableDeviceRescueTest-306764877-project-member] Acquiring lock "('np0000001001', 'np0000001001')" by "nova.scheduler.host_manager.HostState.update.._locked_update" {{(pid=95451) inner /opt/stack/data/venv/lib/python3.12/site-packages/oslo_concurrency/lockutils.py:506}}
May 18 21:39:23.457172 np0000001001 nova-scheduler[95451]: DEBUG oslo_concurrency.lockutils [None req-acc1900a-76b4-482e-933f-aab12f4f5969 tempest-ServerStableDeviceRescueTest-306764877 tempest-ServerStableDeviceRescueTest-306764877-project-member] Lock "('np0000001001', 'np0000001001')" acquired by "nova.scheduler.host_manager.HostState.update.._locked_update" :: waited 0.000s {{(pid=95451) inner /opt/stack/data/venv/lib/python3.12/site-packages/oslo_concurrency/lockutils.py:519}}
May 18 21:39:23.457312 np0000001001 nova-scheduler[95451]: DEBUG nova.scheduler.host_manager [None req-acc1900a-76b4-482e-933f-aab12f4f5969 tempest-ServerStableDeviceRescueTest-306764877 tempest-ServerStableDeviceRescueTest-306764877-project-member] Update host state from compute node: ComputeNode(cpu_allocation_ratio=4.0,cpu_info='{"arch": "x86_64", "model": "EPYC-Milan", "vendor": "AMD", "topology": {"cells": 1, "sockets": 12, "cores": 1, "threads": 1}, "maxphysaddr": {"mode": "emulate", "bits": 40}, "features": ["pse", "abm", "flushbyasid", "cx8", "lm", "3dnowprefetch", "rdseed", "sse2", "sse4.2", "invpcid", "misalignsse", "avx2", "x2apic", "gds-no", "smap", "pku", "rdpid", "ibrs", "mmxext", "skip-l1dfl-vmentry", "nx", "nrip-save", "fxsr", "adx", "msr", "amd-ssbd", "pause-filter", "lbrv", "bmi2", "pcid", "de", "pae", "apic", "xsaveerptr", "amd-stibp", "mce", "null-sel-clr-base", "clwb", "sha-ni", "rdtscp", "lfence-always-serializing", "umip", "tsc", "ssse3", "xsave", "fsgsbase", "vpclmulqdq", "lahf_lm", "perfctr_core", "pschange-mc-no", "arch-capabilities", "avx", "cr8legacy", "xsavec", "ssbd", "hypervisor", "sse4.1", "mmx", "sse", "amd-psfd", "rdrand", "pge", "mca", "fsrm", "bmi1", "pdpe1gb", "vme", "cx16", "vmcb-clean", "spec-ctrl", "movbe", "npt", "pfthreshold", "aes", "rdctl-no", "mds-no", "clflush", "sep", "v-vmsave-vmload", "pse36", "fpu", "no-nested-data-bp", "syscall", "topoext", "cmov", "svme-addr-chk", "xsaves", "cmp_legacy", "tsc-deadline", "tsc_adjust", "mtrr", "fxsr_opt", "tsc-scale", "stibp-always-on", "stibp", "vaes", "erms", "xgetbv1", "osvw", "arat", "wbnoinvd", "virt-ssbd", "xsaveopt", "fma", "pclmuldq", "clzero", "svm", "popcnt", "ibpb", "pni", "clflushopt", "f16c", "sse4a", "smep", "pat", "vgif"]}',created_at=2026-05-18T21:36:45Z,current_workload=0,deleted=False,deleted_at=None,disk_allocation_ratio=1.0,disk_available_least=74,free_disk_gb=95,free_ram_mb=23518,host='np0000001001',host_ip=10.4.3.95,hypervisor_hostname='np0000001001',hypervisor_type='QEMU',hypervisor_version=8002002,id=1,local_gb=95,local_gb_used=0,mapped=1,memory_mb=24030,memory_mb_used=512,metrics='[]',numa_topology='{"nova_object.name": "NUMATopology", "nova_object.namespace": "nova", "nova_object.version": "1.2", "nova_object.data": {"cells": [{"nova_object.name": "NUMACell", "nova_object.namespace": "nova", "nova_object.version": "1.5", "nova_object.data": {"id": 0, "cpuset": [0, 1, 2, 3, 4, 5, 6, 7, 8, 9, 10, 11], "pcpuset": [0, 1, 2, 3, 4, 5, 6, 7, 8, 9, 10, 11], "memory": 24030, "cpu_usage": 0, "memory_usage": 0, "pinned_cpus": [], "siblings": [[6], [2], [5], [11], [8], [4], [1], [7], [10], [0], [3], [9]], "mempages": [{"nova_object.name": "NUMAPagesTopology", "nova_object.namespace": "nova", "nova_object.version": "1.1", "nova_object.data": {"size_kb": 4, "total": 6151798, "used": 0, "reserved": 0}, "nova_object.changes": ["reserved", "size_kb", "total", "used"]}, {"nova_object.name": "NUMAPagesTopology", "nova_object.namespace": "nova", "nova_object.version": "1.1", "nova_object.data": {"size_kb": 2048, "total": 0, "used": 0, "reserved": 0}, "nova_object.changes": ["reserved", "size_kb", "total", "used"]}, {"nova_object.name": "NUMAPagesTopology", "nova_object.namespace": "nova", "nova_object.version": "1.1", "nova_object.data": {"size_kb": 1048576, "total": 0, "used": 0, "reserved": 0}, "nova_object.changes": ["reserved", "size_kb", "total", "used"]}], "network_metadata": {"nova_object.name": "NetworkMetadata", "nova_object.namespace": "nova", "nova_object.version": "1.0", "nova_object.data": {"physnets": [], "tunneled": false}, "nova_object.changes": ["physnets", "tunneled"]}, "socket": null}, "nova_object.changes": ["socket", "cpuset", "cpu_usage", "pcpuset", "pinned_cpus", "network_metadata", "id", "mempages", "memory_usage", "memory", "siblings"]}]}, "nova_object.changes": ["cells"]}',pci_device_pools=PciDevicePoolList,ram_allocation_ratio=1.0,running_vms=0,service_id=2,stats={failed_builds='0',uptime=' 21:38:30 up 24 min, 2 users, load average: 1.17, 1.46, 0.86
May 18 21:39:23.457312 np0000001001 nova-scheduler[95451]: '},supported_hv_specs=[HVSpec,HVSpec,HVSpec,HVSpec,HVSpec,HVSpec,HVSpec,HVSpec,HVSpec,HVSpec,HVSpec,HVSpec,HVSpec,HVSpec,HVSpec,HVSpec,HVSpec,HVSpec,HVSpec,HVSpec,HVSpec,HVSpec,HVSpec,HVSpec,HVSpec],updated_at=2026-05-18T21:38:32Z,uuid=5b573dfd-fdde-4ceb-9530-0585ab8db574,vcpus=12,vcpus_used=0) {{(pid=95451) _locked_update /opt/stack/nova/nova/scheduler/host_manager.py:168}}
May 18 21:39:23.457312 np0000001001 nova-scheduler[95451]: DEBUG nova.scheduler.host_manager [None req-acc1900a-76b4-482e-933f-aab12f4f5969 tempest-ServerStableDeviceRescueTest-306764877 tempest-ServerStableDeviceRescueTest-306764877-project-member] Update host state with aggregates: [] {{(pid=95451) _locked_update /opt/stack/nova/nova/scheduler/host_manager.py:171}}
May 18 21:39:23.457312 np0000001001 nova-scheduler[95451]: DEBUG nova.scheduler.host_manager [None req-acc1900a-76b4-482e-933f-aab12f4f5969 tempest-ServerStableDeviceRescueTest-306764877 tempest-ServerStableDeviceRescueTest-306764877-project-member] Update host state with service dict: {'id': 2, 'uuid': '0cd24474-309d-4f45-90d6-247d7a1e2c6f', 'host': 'np0000001001', 'binary': 'nova-compute', 'topic': 'compute', 'report_count': 2, 'disabled': False, 'disabled_reason': None, 'last_seen_up': datetime.datetime(2026, 5, 18, 21, 38, 54, tzinfo=datetime.timezone.utc), 'forced_down': False, 'version': 72, 'created_at': datetime.datetime(2026, 5, 18, 21, 36, 43, tzinfo=datetime.timezone.utc), 'updated_at': datetime.datetime(2026, 5, 18, 21, 38, 54, tzinfo=datetime.timezone.utc), 'deleted_at': None, 'deleted': False} {{(pid=95451) _locked_update /opt/stack/nova/nova/scheduler/host_manager.py:174}}
May 18 21:39:23.457312 np0000001001 nova-scheduler[95451]: DEBUG nova.scheduler.host_manager [None req-acc1900a-76b4-482e-933f-aab12f4f5969 tempest-ServerStableDeviceRescueTest-306764877 tempest-ServerStableDeviceRescueTest-306764877-project-member] Update host state with instances: [] {{(pid=95451) _locked_update /opt/stack/nova/nova/scheduler/host_manager.py:177}}
May 18 21:39:23.457591 np0000001001 nova-scheduler[95451]: DEBUG oslo_concurrency.lockutils [None req-acc1900a-76b4-482e-933f-aab12f4f5969 tempest-ServerStableDeviceRescueTest-306764877 tempest-ServerStableDeviceRescueTest-306764877-project-member] Lock "('np0000001001', 'np0000001001')" "released" by "nova.scheduler.host_manager.HostState.update.._locked_update" :: held 0.002s {{(pid=95451) inner /opt/stack/data/venv/lib/python3.12/site-packages/oslo_concurrency/lockutils.py:538}}
May 18 21:39:23.457591 np0000001001 nova-scheduler[95451]: DEBUG nova.filters [None req-acc1900a-76b4-482e-933f-aab12f4f5969 tempest-ServerStableDeviceRescueTest-306764877 tempest-ServerStableDeviceRescueTest-306764877-project-member] Starting with 1 host(s) {{(pid=95451) get_filtered_objects /opt/stack/nova/nova/filters.py:70}}
May 18 21:39:23.457591 np0000001001 nova-scheduler[95451]: DEBUG nova.filters [None req-acc1900a-76b4-482e-933f-aab12f4f5969 tempest-ServerStableDeviceRescueTest-306764877 tempest-ServerStableDeviceRescueTest-306764877-project-member] Filter ComputeFilter returned 1 host(s) {{(pid=95451) get_filtered_objects /opt/stack/nova/nova/filters.py:102}}
May 18 21:39:23.457591 np0000001001 nova-scheduler[95451]: DEBUG nova.filters [None req-acc1900a-76b4-482e-933f-aab12f4f5969 tempest-ServerStableDeviceRescueTest-306764877 tempest-ServerStableDeviceRescueTest-306764877-project-member] Filter ComputeCapabilitiesFilter returned 1 host(s) {{(pid=95451) get_filtered_objects /opt/stack/nova/nova/filters.py:102}}
May 18 21:39:23.457843 np0000001001 nova-scheduler[95451]: DEBUG nova.filters [None req-acc1900a-76b4-482e-933f-aab12f4f5969 tempest-ServerStableDeviceRescueTest-306764877 tempest-ServerStableDeviceRescueTest-306764877-project-member] Filter ImagePropertiesFilter returned 1 host(s) {{(pid=95451) get_filtered_objects /opt/stack/nova/nova/filters.py:102}}
May 18 21:39:23.458068 np0000001001 nova-scheduler[95451]: DEBUG nova.filters [None req-acc1900a-76b4-482e-933f-aab12f4f5969 tempest-ServerStableDeviceRescueTest-306764877 tempest-ServerStableDeviceRescueTest-306764877-project-member] Filter ServerGroupAntiAffinityFilter returned 1 host(s) {{(pid=95451) get_filtered_objects /opt/stack/nova/nova/filters.py:102}}
May 18 21:39:23.458338 np0000001001 nova-scheduler[95451]: DEBUG nova.filters [None req-acc1900a-76b4-482e-933f-aab12f4f5969 tempest-ServerStableDeviceRescueTest-306764877 tempest-ServerStableDeviceRescueTest-306764877-project-member] Filter ServerGroupAffinityFilter returned 1 host(s) {{(pid=95451) get_filtered_objects /opt/stack/nova/nova/filters.py:102}}
May 18 21:39:23.458713 np0000001001 nova-scheduler[95451]: DEBUG nova.filters [None req-acc1900a-76b4-482e-933f-aab12f4f5969 tempest-ServerStableDeviceRescueTest-306764877 tempest-ServerStableDeviceRescueTest-306764877-project-member] Filter SameHostFilter returned 1 host(s) {{(pid=95451) get_filtered_objects /opt/stack/nova/nova/filters.py:102}}
May 18 21:39:23.458999 np0000001001 nova-scheduler[95451]: DEBUG nova.filters [None req-acc1900a-76b4-482e-933f-aab12f4f5969 tempest-ServerStableDeviceRescueTest-306764877 tempest-ServerStableDeviceRescueTest-306764877-project-member] Filter DifferentHostFilter returned 1 host(s) {{(pid=95451) get_filtered_objects /opt/stack/nova/nova/filters.py:102}}
May 18 21:39:23.459308 np0000001001 nova-scheduler[95451]: DEBUG nova.scheduler.manager [None req-acc1900a-76b4-482e-933f-aab12f4f5969 tempest-ServerStableDeviceRescueTest-306764877 tempest-ServerStableDeviceRescueTest-306764877-project-member] Filtered [(np0000001001, np0000001001) ram: 23518MB disk: 75776MB io_ops: 0 instances: 0, allocation_candidates: 1] {{(pid=95451) _get_sorted_hosts /opt/stack/nova/nova/scheduler/manager.py:743}}
May 18 21:39:23.459687 np0000001001 nova-scheduler[95451]: DEBUG nova.scheduler.manager [None req-acc1900a-76b4-482e-933f-aab12f4f5969 tempest-ServerStableDeviceRescueTest-306764877 tempest-ServerStableDeviceRescueTest-306764877-project-member] Weighed [WeighedHost [host: (np0000001001, np0000001001) ram: 23518MB disk: 75776MB io_ops: 0 instances: 0, allocation_candidates: 1, weight: 0.0]] {{(pid=95451) _get_sorted_hosts /opt/stack/nova/nova/scheduler/manager.py:765}}
May 18 21:39:23.460041 np0000001001 nova-scheduler[95451]: DEBUG nova.scheduler.utils [None req-acc1900a-76b4-482e-933f-aab12f4f5969 tempest-ServerStableDeviceRescueTest-306764877 tempest-ServerStableDeviceRescueTest-306764877-project-member] Attempting to claim resources in the placement API for instance 35afde5f-74e7-4686-ad8f-cf34103f2249 {{(pid=95451) claim_resources /opt/stack/nova/nova/scheduler/utils.py:1304}}
May 18 21:39:23.658324 np0000001001 nova-scheduler[95451]: DEBUG nova.scheduler.manager [None req-acc1900a-76b4-482e-933f-aab12f4f5969 tempest-ServerStableDeviceRescueTest-306764877 tempest-ServerStableDeviceRescueTest-306764877-project-member] [instance: 35afde5f-74e7-4686-ad8f-cf34103f2249] Selected host: (np0000001001, np0000001001) ram: 23518MB disk: 75776MB io_ops: 0 instances: 0, allocation_candidates: 1 {{(pid=95451) _consume_selected_host /opt/stack/nova/nova/scheduler/manager.py:625}}
May 18 21:39:23.658324 np0000001001 nova-scheduler[95451]: DEBUG oslo_concurrency.lockutils [None req-acc1900a-76b4-482e-933f-aab12f4f5969 tempest-ServerStableDeviceRescueTest-306764877 tempest-ServerStableDeviceRescueTest-306764877-project-member] Acquiring lock "('np0000001001', 'np0000001001')" by "nova.scheduler.host_manager.HostState.consume_from_request.._locked" {{(pid=95451) inner /opt/stack/data/venv/lib/python3.12/site-packages/oslo_concurrency/lockutils.py:506}}
May 18 21:39:23.658324 np0000001001 nova-scheduler[95451]: DEBUG oslo_concurrency.lockutils [None req-acc1900a-76b4-482e-933f-aab12f4f5969 tempest-ServerStableDeviceRescueTest-306764877 tempest-ServerStableDeviceRescueTest-306764877-project-member] Lock "('np0000001001', 'np0000001001')" acquired by "nova.scheduler.host_manager.HostState.consume_from_request.._locked" :: waited 0.000s {{(pid=95451) inner /opt/stack/data/venv/lib/python3.12/site-packages/oslo_concurrency/lockutils.py:519}}
May 18 21:39:23.658324 np0000001001 nova-scheduler[95451]: DEBUG oslo_concurrency.lockutils [None req-acc1900a-76b4-482e-933f-aab12f4f5969 tempest-ServerStableDeviceRescueTest-306764877 tempest-ServerStableDeviceRescueTest-306764877-project-member] Lock "('np0000001001', 'np0000001001')" "released" by "nova.scheduler.host_manager.HostState.consume_from_request.._locked" :: held 0.000s {{(pid=95451) inner /opt/stack/data/venv/lib/python3.12/site-packages/oslo_concurrency/lockutils.py:538}}
May 18 21:39:29.380720 np0000001001 nova-scheduler[95453]: DEBUG nova.scheduler.manager [None req-baf30128-be02-4b53-9e7d-e1b15db42842 tempest-AttachSCSIVolumeTestJSON-1543883443 tempest-AttachSCSIVolumeTestJSON-1543883443-project-member] Starting to schedule for instances: ['d0d61ae2-e99e-4379-8b69-c852085a0fd0'] {{(pid=95453) select_destinations /opt/stack/nova/nova/scheduler/manager.py:210}}
May 18 21:39:29.383816 np0000001001 nova-scheduler[95453]: DEBUG nova.scheduler.request_filter [None req-baf30128-be02-4b53-9e7d-e1b15db42842 tempest-AttachSCSIVolumeTestJSON-1543883443 tempest-AttachSCSIVolumeTestJSON-1543883443-project-member] compute_status_filter request filter added forbidden trait COMPUTE_STATUS_DISABLED {{(pid=95453) compute_status_filter /opt/stack/nova/nova/scheduler/request_filter.py:253}}
May 18 21:39:29.383816 np0000001001 nova-scheduler[95453]: DEBUG nova.scheduler.request_filter [None req-baf30128-be02-4b53-9e7d-e1b15db42842 tempest-AttachSCSIVolumeTestJSON-1543883443 tempest-AttachSCSIVolumeTestJSON-1543883443-project-member] Request filter 'compute_status_filter' took 0.0 seconds {{(pid=95453) wrapper /opt/stack/nova/nova/scheduler/request_filter.py:46}}
May 18 21:39:29.383816 np0000001001 nova-scheduler[95453]: DEBUG nova.scheduler.request_filter [None req-baf30128-be02-4b53-9e7d-e1b15db42842 tempest-AttachSCSIVolumeTestJSON-1543883443 tempest-AttachSCSIVolumeTestJSON-1543883443-project-member] Request filter 'accelerators_filter' took 0.0 seconds {{(pid=95453) wrapper /opt/stack/nova/nova/scheduler/request_filter.py:46}}
May 18 21:39:29.384109 np0000001001 nova-scheduler[95453]: DEBUG nova.scheduler.request_filter [None req-baf30128-be02-4b53-9e7d-e1b15db42842 tempest-AttachSCSIVolumeTestJSON-1543883443 tempest-AttachSCSIVolumeTestJSON-1543883443-project-member] Request filter 'packed_virtqueue_filter' took 0.0 seconds {{(pid=95453) wrapper /opt/stack/nova/nova/scheduler/request_filter.py:46}}
May 18 21:39:29.384532 np0000001001 nova-scheduler[95453]: DEBUG nova.scheduler.request_filter [None req-baf30128-be02-4b53-9e7d-e1b15db42842 tempest-AttachSCSIVolumeTestJSON-1543883443 tempest-AttachSCSIVolumeTestJSON-1543883443-project-member] Request filter 'remote_managed_ports_filter' took 0.0 seconds {{(pid=95453) wrapper /opt/stack/nova/nova/scheduler/request_filter.py:46}}
May 18 21:39:29.384659 np0000001001 nova-scheduler[95453]: DEBUG nova.scheduler.request_filter [None req-baf30128-be02-4b53-9e7d-e1b15db42842 tempest-AttachSCSIVolumeTestJSON-1543883443 tempest-AttachSCSIVolumeTestJSON-1543883443-project-member] ephemeral_encryption_filter skipped {{(pid=95453) ephemeral_encryption_filter /opt/stack/nova/nova/scheduler/request_filter.py:426}}
May 18 21:39:29.384814 np0000001001 nova-scheduler[95453]: DEBUG nova.scheduler.request_filter [None req-baf30128-be02-4b53-9e7d-e1b15db42842 tempest-AttachSCSIVolumeTestJSON-1543883443 tempest-AttachSCSIVolumeTestJSON-1543883443-project-member] virtio_sound_filter skipped {{(pid=95453) virtio_sound_filter /opt/stack/nova/nova/scheduler/request_filter.py:460}}
May 18 21:39:29.384966 np0000001001 nova-scheduler[95453]: DEBUG nova.scheduler.request_filter [None req-baf30128-be02-4b53-9e7d-e1b15db42842 tempest-AttachSCSIVolumeTestJSON-1543883443 tempest-AttachSCSIVolumeTestJSON-1543883443-project-member] tpm_secret_security_filter skipped {{(pid=95453) tpm_secret_security_filter /opt/stack/nova/nova/scheduler/request_filter.py:477}}
May 18 21:39:29.496468 np0000001001 nova-scheduler[95453]: INFO nova.utils [None req-baf30128-be02-4b53-9e7d-e1b15db42842 tempest-AttachSCSIVolumeTestJSON-1543883443 tempest-AttachSCSIVolumeTestJSON-1543883443-project-member] The cell worker thread pool ForkProcess-3.cell_worker is initialized
May 18 21:39:29.496799 np0000001001 nova-scheduler[95453]: DEBUG oslo_concurrency.lockutils [None req-baf30128-be02-4b53-9e7d-e1b15db42842 tempest-AttachSCSIVolumeTestJSON-1543883443 tempest-AttachSCSIVolumeTestJSON-1543883443-project-member] Acquiring lock "0b699f86-f2c3-40bf-ae4d-824cd817a25b" by "nova.context.set_target_cell..get_or_set_cached_cell_and_set_connections" {{(pid=95453) inner /opt/stack/data/venv/lib/python3.12/site-packages/oslo_concurrency/lockutils.py:506}}
May 18 21:39:29.497004 np0000001001 nova-scheduler[95453]: DEBUG oslo_concurrency.lockutils [None req-baf30128-be02-4b53-9e7d-e1b15db42842 tempest-AttachSCSIVolumeTestJSON-1543883443 tempest-AttachSCSIVolumeTestJSON-1543883443-project-member] Lock "0b699f86-f2c3-40bf-ae4d-824cd817a25b" acquired by "nova.context.set_target_cell..get_or_set_cached_cell_and_set_connections" :: waited 0.000s {{(pid=95453) inner /opt/stack/data/venv/lib/python3.12/site-packages/oslo_concurrency/lockutils.py:519}}
May 18 21:39:29.498934 np0000001001 nova-scheduler[95453]: DEBUG oslo_concurrency.lockutils [None req-baf30128-be02-4b53-9e7d-e1b15db42842 tempest-AttachSCSIVolumeTestJSON-1543883443 tempest-AttachSCSIVolumeTestJSON-1543883443-project-member] Lock "0b699f86-f2c3-40bf-ae4d-824cd817a25b" "released" by "nova.context.set_target_cell..get_or_set_cached_cell_and_set_connections" :: held 0.001s {{(pid=95453) inner /opt/stack/data/venv/lib/python3.12/site-packages/oslo_concurrency/lockutils.py:538}}
May 18 21:39:29.500865 np0000001001 nova-scheduler[95453]: INFO dbcounter [None req-baf30128-be02-4b53-9e7d-e1b15db42842 tempest-AttachSCSIVolumeTestJSON-1543883443 tempest-AttachSCSIVolumeTestJSON-1543883443-project-member] Registered counter for database nova_cell1
May 18 21:39:29.508947 np0000001001 nova-scheduler[95453]: DEBUG oslo_db.sqlalchemy.engines [None req-baf30128-be02-4b53-9e7d-e1b15db42842 tempest-AttachSCSIVolumeTestJSON-1543883443 tempest-AttachSCSIVolumeTestJSON-1543883443-project-member] MySQL server mode set to STRICT_TRANS_TABLES,STRICT_ALL_TABLES,NO_ZERO_IN_DATE,NO_ZERO_DATE,ERROR_FOR_DIVISION_BY_ZERO,TRADITIONAL,NO_ENGINE_SUBSTITUTION {{(pid=95453) _check_effective_sql_mode /opt/stack/data/venv/lib/python3.12/site-packages/oslo_db/sqlalchemy/engines.py:325}}
May 18 21:39:29.516665 np0000001001 nova-scheduler[95453]: DEBUG dbcounter [-] [95453] Writer thread running {{(pid=95453) stat_writer /opt/stack/data/venv/lib/python3.12/site-packages/dbcounter.py:102}}
May 18 21:39:29.539729 np0000001001 nova-scheduler[95453]: DEBUG dbcounter [-] [95453] Writer thread running {{(pid=95453) stat_writer /opt/stack/data/venv/lib/python3.12/site-packages/dbcounter.py:102}}
May 18 21:39:29.542962 np0000001001 nova-scheduler[95453]: DEBUG oslo_concurrency.lockutils [None req-baf30128-be02-4b53-9e7d-e1b15db42842 tempest-AttachSCSIVolumeTestJSON-1543883443 tempest-AttachSCSIVolumeTestJSON-1543883443-project-member] Acquiring lock "0b699f86-f2c3-40bf-ae4d-824cd817a25b" by "nova.context.set_target_cell..get_or_set_cached_cell_and_set_connections" {{(pid=95453) inner /opt/stack/data/venv/lib/python3.12/site-packages/oslo_concurrency/lockutils.py:506}}
May 18 21:39:29.543206 np0000001001 nova-scheduler[95453]: DEBUG oslo_concurrency.lockutils [None req-baf30128-be02-4b53-9e7d-e1b15db42842 tempest-AttachSCSIVolumeTestJSON-1543883443 tempest-AttachSCSIVolumeTestJSON-1543883443-project-member] Lock "0b699f86-f2c3-40bf-ae4d-824cd817a25b" acquired by "nova.context.set_target_cell..get_or_set_cached_cell_and_set_connections" :: waited 0.000s {{(pid=95453) inner /opt/stack/data/venv/lib/python3.12/site-packages/oslo_concurrency/lockutils.py:519}}
