May 18 21:35:53.658121 np0000001001 neutron-periodic-workers[91725]: DEBUG cotyledon.oslo_config_glue [-] ovn.dns_servers = [] {{(pid=91725) log_opt_values /opt/stack/data/venv/lib/python3.12/site-packages/oslo_config/cfg.py:3006}}
May 18 21:35:53.658455 np0000001001 neutron-periodic-workers[91725]: DEBUG cotyledon.oslo_config_glue [-] ovn.enable_distributed_floating_ip = False {{(pid=91725) log_opt_values /opt/stack/data/venv/lib/python3.12/site-packages/oslo_config/cfg.py:3006}}
May 18 21:35:53.658455 np0000001001 neutron-periodic-workers[91725]: DEBUG cotyledon.oslo_config_glue [-] ovn.fdb_age_threshold = 300 {{(pid=91725) log_opt_values /opt/stack/data/venv/lib/python3.12/site-packages/oslo_config/cfg.py:3006}}
May 18 21:35:53.658455 np0000001001 neutron-periodic-workers[91725]: DEBUG cotyledon.oslo_config_glue [-] ovn.ha_failover_strategy = normal {{(pid=91725) log_opt_values /opt/stack/data/venv/lib/python3.12/site-packages/oslo_config/cfg.py:3006}}
May 18 21:35:53.658455 np0000001001 neutron-periodic-workers[91725]: DEBUG cotyledon.oslo_config_glue [-] ovn.live_migration_activation_strategy = rarp {{(pid=91725) log_opt_values /opt/stack/data/venv/lib/python3.12/site-packages/oslo_config/cfg.py:3006}}
May 18 21:35:53.658455 np0000001001 neutron-periodic-workers[91725]: DEBUG cotyledon.oslo_config_glue [-] ovn.localnet_learn_fdb = False {{(pid=91725) log_opt_values /opt/stack/data/venv/lib/python3.12/site-packages/oslo_config/cfg.py:3006}}
May 18 21:35:53.658455 np0000001001 neutron-periodic-workers[91725]: DEBUG cotyledon.oslo_config_glue [-] ovn.mac_binding_age_threshold = 300 {{(pid=91725) log_opt_values /opt/stack/data/venv/lib/python3.12/site-packages/oslo_config/cfg.py:3006}}
May 18 21:35:53.658455 np0000001001 neutron-periodic-workers[91725]: DEBUG cotyledon.oslo_config_glue [-] ovn.neutron_sync_mode = log {{(pid=91725) log_opt_values /opt/stack/data/venv/lib/python3.12/site-packages/oslo_config/cfg.py:3006}}
May 18 21:35:53.658455 np0000001001 neutron-periodic-workers[91725]: DEBUG cotyledon.oslo_config_glue [-] ovn.ovn_dhcp4_global_options = {} {{(pid=91725) log_opt_values /opt/stack/data/venv/lib/python3.12/site-packages/oslo_config/cfg.py:3006}}
May 18 21:35:53.658455 np0000001001 neutron-periodic-workers[91725]: DEBUG cotyledon.oslo_config_glue [-] ovn.ovn_dhcp6_global_options = {} {{(pid=91725) log_opt_values /opt/stack/data/venv/lib/python3.12/site-packages/oslo_config/cfg.py:3006}}
May 18 21:35:53.658811 np0000001001 neutron-periodic-workers[91725]: DEBUG cotyledon.oslo_config_glue [-] ovn.ovn_l3_scheduler = leastloaded {{(pid=91725) log_opt_values /opt/stack/data/venv/lib/python3.12/site-packages/oslo_config/cfg.py:3006}}
May 18 21:35:53.658811 np0000001001 neutron-periodic-workers[91725]: DEBUG cotyledon.oslo_config_glue [-] ovn.ovn_metadata_enabled = True {{(pid=91725) log_opt_values /opt/stack/data/venv/lib/python3.12/site-packages/oslo_config/cfg.py:3006}}
May 18 21:35:53.658811 np0000001001 neutron-periodic-workers[91725]: DEBUG cotyledon.oslo_config_glue [-] ovn.ovn_nb_ca_cert = /opt/stack/data/CA/int-ca/ca-chain.pem {{(pid=91725) log_opt_values /opt/stack/data/venv/lib/python3.12/site-packages/oslo_config/cfg.py:3006}}
May 18 21:35:53.658811 np0000001001 neutron-periodic-workers[91725]: DEBUG cotyledon.oslo_config_glue [-] ovn.ovn_nb_certificate = /opt/stack/data/CA/int-ca/devstack-cert.crt {{(pid=91725) log_opt_values /opt/stack/data/venv/lib/python3.12/site-packages/oslo_config/cfg.py:3006}}
May 18 21:35:53.658811 np0000001001 neutron-periodic-workers[91725]: DEBUG cotyledon.oslo_config_glue [-] ovn.ovn_nb_connection = ['ssl:10.4.3.95:6641'] {{(pid=91725) log_opt_values /opt/stack/data/venv/lib/python3.12/site-packages/oslo_config/cfg.py:3006}}
May 18 21:35:53.658811 np0000001001 neutron-periodic-workers[91725]: DEBUG cotyledon.oslo_config_glue [-] ovn.ovn_nb_private_key = /opt/stack/data/CA/int-ca/private/devstack-cert.key {{(pid=91725) log_opt_values /opt/stack/data/venv/lib/python3.12/site-packages/oslo_config/cfg.py:3006}}
May 18 21:35:53.658811 np0000001001 neutron-periodic-workers[91725]: DEBUG cotyledon.oslo_config_glue [-] ovn.ovn_router_indirect_snat = False {{(pid=91725) log_opt_values /opt/stack/data/venv/lib/python3.12/site-packages/oslo_config/cfg.py:3006}}
May 18 21:35:53.658811 np0000001001 neutron-periodic-workers[91725]: DEBUG cotyledon.oslo_config_glue [-] ovn.ovn_sb_ca_cert = /opt/stack/data/CA/int-ca/ca-chain.pem {{(pid=91725) log_opt_values /opt/stack/data/venv/lib/python3.12/site-packages/oslo_config/cfg.py:3006}}
May 18 21:35:53.659090 np0000001001 neutron-periodic-workers[91725]: DEBUG cotyledon.oslo_config_glue [-] ovn.ovn_sb_certificate = /opt/stack/data/CA/int-ca/devstack-cert.crt {{(pid=91725) log_opt_values /opt/stack/data/venv/lib/python3.12/site-packages/oslo_config/cfg.py:3006}}
May 18 21:35:53.659090 np0000001001 neutron-periodic-workers[91725]: DEBUG cotyledon.oslo_config_glue [-] ovn.ovn_sb_connection = ['ssl:10.4.3.95:6642'] {{(pid=91725) log_opt_values /opt/stack/data/venv/lib/python3.12/site-packages/oslo_config/cfg.py:3006}}
May 18 21:35:53.659090 np0000001001 neutron-periodic-workers[91725]: DEBUG cotyledon.oslo_config_glue [-] ovn.ovn_sb_private_key = /opt/stack/data/CA/int-ca/private/devstack-cert.key {{(pid=91725) log_opt_values /opt/stack/data/venv/lib/python3.12/site-packages/oslo_config/cfg.py:3006}}
May 18 21:35:53.659090 np0000001001 neutron-periodic-workers[91725]: DEBUG cotyledon.oslo_config_glue [-] ovn.ovs_create_tap = False {{(pid=91725) log_opt_values /opt/stack/data/venv/lib/python3.12/site-packages/oslo_config/cfg.py:3006}}
May 18 21:35:53.659090 np0000001001 neutron-periodic-workers[91725]: DEBUG cotyledon.oslo_config_glue [-] ovn.ovsdb_connection_timeout = 180 {{(pid=91725) log_opt_values /opt/stack/data/venv/lib/python3.12/site-packages/oslo_config/cfg.py:3006}}
May 18 21:35:53.659090 np0000001001 neutron-periodic-workers[91725]: DEBUG cotyledon.oslo_config_glue [-] ovn.ovsdb_log_level = INFO {{(pid=91725) log_opt_values /opt/stack/data/venv/lib/python3.12/site-packages/oslo_config/cfg.py:3006}}
May 18 21:35:53.659090 np0000001001 neutron-periodic-workers[91725]: DEBUG cotyledon.oslo_config_glue [-] ovn.ovsdb_probe_interval = 60000 {{(pid=91725) log_opt_values /opt/stack/data/venv/lib/python3.12/site-packages/oslo_config/cfg.py:3006}}
May 18 21:35:53.659090 np0000001001 neutron-periodic-workers[91725]: DEBUG cotyledon.oslo_config_glue [-] ovn.ovsdb_retry_max_interval = 180 {{(pid=91725) log_opt_values /opt/stack/data/venv/lib/python3.12/site-packages/oslo_config/cfg.py:3006}}
May 18 21:35:53.659090 np0000001001 neutron-periodic-workers[91725]: DEBUG cotyledon.oslo_config_glue [-] ovn.stateless_nat_enabled = False {{(pid=91725) log_opt_values /opt/stack/data/venv/lib/python3.12/site-packages/oslo_config/cfg.py:3006}}
May 18 21:35:53.659468 np0000001001 neutron-periodic-workers[91725]: DEBUG cotyledon.oslo_config_glue [-] ovn.vhost_sock_dir = /var/run/openvswitch {{(pid=91725) log_opt_values /opt/stack/data/venv/lib/python3.12/site-packages/oslo_config/cfg.py:3006}}
May 18 21:35:53.659468 np0000001001 neutron-periodic-workers[91725]: DEBUG cotyledon.oslo_config_glue [-] OVS.bridge_mac_table_size = 50000 {{(pid=91725) log_opt_values /opt/stack/data/venv/lib/python3.12/site-packages/oslo_config/cfg.py:3006}}
May 18 21:35:53.659468 np0000001001 neutron-periodic-workers[91725]: DEBUG cotyledon.oslo_config_glue [-] OVS.igmp_flood = False {{(pid=91725) log_opt_values /opt/stack/data/venv/lib/python3.12/site-packages/oslo_config/cfg.py:3006}}
May 18 21:35:53.659468 np0000001001 neutron-periodic-workers[91725]: DEBUG cotyledon.oslo_config_glue [-] OVS.igmp_flood_reports = True {{(pid=91725) log_opt_values /opt/stack/data/venv/lib/python3.12/site-packages/oslo_config/cfg.py:3006}}
May 18 21:35:53.659468 np0000001001 neutron-periodic-workers[91725]: DEBUG cotyledon.oslo_config_glue [-] OVS.igmp_flood_unregistered = False {{(pid=91725) log_opt_values /opt/stack/data/venv/lib/python3.12/site-packages/oslo_config/cfg.py:3006}}
May 18 21:35:53.659468 np0000001001 neutron-periodic-workers[91725]: DEBUG cotyledon.oslo_config_glue [-] OVS.igmp_snooping_enable = False {{(pid=91725) log_opt_values /opt/stack/data/venv/lib/python3.12/site-packages/oslo_config/cfg.py:3006}}
May 18 21:35:53.659468 np0000001001 neutron-periodic-workers[91725]: DEBUG cotyledon.oslo_config_glue [-] OVS.ovsdb_timeout = 10 {{(pid=91725) log_opt_values /opt/stack/data/venv/lib/python3.12/site-packages/oslo_config/cfg.py:3006}}
May 18 21:35:53.659468 np0000001001 neutron-periodic-workers[91725]: DEBUG cotyledon.oslo_config_glue [-] ovn_nb_global.fdb_removal_limit = 0 {{(pid=91725) log_opt_values /opt/stack/data/venv/lib/python3.12/site-packages/oslo_config/cfg.py:3006}}
May 18 21:35:53.659468 np0000001001 neutron-periodic-workers[91725]: DEBUG cotyledon.oslo_config_glue [-] ovn_nb_global.ignore_lsp_down = False {{(pid=91725) log_opt_values /opt/stack/data/venv/lib/python3.12/site-packages/oslo_config/cfg.py:3006}}
May 18 21:35:53.659817 np0000001001 neutron-periodic-workers[91725]: DEBUG cotyledon.oslo_config_glue [-] ovn_nb_global.mac_binding_removal_limit = 0 {{(pid=91725) log_opt_values /opt/stack/data/venv/lib/python3.12/site-packages/oslo_config/cfg.py:3006}}
May 18 21:35:53.659817 np0000001001 neutron-periodic-workers[91725]: DEBUG cotyledon.oslo_config_glue [-] ******************************************************************************** {{(pid=91725) log_opt_values /opt/stack/data/venv/lib/python3.12/site-packages/oslo_config/cfg.py:3013}}
May 18 21:35:53.659817 np0000001001 neutron-periodic-workers[91725]: DEBUG cotyledon._service_worker [-] Run service ServiceWrapper(0) [91725] {{(pid=91725) wait_forever /opt/stack/data/venv/lib/python3.12/site-packages/cotyledon/_service_worker.py:218}}
May 18 21:36:03.287938 np0000001001 neutron-periodic-workers[90667]: DEBUG dbcounter [-] [90667] Writing DB stats neutron:SELECT=4 {{(pid=90667) stat_writer /opt/stack/data/venv/lib/python3.12/site-packages/dbcounter.py:115}}
May 18 21:36:11.651447 np0000001001 neutron-periodic-workers[91725]: DEBUG oslo_db.sqlalchemy.engines [None req-84234e35-e6c6-4648-98f1-1fe25fd3c8b2 None None] Parent process 90667 forked (91725) with an open database connection, which is being discarded and recreated. {{(pid=91725) checkout /opt/stack/data/venv/lib/python3.12/site-packages/oslo_db/sqlalchemy/engines.py:402}}
May 18 21:36:11.674217 np0000001001 neutron-periodic-workers[91725]: DEBUG dbcounter [-] [91725] Writer thread running {{(pid=91725) stat_writer /opt/stack/data/venv/lib/python3.12/site-packages/dbcounter.py:102}}
May 18 21:36:11.682998 np0000001001 neutron-periodic-workers[91725]: DEBUG oslo.service.backend._threading.loopingcall [None req-84234e35-e6c6-4648-98f1-1fe25fd3c8b2 None None] Fixed interval looping call 'neutron.services.ovn_l3.plugin.L3_NAT_dbonly_mixin._clean_garbage' sleeping for 299.96 seconds {{(pid=91725) _run_loop /opt/stack/data/venv/lib/python3.12/site-packages/oslo_service/backend/_threading/loopingcall.py:125}}
May 18 21:36:31.674787 np0000001001 neutron-periodic-workers[91725]: DEBUG dbcounter [-] [91725] Writing DB stats neutron:SELECT=1 {{(pid=91725) stat_writer /opt/stack/data/venv/lib/python3.12/site-packages/dbcounter.py:115}}
May 18 21:36:32.616317 np0000001001 neutron-periodic-workers[91699]: DEBUG dbcounter [-] [91699] Writer thread running {{(pid=91699) stat_writer /opt/stack/data/venv/lib/python3.12/site-packages/dbcounter.py:102}}
May 18 21:36:32.626190 np0000001001 neutron-periodic-workers[91699]: DEBUG oslo.service.backend._threading.loopingcall [None req-e6f9bc88-7a43-4ca7-a9fd-a7f54a0a9034 None None] Fixed interval looping call 'neutron.plugins.ml2.plugin.DhcpAgentSchedulerDbMixin.remove_networks_from_down_agents' sleeping for 36.98 seconds {{(pid=91699) _run_loop /opt/stack/data/venv/lib/python3.12/site-packages/oslo_service/backend/_threading/loopingcall.py:125}}
May 18 21:36:42.624994 np0000001001 neutron-periodic-workers[91699]: DEBUG dbcounter [-] [91699] Writing DB stats neutron:SELECT=3 {{(pid=91699) stat_writer /opt/stack/data/venv/lib/python3.12/site-packages/dbcounter.py:115}}
May 18 21:37:01.642472 np0000001001 neutron-periodic-workers[91704]: DEBUG dbcounter [-] [91704] Writer thread running {{(pid=91704) stat_writer /opt/stack/data/venv/lib/python3.12/site-packages/dbcounter.py:102}}
May 18 21:37:01.647125 np0000001001 neutron-periodic-workers[91704]: DEBUG neutron.db.agents_db [None req-028f1bdd-61c2-46ab-b51a-d16bf874871d None None] Agent healthcheck: found 0 active agents {{(pid=91704) agent_health_check /opt/stack/neutron/neutron/db/agents_db.py:322}}
May 18 21:37:01.647399 np0000001001 neutron-periodic-workers[91704]: DEBUG oslo.service.backend._threading.loopingcall [None req-028f1bdd-61c2-46ab-b51a-d16bf874871d None None] Fixed interval looping call 'neutron.plugins.ml2.plugin.AgentDbMixin.agent_health_check' sleeping for 36.98 seconds {{(pid=91704) _run_loop /opt/stack/data/venv/lib/python3.12/site-packages/oslo_service/backend/_threading/loopingcall.py:125}}
May 18 21:37:09.613547 np0000001001 neutron-periodic-workers[91699]: DEBUG oslo.service.backend._threading.loopingcall [None req-e6f9bc88-7a43-4ca7-a9fd-a7f54a0a9034 None None] Fixed interval looping call 'neutron.plugins.ml2.plugin.DhcpAgentSchedulerDbMixin.remove_networks_from_down_agents' sleeping for 36.99 seconds {{(pid=91699) _run_loop /opt/stack/data/venv/lib/python3.12/site-packages/oslo_service/backend/_threading/loopingcall.py:125}}
May 18 21:37:11.643030 np0000001001 neutron-periodic-workers[91704]: DEBUG dbcounter [-] [91704] Writing DB stats neutron:SELECT=1 {{(pid=91704) stat_writer /opt/stack/data/venv/lib/python3.12/site-packages/dbcounter.py:115}}
May 18 21:37:19.612579 np0000001001 neutron-periodic-workers[91699]: DEBUG dbcounter [-] [91699] Writing DB stats neutron:SELECT=3 {{(pid=91699) stat_writer /opt/stack/data/venv/lib/python3.12/site-packages/dbcounter.py:115}}
May 18 21:37:38.631290 np0000001001 neutron-periodic-workers[91704]: DEBUG neutron.db.agents_db [None req-028f1bdd-61c2-46ab-b51a-d16bf874871d None None] Agent healthcheck: found 0 active agents {{(pid=91704) agent_health_check /opt/stack/neutron/neutron/db/agents_db.py:322}}
May 18 21:37:38.631654 np0000001001 neutron-periodic-workers[91704]: DEBUG oslo.service.backend._threading.loopingcall [None req-028f1bdd-61c2-46ab-b51a-d16bf874871d None None] Fixed interval looping call 'neutron.plugins.ml2.plugin.AgentDbMixin.agent_health_check' sleeping for 37.00 seconds {{(pid=91704) _run_loop /opt/stack/data/venv/lib/python3.12/site-packages/oslo_service/backend/_threading/loopingcall.py:125}}
May 18 21:37:46.609315 np0000001001 neutron-periodic-workers[91699]: DEBUG oslo.service.backend._threading.loopingcall [None req-e6f9bc88-7a43-4ca7-a9fd-a7f54a0a9034 None None] Fixed interval looping call 'neutron.plugins.ml2.plugin.DhcpAgentSchedulerDbMixin.remove_networks_from_down_agents' sleeping for 36.99 seconds {{(pid=91699) _run_loop /opt/stack/data/venv/lib/python3.12/site-packages/oslo_service/backend/_threading/loopingcall.py:125}}
May 18 21:37:48.630053 np0000001001 neutron-periodic-workers[91704]: DEBUG dbcounter [-] [91704] Writing DB stats neutron:SELECT=1 {{(pid=91704) stat_writer /opt/stack/data/venv/lib/python3.12/site-packages/dbcounter.py:115}}
May 18 21:37:53.648498 np0000001001 neutron-periodic-workers[91717]: DEBUG dbcounter [-] [91717] Writer thread running {{(pid=91717) stat_writer /opt/stack/data/venv/lib/python3.12/site-packages/dbcounter.py:102}}
May 18 21:37:53.650085 np0000001001 neutron-periodic-workers[91717]: DEBUG oslo.service.backend._threading.loopingcall [None req-836a330c-b8e4-4048-986e-2e6f8c5d98fb None None] Fixed interval looping call 'neutron.db.quota.driver_nolock.DbQuotaNoLockDriver._remove_expired_reservations' sleeping for 119.99 seconds {{(pid=91717) _run_loop /opt/stack/data/venv/lib/python3.12/site-packages/oslo_service/backend/_threading/loopingcall.py:125}}
May 18 21:37:56.608611 np0000001001 neutron-periodic-workers[91699]: DEBUG dbcounter [-] [91699] Writing DB stats neutron:SELECT=3 {{(pid=91699) stat_writer /opt/stack/data/venv/lib/python3.12/site-packages/dbcounter.py:115}}
May 18 21:38:03.648909 np0000001001 neutron-periodic-workers[91717]: DEBUG dbcounter [-] [91717] Writing DB stats neutron:DELETE=1 {{(pid=91717) stat_writer /opt/stack/data/venv/lib/python3.12/site-packages/dbcounter.py:115}}
May 18 21:38:15.635735 np0000001001 neutron-periodic-workers[91704]: DEBUG neutron.db.agents_db [None req-028f1bdd-61c2-46ab-b51a-d16bf874871d None None] Agent healthcheck: found 0 active agents {{(pid=91704) agent_health_check /opt/stack/neutron/neutron/db/agents_db.py:322}}
May 18 21:38:15.636251 np0000001001 neutron-periodic-workers[91704]: DEBUG oslo.service.backend._threading.loopingcall [None req-028f1bdd-61c2-46ab-b51a-d16bf874871d None None] Fixed interval looping call 'neutron.plugins.ml2.plugin.AgentDbMixin.agent_health_check' sleeping for 37.00 seconds {{(pid=91704) _run_loop /opt/stack/data/venv/lib/python3.12/site-packages/oslo_service/backend/_threading/loopingcall.py:125}}
May 18 21:38:23.605099 np0000001001 neutron-periodic-workers[91699]: DEBUG oslo.service.backend._threading.loopingcall [None req-e6f9bc88-7a43-4ca7-a9fd-a7f54a0a9034 None None] Fixed interval looping call 'neutron.plugins.ml2.plugin.DhcpAgentSchedulerDbMixin.remove_networks_from_down_agents' sleeping for 36.99 seconds {{(pid=91699) _run_loop /opt/stack/data/venv/lib/python3.12/site-packages/oslo_service/backend/_threading/loopingcall.py:125}}
May 18 21:38:25.634183 np0000001001 neutron-periodic-workers[91704]: DEBUG dbcounter [-] [91704] Writing DB stats neutron:SELECT=1 {{(pid=91704) stat_writer /opt/stack/data/venv/lib/python3.12/site-packages/dbcounter.py:115}}
May 18 21:38:33.604520 np0000001001 neutron-periodic-workers[91699]: DEBUG dbcounter [-] [91699] Writing DB stats neutron:SELECT=3 {{(pid=91699) stat_writer /opt/stack/data/venv/lib/python3.12/site-packages/dbcounter.py:115}}
May 18 21:38:52.639361 np0000001001 neutron-periodic-workers[91704]: DEBUG neutron.db.agents_db [None req-028f1bdd-61c2-46ab-b51a-d16bf874871d None None] Agent healthcheck: found 0 active agents {{(pid=91704) agent_health_check /opt/stack/neutron/neutron/db/agents_db.py:322}}
May 18 21:38:52.639754 np0000001001 neutron-periodic-workers[91704]: DEBUG oslo.service.backend._threading.loopingcall [None req-028f1bdd-61c2-46ab-b51a-d16bf874871d None None] Fixed interval looping call 'neutron.plugins.ml2.plugin.AgentDbMixin.agent_health_check' sleeping for 37.00 seconds {{(pid=91704) _run_loop /opt/stack/data/venv/lib/python3.12/site-packages/oslo_service/backend/_threading/loopingcall.py:125}}
May 18 21:39:00.604084 np0000001001 neutron-periodic-workers[91699]: DEBUG oslo.service.backend._threading.loopingcall [None req-e6f9bc88-7a43-4ca7-a9fd-a7f54a0a9034 None None] Fixed interval looping call 'neutron.plugins.ml2.plugin.DhcpAgentSchedulerDbMixin.remove_networks_from_down_agents' sleeping for 36.99 seconds {{(pid=91699) _run_loop /opt/stack/data/venv/lib/python3.12/site-packages/oslo_service/backend/_threading/loopingcall.py:125}}
May 18 21:39:02.638279 np0000001001 neutron-periodic-workers[91704]: DEBUG dbcounter [-] [91704] Writing DB stats neutron:SELECT=1 {{(pid=91704) stat_writer /opt/stack/data/venv/lib/python3.12/site-packages/dbcounter.py:115}}
May 18 21:39:10.602164 np0000001001 neutron-periodic-workers[91699]: DEBUG dbcounter [-] [91699] Writing DB stats neutron:SELECT=3 {{(pid=91699) stat_writer /opt/stack/data/venv/lib/python3.12/site-packages/dbcounter.py:115}}
May 18 21:39:29.644130 np0000001001 neutron-periodic-workers[91704]: DEBUG neutron.db.agents_db [None req-028f1bdd-61c2-46ab-b51a-d16bf874871d None None] Agent healthcheck: found 0 active agents {{(pid=91704) agent_health_check /opt/stack/neutron/neutron/db/agents_db.py:322}}
May 18 21:39:29.644556 np0000001001 neutron-periodic-workers[91704]: DEBUG oslo.service.backend._threading.loopingcall [None req-028f1bdd-61c2-46ab-b51a-d16bf874871d None None] Fixed interval looping call 'neutron.plugins.ml2.plugin.AgentDbMixin.agent_health_check' sleeping for 37.00 seconds {{(pid=91704) _run_loop /opt/stack/data/venv/lib/python3.12/site-packages/oslo_service/backend/_threading/loopingcall.py:125}}
May 18 21:39:37.603172 np0000001001 neutron-periodic-workers[91699]: DEBUG oslo.service.backend._threading.loopingcall [None req-e6f9bc88-7a43-4ca7-a9fd-a7f54a0a9034 None None] Fixed interval looping call 'neutron.plugins.ml2.plugin.DhcpAgentSchedulerDbMixin.remove_networks_from_down_agents' sleeping for 36.99 seconds {{(pid=91699) _run_loop /opt/stack/data/venv/lib/python3.12/site-packages/oslo_service/backend/_threading/loopingcall.py:125}}
May 18 21:39:39.642668 np0000001001 neutron-periodic-workers[91704]: DEBUG dbcounter [-] [91704] Writing DB stats neutron:SELECT=1 {{(pid=91704) stat_writer /opt/stack/data/venv/lib/python3.12/site-packages/dbcounter.py:115}}
May 18 21:39:47.602215 np0000001001 neutron-periodic-workers[91699]: DEBUG dbcounter [-] [91699] Writing DB stats neutron:SELECT=3 {{(pid=91699) stat_writer /opt/stack/data/venv/lib/python3.12/site-packages/dbcounter.py:115}}
May 18 21:39:53.644674 np0000001001 neutron-periodic-workers[91717]: DEBUG oslo.service.backend._threading.loopingcall [None req-836a330c-b8e4-4048-986e-2e6f8c5d98fb None None] Fixed interval looping call 'neutron.db.quota.driver_nolock.DbQuotaNoLockDriver._remove_expired_reservations' sleeping for 120.00 seconds {{(pid=91717) _run_loop /opt/stack/data/venv/lib/python3.12/site-packages/oslo_service/backend/_threading/loopingcall.py:125}}
May 18 21:40:03.643346 np0000001001 neutron-periodic-workers[91717]: DEBUG dbcounter [-] [91717] Writing DB stats neutron:DELETE=1 {{(pid=91717) stat_writer /opt/stack/data/venv/lib/python3.12/site-packages/dbcounter.py:115}}
May 18 21:40:06.652374 np0000001001 neutron-periodic-workers[91704]: DEBUG neutron.db.agents_db [None req-028f1bdd-61c2-46ab-b51a-d16bf874871d None None] Agent healthcheck: found 0 active agents {{(pid=91704) agent_health_check /opt/stack/neutron/neutron/db/agents_db.py:322}}
May 18 21:40:06.652785 np0000001001 neutron-periodic-workers[91704]: DEBUG oslo.service.backend._threading.loopingcall [None req-028f1bdd-61c2-46ab-b51a-d16bf874871d None None] Fixed interval looping call 'neutron.plugins.ml2.plugin.AgentDbMixin.agent_health_check' sleeping for 36.99 seconds {{(pid=91704) _run_loop /opt/stack/data/venv/lib/python3.12/site-packages/oslo_service/backend/_threading/loopingcall.py:125}}
May 18 21:40:14.603267 np0000001001 neutron-periodic-workers[91699]: DEBUG oslo.service.backend._threading.loopingcall [None req-e6f9bc88-7a43-4ca7-a9fd-a7f54a0a9034 None None] Fixed interval looping call 'neutron.plugins.ml2.plugin.DhcpAgentSchedulerDbMixin.remove_networks_from_down_agents' sleeping for 36.99 seconds {{(pid=91699) _run_loop /opt/stack/data/venv/lib/python3.12/site-packages/oslo_service/backend/_threading/loopingcall.py:125}}
May 18 21:40:16.651482 np0000001001 neutron-periodic-workers[91704]: DEBUG dbcounter [-] [91704] Writing DB stats neutron:SELECT=1 {{(pid=91704) stat_writer /opt/stack/data/venv/lib/python3.12/site-packages/dbcounter.py:115}}
May 18 21:40:24.601469 np0000001001 neutron-periodic-workers[91699]: DEBUG dbcounter [-] [91699] Writing DB stats neutron:SELECT=3 {{(pid=91699) stat_writer /opt/stack/data/venv/lib/python3.12/site-packages/dbcounter.py:115}}
May 18 21:40:43.645569 np0000001001 neutron-periodic-workers[91704]: DEBUG neutron.db.agents_db [None req-028f1bdd-61c2-46ab-b51a-d16bf874871d None None] Agent healthcheck: found 0 active agents {{(pid=91704) agent_health_check /opt/stack/neutron/neutron/db/agents_db.py:322}}
May 18 21:40:43.645983 np0000001001 neutron-periodic-workers[91704]: DEBUG oslo.service.backend._threading.loopingcall [None req-028f1bdd-61c2-46ab-b51a-d16bf874871d None None] Fixed interval looping call 'neutron.plugins.ml2.plugin.AgentDbMixin.agent_health_check' sleeping for 37.00 seconds {{(pid=91704) _run_loop /opt/stack/data/venv/lib/python3.12/site-packages/oslo_service/backend/_threading/loopingcall.py:125}}
May 18 21:40:51.599310 np0000001001 neutron-periodic-workers[91699]: DEBUG oslo.service.backend._threading.loopingcall [None req-e6f9bc88-7a43-4ca7-a9fd-a7f54a0a9034 None None] Fixed interval looping call 'neutron.plugins.ml2.plugin.DhcpAgentSchedulerDbMixin.remove_networks_from_down_agents' sleeping for 36.99 seconds {{(pid=91699) _run_loop /opt/stack/data/venv/lib/python3.12/site-packages/oslo_service/backend/_threading/loopingcall.py:125}}
May 18 21:40:53.646242 np0000001001 neutron-periodic-workers[91704]: DEBUG dbcounter [-] [91704] Writing DB stats neutron:SELECT=1 {{(pid=91704) stat_writer /opt/stack/data/venv/lib/python3.12/site-packages/dbcounter.py:115}}
May 18 21:41:01.598557 np0000001001 neutron-periodic-workers[91699]: DEBUG dbcounter [-] [91699] Writing DB stats neutron:SELECT=3 {{(pid=91699) stat_writer /opt/stack/data/venv/lib/python3.12/site-packages/dbcounter.py:115}}
May 18 21:41:11.657197 np0000001001 neutron-periodic-workers[91725]: DEBUG oslo.service.backend._threading.loopingcall [None req-84234e35-e6c6-4648-98f1-1fe25fd3c8b2 None None] Fixed interval looping call 'neutron.services.ovn_l3.plugin.L3_NAT_dbonly_mixin._clean_garbage' sleeping for 299.99 seconds {{(pid=91725) _run_loop /opt/stack/data/venv/lib/python3.12/site-packages/oslo_service/backend/_threading/loopingcall.py:125}}
May 18 21:41:20.650119 np0000001001 neutron-periodic-workers[91704]: DEBUG neutron.db.agents_db [None req-028f1bdd-61c2-46ab-b51a-d16bf874871d None None] Agent healthcheck: found 0 active agents {{(pid=91704) agent_health_check /opt/stack/neutron/neutron/db/agents_db.py:322}}
May 18 21:41:20.650119 np0000001001 neutron-periodic-workers[91704]: DEBUG oslo.service.backend._threading.loopingcall [None req-028f1bdd-61c2-46ab-b51a-d16bf874871d None None] Fixed interval looping call 'neutron.plugins.ml2.plugin.AgentDbMixin.agent_health_check' sleeping for 37.00 seconds {{(pid=91704) _run_loop /opt/stack/data/venv/lib/python3.12/site-packages/oslo_service/backend/_threading/loopingcall.py:125}}
May 18 21:41:21.646295 np0000001001 neutron-periodic-workers[91725]: DEBUG dbcounter [-] [91725] Writing DB stats neutron:SELECT=1 {{(pid=91725) stat_writer /opt/stack/data/venv/lib/python3.12/site-packages/dbcounter.py:115}}
May 18 21:41:28.595640 np0000001001 neutron-periodic-workers[91699]: DEBUG oslo.service.backend._threading.loopingcall [None req-e6f9bc88-7a43-4ca7-a9fd-a7f54a0a9034 None None] Fixed interval looping call 'neutron.plugins.ml2.plugin.DhcpAgentSchedulerDbMixin.remove_networks_from_down_agents' sleeping for 36.99 seconds {{(pid=91699) _run_loop /opt/stack/data/venv/lib/python3.12/site-packages/oslo_service/backend/_threading/loopingcall.py:125}}
May 18 21:41:30.648652 np0000001001 neutron-periodic-workers[91704]: DEBUG dbcounter [-] [91704] Writing DB stats neutron:SELECT=1 {{(pid=91704) stat_writer /opt/stack/data/venv/lib/python3.12/site-packages/dbcounter.py:115}}
May 18 21:41:38.595038 np0000001001 neutron-periodic-workers[91699]: DEBUG dbcounter [-] [91699] Writing DB stats neutron:SELECT=3 {{(pid=91699) stat_writer /opt/stack/data/venv/lib/python3.12/site-packages/dbcounter.py:115}}
May 18 21:41:53.649284 np0000001001 neutron-periodic-workers[91717]: DEBUG oslo.service.backend._threading.loopingcall [None req-836a330c-b8e4-4048-986e-2e6f8c5d98fb None None] Fixed interval looping call 'neutron.db.quota.driver_nolock.DbQuotaNoLockDriver._remove_expired_reservations' sleeping for 120.00 seconds {{(pid=91717) _run_loop /opt/stack/data/venv/lib/python3.12/site-packages/oslo_service/backend/_threading/loopingcall.py:125}}
May 18 21:41:57.658108 np0000001001 neutron-periodic-workers[91704]: DEBUG neutron.db.agents_db [None req-028f1bdd-61c2-46ab-b51a-d16bf874871d None None] Agent healthcheck: found 0 active agents {{(pid=91704) agent_health_check /opt/stack/neutron/neutron/db/agents_db.py:322}}
May 18 21:41:57.658108 np0000001001 neutron-periodic-workers[91704]: DEBUG oslo.service.backend._threading.loopingcall [None req-028f1bdd-61c2-46ab-b51a-d16bf874871d None None] Fixed interval looping call 'neutron.plugins.ml2.plugin.AgentDbMixin.agent_health_check' sleeping for 36.99 seconds {{(pid=91704) _run_loop /opt/stack/data/venv/lib/python3.12/site-packages/oslo_service/backend/_threading/loopingcall.py:125}}
May 18 21:42:03.648472 np0000001001 neutron-periodic-workers[91717]: DEBUG dbcounter [-] [91717] Writing DB stats neutron:DELETE=1 {{(pid=91717) stat_writer /opt/stack/data/venv/lib/python3.12/site-packages/dbcounter.py:115}}
May 18 21:42:05.598782 np0000001001 neutron-periodic-workers[91699]: DEBUG oslo.service.backend._threading.loopingcall [None req-e6f9bc88-7a43-4ca7-a9fd-a7f54a0a9034 None None] Fixed interval looping call 'neutron.plugins.ml2.plugin.DhcpAgentSchedulerDbMixin.remove_networks_from_down_agents' sleeping for 36.99 seconds {{(pid=91699) _run_loop /opt/stack/data/venv/lib/python3.12/site-packages/oslo_service/backend/_threading/loopingcall.py:125}}
May 18 21:42:07.656438 np0000001001 neutron-periodic-workers[91704]: DEBUG dbcounter [-] [91704] Writing DB stats neutron:SELECT=1 {{(pid=91704) stat_writer /opt/stack/data/venv/lib/python3.12/site-packages/dbcounter.py:115}}
May 18 21:42:15.597348 np0000001001 neutron-periodic-workers[91699]: DEBUG dbcounter [-] [91699] Writing DB stats neutron:SELECT=3 {{(pid=91699) stat_writer /opt/stack/data/venv/lib/python3.12/site-packages/dbcounter.py:115}}
May 18 21:42:34.654477 np0000001001 neutron-periodic-workers[91704]: DEBUG neutron.db.agents_db [None req-028f1bdd-61c2-46ab-b51a-d16bf874871d None None] Agent healthcheck: found 0 active agents {{(pid=91704) agent_health_check /opt/stack/neutron/neutron/db/agents_db.py:322}}
May 18 21:42:34.654477 np0000001001 neutron-periodic-workers[91704]: DEBUG oslo.service.backend._threading.loopingcall [None req-028f1bdd-61c2-46ab-b51a-d16bf874871d None None] Fixed interval looping call 'neutron.plugins.ml2.plugin.AgentDbMixin.agent_health_check' sleeping for 36.99 seconds {{(pid=91704) _run_loop /opt/stack/data/venv/lib/python3.12/site-packages/oslo_service/backend/_threading/loopingcall.py:125}}
May 18 21:42:42.595620 np0000001001 neutron-periodic-workers[91699]: DEBUG oslo.service.backend._threading.loopingcall [None req-e6f9bc88-7a43-4ca7-a9fd-a7f54a0a9034 None None] Fixed interval looping call 'neutron.plugins.ml2.plugin.DhcpAgentSchedulerDbMixin.remove_networks_from_down_agents' sleeping for 36.99 seconds {{(pid=91699) _run_loop /opt/stack/data/venv/lib/python3.12/site-packages/oslo_service/backend/_threading/loopingcall.py:125}}
May 18 21:42:44.652008 np0000001001 neutron-periodic-workers[91704]: DEBUG dbcounter [-] [91704] Writing DB stats neutron:SELECT=1 {{(pid=91704) stat_writer /opt/stack/data/venv/lib/python3.12/site-packages/dbcounter.py:115}}
May 18 21:42:52.594563 np0000001001 neutron-periodic-workers[91699]: DEBUG dbcounter [-] [91699] Writing DB stats neutron:SELECT=3 {{(pid=91699) stat_writer /opt/stack/data/venv/lib/python3.12/site-packages/dbcounter.py:115}}
May 18 21:43:11.652515 np0000001001 neutron-periodic-workers[91704]: DEBUG neutron.db.agents_db [None req-028f1bdd-61c2-46ab-b51a-d16bf874871d None None] Agent healthcheck: found 0 active agents {{(pid=91704) agent_health_check /opt/stack/neutron/neutron/db/agents_db.py:322}}
May 18 21:43:11.652922 np0000001001 neutron-periodic-workers[91704]: DEBUG oslo.service.backend._threading.loopingcall [None req-028f1bdd-61c2-46ab-b51a-d16bf874871d None None] Fixed interval looping call 'neutron.plugins.ml2.plugin.AgentDbMixin.agent_health_check' sleeping for 36.99 seconds {{(pid=91704) _run_loop /opt/stack/data/venv/lib/python3.12/site-packages/oslo_service/backend/_threading/loopingcall.py:125}}
May 18 21:43:19.594018 np0000001001 neutron-periodic-workers[91699]: DEBUG oslo.service.backend._threading.loopingcall [None req-e6f9bc88-7a43-4ca7-a9fd-a7f54a0a9034 None None] Fixed interval looping call 'neutron.plugins.ml2.plugin.DhcpAgentSchedulerDbMixin.remove_networks_from_down_agents' sleeping for 36.99 seconds {{(pid=91699) _run_loop /opt/stack/data/venv/lib/python3.12/site-packages/oslo_service/backend/_threading/loopingcall.py:125}}
May 18 21:43:21.648717 np0000001001 neutron-periodic-workers[91704]: DEBUG dbcounter [-] [91704] Writing DB stats neutron:SELECT=1 {{(pid=91704) stat_writer /opt/stack/data/venv/lib/python3.12/site-packages/dbcounter.py:115}}
May 18 21:43:29.592813 np0000001001 neutron-periodic-workers[91699]: DEBUG dbcounter [-] [91699] Writing DB stats neutron:SELECT=3 {{(pid=91699) stat_writer /opt/stack/data/venv/lib/python3.12/site-packages/dbcounter.py:115}}
May 18 21:43:48.648914 np0000001001 neutron-periodic-workers[91704]: DEBUG neutron.db.agents_db [None req-028f1bdd-61c2-46ab-b51a-d16bf874871d None None] Agent healthcheck: found 0 active agents {{(pid=91704) agent_health_check /opt/stack/neutron/neutron/db/agents_db.py:322}}
May 18 21:43:48.649336 np0000001001 neutron-periodic-workers[91704]: DEBUG oslo.service.backend._threading.loopingcall [None req-028f1bdd-61c2-46ab-b51a-d16bf874871d None None] Fixed interval looping call 'neutron.plugins.ml2.plugin.AgentDbMixin.agent_health_check' sleeping for 36.99 seconds {{(pid=91704) _run_loop /opt/stack/data/venv/lib/python3.12/site-packages/oslo_service/backend/_threading/loopingcall.py:125}}
May 18 21:43:53.669394 np0000001001 neutron-periodic-workers[91717]: DEBUG oslo.service.backend._threading.loopingcall [None req-836a330c-b8e4-4048-986e-2e6f8c5d98fb None None] Fixed interval looping call 'neutron.db.quota.driver_nolock.DbQuotaNoLockDriver._remove_expired_reservations' sleeping for 119.98 seconds {{(pid=91717) _run_loop /opt/stack/data/venv/lib/python3.12/site-packages/oslo_service/backend/_threading/loopingcall.py:125}}
May 18 21:43:56.594964 np0000001001 neutron-periodic-workers[91699]: DEBUG oslo.service.backend._threading.loopingcall [None req-e6f9bc88-7a43-4ca7-a9fd-a7f54a0a9034 None None] Fixed interval looping call 'neutron.plugins.ml2.plugin.DhcpAgentSchedulerDbMixin.remove_networks_from_down_agents' sleeping for 36.99 seconds {{(pid=91699) _run_loop /opt/stack/data/venv/lib/python3.12/site-packages/oslo_service/backend/_threading/loopingcall.py:125}}
May 18 21:43:58.646999 np0000001001 neutron-periodic-workers[91704]: DEBUG dbcounter [-] [91704] Writing DB stats neutron:SELECT=1 {{(pid=91704) stat_writer /opt/stack/data/venv/lib/python3.12/site-packages/dbcounter.py:115}}
May 18 21:44:03.657110 np0000001001 neutron-periodic-workers[91717]: DEBUG dbcounter [-] [91717] Writing DB stats neutron:DELETE=1 {{(pid=91717) stat_writer /opt/stack/data/venv/lib/python3.12/site-packages/dbcounter.py:115}}
May 18 21:44:06.593795 np0000001001 neutron-periodic-workers[91699]: DEBUG dbcounter [-] [91699] Writing DB stats neutron:SELECT=3 {{(pid=91699) stat_writer /opt/stack/data/venv/lib/python3.12/site-packages/dbcounter.py:115}}
May 18 21:44:25.642424 np0000001001 neutron-periodic-workers[91704]: DEBUG neutron.db.agents_db [None req-028f1bdd-61c2-46ab-b51a-d16bf874871d None None] Agent healthcheck: found 0 active agents {{(pid=91704) agent_health_check /opt/stack/neutron/neutron/db/agents_db.py:322}}
May 18 21:44:25.645417 np0000001001 neutron-periodic-workers[91704]: DEBUG oslo.service.backend._threading.loopingcall [None req-028f1bdd-61c2-46ab-b51a-d16bf874871d None None] Fixed interval looping call 'neutron.plugins.ml2.plugin.AgentDbMixin.agent_health_check' sleeping for 37.00 seconds {{(pid=91704) _run_loop /opt/stack/data/venv/lib/python3.12/site-packages/oslo_service/backend/_threading/loopingcall.py:125}}
May 18 21:44:33.592096 np0000001001 neutron-periodic-workers[91699]: DEBUG oslo.service.backend._threading.loopingcall [None req-e6f9bc88-7a43-4ca7-a9fd-a7f54a0a9034 None None] Fixed interval looping call 'neutron.plugins.ml2.plugin.DhcpAgentSchedulerDbMixin.remove_networks_from_down_agents' sleeping for 36.99 seconds {{(pid=91699) _run_loop /opt/stack/data/venv/lib/python3.12/site-packages/oslo_service/backend/_threading/loopingcall.py:125}}
May 18 21:44:35.642836 np0000001001 neutron-periodic-workers[91704]: DEBUG dbcounter [-] [91704] Writing DB stats neutron:SELECT=1 {{(pid=91704) stat_writer /opt/stack/data/venv/lib/python3.12/site-packages/dbcounter.py:115}}
May 18 21:44:43.590930 np0000001001 neutron-periodic-workers[91699]: DEBUG dbcounter [-] [91699] Writing DB stats neutron:SELECT=3 {{(pid=91699) stat_writer /opt/stack/data/venv/lib/python3.12/site-packages/dbcounter.py:115}}
May 18 21:45:02.649776 np0000001001 neutron-periodic-workers[91704]: DEBUG neutron.db.agents_db [None req-028f1bdd-61c2-46ab-b51a-d16bf874871d None None] Agent healthcheck: found 0 active agents {{(pid=91704) agent_health_check /opt/stack/neutron/neutron/db/agents_db.py:322}}
May 18 21:45:02.650273 np0000001001 neutron-periodic-workers[91704]: DEBUG oslo.service.backend._threading.loopingcall [None req-028f1bdd-61c2-46ab-b51a-d16bf874871d None None] Fixed interval looping call 'neutron.plugins.ml2.plugin.AgentDbMixin.agent_health_check' sleeping for 37.00 seconds {{(pid=91704) _run_loop /opt/stack/data/venv/lib/python3.12/site-packages/oslo_service/backend/_threading/loopingcall.py:125}}
May 18 21:45:10.591281 np0000001001 neutron-periodic-workers[91699]: DEBUG oslo.service.backend._threading.loopingcall [None req-e6f9bc88-7a43-4ca7-a9fd-a7f54a0a9034 None None] Fixed interval looping call 'neutron.plugins.ml2.plugin.DhcpAgentSchedulerDbMixin.remove_networks_from_down_agents' sleeping for 36.99 seconds {{(pid=91699) _run_loop /opt/stack/data/venv/lib/python3.12/site-packages/oslo_service/backend/_threading/loopingcall.py:125}}
May 18 21:45:12.649127 np0000001001 neutron-periodic-workers[91704]: DEBUG dbcounter [-] [91704] Writing DB stats neutron:SELECT=1 {{(pid=91704) stat_writer /opt/stack/data/venv/lib/python3.12/site-packages/dbcounter.py:115}}
May 18 21:45:20.591635 np0000001001 neutron-periodic-workers[91699]: DEBUG dbcounter [-] [91699] Writing DB stats neutron:SELECT=3 {{(pid=91699) stat_writer /opt/stack/data/venv/lib/python3.12/site-packages/dbcounter.py:115}}
May 18 21:45:39.653661 np0000001001 neutron-periodic-workers[91704]: DEBUG neutron.db.agents_db [None req-028f1bdd-61c2-46ab-b51a-d16bf874871d None None] Agent healthcheck: found 0 active agents {{(pid=91704) agent_health_check /opt/stack/neutron/neutron/db/agents_db.py:322}}
May 18 21:45:39.654324 np0000001001 neutron-periodic-workers[91704]: DEBUG oslo.service.backend._threading.loopingcall [None req-028f1bdd-61c2-46ab-b51a-d16bf874871d None None] Fixed interval looping call 'neutron.plugins.ml2.plugin.AgentDbMixin.agent_health_check' sleeping for 37.00 seconds {{(pid=91704) _run_loop /opt/stack/data/venv/lib/python3.12/site-packages/oslo_service/backend/_threading/loopingcall.py:125}}
May 18 21:45:47.598132 np0000001001 neutron-periodic-workers[91699]: DEBUG oslo.service.backend._threading.loopingcall [None req-e6f9bc88-7a43-4ca7-a9fd-a7f54a0a9034 None None] Fixed interval looping call 'neutron.plugins.ml2.plugin.DhcpAgentSchedulerDbMixin.remove_networks_from_down_agents' sleeping for 36.99 seconds {{(pid=91699) _run_loop /opt/stack/data/venv/lib/python3.12/site-packages/oslo_service/backend/_threading/loopingcall.py:125}}
May 18 21:45:49.653496 np0000001001 neutron-periodic-workers[91704]: DEBUG dbcounter [-] [91704] Writing DB stats neutron:SELECT=1 {{(pid=91704) stat_writer /opt/stack/data/venv/lib/python3.12/site-packages/dbcounter.py:115}}
May 18 21:45:53.652014 np0000001001 neutron-periodic-workers[91717]: DEBUG oslo.service.backend._threading.loopingcall [None req-836a330c-b8e4-4048-986e-2e6f8c5d98fb None None] Fixed interval looping call 'neutron.db.quota.driver_nolock.DbQuotaNoLockDriver._remove_expired_reservations' sleeping for 120.00 seconds {{(pid=91717) _run_loop /opt/stack/data/venv/lib/python3.12/site-packages/oslo_service/backend/_threading/loopingcall.py:125}}
May 18 21:45:57.595257 np0000001001 neutron-periodic-workers[91699]: DEBUG dbcounter [-] [91699] Writing DB stats neutron:SELECT=3 {{(pid=91699) stat_writer /opt/stack/data/venv/lib/python3.12/site-packages/dbcounter.py:115}}
May 18 21:46:03.652635 np0000001001 neutron-periodic-workers[91717]: DEBUG dbcounter [-] [91717] Writing DB stats neutron:DELETE=1 {{(pid=91717) stat_writer /opt/stack/data/venv/lib/python3.12/site-packages/dbcounter.py:115}}
May 18 21:46:11.654919 np0000001001 neutron-periodic-workers[91725]: DEBUG oslo.service.backend._threading.loopingcall [None req-84234e35-e6c6-4648-98f1-1fe25fd3c8b2 None None] Fixed interval looping call 'neutron.services.ovn_l3.plugin.L3_NAT_dbonly_mixin._clean_garbage' sleeping for 299.99 seconds {{(pid=91725) _run_loop /opt/stack/data/venv/lib/python3.12/site-packages/oslo_service/backend/_threading/loopingcall.py:125}}
May 18 21:46:16.660588 np0000001001 neutron-periodic-workers[91704]: DEBUG neutron.db.agents_db [None req-028f1bdd-61c2-46ab-b51a-d16bf874871d None None] Agent healthcheck: found 0 active agents {{(pid=91704) agent_health_check /opt/stack/neutron/neutron/db/agents_db.py:322}}
May 18 21:46:16.661082 np0000001001 neutron-periodic-workers[91704]: DEBUG oslo.service.backend._threading.loopingcall [None req-028f1bdd-61c2-46ab-b51a-d16bf874871d None None] Fixed interval looping call 'neutron.plugins.ml2.plugin.AgentDbMixin.agent_health_check' sleeping for 36.99 seconds {{(pid=91704) _run_loop /opt/stack/data/venv/lib/python3.12/site-packages/oslo_service/backend/_threading/loopingcall.py:125}}
May 18 21:46:21.650011 np0000001001 neutron-periodic-workers[91725]: DEBUG dbcounter [-] [91725] Writing DB stats neutron:SELECT=1 {{(pid=91725) stat_writer /opt/stack/data/venv/lib/python3.12/site-packages/dbcounter.py:115}}
May 18 21:46:24.592626 np0000001001 neutron-periodic-workers[91699]: DEBUG oslo.service.backend._threading.loopingcall [None req-e6f9bc88-7a43-4ca7-a9fd-a7f54a0a9034 None None] Fixed interval looping call 'neutron.plugins.ml2.plugin.DhcpAgentSchedulerDbMixin.remove_networks_from_down_agents' sleeping for 36.99 seconds {{(pid=91699) _run_loop /opt/stack/data/venv/lib/python3.12/site-packages/oslo_service/backend/_threading/loopingcall.py:125}}
May 18 21:46:26.658529 np0000001001 neutron-periodic-workers[91704]: DEBUG dbcounter [-] [91704] Writing DB stats neutron:SELECT=1 {{(pid=91704) stat_writer /opt/stack/data/venv/lib/python3.12/site-packages/dbcounter.py:115}}
May 18 21:46:34.591547 np0000001001 neutron-periodic-workers[91699]: DEBUG dbcounter [-] [91699] Writing DB stats neutron:SELECT=3 {{(pid=91699) stat_writer /opt/stack/data/venv/lib/python3.12/site-packages/dbcounter.py:115}}
May 18 21:46:53.657080 np0000001001 neutron-periodic-workers[91704]: DEBUG neutron.db.agents_db [None req-028f1bdd-61c2-46ab-b51a-d16bf874871d None None] Agent healthcheck: found 0 active agents {{(pid=91704) agent_health_check /opt/stack/neutron/neutron/db/agents_db.py:322}}
May 18 21:46:53.657468 np0000001001 neutron-periodic-workers[91704]: DEBUG oslo.service.backend._threading.loopingcall [None req-028f1bdd-61c2-46ab-b51a-d16bf874871d None None] Fixed interval looping call 'neutron.plugins.ml2.plugin.AgentDbMixin.agent_health_check' sleeping for 36.99 seconds {{(pid=91704) _run_loop /opt/stack/data/venv/lib/python3.12/site-packages/oslo_service/backend/_threading/loopingcall.py:125}}
May 18 21:47:01.590486 np0000001001 neutron-periodic-workers[91699]: DEBUG oslo.service.backend._threading.loopingcall [None req-e6f9bc88-7a43-4ca7-a9fd-a7f54a0a9034 None None] Fixed interval looping call 'neutron.plugins.ml2.plugin.DhcpAgentSchedulerDbMixin.remove_networks_from_down_agents' sleeping for 36.99 seconds {{(pid=91699) _run_loop /opt/stack/data/venv/lib/python3.12/site-packages/oslo_service/backend/_threading/loopingcall.py:125}}
May 18 21:47:03.654878 np0000001001 neutron-periodic-workers[91704]: DEBUG dbcounter [-] [91704] Writing DB stats neutron:SELECT=1 {{(pid=91704) stat_writer /opt/stack/data/venv/lib/python3.12/site-packages/dbcounter.py:115}}
May 18 21:47:11.592042 np0000001001 neutron-periodic-workers[91699]: DEBUG dbcounter [-] [91699] Writing DB stats neutron:SELECT=3 {{(pid=91699) stat_writer /opt/stack/data/venv/lib/python3.12/site-packages/dbcounter.py:115}}
May 18 21:47:30.653933 np0000001001 neutron-periodic-workers[91704]: DEBUG neutron.db.agents_db [None req-028f1bdd-61c2-46ab-b51a-d16bf874871d None None] Agent healthcheck: found 0 active agents {{(pid=91704) agent_health_check /opt/stack/neutron/neutron/db/agents_db.py:322}}
May 18 21:47:30.654471 np0000001001 neutron-periodic-workers[91704]: DEBUG oslo.service.backend._threading.loopingcall [None req-028f1bdd-61c2-46ab-b51a-d16bf874871d None None] Fixed interval looping call 'neutron.plugins.ml2.plugin.AgentDbMixin.agent_health_check' sleeping for 36.99 seconds {{(pid=91704) _run_loop /opt/stack/data/venv/lib/python3.12/site-packages/oslo_service/backend/_threading/loopingcall.py:125}}
May 18 21:47:38.585837 np0000001001 neutron-periodic-workers[91699]: DEBUG oslo.service.backend._threading.loopingcall [None req-e6f9bc88-7a43-4ca7-a9fd-a7f54a0a9034 None None] Fixed interval looping call 'neutron.plugins.ml2.plugin.DhcpAgentSchedulerDbMixin.remove_networks_from_down_agents' sleeping for 36.99 seconds {{(pid=91699) _run_loop /opt/stack/data/venv/lib/python3.12/site-packages/oslo_service/backend/_threading/loopingcall.py:125}}
May 18 21:47:40.650682 np0000001001 neutron-periodic-workers[91704]: DEBUG dbcounter [-] [91704] Writing DB stats neutron:SELECT=1 {{(pid=91704) stat_writer /opt/stack/data/venv/lib/python3.12/site-packages/dbcounter.py:115}}
May 18 21:47:48.587179 np0000001001 neutron-periodic-workers[91699]: DEBUG dbcounter [-] [91699] Writing DB stats neutron:SELECT=3 {{(pid=91699) stat_writer /opt/stack/data/venv/lib/python3.12/site-packages/dbcounter.py:115}}
May 18 21:47:53.654435 np0000001001 neutron-periodic-workers[91717]: DEBUG oslo.service.backend._threading.loopingcall [None req-836a330c-b8e4-4048-986e-2e6f8c5d98fb None None] Fixed interval looping call 'neutron.db.quota.driver_nolock.DbQuotaNoLockDriver._remove_expired_reservations' sleeping for 120.00 seconds {{(pid=91717) _run_loop /opt/stack/data/venv/lib/python3.12/site-packages/oslo_service/backend/_threading/loopingcall.py:125}}
May 18 21:48:03.654082 np0000001001 neutron-periodic-workers[91717]: DEBUG dbcounter [-] [91717] Writing DB stats neutron:DELETE=1 {{(pid=91717) stat_writer /opt/stack/data/venv/lib/python3.12/site-packages/dbcounter.py:115}}
May 18 21:48:07.651255 np0000001001 neutron-periodic-workers[91704]: DEBUG neutron.db.agents_db [None req-028f1bdd-61c2-46ab-b51a-d16bf874871d None None] Agent healthcheck: found 0 active agents {{(pid=91704) agent_health_check /opt/stack/neutron/neutron/db/agents_db.py:322}}
May 18 21:48:07.651797 np0000001001 neutron-periodic-workers[91704]: DEBUG oslo.service.backend._threading.loopingcall [None req-028f1bdd-61c2-46ab-b51a-d16bf874871d None None] Fixed interval looping call 'neutron.plugins.ml2.plugin.AgentDbMixin.agent_health_check' sleeping for 36.99 seconds {{(pid=91704) _run_loop /opt/stack/data/venv/lib/python3.12/site-packages/oslo_service/backend/_threading/loopingcall.py:125}}
May 18 21:48:15.582633 np0000001001 neutron-periodic-workers[91699]: DEBUG oslo.service.backend._threading.loopingcall [None req-e6f9bc88-7a43-4ca7-a9fd-a7f54a0a9034 None None] Fixed interval looping call 'neutron.plugins.ml2.plugin.DhcpAgentSchedulerDbMixin.remove_networks_from_down_agents' sleeping for 36.99 seconds {{(pid=91699) _run_loop /opt/stack/data/venv/lib/python3.12/site-packages/oslo_service/backend/_threading/loopingcall.py:125}}
May 18 21:48:17.651246 np0000001001 neutron-periodic-workers[91704]: DEBUG dbcounter [-] [91704] Writing DB stats neutron:SELECT=1 {{(pid=91704) stat_writer /opt/stack/data/venv/lib/python3.12/site-packages/dbcounter.py:115}}
May 18 21:48:25.581659 np0000001001 neutron-periodic-workers[91699]: DEBUG dbcounter [-] [91699] Writing DB stats neutron:SELECT=3 {{(pid=91699) stat_writer /opt/stack/data/venv/lib/python3.12/site-packages/dbcounter.py:115}}
May 18 21:48:44.644247 np0000001001 neutron-periodic-workers[91704]: DEBUG neutron.db.agents_db [None req-028f1bdd-61c2-46ab-b51a-d16bf874871d None None] Agent healthcheck: found 0 active agents {{(pid=91704) agent_health_check /opt/stack/neutron/neutron/db/agents_db.py:322}}
May 18 21:48:44.644539 np0000001001 neutron-periodic-workers[91704]: DEBUG oslo.service.backend._threading.loopingcall [None req-028f1bdd-61c2-46ab-b51a-d16bf874871d None None] Fixed interval looping call 'neutron.plugins.ml2.plugin.AgentDbMixin.agent_health_check' sleeping for 37.00 seconds {{(pid=91704) _run_loop /opt/stack/data/venv/lib/python3.12/site-packages/oslo_service/backend/_threading/loopingcall.py:125}}
May 18 21:48:52.578277 np0000001001 neutron-periodic-workers[91699]: DEBUG oslo.service.backend._threading.loopingcall [None req-e6f9bc88-7a43-4ca7-a9fd-a7f54a0a9034 None None] Fixed interval looping call 'neutron.plugins.ml2.plugin.DhcpAgentSchedulerDbMixin.remove_networks_from_down_agents' sleeping for 36.99 seconds {{(pid=91699) _run_loop /opt/stack/data/venv/lib/python3.12/site-packages/oslo_service/backend/_threading/loopingcall.py:125}}
May 18 21:48:54.643698 np0000001001 neutron-periodic-workers[91704]: DEBUG dbcounter [-] [91704] Writing DB stats neutron:SELECT=1 {{(pid=91704) stat_writer /opt/stack/data/venv/lib/python3.12/site-packages/dbcounter.py:115}}
May 18 21:49:02.577803 np0000001001 neutron-periodic-workers[91699]: DEBUG dbcounter [-] [91699] Writing DB stats neutron:SELECT=3 {{(pid=91699) stat_writer /opt/stack/data/venv/lib/python3.12/site-packages/dbcounter.py:115}}
