Jun 11 10:32:29.511420 np0000002609 nova-scheduler[95828]: DEBUG cotyledon.oslo_config_glue [-] oslo_limit.endpoint_id = None {{(pid=95828) log_opt_values /opt/stack/data/venv/lib/python3.12/site-packages/oslo_config/cfg.py:3256}}
Jun 11 10:32:29.511420 np0000002609 nova-scheduler[95828]: DEBUG cotyledon.oslo_config_glue [-] oslo_limit.endpoint_interface = public {{(pid=95828) log_opt_values /opt/stack/data/venv/lib/python3.12/site-packages/oslo_config/cfg.py:3256}}
Jun 11 10:32:29.511420 np0000002609 nova-scheduler[95828]: DEBUG cotyledon.oslo_config_glue [-] oslo_limit.endpoint_override = None {{(pid=95828) log_opt_values /opt/stack/data/venv/lib/python3.12/site-packages/oslo_config/cfg.py:3256}}
Jun 11 10:32:29.511420 np0000002609 nova-scheduler[95828]: DEBUG cotyledon.oslo_config_glue [-] oslo_limit.endpoint_region_name = None {{(pid=95828) log_opt_values /opt/stack/data/venv/lib/python3.12/site-packages/oslo_config/cfg.py:3256}}
Jun 11 10:32:29.511420 np0000002609 nova-scheduler[95828]: DEBUG cotyledon.oslo_config_glue [-] oslo_limit.endpoint_service_name = None {{(pid=95828) log_opt_values /opt/stack/data/venv/lib/python3.12/site-packages/oslo_config/cfg.py:3256}}
Jun 11 10:32:29.511420 np0000002609 nova-scheduler[95828]: DEBUG cotyledon.oslo_config_glue [-] oslo_limit.endpoint_service_type = None {{(pid=95828) log_opt_values /opt/stack/data/venv/lib/python3.12/site-packages/oslo_config/cfg.py:3256}}
Jun 11 10:32:29.511420 np0000002609 nova-scheduler[95828]: DEBUG cotyledon.oslo_config_glue [-] oslo_limit.insecure = False {{(pid=95828) log_opt_values /opt/stack/data/venv/lib/python3.12/site-packages/oslo_config/cfg.py:3256}}
Jun 11 10:32:29.511420 np0000002609 nova-scheduler[95828]: DEBUG cotyledon.oslo_config_glue [-] oslo_limit.keyfile = None {{(pid=95828) log_opt_values /opt/stack/data/venv/lib/python3.12/site-packages/oslo_config/cfg.py:3256}}
Jun 11 10:32:29.511420 np0000002609 nova-scheduler[95828]: DEBUG cotyledon.oslo_config_glue [-] oslo_limit.max_version = None {{(pid=95828) log_opt_values /opt/stack/data/venv/lib/python3.12/site-packages/oslo_config/cfg.py:3256}}
Jun 11 10:32:29.511590 np0000002609 nova-scheduler[95828]: DEBUG cotyledon.oslo_config_glue [-] oslo_limit.min_version = None {{(pid=95828) log_opt_values /opt/stack/data/venv/lib/python3.12/site-packages/oslo_config/cfg.py:3256}}
Jun 11 10:32:29.511590 np0000002609 nova-scheduler[95828]: DEBUG cotyledon.oslo_config_glue [-] oslo_limit.region_name = None {{(pid=95828) log_opt_values /opt/stack/data/venv/lib/python3.12/site-packages/oslo_config/cfg.py:3256}}
Jun 11 10:32:29.511590 np0000002609 nova-scheduler[95828]: DEBUG cotyledon.oslo_config_glue [-] oslo_limit.retriable_status_codes = None {{(pid=95828) log_opt_values /opt/stack/data/venv/lib/python3.12/site-packages/oslo_config/cfg.py:3256}}
Jun 11 10:32:29.511590 np0000002609 nova-scheduler[95828]: DEBUG cotyledon.oslo_config_glue [-] oslo_limit.service_name = None {{(pid=95828) log_opt_values /opt/stack/data/venv/lib/python3.12/site-packages/oslo_config/cfg.py:3256}}
Jun 11 10:32:29.511590 np0000002609 nova-scheduler[95828]: DEBUG cotyledon.oslo_config_glue [-] oslo_limit.service_type = None {{(pid=95828) log_opt_values /opt/stack/data/venv/lib/python3.12/site-packages/oslo_config/cfg.py:3256}}
Jun 11 10:32:29.511590 np0000002609 nova-scheduler[95828]: DEBUG cotyledon.oslo_config_glue [-] oslo_limit.split_loggers = False {{(pid=95828) log_opt_values /opt/stack/data/venv/lib/python3.12/site-packages/oslo_config/cfg.py:3256}}
Jun 11 10:32:29.511590 np0000002609 nova-scheduler[95828]: DEBUG cotyledon.oslo_config_glue [-] oslo_limit.status_code_retries = None {{(pid=95828) log_opt_values /opt/stack/data/venv/lib/python3.12/site-packages/oslo_config/cfg.py:3256}}
Jun 11 10:32:29.511590 np0000002609 nova-scheduler[95828]: DEBUG cotyledon.oslo_config_glue [-] oslo_limit.status_code_retry_delay = None {{(pid=95828) log_opt_values /opt/stack/data/venv/lib/python3.12/site-packages/oslo_config/cfg.py:3256}}
Jun 11 10:32:29.511590 np0000002609 nova-scheduler[95828]: DEBUG cotyledon.oslo_config_glue [-] oslo_limit.timeout = None {{(pid=95828) log_opt_values /opt/stack/data/venv/lib/python3.12/site-packages/oslo_config/cfg.py:3256}}
Jun 11 10:32:29.511753 np0000002609 nova-scheduler[95828]: DEBUG cotyledon.oslo_config_glue [-] oslo_limit.valid_interfaces = None {{(pid=95828) log_opt_values /opt/stack/data/venv/lib/python3.12/site-packages/oslo_config/cfg.py:3256}}
Jun 11 10:32:29.511753 np0000002609 nova-scheduler[95828]: DEBUG cotyledon.oslo_config_glue [-] oslo_limit.version = None {{(pid=95828) log_opt_values /opt/stack/data/venv/lib/python3.12/site-packages/oslo_config/cfg.py:3256}}
Jun 11 10:32:29.511753 np0000002609 nova-scheduler[95828]: DEBUG cotyledon.oslo_config_glue [-] oslo_reports.file_event_handler = None {{(pid=95828) log_opt_values /opt/stack/data/venv/lib/python3.12/site-packages/oslo_config/cfg.py:3256}}
Jun 11 10:32:29.511753 np0000002609 nova-scheduler[95828]: DEBUG cotyledon.oslo_config_glue [-] oslo_reports.file_event_handler_interval = 1 {{(pid=95828) log_opt_values /opt/stack/data/venv/lib/python3.12/site-packages/oslo_config/cfg.py:3256}}
Jun 11 10:32:29.511753 np0000002609 nova-scheduler[95828]: DEBUG cotyledon.oslo_config_glue [-] oslo_reports.log_dir = None {{(pid=95828) log_opt_values /opt/stack/data/venv/lib/python3.12/site-packages/oslo_config/cfg.py:3256}}
Jun 11 10:32:29.511753 np0000002609 nova-scheduler[95828]: DEBUG cotyledon.oslo_config_glue [-] ******************************************************************************** {{(pid=95828) log_opt_values /opt/stack/data/venv/lib/python3.12/site-packages/oslo_config/cfg.py:3263}}
Jun 11 10:32:29.511753 np0000002609 nova-scheduler[95828]: DEBUG cotyledon._service_worker [-] Run service ServiceWrapper(1) [95828] {{(pid=95828) wait_forever /opt/stack/data/venv/lib/python3.12/site-packages/cotyledon/_service_worker.py:218}}
Jun 11 10:32:29.511903 np0000002609 nova-scheduler[95842]: INFO dbcounter [None req-cbefc701-eb85-4dee-ad5a-d73093dabbff None None] Registered counter for database nova_cell0
Jun 11 10:32:29.511930 np0000002609 nova-scheduler[95828]: INFO nova.service [-] Starting scheduler node (version 33.1.0)
Jun 11 10:32:29.511930 np0000002609 nova-scheduler[95828]: INFO dbcounter [None req-e6ff65ac-7bc6-410b-944d-8b4ad467bcb3 None None] Registered counter for database nova_cell0
Jun 11 10:32:29.538366 np0000002609 nova-scheduler[95842]: DEBUG oslo_db.sqlalchemy.engines [None req-cbefc701-eb85-4dee-ad5a-d73093dabbff None None] MySQL server mode set to STRICT_TRANS_TABLES,STRICT_ALL_TABLES,NO_ZERO_IN_DATE,NO_ZERO_DATE,ERROR_FOR_DIVISION_BY_ZERO,TRADITIONAL,NO_ENGINE_SUBSTITUTION {{(pid=95842) _check_effective_sql_mode /opt/stack/data/venv/lib/python3.12/site-packages/oslo_db/sqlalchemy/engines.py:325}}
Jun 11 10:32:29.542335 np0000002609 nova-scheduler[95828]: DEBUG oslo_db.sqlalchemy.engines [None req-e6ff65ac-7bc6-410b-944d-8b4ad467bcb3 None None] MySQL server mode set to STRICT_TRANS_TABLES,STRICT_ALL_TABLES,NO_ZERO_IN_DATE,NO_ZERO_DATE,ERROR_FOR_DIVISION_BY_ZERO,TRADITIONAL,NO_ENGINE_SUBSTITUTION {{(pid=95828) _check_effective_sql_mode /opt/stack/data/venv/lib/python3.12/site-packages/oslo_db/sqlalchemy/engines.py:325}}
Jun 11 10:32:29.546784 np0000002609 nova-scheduler[95842]: DEBUG dbcounter [-] [95842] Writer thread running {{(pid=95842) stat_writer /opt/stack/data/venv/lib/python3.12/site-packages/dbcounter.py:102}}
Jun 11 10:32:29.550836 np0000002609 nova-scheduler[95828]: DEBUG dbcounter [-] [95828] Writer thread running {{(pid=95828) stat_writer /opt/stack/data/venv/lib/python3.12/site-packages/dbcounter.py:102}}
Jun 11 10:32:29.552431 np0000002609 nova-scheduler[95791]: DEBUG oslo_db.sqlalchemy.engines [None req-a24dcb2f-739a-41ff-9a78-d16834df313c None None] MySQL server mode set to STRICT_TRANS_TABLES,STRICT_ALL_TABLES,NO_ZERO_IN_DATE,NO_ZERO_DATE,ERROR_FOR_DIVISION_BY_ZERO,TRADITIONAL,NO_ENGINE_SUBSTITUTION {{(pid=95791) _check_effective_sql_mode /opt/stack/data/venv/lib/python3.12/site-packages/oslo_db/sqlalchemy/engines.py:325}}
Jun 11 10:32:29.560503 np0000002609 nova-scheduler[95842]: DEBUG nova.service [None req-cbefc701-eb85-4dee-ad5a-d73093dabbff None None] Creating RPC server for service: nova-scheduler on topic: scheduler {{(pid=95842) start /opt/stack/nova/nova/service.py:196}}
Jun 11 10:32:29.563102 np0000002609 nova-scheduler[95791]: DEBUG dbcounter [-] [95791] Writer thread running {{(pid=95791) stat_writer /opt/stack/data/venv/lib/python3.12/site-packages/dbcounter.py:102}}
Jun 11 10:32:29.564864 np0000002609 nova-scheduler[95828]: DEBUG nova.service [None req-e6ff65ac-7bc6-410b-944d-8b4ad467bcb3 None None] Creating RPC server for service: nova-scheduler on topic: scheduler {{(pid=95828) start /opt/stack/nova/nova/service.py:196}}
Jun 11 10:32:29.566571 np0000002609 nova-scheduler[95791]: DEBUG nova.service [None req-a24dcb2f-739a-41ff-9a78-d16834df313c None None] Creating RPC server for service: nova-scheduler on topic: scheduler {{(pid=95791) start /opt/stack/nova/nova/service.py:196}}
Jun 11 10:32:29.588854 np0000002609 nova-scheduler[95791]: DEBUG nova.service [None req-a24dcb2f-739a-41ff-9a78-d16834df313c None None] Join ServiceGroup membership for this service scheduler {{(pid=95791) start /opt/stack/nova/nova/service.py:222}}
Jun 11 10:32:29.589287 np0000002609 nova-scheduler[95791]: DEBUG nova.servicegroup.drivers.db [None req-a24dcb2f-739a-41ff-9a78-d16834df313c None None] DB_Driver: join new ServiceGroup member np0000002609 to the scheduler group, service = {{(pid=95791) join /opt/stack/nova/nova/servicegroup/drivers/db.py:44}}
Jun 11 10:32:29.592061 np0000002609 nova-scheduler[95828]: DEBUG nova.service [None req-e6ff65ac-7bc6-410b-944d-8b4ad467bcb3 None None] Join ServiceGroup membership for this service scheduler {{(pid=95828) start /opt/stack/nova/nova/service.py:222}}
Jun 11 10:32:29.592235 np0000002609 nova-scheduler[95828]: DEBUG nova.servicegroup.drivers.db [None req-e6ff65ac-7bc6-410b-944d-8b4ad467bcb3 None None] DB_Driver: join new ServiceGroup member np0000002609 to the scheduler group, service = {{(pid=95828) join /opt/stack/nova/nova/servicegroup/drivers/db.py:44}}
Jun 11 10:32:29.599217 np0000002609 nova-scheduler[95842]: DEBUG nova.service [None req-cbefc701-eb85-4dee-ad5a-d73093dabbff None None] Join ServiceGroup membership for this service scheduler {{(pid=95842) start /opt/stack/nova/nova/service.py:222}}
Jun 11 10:32:29.599505 np0000002609 nova-scheduler[95842]: DEBUG nova.servicegroup.drivers.db [None req-cbefc701-eb85-4dee-ad5a-d73093dabbff None None] DB_Driver: join new ServiceGroup member np0000002609 to the scheduler group, service = {{(pid=95842) join /opt/stack/nova/nova/servicegroup/drivers/db.py:44}}
Jun 11 10:32:34.611504 np0000002609 nova-scheduler[95828]: DEBUG oslo.service.backend._threading.loopingcall [-] Fixed interval looping call 'nova.servicegroup.drivers.db.DbDriver._report_state' sleeping for 119.98 seconds {{(pid=95828) _run_loop /opt/stack/data/venv/lib/python3.12/site-packages/oslo_service/backend/_threading/loopingcall.py:125}}
Jun 11 10:32:34.612338 np0000002609 nova-scheduler[95791]: DEBUG oslo.service.backend._threading.loopingcall [-] Fixed interval looping call 'nova.servicegroup.drivers.db.DbDriver._report_state' sleeping for 119.98 seconds {{(pid=95791) _run_loop /opt/stack/data/venv/lib/python3.12/site-packages/oslo_service/backend/_threading/loopingcall.py:125}}
Jun 11 10:32:34.612876 np0000002609 nova-scheduler[95842]: DEBUG oslo.service.backend._threading.loopingcall [-] Fixed interval looping call 'nova.servicegroup.drivers.db.DbDriver._report_state' sleeping for 119.99 seconds {{(pid=95842) _run_loop /opt/stack/data/venv/lib/python3.12/site-packages/oslo_service/backend/_threading/loopingcall.py:125}}
Jun 11 10:32:38.124130 np0000002609 nova-scheduler[94542]: DEBUG dbcounter [-] [94542] Writing DB stats nova_api:SELECT=3 {{(pid=94542) stat_writer /opt/stack/data/venv/lib/python3.12/site-packages/dbcounter.py:115}}
Jun 11 10:32:38.285428 np0000002609 nova-scheduler[94542]: DEBUG dbcounter [-] [94542] Writing DB stats nova_cell1:SELECT=1 {{(pid=94542) stat_writer /opt/stack/data/venv/lib/python3.12/site-packages/dbcounter.py:115}}
Jun 11 10:32:38.286423 np0000002609 nova-scheduler[94542]: DEBUG dbcounter [-] [94542] Writing DB stats nova_cell0:SELECT=1 {{(pid=94542) stat_writer /opt/stack/data/venv/lib/python3.12/site-packages/dbcounter.py:115}}
Jun 11 10:32:44.601458 np0000002609 nova-scheduler[95828]: DEBUG dbcounter [-] [95828] Writing DB stats nova_cell0:SELECT=5,nova_cell0:INSERT=1,nova_cell0:UPDATE=1 {{(pid=95828) stat_writer /opt/stack/data/venv/lib/python3.12/site-packages/dbcounter.py:115}}
Jun 11 10:32:44.605023 np0000002609 nova-scheduler[95791]: DEBUG dbcounter [-] [95791] Writing DB stats nova_cell0:SELECT=3,nova_cell0:UPDATE=1 {{(pid=95791) stat_writer /opt/stack/data/venv/lib/python3.12/site-packages/dbcounter.py:115}}
Jun 11 10:32:44.612991 np0000002609 nova-scheduler[95842]: DEBUG dbcounter [-] [95842] Writing DB stats nova_cell0:SELECT=4,nova_cell0:INSERT=1,nova_cell0:UPDATE=1 {{(pid=95842) stat_writer /opt/stack/data/venv/lib/python3.12/site-packages/dbcounter.py:115}}
Jun 11 10:33:13.594445 np0000002609 nova-scheduler[95828]: DEBUG oslo.service.backend._threading.loopingcall [None req-4ab0a41c-b7e5-4de2-a3ab-cde7ec9cea74 None None] Dynamic interval looping call 'nova.service.Service.periodic_tasks' sleeping for 60.00 seconds {{(pid=95828) _run_loop /opt/stack/data/venv/lib/python3.12/site-packages/oslo_service/backend/_threading/loopingcall.py:125}}
Jun 11 10:33:19.595655 np0000002609 nova-scheduler[95791]: DEBUG oslo.service.backend._threading.loopingcall [None req-71bb87ee-5dca-4b6f-b8fe-fa7f3f693252 None None] Dynamic interval looping call 'nova.service.Service.periodic_tasks' sleeping for 60.00 seconds {{(pid=95791) _run_loop /opt/stack/data/venv/lib/python3.12/site-packages/oslo_service/backend/_threading/loopingcall.py:125}}
Jun 11 10:33:28.601541 np0000002609 nova-scheduler[95842]: DEBUG oslo.service.backend._threading.loopingcall [None req-5d00a1df-a02a-411d-99e3-13a12bd7673d None None] Dynamic interval looping call 'nova.service.Service.periodic_tasks' sleeping for 60.00 seconds {{(pid=95842) _run_loop /opt/stack/data/venv/lib/python3.12/site-packages/oslo_service/backend/_threading/loopingcall.py:125}}
Jun 11 10:34:13.595093 np0000002609 nova-scheduler[95828]: DEBUG oslo.service.backend._threading.loopingcall [None req-4ab0a41c-b7e5-4de2-a3ab-cde7ec9cea74 None None] Dynamic interval looping call 'nova.service.Service.periodic_tasks' sleeping for 60.00 seconds {{(pid=95828) _run_loop /opt/stack/data/venv/lib/python3.12/site-packages/oslo_service/backend/_threading/loopingcall.py:125}}
Jun 11 10:34:19.596208 np0000002609 nova-scheduler[95791]: DEBUG oslo.service.backend._threading.loopingcall [None req-71bb87ee-5dca-4b6f-b8fe-fa7f3f693252 None None] Dynamic interval looping call 'nova.service.Service.periodic_tasks' sleeping for 60.00 seconds {{(pid=95791) _run_loop /opt/stack/data/venv/lib/python3.12/site-packages/oslo_service/backend/_threading/loopingcall.py:125}}
Jun 11 10:34:28.603165 np0000002609 nova-scheduler[95842]: DEBUG oslo.service.backend._threading.loopingcall [None req-5d00a1df-a02a-411d-99e3-13a12bd7673d None None] Dynamic interval looping call 'nova.service.Service.periodic_tasks' sleeping for 60.00 seconds {{(pid=95842) _run_loop /opt/stack/data/venv/lib/python3.12/site-packages/oslo_service/backend/_threading/loopingcall.py:125}}
Jun 11 10:34:34.603409 np0000002609 nova-scheduler[95791]: DEBUG oslo.service.backend._threading.loopingcall [-] Fixed interval looping call 'nova.servicegroup.drivers.db.DbDriver._report_state' sleeping for 119.99 seconds {{(pid=95791) _run_loop /opt/stack/data/venv/lib/python3.12/site-packages/oslo_service/backend/_threading/loopingcall.py:125}}
Jun 11 10:34:34.604773 np0000002609 nova-scheduler[95828]: DEBUG oslo.service.backend._threading.loopingcall [-] Fixed interval looping call 'nova.servicegroup.drivers.db.DbDriver._report_state' sleeping for 119.99 seconds {{(pid=95828) _run_loop /opt/stack/data/venv/lib/python3.12/site-packages/oslo_service/backend/_threading/loopingcall.py:125}}
Jun 11 10:34:34.607500 np0000002609 nova-scheduler[95842]: DEBUG oslo.service.backend._threading.loopingcall [-] Fixed interval looping call 'nova.servicegroup.drivers.db.DbDriver._report_state' sleeping for 120.00 seconds {{(pid=95842) _run_loop /opt/stack/data/venv/lib/python3.12/site-packages/oslo_service/backend/_threading/loopingcall.py:125}}
Jun 11 10:34:44.597798 np0000002609 nova-scheduler[95791]: DEBUG dbcounter [-] [95791] Writing DB stats nova_cell0:SELECT=1,nova_cell0:UPDATE=1 {{(pid=95791) stat_writer /opt/stack/data/venv/lib/python3.12/site-packages/dbcounter.py:115}}
Jun 11 10:34:44.598254 np0000002609 nova-scheduler[95828]: DEBUG dbcounter [-] [95828] Writing DB stats nova_cell0:SELECT=1,nova_cell0:UPDATE=1 {{(pid=95828) stat_writer /opt/stack/data/venv/lib/python3.12/site-packages/dbcounter.py:115}}
Jun 11 10:34:44.605916 np0000002609 nova-scheduler[95842]: DEBUG dbcounter [-] [95842] Writing DB stats nova_cell0:SELECT=1 {{(pid=95842) stat_writer /opt/stack/data/venv/lib/python3.12/site-packages/dbcounter.py:115}}
Jun 11 10:35:13.595751 np0000002609 nova-scheduler[95828]: DEBUG oslo.service.backend._threading.loopingcall [None req-4ab0a41c-b7e5-4de2-a3ab-cde7ec9cea74 None None] Dynamic interval looping call 'nova.service.Service.periodic_tasks' sleeping for 60.00 seconds {{(pid=95828) _run_loop /opt/stack/data/venv/lib/python3.12/site-packages/oslo_service/backend/_threading/loopingcall.py:125}}
Jun 11 10:35:19.596939 np0000002609 nova-scheduler[95791]: DEBUG oslo.service.backend._threading.loopingcall [None req-71bb87ee-5dca-4b6f-b8fe-fa7f3f693252 None None] Dynamic interval looping call 'nova.service.Service.periodic_tasks' sleeping for 60.00 seconds {{(pid=95791) _run_loop /opt/stack/data/venv/lib/python3.12/site-packages/oslo_service/backend/_threading/loopingcall.py:125}}
Jun 11 10:35:25.590436 np0000002609 nova-scheduler[95791]: DEBUG nova.scheduler.manager [None req-d02c8c53-01a6-4b54-9027-dc93f1eb5042 tempest-AttachVolumeShelveTestJSON-1547897907 tempest-AttachVolumeShelveTestJSON-1547897907-project-member] Starting to schedule for instances: ['09de2091-3658-4765-b8aa-6a113250c4bb'] {{(pid=95791) select_destinations /opt/stack/nova/nova/scheduler/manager.py:210}}
Jun 11 10:35:25.597791 np0000002609 nova-scheduler[95791]: DEBUG nova.scheduler.request_filter [None req-d02c8c53-01a6-4b54-9027-dc93f1eb5042 tempest-AttachVolumeShelveTestJSON-1547897907 tempest-AttachVolumeShelveTestJSON-1547897907-project-member] compute_status_filter request filter added forbidden trait COMPUTE_STATUS_DISABLED {{(pid=95791) compute_status_filter /opt/stack/nova/nova/scheduler/request_filter.py:253}}
Jun 11 10:35:25.597791 np0000002609 nova-scheduler[95791]: DEBUG nova.scheduler.request_filter [None req-d02c8c53-01a6-4b54-9027-dc93f1eb5042 tempest-AttachVolumeShelveTestJSON-1547897907 tempest-AttachVolumeShelveTestJSON-1547897907-project-member] Request filter 'compute_status_filter' took 0.0 seconds {{(pid=95791) wrapper /opt/stack/nova/nova/scheduler/request_filter.py:46}}
Jun 11 10:35:25.597791 np0000002609 nova-scheduler[95791]: DEBUG nova.scheduler.request_filter [None req-d02c8c53-01a6-4b54-9027-dc93f1eb5042 tempest-AttachVolumeShelveTestJSON-1547897907 tempest-AttachVolumeShelveTestJSON-1547897907-project-member] Request filter 'accelerators_filter' took 0.0 seconds {{(pid=95791) wrapper /opt/stack/nova/nova/scheduler/request_filter.py:46}}
Jun 11 10:35:25.597791 np0000002609 nova-scheduler[95791]: DEBUG nova.scheduler.request_filter [None req-d02c8c53-01a6-4b54-9027-dc93f1eb5042 tempest-AttachVolumeShelveTestJSON-1547897907 tempest-AttachVolumeShelveTestJSON-1547897907-project-member] Request filter 'packed_virtqueue_filter' took 0.0 seconds {{(pid=95791) wrapper /opt/stack/nova/nova/scheduler/request_filter.py:46}}
Jun 11 10:35:25.597791 np0000002609 nova-scheduler[95791]: DEBUG nova.scheduler.request_filter [None req-d02c8c53-01a6-4b54-9027-dc93f1eb5042 tempest-AttachVolumeShelveTestJSON-1547897907 tempest-AttachVolumeShelveTestJSON-1547897907-project-member] Request filter 'remote_managed_ports_filter' took 0.0 seconds {{(pid=95791) wrapper /opt/stack/nova/nova/scheduler/request_filter.py:46}}
Jun 11 10:35:25.598766 np0000002609 nova-scheduler[95791]: DEBUG nova.scheduler.request_filter [None req-d02c8c53-01a6-4b54-9027-dc93f1eb5042 tempest-AttachVolumeShelveTestJSON-1547897907 tempest-AttachVolumeShelveTestJSON-1547897907-project-member] ephemeral_encryption_filter skipped {{(pid=95791) ephemeral_encryption_filter /opt/stack/nova/nova/scheduler/request_filter.py:426}}
Jun 11 10:35:25.599665 np0000002609 nova-scheduler[95791]: DEBUG nova.scheduler.request_filter [None req-d02c8c53-01a6-4b54-9027-dc93f1eb5042 tempest-AttachVolumeShelveTestJSON-1547897907 tempest-AttachVolumeShelveTestJSON-1547897907-project-member] virtio_sound_filter skipped {{(pid=95791) virtio_sound_filter /opt/stack/nova/nova/scheduler/request_filter.py:460}}
Jun 11 10:35:25.599821 np0000002609 nova-scheduler[95791]: DEBUG nova.scheduler.request_filter [None req-d02c8c53-01a6-4b54-9027-dc93f1eb5042 tempest-AttachVolumeShelveTestJSON-1547897907 tempest-AttachVolumeShelveTestJSON-1547897907-project-member] tpm_secret_security_filter skipped {{(pid=95791) tpm_secret_security_filter /opt/stack/nova/nova/scheduler/request_filter.py:477}}
Jun 11 10:35:25.792436 np0000002609 nova-scheduler[95828]: DEBUG nova.scheduler.manager [None req-76b03ec7-95d7-4fce-9fae-f78802aa9b94 tempest-AttachVolumeMultiAttachTest-984175266 tempest-AttachVolumeMultiAttachTest-984175266-project-member] Starting to schedule for instances: ['e223b802-b61c-4edb-a24e-604a82e104ca'] {{(pid=95828) select_destinations /opt/stack/nova/nova/scheduler/manager.py:210}}
Jun 11 10:35:25.792951 np0000002609 nova-scheduler[95828]: DEBUG nova.scheduler.request_filter [None req-76b03ec7-95d7-4fce-9fae-f78802aa9b94 tempest-AttachVolumeMultiAttachTest-984175266 tempest-AttachVolumeMultiAttachTest-984175266-project-member] compute_status_filter request filter added forbidden trait COMPUTE_STATUS_DISABLED {{(pid=95828) compute_status_filter /opt/stack/nova/nova/scheduler/request_filter.py:253}}
Jun 11 10:35:25.793439 np0000002609 nova-scheduler[95828]: DEBUG nova.scheduler.request_filter [None req-76b03ec7-95d7-4fce-9fae-f78802aa9b94 tempest-AttachVolumeMultiAttachTest-984175266 tempest-AttachVolumeMultiAttachTest-984175266-project-member] Request filter 'compute_status_filter' took 0.0 seconds {{(pid=95828) wrapper /opt/stack/nova/nova/scheduler/request_filter.py:46}}
Jun 11 10:35:25.794346 np0000002609 nova-scheduler[95828]: DEBUG nova.scheduler.request_filter [None req-76b03ec7-95d7-4fce-9fae-f78802aa9b94 tempest-AttachVolumeMultiAttachTest-984175266 tempest-AttachVolumeMultiAttachTest-984175266-project-member] Request filter 'accelerators_filter' took 0.0 seconds {{(pid=95828) wrapper /opt/stack/nova/nova/scheduler/request_filter.py:46}}
Jun 11 10:35:25.795947 np0000002609 nova-scheduler[95828]: DEBUG nova.scheduler.request_filter [None req-76b03ec7-95d7-4fce-9fae-f78802aa9b94 tempest-AttachVolumeMultiAttachTest-984175266 tempest-AttachVolumeMultiAttachTest-984175266-project-member] Request filter 'packed_virtqueue_filter' took 0.0 seconds {{(pid=95828) wrapper /opt/stack/nova/nova/scheduler/request_filter.py:46}}
Jun 11 10:35:25.795947 np0000002609 nova-scheduler[95828]: DEBUG nova.scheduler.request_filter [None req-76b03ec7-95d7-4fce-9fae-f78802aa9b94 tempest-AttachVolumeMultiAttachTest-984175266 tempest-AttachVolumeMultiAttachTest-984175266-project-member] Request filter 'remote_managed_ports_filter' took 0.0 seconds {{(pid=95828) wrapper /opt/stack/nova/nova/scheduler/request_filter.py:46}}
Jun 11 10:35:25.795947 np0000002609 nova-scheduler[95828]: DEBUG nova.scheduler.request_filter [None req-76b03ec7-95d7-4fce-9fae-f78802aa9b94 tempest-AttachVolumeMultiAttachTest-984175266 tempest-AttachVolumeMultiAttachTest-984175266-project-member] ephemeral_encryption_filter skipped {{(pid=95828) ephemeral_encryption_filter /opt/stack/nova/nova/scheduler/request_filter.py:426}}
Jun 11 10:35:25.795947 np0000002609 nova-scheduler[95828]: DEBUG nova.scheduler.request_filter [None req-76b03ec7-95d7-4fce-9fae-f78802aa9b94 tempest-AttachVolumeMultiAttachTest-984175266 tempest-AttachVolumeMultiAttachTest-984175266-project-member] virtio_sound_filter skipped {{(pid=95828) virtio_sound_filter /opt/stack/nova/nova/scheduler/request_filter.py:460}}
Jun 11 10:35:25.795947 np0000002609 nova-scheduler[95828]: DEBUG nova.scheduler.request_filter [None req-76b03ec7-95d7-4fce-9fae-f78802aa9b94 tempest-AttachVolumeMultiAttachTest-984175266 tempest-AttachVolumeMultiAttachTest-984175266-project-member] tpm_secret_security_filter skipped {{(pid=95828) tpm_secret_security_filter /opt/stack/nova/nova/scheduler/request_filter.py:477}}
Jun 11 10:35:26.240765 np0000002609 nova-scheduler[95828]: INFO nova.utils [None req-76b03ec7-95d7-4fce-9fae-f78802aa9b94 tempest-AttachVolumeMultiAttachTest-984175266 tempest-AttachVolumeMultiAttachTest-984175266-project-member] The cell worker thread pool ForkProcess-2.cell_worker is initialized
Jun 11 10:35:26.241140 np0000002609 nova-scheduler[95828]: DEBUG oslo_concurrency.lockutils [None req-76b03ec7-95d7-4fce-9fae-f78802aa9b94 tempest-AttachVolumeMultiAttachTest-984175266 tempest-AttachVolumeMultiAttachTest-984175266-project-member] Acquiring lock "5e2ac95c-0e38-4288-9430-f7ae9429a72a" by "nova.context.set_target_cell..get_or_set_cached_cell_and_set_connections" {{(pid=95828) inner /opt/stack/data/venv/lib/python3.12/site-packages/oslo_concurrency/lockutils.py:511}}
Jun 11 10:35:26.241322 np0000002609 nova-scheduler[95828]: DEBUG oslo_concurrency.lockutils [None req-76b03ec7-95d7-4fce-9fae-f78802aa9b94 tempest-AttachVolumeMultiAttachTest-984175266 tempest-AttachVolumeMultiAttachTest-984175266-project-member] Lock "5e2ac95c-0e38-4288-9430-f7ae9429a72a" acquired by "nova.context.set_target_cell..get_or_set_cached_cell_and_set_connections" :: waited 0.000s {{(pid=95828) inner /opt/stack/data/venv/lib/python3.12/site-packages/oslo_concurrency/lockutils.py:524}}
Jun 11 10:35:26.244161 np0000002609 nova-scheduler[95828]: DEBUG oslo_concurrency.lockutils [None req-76b03ec7-95d7-4fce-9fae-f78802aa9b94 tempest-AttachVolumeMultiAttachTest-984175266 tempest-AttachVolumeMultiAttachTest-984175266-project-member] Lock "5e2ac95c-0e38-4288-9430-f7ae9429a72a" "released" by "nova.context.set_target_cell..get_or_set_cached_cell_and_set_connections" :: held 0.003s {{(pid=95828) inner /opt/stack/data/venv/lib/python3.12/site-packages/oslo_concurrency/lockutils.py:543}}
Jun 11 10:35:26.246826 np0000002609 nova-scheduler[95791]: INFO nova.utils [None req-d02c8c53-01a6-4b54-9027-dc93f1eb5042 tempest-AttachVolumeShelveTestJSON-1547897907 tempest-AttachVolumeShelveTestJSON-1547897907-project-member] The cell worker thread pool ForkProcess-1.cell_worker is initialized
Jun 11 10:35:26.247215 np0000002609 nova-scheduler[95791]: DEBUG oslo_concurrency.lockutils [None req-d02c8c53-01a6-4b54-9027-dc93f1eb5042 tempest-AttachVolumeShelveTestJSON-1547897907 tempest-AttachVolumeShelveTestJSON-1547897907-project-member] Acquiring lock "5e2ac95c-0e38-4288-9430-f7ae9429a72a" by "nova.context.set_target_cell..get_or_set_cached_cell_and_set_connections" {{(pid=95791) inner /opt/stack/data/venv/lib/python3.12/site-packages/oslo_concurrency/lockutils.py:511}}
Jun 11 10:35:26.247439 np0000002609 nova-scheduler[95791]: DEBUG oslo_concurrency.lockutils [None req-d02c8c53-01a6-4b54-9027-dc93f1eb5042 tempest-AttachVolumeShelveTestJSON-1547897907 tempest-AttachVolumeShelveTestJSON-1547897907-project-member] Lock "5e2ac95c-0e38-4288-9430-f7ae9429a72a" acquired by "nova.context.set_target_cell..get_or_set_cached_cell_and_set_connections" :: waited 0.000s {{(pid=95791) inner /opt/stack/data/venv/lib/python3.12/site-packages/oslo_concurrency/lockutils.py:524}}
Jun 11 10:35:26.247811 np0000002609 nova-scheduler[95828]: INFO dbcounter [None req-76b03ec7-95d7-4fce-9fae-f78802aa9b94 tempest-AttachVolumeMultiAttachTest-984175266 tempest-AttachVolumeMultiAttachTest-984175266-project-member] Registered counter for database nova_cell1
Jun 11 10:35:26.248570 np0000002609 nova-scheduler[95791]: DEBUG oslo_concurrency.lockutils [None req-d02c8c53-01a6-4b54-9027-dc93f1eb5042 tempest-AttachVolumeShelveTestJSON-1547897907 tempest-AttachVolumeShelveTestJSON-1547897907-project-member] Lock "5e2ac95c-0e38-4288-9430-f7ae9429a72a" "released" by "nova.context.set_target_cell..get_or_set_cached_cell_and_set_connections" :: held 0.001s {{(pid=95791) inner /opt/stack/data/venv/lib/python3.12/site-packages/oslo_concurrency/lockutils.py:543}}
Jun 11 10:35:26.251202 np0000002609 nova-scheduler[95791]: INFO dbcounter [None req-d02c8c53-01a6-4b54-9027-dc93f1eb5042 tempest-AttachVolumeShelveTestJSON-1547897907 tempest-AttachVolumeShelveTestJSON-1547897907-project-member] Registered counter for database nova_cell1
Jun 11 10:35:26.287101 np0000002609 nova-scheduler[95828]: DEBUG oslo_db.sqlalchemy.engines [None req-76b03ec7-95d7-4fce-9fae-f78802aa9b94 tempest-AttachVolumeMultiAttachTest-984175266 tempest-AttachVolumeMultiAttachTest-984175266-project-member] MySQL server mode set to STRICT_TRANS_TABLES,STRICT_ALL_TABLES,NO_ZERO_IN_DATE,NO_ZERO_DATE,ERROR_FOR_DIVISION_BY_ZERO,TRADITIONAL,NO_ENGINE_SUBSTITUTION {{(pid=95828) _check_effective_sql_mode /opt/stack/data/venv/lib/python3.12/site-packages/oslo_db/sqlalchemy/engines.py:325}}
Jun 11 10:35:26.291211 np0000002609 nova-scheduler[95791]: DEBUG oslo_db.sqlalchemy.engines [None req-d02c8c53-01a6-4b54-9027-dc93f1eb5042 tempest-AttachVolumeShelveTestJSON-1547897907 tempest-AttachVolumeShelveTestJSON-1547897907-project-member] MySQL server mode set to STRICT_TRANS_TABLES,STRICT_ALL_TABLES,NO_ZERO_IN_DATE,NO_ZERO_DATE,ERROR_FOR_DIVISION_BY_ZERO,TRADITIONAL,NO_ENGINE_SUBSTITUTION {{(pid=95791) _check_effective_sql_mode /opt/stack/data/venv/lib/python3.12/site-packages/oslo_db/sqlalchemy/engines.py:325}}
Jun 11 10:35:26.292662 np0000002609 nova-scheduler[95828]: DEBUG dbcounter [-] [95828] Writer thread running {{(pid=95828) stat_writer /opt/stack/data/venv/lib/python3.12/site-packages/dbcounter.py:102}}
Jun 11 10:35:26.296626 np0000002609 nova-scheduler[95791]: DEBUG dbcounter [-] [95791] Writer thread running {{(pid=95791) stat_writer /opt/stack/data/venv/lib/python3.12/site-packages/dbcounter.py:102}}
Jun 11 10:35:26.303923 np0000002609 nova-scheduler[95828]: DEBUG oslo_db.sqlalchemy.engines [None req-76b03ec7-95d7-4fce-9fae-f78802aa9b94 tempest-AttachVolumeMultiAttachTest-984175266 tempest-AttachVolumeMultiAttachTest-984175266-project-member] Parent process 94542 forked (95828) with an open database connection, which is being discarded and recreated. {{(pid=95828) checkout /opt/stack/data/venv/lib/python3.12/site-packages/oslo_db/sqlalchemy/engines.py:402}}
Jun 11 10:35:26.342767 np0000002609 nova-scheduler[95828]: DEBUG dbcounter [-] [95828] Writer thread running {{(pid=95828) stat_writer /opt/stack/data/venv/lib/python3.12/site-packages/dbcounter.py:102}}
Jun 11 10:35:26.349282 np0000002609 nova-scheduler[95828]: DEBUG oslo_concurrency.lockutils [None req-76b03ec7-95d7-4fce-9fae-f78802aa9b94 tempest-AttachVolumeMultiAttachTest-984175266 tempest-AttachVolumeMultiAttachTest-984175266-project-member] Acquiring lock "5e2ac95c-0e38-4288-9430-f7ae9429a72a" by "nova.context.set_target_cell..get_or_set_cached_cell_and_set_connections" {{(pid=95828) inner /opt/stack/data/venv/lib/python3.12/site-packages/oslo_concurrency/lockutils.py:511}}
Jun 11 10:35:26.349282 np0000002609 nova-scheduler[95828]: DEBUG oslo_concurrency.lockutils [None req-76b03ec7-95d7-4fce-9fae-f78802aa9b94 tempest-AttachVolumeMultiAttachTest-984175266 tempest-AttachVolumeMultiAttachTest-984175266-project-member] Lock "5e2ac95c-0e38-4288-9430-f7ae9429a72a" acquired by "nova.context.set_target_cell..get_or_set_cached_cell_and_set_connections" :: waited 0.000s {{(pid=95828) inner /opt/stack/data/venv/lib/python3.12/site-packages/oslo_concurrency/lockutils.py:524}}
Jun 11 10:35:26.349623 np0000002609 nova-scheduler[95828]: DEBUG oslo_concurrency.lockutils [None req-76b03ec7-95d7-4fce-9fae-f78802aa9b94 tempest-AttachVolumeMultiAttachTest-984175266 tempest-AttachVolumeMultiAttachTest-984175266-project-member] Lock "5e2ac95c-0e38-4288-9430-f7ae9429a72a" "released" by "nova.context.set_target_cell..get_or_set_cached_cell_and_set_connections" :: held 0.000s {{(pid=95828) inner /opt/stack/data/venv/lib/python3.12/site-packages/oslo_concurrency/lockutils.py:543}}
Jun 11 10:35:26.354257 np0000002609 nova-scheduler[95828]: DEBUG oslo_concurrency.lockutils [None req-76b03ec7-95d7-4fce-9fae-f78802aa9b94 tempest-AttachVolumeMultiAttachTest-984175266 tempest-AttachVolumeMultiAttachTest-984175266-project-member] Acquiring lock "('np0000002609', 'np0000002609')" by "nova.scheduler.host_manager.HostState.update.._locked_update" {{(pid=95828) inner /opt/stack/data/venv/lib/python3.12/site-packages/oslo_concurrency/lockutils.py:511}}
Jun 11 10:35:26.354257 np0000002609 nova-scheduler[95828]: DEBUG oslo_concurrency.lockutils [None req-76b03ec7-95d7-4fce-9fae-f78802aa9b94 tempest-AttachVolumeMultiAttachTest-984175266 tempest-AttachVolumeMultiAttachTest-984175266-project-member] Lock "('np0000002609', 'np0000002609')" acquired by "nova.scheduler.host_manager.HostState.update.._locked_update" :: waited 0.000s {{(pid=95828) inner /opt/stack/data/venv/lib/python3.12/site-packages/oslo_concurrency/lockutils.py:524}}
Jun 11 10:35:26.355303 np0000002609 nova-scheduler[95828]: DEBUG nova.scheduler.host_manager [None req-76b03ec7-95d7-4fce-9fae-f78802aa9b94 tempest-AttachVolumeMultiAttachTest-984175266 tempest-AttachVolumeMultiAttachTest-984175266-project-member] Update host state from compute node: ComputeNode(cpu_allocation_ratio=4.0,cpu_info='{"arch": "x86_64", "model": "EPYC-Milan", "vendor": "AMD", "topology": {"cells": 1, "sockets": 12, "cores": 1, "threads": 1}, "maxphysaddr": {"mode": "emulate", "bits": 40}, "features": ["mtrr", "svme-addr-chk", "sse4.1", "pfthreshold", "abm", "pause-filter", "rdseed", "mca", "clzero", "tsc_adjust", "invpcid", "fxsr", "sep", "mmx", "fsrm", "pclmuldq", "cmp_legacy", "rdrand", "tsc-deadline", "ssse3", "topoext", "pge", "vaes", "fxsr_opt", "wbnoinvd", "sha-ni", "x2apic", "spec-ctrl", "xsaveopt", "lbrv", "pse36", "sse4.2", "rdtscp", "syscall", "avx", "amd-ssbd", "arch-capabilities", "hypervisor", "ssbd", "mmxext", "erms", "clwb", "tsc-scale", "sse", "vpclmulqdq", "fsgsbase", "smep", "mce", "svm", "cx16", "xsaves", "osvw", "vgif", "xgetbv1", "popcnt", "movbe", "fpu", "clflush", "ibrs", "msr", "pcid", "pni", "stibp", "lahf_lm", "pat", "pse", "pdpe1gb", "vmcb-clean", "sse4a", "perfctr_core", "xsave", "v-vmsave-vmload", "cmov", "smap", "lm", "gds-no", "npt", "no-nested-data-bp", "flushbyasid", "bmi2", "avx2", "nx", "clflushopt", "skip-l1dfl-vmentry", "pae", "ibpb", "umip", "adx", "arat", "bmi1", "xsaveerptr", "apic", "cx8", "nrip-save", "cr8legacy", "xsavec", "pschange-mc-no", "rdctl-no", "3dnowprefetch", "rdpid", "f16c", "null-sel-clr-base", "amd-stibp", "de", "lfence-always-serializing", "aes", "sse2", "amd-psfd", "mds-no", "tsc", "virt-ssbd", "stibp-always-on", "misalignsse", "fma", "vme", "pku"]}',created_at=2026-06-11T10:32:54Z,current_workload=0,deleted=False,deleted_at=None,disk_allocation_ratio=1.0,disk_available_least=74,free_disk_gb=95,free_ram_mb=23518,host='np0000002609',host_ip=10.4.3.211,hypervisor_hostname='np0000002609',hypervisor_type='QEMU',hypervisor_version=8002002,id=1,local_gb=95,local_gb_used=0,mapped=1,memory_mb=24030,memory_mb_used=512,metrics='[]',numa_topology='{"nova_object.name": "NUMATopology", "nova_object.namespace": "nova", "nova_object.version": "1.2", "nova_object.data": {"cells": [{"nova_object.name": "NUMACell", "nova_object.namespace": "nova", "nova_object.version": "1.5", "nova_object.data": {"id": 0, "cpuset": [0, 1, 2, 3, 4, 5, 6, 7, 8, 9, 10, 11], "pcpuset": [0, 1, 2, 3, 4, 5, 6, 7, 8, 9, 10, 11], "memory": 24030, "cpu_usage": 0, "memory_usage": 0, "pinned_cpus": [], "siblings": [[6], [2], [5], [11], [8], [4], [1], [7], [10], [0], [3], [9]], "mempages": [{"nova_object.name": "NUMAPagesTopology", "nova_object.namespace": "nova", "nova_object.version": "1.1", "nova_object.data": {"size_kb": 4, "total": 6151798, "used": 0, "reserved": 0}, "nova_object.changes": ["total", "used", "reserved", "size_kb"]}, {"nova_object.name": "NUMAPagesTopology", "nova_object.namespace": "nova", "nova_object.version": "1.1", "nova_object.data": {"size_kb": 2048, "total": 0, "used": 0, "reserved": 0}, "nova_object.changes": ["total", "used", "reserved", "size_kb"]}, {"nova_object.name": "NUMAPagesTopology", "nova_object.namespace": "nova", "nova_object.version": "1.1", "nova_object.data": {"size_kb": 1048576, "total": 0, "used": 0, "reserved": 0}, "nova_object.changes": ["total", "used", "reserved", "size_kb"]}], "network_metadata": {"nova_object.name": "NetworkMetadata", "nova_object.namespace": "nova", "nova_object.version": "1.0", "nova_object.data": {"physnets": [], "tunneled": false}, "nova_object.changes": ["tunneled", "physnets"]}, "socket": null}, "nova_object.changes": ["network_metadata", "pinned_cpus", "socket", "siblings", "id", "mempages", "memory_usage", "memory", "pcpuset", "cpuset", "cpu_usage"]}]}, "nova_object.changes": ["cells"]}',pci_device_pools=PciDevicePoolList,ram_allocation_ratio=1.0,running_vms=0,service_id=2,stats={failed_builds='0',uptime=' 10:34:40 up 26 min, 2 users, load average: 1.32, 1.44, 0.85
Jun 11 10:35:26.355303 np0000002609 nova-scheduler[95828]: '},supported_hv_specs=[HVSpec,HVSpec,HVSpec,HVSpec,HVSpec,HVSpec,HVSpec,HVSpec,HVSpec,HVSpec,HVSpec,HVSpec,HVSpec,HVSpec,HVSpec,HVSpec,HVSpec,HVSpec,HVSpec,HVSpec,HVSpec,HVSpec,HVSpec,HVSpec,HVSpec],updated_at=2026-06-11T10:34:42Z,uuid=60e118f4-d6eb-407c-a138-89b109f4ab1f,vcpus=12,vcpus_used=0) {{(pid=95828) _locked_update /opt/stack/nova/nova/scheduler/host_manager.py:168}}
Jun 11 10:35:26.356142 np0000002609 nova-scheduler[95828]: DEBUG nova.scheduler.host_manager [None req-76b03ec7-95d7-4fce-9fae-f78802aa9b94 tempest-AttachVolumeMultiAttachTest-984175266 tempest-AttachVolumeMultiAttachTest-984175266-project-member] Update host state with aggregates: [] {{(pid=95828) _locked_update /opt/stack/nova/nova/scheduler/host_manager.py:171}}
Jun 11 10:35:26.356254 np0000002609 nova-scheduler[95828]: DEBUG nova.scheduler.host_manager [None req-76b03ec7-95d7-4fce-9fae-f78802aa9b94 tempest-AttachVolumeMultiAttachTest-984175266 tempest-AttachVolumeMultiAttachTest-984175266-project-member] Update host state with service dict: {'id': 2, 'uuid': 'fef9e73d-884a-45f5-a902-ce0c1d1d397b', 'host': 'np0000002609', 'binary': 'nova-compute', 'topic': 'compute', 'report_count': 2, 'disabled': False, 'disabled_reason': None, 'last_seen_up': datetime.datetime(2026, 6, 11, 10, 35, 3, tzinfo=datetime.timezone.utc), 'forced_down': False, 'version': 72, 'created_at': datetime.datetime(2026, 6, 11, 10, 32, 53, tzinfo=datetime.timezone.utc), 'updated_at': datetime.datetime(2026, 6, 11, 10, 35, 3, tzinfo=datetime.timezone.utc), 'deleted_at': None, 'deleted': False} {{(pid=95828) _locked_update /opt/stack/nova/nova/scheduler/host_manager.py:174}}
Jun 11 10:35:26.356428 np0000002609 nova-scheduler[95828]: DEBUG nova.scheduler.host_manager [None req-76b03ec7-95d7-4fce-9fae-f78802aa9b94 tempest-AttachVolumeMultiAttachTest-984175266 tempest-AttachVolumeMultiAttachTest-984175266-project-member] Update host state with instances: [] {{(pid=95828) _locked_update /opt/stack/nova/nova/scheduler/host_manager.py:177}}
Jun 11 10:35:26.356628 np0000002609 nova-scheduler[95828]: DEBUG oslo_concurrency.lockutils [None req-76b03ec7-95d7-4fce-9fae-f78802aa9b94 tempest-AttachVolumeMultiAttachTest-984175266 tempest-AttachVolumeMultiAttachTest-984175266-project-member] Lock "('np0000002609', 'np0000002609')" "released" by "nova.scheduler.host_manager.HostState.update.._locked_update" :: held 0.002s {{(pid=95828) inner /opt/stack/data/venv/lib/python3.12/site-packages/oslo_concurrency/lockutils.py:543}}
Jun 11 10:35:26.357100 np0000002609 nova-scheduler[95828]: DEBUG nova.filters [None req-76b03ec7-95d7-4fce-9fae-f78802aa9b94 tempest-AttachVolumeMultiAttachTest-984175266 tempest-AttachVolumeMultiAttachTest-984175266-project-member] Starting with 1 host(s) {{(pid=95828) get_filtered_objects /opt/stack/nova/nova/filters.py:70}}
Jun 11 10:35:26.357341 np0000002609 nova-scheduler[95828]: DEBUG nova.filters [None req-76b03ec7-95d7-4fce-9fae-f78802aa9b94 tempest-AttachVolumeMultiAttachTest-984175266 tempest-AttachVolumeMultiAttachTest-984175266-project-member] Filter ComputeFilter returned 1 host(s) {{(pid=95828) get_filtered_objects /opt/stack/nova/nova/filters.py:102}}
Jun 11 10:35:26.357487 np0000002609 nova-scheduler[95828]: DEBUG nova.filters [None req-76b03ec7-95d7-4fce-9fae-f78802aa9b94 tempest-AttachVolumeMultiAttachTest-984175266 tempest-AttachVolumeMultiAttachTest-984175266-project-member] Filter ComputeCapabilitiesFilter returned 1 host(s) {{(pid=95828) get_filtered_objects /opt/stack/nova/nova/filters.py:102}}
Jun 11 10:35:26.358272 np0000002609 nova-scheduler[95828]: DEBUG nova.filters [None req-76b03ec7-95d7-4fce-9fae-f78802aa9b94 tempest-AttachVolumeMultiAttachTest-984175266 tempest-AttachVolumeMultiAttachTest-984175266-project-member] Filter ImagePropertiesFilter returned 1 host(s) {{(pid=95828) get_filtered_objects /opt/stack/nova/nova/filters.py:102}}
Jun 11 10:35:26.358272 np0000002609 nova-scheduler[95828]: DEBUG nova.filters [None req-76b03ec7-95d7-4fce-9fae-f78802aa9b94 tempest-AttachVolumeMultiAttachTest-984175266 tempest-AttachVolumeMultiAttachTest-984175266-project-member] Filter ServerGroupAntiAffinityFilter returned 1 host(s) {{(pid=95828) get_filtered_objects /opt/stack/nova/nova/filters.py:102}}
Jun 11 10:35:26.358272 np0000002609 nova-scheduler[95828]: DEBUG nova.filters [None req-76b03ec7-95d7-4fce-9fae-f78802aa9b94 tempest-AttachVolumeMultiAttachTest-984175266 tempest-AttachVolumeMultiAttachTest-984175266-project-member] Filter ServerGroupAffinityFilter returned 1 host(s) {{(pid=95828) get_filtered_objects /opt/stack/nova/nova/filters.py:102}}
Jun 11 10:35:26.358272 np0000002609 nova-scheduler[95828]: DEBUG nova.filters [None req-76b03ec7-95d7-4fce-9fae-f78802aa9b94 tempest-AttachVolumeMultiAttachTest-984175266 tempest-AttachVolumeMultiAttachTest-984175266-project-member] Filter SameHostFilter returned 1 host(s) {{(pid=95828) get_filtered_objects /opt/stack/nova/nova/filters.py:102}}
Jun 11 10:35:26.358272 np0000002609 nova-scheduler[95828]: DEBUG nova.filters [None req-76b03ec7-95d7-4fce-9fae-f78802aa9b94 tempest-AttachVolumeMultiAttachTest-984175266 tempest-AttachVolumeMultiAttachTest-984175266-project-member] Filter DifferentHostFilter returned 1 host(s) {{(pid=95828) get_filtered_objects /opt/stack/nova/nova/filters.py:102}}
Jun 11 10:35:26.358272 np0000002609 nova-scheduler[95828]: DEBUG nova.scheduler.manager [None req-76b03ec7-95d7-4fce-9fae-f78802aa9b94 tempest-AttachVolumeMultiAttachTest-984175266 tempest-AttachVolumeMultiAttachTest-984175266-project-member] Filtered [(np0000002609, np0000002609) ram: 23518MB disk: 75776MB io_ops: 0 instances: 0, allocation_candidates: 1] {{(pid=95828) _get_sorted_hosts /opt/stack/nova/nova/scheduler/manager.py:743}}
Jun 11 10:35:26.358681 np0000002609 nova-scheduler[95828]: DEBUG nova.scheduler.manager [None req-76b03ec7-95d7-4fce-9fae-f78802aa9b94 tempest-AttachVolumeMultiAttachTest-984175266 tempest-AttachVolumeMultiAttachTest-984175266-project-member] Weighed [WeighedHost [host: (np0000002609, np0000002609) ram: 23518MB disk: 75776MB io_ops: 0 instances: 0, allocation_candidates: 1, weight: 0.0]] {{(pid=95828) _get_sorted_hosts /opt/stack/nova/nova/scheduler/manager.py:765}}
Jun 11 10:35:26.358897 np0000002609 nova-scheduler[95828]: DEBUG nova.scheduler.utils [None req-76b03ec7-95d7-4fce-9fae-f78802aa9b94 tempest-AttachVolumeMultiAttachTest-984175266 tempest-AttachVolumeMultiAttachTest-984175266-project-member] Attempting to claim resources in the placement API for instance e223b802-b61c-4edb-a24e-604a82e104ca {{(pid=95828) claim_resources /opt/stack/nova/nova/scheduler/utils.py:1345}}
Jun 11 10:35:26.363934 np0000002609 nova-scheduler[95791]: DEBUG dbcounter [-] [95791] Writer thread running {{(pid=95791) stat_writer /opt/stack/data/venv/lib/python3.12/site-packages/dbcounter.py:102}}
Jun 11 10:35:26.367140 np0000002609 nova-scheduler[95791]: DEBUG oslo_concurrency.lockutils [None req-d02c8c53-01a6-4b54-9027-dc93f1eb5042 tempest-AttachVolumeShelveTestJSON-1547897907 tempest-AttachVolumeShelveTestJSON-1547897907-project-member] Acquiring lock "5e2ac95c-0e38-4288-9430-f7ae9429a72a" by "nova.context.set_target_cell..get_or_set_cached_cell_and_set_connections" {{(pid=95791) inner /opt/stack/data/venv/lib/python3.12/site-packages/oslo_concurrency/lockutils.py:511}}
Jun 11 10:35:26.367140 np0000002609 nova-scheduler[95791]: DEBUG oslo_concurrency.lockutils [None req-d02c8c53-01a6-4b54-9027-dc93f1eb5042 tempest-AttachVolumeShelveTestJSON-1547897907 tempest-AttachVolumeShelveTestJSON-1547897907-project-member] Lock "5e2ac95c-0e38-4288-9430-f7ae9429a72a" acquired by "nova.context.set_target_cell..get_or_set_cached_cell_and_set_connections" :: waited 0.000s {{(pid=95791) inner /opt/stack/data/venv/lib/python3.12/site-packages/oslo_concurrency/lockutils.py:524}}
Jun 11 10:35:26.367140 np0000002609 nova-scheduler[95791]: DEBUG oslo_concurrency.lockutils [None req-d02c8c53-01a6-4b54-9027-dc93f1eb5042 tempest-AttachVolumeShelveTestJSON-1547897907 tempest-AttachVolumeShelveTestJSON-1547897907-project-member] Lock "5e2ac95c-0e38-4288-9430-f7ae9429a72a" "released" by "nova.context.set_target_cell..get_or_set_cached_cell_and_set_connections" :: held 0.000s {{(pid=95791) inner /opt/stack/data/venv/lib/python3.12/site-packages/oslo_concurrency/lockutils.py:543}}
Jun 11 10:35:26.370408 np0000002609 nova-scheduler[95791]: DEBUG oslo_concurrency.lockutils [None req-d02c8c53-01a6-4b54-9027-dc93f1eb5042 tempest-AttachVolumeShelveTestJSON-1547897907 tempest-AttachVolumeShelveTestJSON-1547897907-project-member] Acquiring lock "('np0000002609', 'np0000002609')" by "nova.scheduler.host_manager.HostState.update.._locked_update" {{(pid=95791) inner /opt/stack/data/venv/lib/python3.12/site-packages/oslo_concurrency/lockutils.py:511}}
Jun 11 10:35:26.370575 np0000002609 nova-scheduler[95791]: DEBUG oslo_concurrency.lockutils [None req-d02c8c53-01a6-4b54-9027-dc93f1eb5042 tempest-AttachVolumeShelveTestJSON-1547897907 tempest-AttachVolumeShelveTestJSON-1547897907-project-member] Lock "('np0000002609', 'np0000002609')" acquired by "nova.scheduler.host_manager.HostState.update.._locked_update" :: waited 0.001s {{(pid=95791) inner /opt/stack/data/venv/lib/python3.12/site-packages/oslo_concurrency/lockutils.py:524}}
