Jul 07 21:48:31.972018 np0000004775 devstack@g-api.service[99514]: DEBUG glance.api.middleware.version_negotiation [None req-5e73e4ab-c934-43ac-b70e-c0ca37ae2393 tempest-TestStampPattern-1194214054 tempest-TestStampPattern-1194214054-project-member] Determining version of request: GET /v2/images/3e8dce3f-92e5-46fd-829c-168b603b8900 Accept: */* {{(pid=99514) process_request /opt/stack/glance/glance/api/middleware/version_negotiation.py:44}}
Jul 07 21:48:31.972222 np0000004775 devstack@g-api.service[99514]: DEBUG glance.api.middleware.version_negotiation [None req-5e73e4ab-c934-43ac-b70e-c0ca37ae2393 tempest-TestStampPattern-1194214054 tempest-TestStampPattern-1194214054-project-member] Using url versioning {{(pid=99514) process_request /opt/stack/glance/glance/api/middleware/version_negotiation.py:57}}
Jul 07 21:48:31.972341 np0000004775 devstack@g-api.service[99514]: DEBUG glance.api.middleware.version_negotiation [None req-5e73e4ab-c934-43ac-b70e-c0ca37ae2393 tempest-TestStampPattern-1194214054 tempest-TestStampPattern-1194214054-project-member] Matched version: v2 {{(pid=99514) process_request /opt/stack/glance/glance/api/middleware/version_negotiation.py:69}}
Jul 07 21:48:31.972406 np0000004775 devstack@g-api.service[99514]: DEBUG glance.api.middleware.version_negotiation [None req-5e73e4ab-c934-43ac-b70e-c0ca37ae2393 tempest-TestStampPattern-1194214054 tempest-TestStampPattern-1194214054-project-member] new path /v2/images/3e8dce3f-92e5-46fd-829c-168b603b8900 {{(pid=99514) process_request /opt/stack/glance/glance/api/middleware/version_negotiation.py:70}}
Jul 07 21:48:31.983282 np0000004775 devstack@g-api.service[99514]: [pid: 99514|app: 0|req: 93/281] 127.0.0.1 () {44 vars in 1111 bytes} [Tue Jul 7 21:48:31 2026] GET /v2/images/3e8dce3f-92e5-46fd-829c-168b603b8900 => generated 1412 bytes in 11 msecs (HTTP/1.1 200) 4 headers in 158 bytes (1 switches on core 0)
Jul 07 21:48:32.021309 np0000004775 devstack@g-api.service[99516]: DEBUG glance.api.middleware.version_negotiation [None req-5e73e4ab-c934-43ac-b70e-c0ca37ae2393 tempest-TestStampPattern-1194214054 tempest-TestStampPattern-1194214054-project-member] Determining version of request: PUT /v2/images/3e8dce3f-92e5-46fd-829c-168b603b8900/file Accept: */* {{(pid=99516) process_request /opt/stack/glance/glance/api/middleware/version_negotiation.py:44}}
Jul 07 21:48:32.021488 np0000004775 devstack@g-api.service[99516]: DEBUG glance.api.middleware.version_negotiation [None req-5e73e4ab-c934-43ac-b70e-c0ca37ae2393 tempest-TestStampPattern-1194214054 tempest-TestStampPattern-1194214054-project-member] Using url versioning {{(pid=99516) process_request /opt/stack/glance/glance/api/middleware/version_negotiation.py:57}}
Jul 07 21:48:32.021623 np0000004775 devstack@g-api.service[99516]: DEBUG glance.api.middleware.version_negotiation [None req-5e73e4ab-c934-43ac-b70e-c0ca37ae2393 tempest-TestStampPattern-1194214054 tempest-TestStampPattern-1194214054-project-member] Matched version: v2 {{(pid=99516) process_request /opt/stack/glance/glance/api/middleware/version_negotiation.py:69}}
Jul 07 21:48:32.021795 np0000004775 devstack@g-api.service[99516]: DEBUG glance.api.middleware.version_negotiation [None req-5e73e4ab-c934-43ac-b70e-c0ca37ae2393 tempest-TestStampPattern-1194214054 tempest-TestStampPattern-1194214054-project-member] new path /v2/images/3e8dce3f-92e5-46fd-829c-168b603b8900/file {{(pid=99516) process_request /opt/stack/glance/glance/api/middleware/version_negotiation.py:70}}
Jul 07 21:48:32.379797 np0000004775 devstack@g-api.service[99516]: INFO glance.api.v2.image_data [None req-5e73e4ab-c934-43ac-b70e-c0ca37ae2393 tempest-TestStampPattern-1194214054 tempest-TestStampPattern-1194214054-project-member] Unable to create trust: no such option collect_timing in group [keystone_authtoken] Use the existing user token.
Jul 07 21:48:32.436442 np0000004775 devstack@g-api.service[99515]: DEBUG glance.api.middleware.version_negotiation [None req-5e73e4ab-c934-43ac-b70e-c0ca37ae2393 tempest-TestStampPattern-1194214054 tempest-TestStampPattern-1194214054-project-member] Determining version of request: GET /v2/images/f488b7ed-1355-4374-a55a-065129455934 Accept: */* {{(pid=99515) process_request /opt/stack/glance/glance/api/middleware/version_negotiation.py:44}}
Jul 07 21:48:32.436624 np0000004775 devstack@g-api.service[99515]: DEBUG glance.api.middleware.version_negotiation [None req-5e73e4ab-c934-43ac-b70e-c0ca37ae2393 tempest-TestStampPattern-1194214054 tempest-TestStampPattern-1194214054-project-member] Using url versioning {{(pid=99515) process_request /opt/stack/glance/glance/api/middleware/version_negotiation.py:57}}
Jul 07 21:48:32.436796 np0000004775 devstack@g-api.service[99515]: DEBUG glance.api.middleware.version_negotiation [None req-5e73e4ab-c934-43ac-b70e-c0ca37ae2393 tempest-TestStampPattern-1194214054 tempest-TestStampPattern-1194214054-project-member] Matched version: v2 {{(pid=99515) process_request /opt/stack/glance/glance/api/middleware/version_negotiation.py:69}}
Jul 07 21:48:32.436951 np0000004775 devstack@g-api.service[99515]: DEBUG glance.api.middleware.version_negotiation [None req-5e73e4ab-c934-43ac-b70e-c0ca37ae2393 tempest-TestStampPattern-1194214054 tempest-TestStampPattern-1194214054-project-member] new path /v2/images/f488b7ed-1355-4374-a55a-065129455934 {{(pid=99515) process_request /opt/stack/glance/glance/api/middleware/version_negotiation.py:70}}
Jul 07 21:48:32.449473 np0000004775 devstack@g-api.service[99515]: [pid: 99515|app: 0|req: 94/282] 127.0.0.1 () {44 vars in 1111 bytes} [Tue Jul 7 21:48:32 2026] GET /v2/images/f488b7ed-1355-4374-a55a-065129455934 => generated 1694 bytes in 13 msecs (HTTP/1.1 200) 4 headers in 158 bytes (1 switches on core 0)
Jul 07 21:48:32.484310 np0000004775 devstack@g-api.service[99514]: DEBUG glance.api.middleware.version_negotiation [None req-5e73e4ab-c934-43ac-b70e-c0ca37ae2393 tempest-TestStampPattern-1194214054 tempest-TestStampPattern-1194214054-project-member] Determining version of request: GET /v2/schemas/image Accept: */* {{(pid=99514) process_request /opt/stack/glance/glance/api/middleware/version_negotiation.py:44}}
Jul 07 21:48:32.484310 np0000004775 devstack@g-api.service[99514]: DEBUG glance.api.middleware.version_negotiation [None req-5e73e4ab-c934-43ac-b70e-c0ca37ae2393 tempest-TestStampPattern-1194214054 tempest-TestStampPattern-1194214054-project-member] Using url versioning {{(pid=99514) process_request /opt/stack/glance/glance/api/middleware/version_negotiation.py:57}}
Jul 07 21:48:32.484310 np0000004775 devstack@g-api.service[99514]: DEBUG glance.api.middleware.version_negotiation [None req-5e73e4ab-c934-43ac-b70e-c0ca37ae2393 tempest-TestStampPattern-1194214054 tempest-TestStampPattern-1194214054-project-member] Matched version: v2 {{(pid=99514) process_request /opt/stack/glance/glance/api/middleware/version_negotiation.py:69}}
Jul 07 21:48:32.484310 np0000004775 devstack@g-api.service[99514]: DEBUG glance.api.middleware.version_negotiation [None req-5e73e4ab-c934-43ac-b70e-c0ca37ae2393 tempest-TestStampPattern-1194214054 tempest-TestStampPattern-1194214054-project-member] new path /v2/schemas/image {{(pid=99514) process_request /opt/stack/glance/glance/api/middleware/version_negotiation.py:70}}
Jul 07 21:48:32.486475 np0000004775 devstack@g-api.service[99514]: [pid: 99514|app: 0|req: 94/283] 127.0.0.1 () {44 vars in 1051 bytes} [Tue Jul 7 21:48:32 2026] GET /v2/schemas/image => generated 6083 bytes in 3 msecs (HTTP/1.1 200) 4 headers in 158 bytes (1 switches on core 0)
Jul 07 21:48:32.680473 np0000004775 devstack@g-api.service[99515]: DEBUG glance.api.middleware.version_negotiation [None req-31cbee45-71f3-4646-8147-32851a1b309b tempest-ServerBootFromVolumeStableRescueTest-996572559 tempest-ServerBootFromVolumeStableRescueTest-996572559-project-member] Determining version of request: GET /v2/images/3e8dce3f-92e5-46fd-829c-168b603b8900 Accept: application/json {{(pid=99515) process_request /opt/stack/glance/glance/api/middleware/version_negotiation.py:44}}
Jul 07 21:48:32.680831 np0000004775 devstack@g-api.service[99515]: DEBUG glance.api.middleware.version_negotiation [None req-31cbee45-71f3-4646-8147-32851a1b309b tempest-ServerBootFromVolumeStableRescueTest-996572559 tempest-ServerBootFromVolumeStableRescueTest-996572559-project-member] Using url versioning {{(pid=99515) process_request /opt/stack/glance/glance/api/middleware/version_negotiation.py:57}}
Jul 07 21:48:32.680831 np0000004775 devstack@g-api.service[99515]: DEBUG glance.api.middleware.version_negotiation [None req-31cbee45-71f3-4646-8147-32851a1b309b tempest-ServerBootFromVolumeStableRescueTest-996572559 tempest-ServerBootFromVolumeStableRescueTest-996572559-project-member] Matched version: v2 {{(pid=99515) process_request /opt/stack/glance/glance/api/middleware/version_negotiation.py:69}}
Jul 07 21:48:32.680884 np0000004775 devstack@g-api.service[99515]: DEBUG glance.api.middleware.version_negotiation [None req-31cbee45-71f3-4646-8147-32851a1b309b tempest-ServerBootFromVolumeStableRescueTest-996572559 tempest-ServerBootFromVolumeStableRescueTest-996572559-project-member] new path /v2/images/3e8dce3f-92e5-46fd-829c-168b603b8900 {{(pid=99515) process_request /opt/stack/glance/glance/api/middleware/version_negotiation.py:70}}
Jul 07 21:48:32.688822 np0000004775 devstack@g-api.service[99515]: [pid: 99515|app: 0|req: 95/284] 127.0.0.1 () {40 vars in 834 bytes} [Tue Jul 7 21:48:32 2026] GET /v2/images/3e8dce3f-92e5-46fd-829c-168b603b8900 => generated 1412 bytes in 8 msecs (HTTP/1.1 200) 4 headers in 158 bytes (1 switches on core 0)
Jul 07 21:48:32.759177 np0000004775 devstack@g-api.service[99516]: DEBUG glance.location [None req-5e73e4ab-c934-43ac-b70e-c0ca37ae2393 tempest-TestStampPattern-1194214054 tempest-TestStampPattern-1194214054-project-member] Enabling in-flight format inspection for qcow2 {{(pid=99516) set_data /opt/stack/glance/glance/location.py:596}}
Jul 07 21:48:32.759647 np0000004775 devstack@g-api.service[99516]: DEBUG glance_store.backend [None req-5e73e4ab-c934-43ac-b70e-c0ca37ae2393 tempest-TestStampPattern-1194214054 tempest-TestStampPattern-1194214054-project-member] Attempting to import store swift {{(pid=99516) _load_store /opt/stack/data/venv/lib/python3.12/site-packages/glance_store/backend.py:215}}
Jul 07 21:48:32.761495 np0000004775 devstack@g-api.service[99516]: DEBUG glance_store.capabilities [None req-5e73e4ab-c934-43ac-b70e-c0ca37ae2393 tempest-TestStampPattern-1194214054 tempest-TestStampPattern-1194214054-project-member] Store glance_store._drivers.swift.store.SingleTenantStore doesn't support updating dynamic storage capabilities. Please overwrite 'update_capabilities' method of the store to implement updating logics if needed. {{(pid=99516) update_capabilities /opt/stack/data/venv/lib/python3.12/site-packages/glance_store/capabilities.py:91}}
Jul 07 21:48:32.761623 np0000004775 devstack@g-api.service[99516]: DEBUG glance_store.driver [None req-5e73e4ab-c934-43ac-b70e-c0ca37ae2393 tempest-TestStampPattern-1194214054 tempest-TestStampPattern-1194214054-project-member] Late loading location class glance_store._drivers.swift.store.StoreLocation {{(pid=99516) get_store_location_class /opt/stack/data/venv/lib/python3.12/site-packages/glance_store/driver.py:134}}
Jul 07 21:48:32.761744 np0000004775 devstack@g-api.service[99516]: DEBUG glance_store.location [None req-5e73e4ab-c934-43ac-b70e-c0ca37ae2393 tempest-TestStampPattern-1194214054 tempest-TestStampPattern-1194214054-project-member] Registering scheme swift+https with {'store': , 'location_class': , 'store_entry': 'swift'} {{(pid=99516) register_scheme_map /opt/stack/data/venv/lib/python3.12/site-packages/glance_store/location.py:146}}
Jul 07 21:48:32.761865 np0000004775 devstack@g-api.service[99516]: DEBUG glance_store.location [None req-5e73e4ab-c934-43ac-b70e-c0ca37ae2393 tempest-TestStampPattern-1194214054 tempest-TestStampPattern-1194214054-project-member] Registering scheme swift+https with {'store': , 'location_class': , 'store_entry': 'swift'} {{(pid=99516) register_scheme_map /opt/stack/data/venv/lib/python3.12/site-packages/glance_store/location.py:146}}
Jul 07 21:48:32.761966 np0000004775 devstack@g-api.service[99516]: DEBUG glance_store.location [None req-5e73e4ab-c934-43ac-b70e-c0ca37ae2393 tempest-TestStampPattern-1194214054 tempest-TestStampPattern-1194214054-project-member] Registering scheme swift with {'store': , 'location_class': , 'store_entry': 'swift'} {{(pid=99516) register_scheme_map /opt/stack/data/venv/lib/python3.12/site-packages/glance_store/location.py:146}}
Jul 07 21:48:32.762071 np0000004775 devstack@g-api.service[99516]: DEBUG glance_store.location [None req-5e73e4ab-c934-43ac-b70e-c0ca37ae2393 tempest-TestStampPattern-1194214054 tempest-TestStampPattern-1194214054-project-member] Registering scheme swift+https with {'store': , 'location_class': , 'store_entry': 'swift'} {{(pid=99516) register_scheme_map /opt/stack/data/venv/lib/python3.12/site-packages/glance_store/location.py:146}}
Jul 07 21:48:32.762163 np0000004775 devstack@g-api.service[99516]: DEBUG glance_store.location [None req-5e73e4ab-c934-43ac-b70e-c0ca37ae2393 tempest-TestStampPattern-1194214054 tempest-TestStampPattern-1194214054-project-member] Registering scheme swift with {'store': , 'location_class': , 'store_entry': 'swift'} {{(pid=99516) register_scheme_map /opt/stack/data/venv/lib/python3.12/site-packages/glance_store/location.py:146}}
Jul 07 21:48:32.762253 np0000004775 devstack@g-api.service[99516]: DEBUG glance_store.location [None req-5e73e4ab-c934-43ac-b70e-c0ca37ae2393 tempest-TestStampPattern-1194214054 tempest-TestStampPattern-1194214054-project-member] Registering scheme swift+http with {'store': , 'location_class': , 'store_entry': 'swift'} {{(pid=99516) register_scheme_map /opt/stack/data/venv/lib/python3.12/site-packages/glance_store/location.py:146}}
Jul 07 21:48:32.762371 np0000004775 devstack@g-api.service[99516]: DEBUG glance_store.location [None req-5e73e4ab-c934-43ac-b70e-c0ca37ae2393 tempest-TestStampPattern-1194214054 tempest-TestStampPattern-1194214054-project-member] Registering scheme swift+https with {'store': , 'location_class': , 'store_entry': 'swift'} {{(pid=99516) register_scheme_map /opt/stack/data/venv/lib/python3.12/site-packages/glance_store/location.py:146}}
Jul 07 21:48:32.762462 np0000004775 devstack@g-api.service[99516]: DEBUG glance_store.location [None req-5e73e4ab-c934-43ac-b70e-c0ca37ae2393 tempest-TestStampPattern-1194214054 tempest-TestStampPattern-1194214054-project-member] Registering scheme swift with {'store': , 'location_class': , 'store_entry': 'swift'} {{(pid=99516) register_scheme_map /opt/stack/data/venv/lib/python3.12/site-packages/glance_store/location.py:146}}
Jul 07 21:48:32.762550 np0000004775 devstack@g-api.service[99516]: DEBUG glance_store.location [None req-5e73e4ab-c934-43ac-b70e-c0ca37ae2393 tempest-TestStampPattern-1194214054 tempest-TestStampPattern-1194214054-project-member] Registering scheme swift+http with {'store': , 'location_class': , 'store_entry': 'swift'} {{(pid=99516) register_scheme_map /opt/stack/data/venv/lib/python3.12/site-packages/glance_store/location.py:146}}
Jul 07 21:48:32.762640 np0000004775 devstack@g-api.service[99516]: DEBUG glance_store.location [None req-5e73e4ab-c934-43ac-b70e-c0ca37ae2393 tempest-TestStampPattern-1194214054 tempest-TestStampPattern-1194214054-project-member] Registering scheme swift+config with {'store': , 'location_class': , 'store_entry': 'swift'} {{(pid=99516) register_scheme_map /opt/stack/data/venv/lib/python3.12/site-packages/glance_store/location.py:146}}
Jul 07 21:48:32.925228 np0000004775 devstack@g-api.service[99516]: DEBUG swiftclient [None req-5e73e4ab-c934-43ac-b70e-c0ca37ae2393 tempest-TestStampPattern-1194214054 tempest-TestStampPattern-1194214054-project-member] REQ: curl -i https://10.4.3.77:8080/v1/AUTH_60df13471d944cee9551301f55915224/glance -I -H "X-Auth-Token: gAAAAABqTXQw458l..." {{(pid=99516) http_log /opt/stack/data/venv/lib/python3.12/site-packages/swiftclient/client.py:160}}
Jul 07 21:48:32.925348 np0000004775 devstack@g-api.service[99516]: DEBUG swiftclient [None req-5e73e4ab-c934-43ac-b70e-c0ca37ae2393 tempest-TestStampPattern-1194214054 tempest-TestStampPattern-1194214054-project-member] RESP STATUS: 204 No Content {{(pid=99516) http_log /opt/stack/data/venv/lib/python3.12/site-packages/swiftclient/client.py:161}}
Jul 07 21:48:32.925495 np0000004775 devstack@g-api.service[99516]: DEBUG swiftclient [None req-5e73e4ab-c934-43ac-b70e-c0ca37ae2393 tempest-TestStampPattern-1194214054 tempest-TestStampPattern-1194214054-project-member] RESP HEADERS: {'Date': 'Tue, 07 Jul 2026 21:48:32 GMT', 'Server': 'Apache/2.4.58 (Ubuntu)', 'Content-Type': 'text/plain; charset=utf-8', 'X-Container-Object-Count': '7', 'X-Container-Bytes-Used': '141492224', 'X-Timestamp': '1783460461.82557', 'Last-Modified': 'Tue, 07 Jul 2026 21:41:02 GMT', 'Accept-Ranges': 'bytes', 'X-Storage-Policy': 'Policy-0', 'X-Container-Sharding': 'False', 'Vary': 'Accept', 'X-Trans-Id': 'tx9618343e6a124d3eb18e2-006a4d7430', 'X-Openstack-Request-Id': 'tx9618343e6a124d3eb18e2-006a4d7430', 'Connection': 'close'} {{(pid=99516) http_log /opt/stack/data/venv/lib/python3.12/site-packages/swiftclient/client.py:162}}
Jul 07 21:48:32.925647 np0000004775 devstack@g-api.service[99516]: DEBUG glance_store._drivers.swift.store [None req-5e73e4ab-c934-43ac-b70e-c0ca37ae2393 tempest-TestStampPattern-1194214054 tempest-TestStampPattern-1194214054-project-member] Adding image object '3e8dce3f-92e5-46fd-829c-168b603b8900' to Swift {{(pid=99516) add /opt/stack/data/venv/lib/python3.12/site-packages/glance_store/_drivers/swift/store.py:970}}
Jul 07 21:48:32.925717 np0000004775 devstack@g-api.service[99516]: DEBUG glance_store._drivers.swift.store [None req-5e73e4ab-c934-43ac-b70e-c0ca37ae2393 tempest-TestStampPattern-1194214054 tempest-TestStampPattern-1194214054-project-member] Cannot determine image size because it is either not provided in the request or chunked-transfer encoding is used. Adding image as a segmented object to Swift. {{(pid=99516) add /opt/stack/data/venv/lib/python3.12/site-packages/glance_store/_drivers/swift/store.py:994}}
Jul 07 21:48:32.933157 np0000004775 devstack@g-api.service[99516]: DEBUG oslo_utils.imageutils.format_inspector [None req-5e73e4ab-c934-43ac-b70e-c0ca37ae2393 tempest-TestStampPattern-1194214054 tempest-TestStampPattern-1194214054-project-member] Format inspector for vmdk does not match, excluding from consideration (Signature KDMV not found: b'QFI\xfb') {{(pid=99516) _process_chunk /opt/stack/data/venv/lib/python3.12/site-packages/oslo_utils/imageutils/format_inspector.py:1758}}
Jul 07 21:48:32.936045 np0000004775 devstack@g-api.service[99516]: DEBUG oslo_utils.imageutils.format_inspector [None req-5e73e4ab-c934-43ac-b70e-c0ca37ae2393 tempest-TestStampPattern-1194214054 tempest-TestStampPattern-1194214054-project-member] Format inspector for vhdx does not match, excluding from consideration (Region signature not found at 30000) {{(pid=99516) _process_chunk /opt/stack/data/venv/lib/python3.12/site-packages/oslo_utils/imageutils/format_inspector.py:1758}}
Jul 07 21:48:33.473534 np0000004775 devstack@g-api.service[99516]: DEBUG swiftclient [None req-5e73e4ab-c934-43ac-b70e-c0ca37ae2393 tempest-TestStampPattern-1194214054 tempest-TestStampPattern-1194214054-project-member] REQ: curl -i https://10.4.3.77:8080/v1/AUTH_60df13471d944cee9551301f55915224/glance/3e8dce3f-92e5-46fd-829c-168b603b8900-00001 -X PUT -H "X-Auth-Token: gAAAAABqTXQw458l..." {{(pid=99516) http_log /opt/stack/data/venv/lib/python3.12/site-packages/swiftclient/client.py:160}}
Jul 07 21:48:33.474112 np0000004775 devstack@g-api.service[99516]: DEBUG swiftclient [None req-5e73e4ab-c934-43ac-b70e-c0ca37ae2393 tempest-TestStampPattern-1194214054 tempest-TestStampPattern-1194214054-project-member] RESP STATUS: 201 Created {{(pid=99516) http_log /opt/stack/data/venv/lib/python3.12/site-packages/swiftclient/client.py:161}}
Jul 07 21:48:33.474112 np0000004775 devstack@g-api.service[99516]: DEBUG swiftclient [None req-5e73e4ab-c934-43ac-b70e-c0ca37ae2393 tempest-TestStampPattern-1194214054 tempest-TestStampPattern-1194214054-project-member] RESP HEADERS: {'Date': 'Tue, 07 Jul 2026 21:48:33 GMT', 'Server': 'Apache/2.4.58 (Ubuntu)', 'Content-Type': 'text/html; charset=UTF-8', 'Content-Length': '0', 'Etag': '5495c0a83d9a242ace9129fc8dcd1700', 'Last-Modified': 'Tue, 07 Jul 2026 21:48:33 GMT', 'X-Trans-Id': 'tx8e8af08f3aeb44bcab0af-006a4d7430', 'X-Openstack-Request-Id': 'tx8e8af08f3aeb44bcab0af-006a4d7430', 'Connection': 'close'} {{(pid=99516) http_log /opt/stack/data/venv/lib/python3.12/site-packages/swiftclient/client.py:162}}
Jul 07 21:48:33.474112 np0000004775 devstack@g-api.service[99516]: DEBUG glance_store._drivers.swift.store [None req-5e73e4ab-c934-43ac-b70e-c0ca37ae2393 tempest-TestStampPattern-1194214054 tempest-TestStampPattern-1194214054-project-member] Wrote chunk 3e8dce3f-92e5-46fd-829c-168b603b8900-00001 (1/?) of length 53739520 to Swift returning MD5 of content: 5495c0a83d9a242ace9129fc8dcd1700 {{(pid=99516) add /opt/stack/data/venv/lib/python3.12/site-packages/glance_store/_drivers/swift/store.py:1059}}
Jul 07 21:48:33.476899 np0000004775 devstack@g-api.service[99516]: DEBUG glance_store._drivers.swift.store [None req-5e73e4ab-c934-43ac-b70e-c0ca37ae2393 tempest-TestStampPattern-1194214054 tempest-TestStampPattern-1194214054-project-member] Not writing zero-length chunk. {{(pid=99516) add /opt/stack/data/venv/lib/python3.12/site-packages/glance_store/_drivers/swift/store.py:1028}}
Jul 07 21:48:33.510054 np0000004775 devstack@g-api.service[99516]: DEBUG swiftclient [None req-5e73e4ab-c934-43ac-b70e-c0ca37ae2393 tempest-TestStampPattern-1194214054 tempest-TestStampPattern-1194214054-project-member] REQ: curl -i https://10.4.3.77:8080/v1/AUTH_60df13471d944cee9551301f55915224/glance/3e8dce3f-92e5-46fd-829c-168b603b8900 -X PUT -H "X-Object-Manifest: glance/3e8dce3f-92e5-46fd-829c-168b603b8900-" -H "X-Auth-Token: gAAAAABqTXQw458l..." -H "Content-Length: 0" {{(pid=99516) http_log /opt/stack/data/venv/lib/python3.12/site-packages/swiftclient/client.py:160}}
Jul 07 21:48:33.510054 np0000004775 devstack@g-api.service[99516]: DEBUG swiftclient [None req-5e73e4ab-c934-43ac-b70e-c0ca37ae2393 tempest-TestStampPattern-1194214054 tempest-TestStampPattern-1194214054-project-member] RESP STATUS: 201 Created {{(pid=99516) http_log /opt/stack/data/venv/lib/python3.12/site-packages/swiftclient/client.py:161}}
Jul 07 21:48:33.510054 np0000004775 devstack@g-api.service[99516]: DEBUG swiftclient [None req-5e73e4ab-c934-43ac-b70e-c0ca37ae2393 tempest-TestStampPattern-1194214054 tempest-TestStampPattern-1194214054-project-member] RESP HEADERS: {'Date': 'Tue, 07 Jul 2026 21:48:33 GMT', 'Server': 'Apache/2.4.58 (Ubuntu)', 'Content-Type': 'text/html; charset=UTF-8', 'Content-Length': '0', 'Etag': 'd41d8cd98f00b204e9800998ecf8427e', 'Last-Modified': 'Tue, 07 Jul 2026 21:48:34 GMT', 'X-Trans-Id': 'tx7d7deb5ca21f4359bf558-006a4d7431', 'X-Openstack-Request-Id': 'tx7d7deb5ca21f4359bf558-006a4d7431', 'Connection': 'close'} {{(pid=99516) http_log /opt/stack/data/venv/lib/python3.12/site-packages/swiftclient/client.py:162}}
Jul 07 21:48:33.510054 np0000004775 devstack@g-api.service[99516]: INFO glance.location [None req-5e73e4ab-c934-43ac-b70e-c0ca37ae2393 tempest-TestStampPattern-1194214054 tempest-TestStampPattern-1194214054-project-member] Image format matched and virtual size computed: 1073741824
Jul 07 21:48:33.552304 np0000004775 devstack@g-api.service[99516]: DEBUG glance_store.backend [None req-5e73e4ab-c934-43ac-b70e-c0ca37ae2393 tempest-TestStampPattern-1194214054 tempest-TestStampPattern-1194214054-project-member] Attempting to import store swift {{(pid=99516) _load_store /opt/stack/data/venv/lib/python3.12/site-packages/glance_store/backend.py:215}}
Jul 07 21:48:33.554296 np0000004775 devstack@g-api.service[99516]: DEBUG glance_store.capabilities [None req-5e73e4ab-c934-43ac-b70e-c0ca37ae2393 tempest-TestStampPattern-1194214054 tempest-TestStampPattern-1194214054-project-member] Store glance_store._drivers.swift.store.SingleTenantStore doesn't support updating dynamic storage capabilities. Please overwrite 'update_capabilities' method of the store to implement updating logics if needed. {{(pid=99516) update_capabilities /opt/stack/data/venv/lib/python3.12/site-packages/glance_store/capabilities.py:91}}
Jul 07 21:48:33.554382 np0000004775 devstack@g-api.service[99516]: DEBUG glance_store.driver [None req-5e73e4ab-c934-43ac-b70e-c0ca37ae2393 tempest-TestStampPattern-1194214054 tempest-TestStampPattern-1194214054-project-member] Late loading location class glance_store._drivers.swift.store.StoreLocation {{(pid=99516) get_store_location_class /opt/stack/data/venv/lib/python3.12/site-packages/glance_store/driver.py:134}}
Jul 07 21:48:33.554497 np0000004775 devstack@g-api.service[99516]: DEBUG glance_store.location [None req-5e73e4ab-c934-43ac-b70e-c0ca37ae2393 tempest-TestStampPattern-1194214054 tempest-TestStampPattern-1194214054-project-member] Registering scheme swift+https with {'store': , 'location_class': , 'store_entry': 'swift'} {{(pid=99516) register_scheme_map /opt/stack/data/venv/lib/python3.12/site-packages/glance_store/location.py:146}}
Jul 07 21:48:33.554587 np0000004775 devstack@g-api.service[99516]: DEBUG glance_store.location [None req-5e73e4ab-c934-43ac-b70e-c0ca37ae2393 tempest-TestStampPattern-1194214054 tempest-TestStampPattern-1194214054-project-member] Registering scheme swift+https with {'store': , 'location_class': , 'store_entry': 'swift'} {{(pid=99516) register_scheme_map /opt/stack/data/venv/lib/python3.12/site-packages/glance_store/location.py:146}}
Jul 07 21:48:33.554628 np0000004775 devstack@g-api.service[99516]: DEBUG glance_store.location [None req-5e73e4ab-c934-43ac-b70e-c0ca37ae2393 tempest-TestStampPattern-1194214054 tempest-TestStampPattern-1194214054-project-member] Registering scheme swift with {'store': , 'location_class': , 'store_entry': 'swift'} {{(pid=99516) register_scheme_map /opt/stack/data/venv/lib/python3.12/site-packages/glance_store/location.py:146}}
Jul 07 21:48:33.554709 np0000004775 devstack@g-api.service[99516]: DEBUG glance_store.location [None req-5e73e4ab-c934-43ac-b70e-c0ca37ae2393 tempest-TestStampPattern-1194214054 tempest-TestStampPattern-1194214054-project-member] Registering scheme swift+https with {'store': , 'location_class': , 'store_entry': 'swift'} {{(pid=99516) register_scheme_map /opt/stack/data/venv/lib/python3.12/site-packages/glance_store/location.py:146}}
Jul 07 21:48:33.554770 np0000004775 devstack@g-api.service[99516]: DEBUG glance_store.location [None req-5e73e4ab-c934-43ac-b70e-c0ca37ae2393 tempest-TestStampPattern-1194214054 tempest-TestStampPattern-1194214054-project-member] Registering scheme swift with {'store': , 'location_class': , 'store_entry': 'swift'} {{(pid=99516) register_scheme_map /opt/stack/data/venv/lib/python3.12/site-packages/glance_store/location.py:146}}
Jul 07 21:48:33.554842 np0000004775 devstack@g-api.service[99516]: DEBUG glance_store.location [None req-5e73e4ab-c934-43ac-b70e-c0ca37ae2393 tempest-TestStampPattern-1194214054 tempest-TestStampPattern-1194214054-project-member] Registering scheme swift+http with {'store': , 'location_class': , 'store_entry': 'swift'} {{(pid=99516) register_scheme_map /opt/stack/data/venv/lib/python3.12/site-packages/glance_store/location.py:146}}
Jul 07 21:48:33.554900 np0000004775 devstack@g-api.service[99516]: DEBUG glance_store.location [None req-5e73e4ab-c934-43ac-b70e-c0ca37ae2393 tempest-TestStampPattern-1194214054 tempest-TestStampPattern-1194214054-project-member] Registering scheme swift+https with {'store': , 'location_class': , 'store_entry': 'swift'} {{(pid=99516) register_scheme_map /opt/stack/data/venv/lib/python3.12/site-packages/glance_store/location.py:146}}
Jul 07 21:48:33.554968 np0000004775 devstack@g-api.service[99516]: DEBUG glance_store.location [None req-5e73e4ab-c934-43ac-b70e-c0ca37ae2393 tempest-TestStampPattern-1194214054 tempest-TestStampPattern-1194214054-project-member] Registering scheme swift with {'store': , 'location_class': , 'store_entry': 'swift'} {{(pid=99516) register_scheme_map /opt/stack/data/venv/lib/python3.12/site-packages/glance_store/location.py:146}}
Jul 07 21:48:33.555046 np0000004775 devstack@g-api.service[99516]: DEBUG glance_store.location [None req-5e73e4ab-c934-43ac-b70e-c0ca37ae2393 tempest-TestStampPattern-1194214054 tempest-TestStampPattern-1194214054-project-member] Registering scheme swift+http with {'store': , 'location_class': , 'store_entry': 'swift'} {{(pid=99516) register_scheme_map /opt/stack/data/venv/lib/python3.12/site-packages/glance_store/location.py:146}}
Jul 07 21:48:33.555113 np0000004775 devstack@g-api.service[99516]: DEBUG glance_store.location [None req-5e73e4ab-c934-43ac-b70e-c0ca37ae2393 tempest-TestStampPattern-1194214054 tempest-TestStampPattern-1194214054-project-member] Registering scheme swift+config with {'store': , 'location_class': , 'store_entry': 'swift'} {{(pid=99516) register_scheme_map /opt/stack/data/venv/lib/python3.12/site-packages/glance_store/location.py:146}}
Jul 07 21:48:33.555194 np0000004775 devstack@g-api.service[99516]: DEBUG glance_store.backend [None req-5e73e4ab-c934-43ac-b70e-c0ca37ae2393 tempest-TestStampPattern-1194214054 tempest-TestStampPattern-1194214054-project-member] Skipping store.set_acls... not implemented. {{(pid=99516) set_acls /opt/stack/data/venv/lib/python3.12/site-packages/glance_store/backend.py:507}}
Jul 07 21:48:33.556881 np0000004775 devstack@g-api.service[99516]: [pid: 99516|app: 0|req: 96/285] 127.0.0.1 () {46 vars in 1154 bytes} [Tue Jul 7 21:48:32 2026] PUT /v2/images/3e8dce3f-92e5-46fd-829c-168b603b8900/file => generated 0 bytes in 1536 msecs (HTTP/1.1 204) 4 headers in 171 bytes (1 switches on core 0)
Jul 07 21:48:33.593734 np0000004775 devstack@g-api.service[99514]: DEBUG glance.api.middleware.version_negotiation [None req-31cbee45-71f3-4646-8147-32851a1b309b tempest-ServerBootFromVolumeStableRescueTest-996572559 tempest-ServerBootFromVolumeStableRescueTest-996572559-project-member] Determining version of request: GET /v2/images/3e8dce3f-92e5-46fd-829c-168b603b8900 Accept: */* {{(pid=99514) process_request /opt/stack/glance/glance/api/middleware/version_negotiation.py:44}}
Jul 07 21:48:33.593734 np0000004775 devstack@g-api.service[99514]: DEBUG glance.api.middleware.version_negotiation [None req-31cbee45-71f3-4646-8147-32851a1b309b tempest-ServerBootFromVolumeStableRescueTest-996572559 tempest-ServerBootFromVolumeStableRescueTest-996572559-project-member] Using url versioning {{(pid=99514) process_request /opt/stack/glance/glance/api/middleware/version_negotiation.py:57}}
Jul 07 21:48:33.593734 np0000004775 devstack@g-api.service[99514]: DEBUG glance.api.middleware.version_negotiation [None req-31cbee45-71f3-4646-8147-32851a1b309b tempest-ServerBootFromVolumeStableRescueTest-996572559 tempest-ServerBootFromVolumeStableRescueTest-996572559-project-member] Matched version: v2 {{(pid=99514) process_request /opt/stack/glance/glance/api/middleware/version_negotiation.py:69}}
Jul 07 21:48:33.593734 np0000004775 devstack@g-api.service[99514]: DEBUG glance.api.middleware.version_negotiation [None req-31cbee45-71f3-4646-8147-32851a1b309b tempest-ServerBootFromVolumeStableRescueTest-996572559 tempest-ServerBootFromVolumeStableRescueTest-996572559-project-member] new path /v2/images/3e8dce3f-92e5-46fd-829c-168b603b8900 {{(pid=99514) process_request /opt/stack/glance/glance/api/middleware/version_negotiation.py:70}}
Jul 07 21:48:33.599369 np0000004775 devstack@g-api.service[99514]: [pid: 99514|app: 0|req: 95/286] 127.0.0.1 () {44 vars in 1111 bytes} [Tue Jul 7 21:48:33 2026] GET /v2/images/3e8dce3f-92e5-46fd-829c-168b603b8900 => generated 1582 bytes in 10 msecs (HTTP/1.1 200) 4 headers in 158 bytes (1 switches on core 0)
Jul 07 21:48:33.630683 np0000004775 devstack@g-api.service[99515]: DEBUG glance.api.middleware.version_negotiation [None req-caae41f7-ddcd-43b9-b1ab-ad995e2609f5 tempest-TestStampPattern-1194214054 tempest-TestStampPattern-1194214054-project-member] Determining version of request: GET /v2/schemas/image Accept: */* {{(pid=99515) process_request /opt/stack/glance/glance/api/middleware/version_negotiation.py:44}}
Jul 07 21:48:33.630830 np0000004775 devstack@g-api.service[99515]: DEBUG glance.api.middleware.version_negotiation [None req-caae41f7-ddcd-43b9-b1ab-ad995e2609f5 tempest-TestStampPattern-1194214054 tempest-TestStampPattern-1194214054-project-member] Using url versioning {{(pid=99515) process_request /opt/stack/glance/glance/api/middleware/version_negotiation.py:57}}
Jul 07 21:48:33.630923 np0000004775 devstack@g-api.service[99515]: DEBUG glance.api.middleware.version_negotiation [None req-caae41f7-ddcd-43b9-b1ab-ad995e2609f5 tempest-TestStampPattern-1194214054 tempest-TestStampPattern-1194214054-project-member] Matched version: v2 {{(pid=99515) process_request /opt/stack/glance/glance/api/middleware/version_negotiation.py:69}}
Jul 07 21:48:33.631051 np0000004775 devstack@g-api.service[99515]: DEBUG glance.api.middleware.version_negotiation [None req-caae41f7-ddcd-43b9-b1ab-ad995e2609f5 tempest-TestStampPattern-1194214054 tempest-TestStampPattern-1194214054-project-member] new path /v2/schemas/image {{(pid=99515) process_request /opt/stack/glance/glance/api/middleware/version_negotiation.py:70}}
Jul 07 21:48:33.636421 np0000004775 devstack@g-api.service[99515]: [pid: 99515|app: 0|req: 96/287] 127.0.0.1 () {44 vars in 1051 bytes} [Tue Jul 7 21:48:33 2026] GET /v2/schemas/image => generated 6083 bytes in 6 msecs (HTTP/1.1 200) 4 headers in 158 bytes (1 switches on core 0)
Jul 07 21:48:33.695991 np0000004775 devstack@g-api.service[99516]: DEBUG glance.api.middleware.version_negotiation [None req-5e73e4ab-c934-43ac-b70e-c0ca37ae2393 tempest-TestStampPattern-1194214054 tempest-TestStampPattern-1194214054-project-member] Determining version of request: GET /v2/images/3e8dce3f-92e5-46fd-829c-168b603b8900 Accept: application/json {{(pid=99516) process_request /opt/stack/glance/glance/api/middleware/version_negotiation.py:44}}
Jul 07 21:48:33.696191 np0000004775 devstack@g-api.service[99516]: DEBUG glance.api.middleware.version_negotiation [None req-5e73e4ab-c934-43ac-b70e-c0ca37ae2393 tempest-TestStampPattern-1194214054 tempest-TestStampPattern-1194214054-project-member] Using url versioning {{(pid=99516) process_request /opt/stack/glance/glance/api/middleware/version_negotiation.py:57}}
Jul 07 21:48:33.696325 np0000004775 devstack@g-api.service[99516]: DEBUG glance.api.middleware.version_negotiation [None req-5e73e4ab-c934-43ac-b70e-c0ca37ae2393 tempest-TestStampPattern-1194214054 tempest-TestStampPattern-1194214054-project-member] Matched version: v2 {{(pid=99516) process_request /opt/stack/glance/glance/api/middleware/version_negotiation.py:69}}
Jul 07 21:48:33.696414 np0000004775 devstack@g-api.service[99516]: DEBUG glance.api.middleware.version_negotiation [None req-5e73e4ab-c934-43ac-b70e-c0ca37ae2393 tempest-TestStampPattern-1194214054 tempest-TestStampPattern-1194214054-project-member] new path /v2/images/3e8dce3f-92e5-46fd-829c-168b603b8900 {{(pid=99516) process_request /opt/stack/glance/glance/api/middleware/version_negotiation.py:70}}
Jul 07 21:48:33.705931 np0000004775 devstack@g-api.service[99516]: [pid: 99516|app: 0|req: 97/288] 127.0.0.1 () {40 vars in 834 bytes} [Tue Jul 7 21:48:33 2026] GET /v2/images/3e8dce3f-92e5-46fd-829c-168b603b8900 => generated 1582 bytes in 10 msecs (HTTP/1.1 200) 4 headers in 158 bytes (1 switches on core 0)
Jul 07 21:48:33.712847 np0000004775 devstack@g-api.service[99514]: DEBUG glance.api.middleware.version_negotiation [None req-5e73e4ab-c934-43ac-b70e-c0ca37ae2393 tempest-TestStampPattern-1194214054 tempest-TestStampPattern-1194214054-project-member] Determining version of request: GET /v2/images/3e8dce3f-92e5-46fd-829c-168b603b8900 Accept: application/json {{(pid=99514) process_request /opt/stack/glance/glance/api/middleware/version_negotiation.py:44}}
Jul 07 21:48:33.712999 np0000004775 devstack@g-api.service[99514]: DEBUG glance.api.middleware.version_negotiation [None req-5e73e4ab-c934-43ac-b70e-c0ca37ae2393 tempest-TestStampPattern-1194214054 tempest-TestStampPattern-1194214054-project-member] Using url versioning {{(pid=99514) process_request /opt/stack/glance/glance/api/middleware/version_negotiation.py:57}}
Jul 07 21:48:33.713115 np0000004775 devstack@g-api.service[99514]: DEBUG glance.api.middleware.version_negotiation [None req-5e73e4ab-c934-43ac-b70e-c0ca37ae2393 tempest-TestStampPattern-1194214054 tempest-TestStampPattern-1194214054-project-member] Matched version: v2 {{(pid=99514) process_request /opt/stack/glance/glance/api/middleware/version_negotiation.py:69}}
Jul 07 21:48:33.713202 np0000004775 devstack@g-api.service[99514]: DEBUG glance.api.middleware.version_negotiation [None req-5e73e4ab-c934-43ac-b70e-c0ca37ae2393 tempest-TestStampPattern-1194214054 tempest-TestStampPattern-1194214054-project-member] new path /v2/images/3e8dce3f-92e5-46fd-829c-168b603b8900 {{(pid=99514) process_request /opt/stack/glance/glance/api/middleware/version_negotiation.py:70}}
Jul 07 21:48:33.722397 np0000004775 devstack@g-api.service[99514]: [pid: 99514|app: 0|req: 96/289] 127.0.0.1 () {40 vars in 834 bytes} [Tue Jul 7 21:48:33 2026] GET /v2/images/3e8dce3f-92e5-46fd-829c-168b603b8900 => generated 1582 bytes in 10 msecs (HTTP/1.1 200) 4 headers in 158 bytes (1 switches on core 0)
Jul 07 21:48:34.124701 np0000004775 devstack@g-api.service[99515]: DEBUG glance.api.middleware.version_negotiation [None req-5e73e4ab-c934-43ac-b70e-c0ca37ae2393 tempest-TestStampPattern-1194214054 tempest-TestStampPattern-1194214054-project-member] Determining version of request: GET /v2/images/3e8dce3f-92e5-46fd-829c-168b603b8900 Accept: */* {{(pid=99515) process_request /opt/stack/glance/glance/api/middleware/version_negotiation.py:44}}
Jul 07 21:48:34.125145 np0000004775 devstack@g-api.service[99515]: DEBUG glance.api.middleware.version_negotiation [None req-5e73e4ab-c934-43ac-b70e-c0ca37ae2393 tempest-TestStampPattern-1194214054 tempest-TestStampPattern-1194214054-project-member] Using url versioning {{(pid=99515) process_request /opt/stack/glance/glance/api/middleware/version_negotiation.py:57}}
Jul 07 21:48:34.125145 np0000004775 devstack@g-api.service[99515]: DEBUG glance.api.middleware.version_negotiation [None req-5e73e4ab-c934-43ac-b70e-c0ca37ae2393 tempest-TestStampPattern-1194214054 tempest-TestStampPattern-1194214054-project-member] Matched version: v2 {{(pid=99515) process_request /opt/stack/glance/glance/api/middleware/version_negotiation.py:69}}
Jul 07 21:48:34.125145 np0000004775 devstack@g-api.service[99515]: DEBUG glance.api.middleware.version_negotiation [None req-5e73e4ab-c934-43ac-b70e-c0ca37ae2393 tempest-TestStampPattern-1194214054 tempest-TestStampPattern-1194214054-project-member] new path /v2/images/3e8dce3f-92e5-46fd-829c-168b603b8900 {{(pid=99515) process_request /opt/stack/glance/glance/api/middleware/version_negotiation.py:70}}
Jul 07 21:48:34.137894 np0000004775 devstack@g-api.service[99515]: [pid: 99515|app: 0|req: 97/290] 127.0.0.1 () {44 vars in 1111 bytes} [Tue Jul 7 21:48:34 2026] GET /v2/images/3e8dce3f-92e5-46fd-829c-168b603b8900 => generated 1582 bytes in 12 msecs (HTTP/1.1 200) 4 headers in 158 bytes (1 switches on core 0)
Jul 07 21:48:34.168353 np0000004775 devstack@g-api.service[99516]: DEBUG glance.api.middleware.version_negotiation [None req-173a5d95-2fa0-4692-a4dc-df4c3f922e0f tempest-TestStampPattern-1194214054 tempest-TestStampPattern-1194214054-project-member] Determining version of request: GET /v2/schemas/image Accept: */* {{(pid=99516) process_request /opt/stack/glance/glance/api/middleware/version_negotiation.py:44}}
Jul 07 21:48:34.177064 np0000004775 devstack@g-api.service[99516]: DEBUG glance.api.middleware.version_negotiation [None req-173a5d95-2fa0-4692-a4dc-df4c3f922e0f tempest-TestStampPattern-1194214054 tempest-TestStampPattern-1194214054-project-member] Using url versioning {{(pid=99516) process_request /opt/stack/glance/glance/api/middleware/version_negotiation.py:57}}
Jul 07 21:48:34.177064 np0000004775 devstack@g-api.service[99516]: DEBUG glance.api.middleware.version_negotiation [None req-173a5d95-2fa0-4692-a4dc-df4c3f922e0f tempest-TestStampPattern-1194214054 tempest-TestStampPattern-1194214054-project-member] Matched version: v2 {{(pid=99516) process_request /opt/stack/glance/glance/api/middleware/version_negotiation.py:69}}
Jul 07 21:48:34.177064 np0000004775 devstack@g-api.service[99516]: DEBUG glance.api.middleware.version_negotiation [None req-173a5d95-2fa0-4692-a4dc-df4c3f922e0f tempest-TestStampPattern-1194214054 tempest-TestStampPattern-1194214054-project-member] new path /v2/schemas/image {{(pid=99516) process_request /opt/stack/glance/glance/api/middleware/version_negotiation.py:70}}
Jul 07 21:48:34.177064 np0000004775 devstack@g-api.service[99516]: [pid: 99516|app: 0|req: 98/291] 127.0.0.1 () {44 vars in 1051 bytes} [Tue Jul 7 21:48:34 2026] GET /v2/schemas/image => generated 6083 bytes in 2 msecs (HTTP/1.1 200) 4 headers in 158 bytes (1 switches on core 0)
Jul 07 21:48:34.856860 np0000004775 devstack@g-api.service[99515]: DEBUG glance.api.middleware.version_negotiation [None req-88535109-7530-4725-8a0c-f342cfab2e94 tempest-TestStampPattern-1194214054 tempest-TestStampPattern-1194214054-project-member] Determining version of request: GET /v2/images/66caf677-3de7-4ac8-aee7-69207165a70e Accept: */* {{(pid=99515) process_request /opt/stack/glance/glance/api/middleware/version_negotiation.py:44}}
Jul 07 21:48:34.857823 np0000004775 devstack@g-api.service[99514]: DEBUG glance.api.middleware.version_negotiation [None req-a1ae8273-6313-4983-b178-c72dc4959b65 tempest-TestStampPattern-1194214054 tempest-TestStampPattern-1194214054-project-member] Determining version of request: GET /v2/images/66caf677-3de7-4ac8-aee7-69207165a70e Accept: */* {{(pid=99514) process_request /opt/stack/glance/glance/api/middleware/version_negotiation.py:44}}
Jul 07 21:48:34.858206 np0000004775 devstack@g-api.service[99515]: DEBUG glance.api.middleware.version_negotiation [None req-88535109-7530-4725-8a0c-f342cfab2e94 tempest-TestStampPattern-1194214054 tempest-TestStampPattern-1194214054-project-member] Using url versioning {{(pid=99515) process_request /opt/stack/glance/glance/api/middleware/version_negotiation.py:57}}
Jul 07 21:48:34.858293 np0000004775 devstack@g-api.service[99514]: DEBUG glance.api.middleware.version_negotiation [None req-a1ae8273-6313-4983-b178-c72dc4959b65 tempest-TestStampPattern-1194214054 tempest-TestStampPattern-1194214054-project-member] Using url versioning {{(pid=99514) process_request /opt/stack/glance/glance/api/middleware/version_negotiation.py:57}}
Jul 07 21:48:34.858361 np0000004775 devstack@g-api.service[99515]: DEBUG glance.api.middleware.version_negotiation [None req-88535109-7530-4725-8a0c-f342cfab2e94 tempest-TestStampPattern-1194214054 tempest-TestStampPattern-1194214054-project-member] Matched version: v2 {{(pid=99515) process_request /opt/stack/glance/glance/api/middleware/version_negotiation.py:69}}
Jul 07 21:48:34.858417 np0000004775 devstack@g-api.service[99514]: DEBUG glance.api.middleware.version_negotiation [None req-a1ae8273-6313-4983-b178-c72dc4959b65 tempest-TestStampPattern-1194214054 tempest-TestStampPattern-1194214054-project-member] Matched version: v2 {{(pid=99514) process_request /opt/stack/glance/glance/api/middleware/version_negotiation.py:69}}
Jul 07 21:48:34.858475 np0000004775 devstack@g-api.service[99515]: DEBUG glance.api.middleware.version_negotiation [None req-88535109-7530-4725-8a0c-f342cfab2e94 tempest-TestStampPattern-1194214054 tempest-TestStampPattern-1194214054-project-member] new path /v2/images/66caf677-3de7-4ac8-aee7-69207165a70e {{(pid=99515) process_request /opt/stack/glance/glance/api/middleware/version_negotiation.py:70}}
Jul 07 21:48:34.858532 np0000004775 devstack@g-api.service[99514]: DEBUG glance.api.middleware.version_negotiation [None req-a1ae8273-6313-4983-b178-c72dc4959b65 tempest-TestStampPattern-1194214054 tempest-TestStampPattern-1194214054-project-member] new path /v2/images/66caf677-3de7-4ac8-aee7-69207165a70e {{(pid=99514) process_request /opt/stack/glance/glance/api/middleware/version_negotiation.py:70}}
Jul 07 21:48:34.889052 np0000004775 devstack@g-api.service[99515]: [pid: 99515|app: 0|req: 98/292] 127.0.0.1 () {44 vars in 1111 bytes} [Tue Jul 7 21:48:34 2026] GET /v2/images/66caf677-3de7-4ac8-aee7-69207165a70e => generated 1044 bytes in 32 msecs (HTTP/1.1 200) 4 headers in 158 bytes (1 switches on core 0)
Jul 07 21:48:34.890688 np0000004775 devstack@g-api.service[99514]: [pid: 99514|app: 0|req: 97/293] 127.0.0.1 () {44 vars in 1111 bytes} [Tue Jul 7 21:48:34 2026] GET /v2/images/66caf677-3de7-4ac8-aee7-69207165a70e => generated 1044 bytes in 34 msecs (HTTP/1.1 200) 4 headers in 158 bytes (1 switches on core 0)
Jul 07 21:48:34.899142 np0000004775 devstack@g-api.service[99516]: DEBUG glance.api.middleware.version_negotiation [None req-88535109-7530-4725-8a0c-f342cfab2e94 tempest-TestStampPattern-1194214054 tempest-TestStampPattern-1194214054-project-member] Determining version of request: GET /v2/schemas/image Accept: */* {{(pid=99516) process_request /opt/stack/glance/glance/api/middleware/version_negotiation.py:44}}
Jul 07 21:48:34.899331 np0000004775 devstack@g-api.service[99516]: DEBUG glance.api.middleware.version_negotiation [None req-88535109-7530-4725-8a0c-f342cfab2e94 tempest-TestStampPattern-1194214054 tempest-TestStampPattern-1194214054-project-member] Using url versioning {{(pid=99516) process_request /opt/stack/glance/glance/api/middleware/version_negotiation.py:57}}
Jul 07 21:48:34.899458 np0000004775 devstack@g-api.service[99516]: DEBUG glance.api.middleware.version_negotiation [None req-88535109-7530-4725-8a0c-f342cfab2e94 tempest-TestStampPattern-1194214054 tempest-TestStampPattern-1194214054-project-member] Matched version: v2 {{(pid=99516) process_request /opt/stack/glance/glance/api/middleware/version_negotiation.py:69}}
Jul 07 21:48:34.899551 np0000004775 devstack@g-api.service[99516]: DEBUG glance.api.middleware.version_negotiation [None req-88535109-7530-4725-8a0c-f342cfab2e94 tempest-TestStampPattern-1194214054 tempest-TestStampPattern-1194214054-project-member] new path /v2/schemas/image {{(pid=99516) process_request /opt/stack/glance/glance/api/middleware/version_negotiation.py:70}}
Jul 07 21:48:34.901752 np0000004775 devstack@g-api.service[99516]: [pid: 99516|app: 0|req: 99/294] 127.0.0.1 () {44 vars in 1051 bytes} [Tue Jul 7 21:48:34 2026] GET /v2/schemas/image => generated 6083 bytes in 3 msecs (HTTP/1.1 200) 4 headers in 158 bytes (1 switches on core 0)
Jul 07 21:48:34.909674 np0000004775 devstack@g-api.service[99515]: DEBUG glance.api.middleware.version_negotiation [None req-31cbee45-71f3-4646-8147-32851a1b309b tempest-ServerBootFromVolumeStableRescueTest-996572559 tempest-ServerBootFromVolumeStableRescueTest-996572559-project-member] Determining version of request: GET /v2/schemas/image Accept: */* {{(pid=99515) process_request /opt/stack/glance/glance/api/middleware/version_negotiation.py:44}}
Jul 07 21:48:34.911923 np0000004775 devstack@g-api.service[99515]: DEBUG glance.api.middleware.version_negotiation [None req-31cbee45-71f3-4646-8147-32851a1b309b tempest-ServerBootFromVolumeStableRescueTest-996572559 tempest-ServerBootFromVolumeStableRescueTest-996572559-project-member] Using url versioning {{(pid=99515) process_request /opt/stack/glance/glance/api/middleware/version_negotiation.py:57}}
Jul 07 21:48:34.911923 np0000004775 devstack@g-api.service[99515]: DEBUG glance.api.middleware.version_negotiation [None req-31cbee45-71f3-4646-8147-32851a1b309b tempest-ServerBootFromVolumeStableRescueTest-996572559 tempest-ServerBootFromVolumeStableRescueTest-996572559-project-member] Matched version: v2 {{(pid=99515) process_request /opt/stack/glance/glance/api/middleware/version_negotiation.py:69}}
Jul 07 21:48:34.911923 np0000004775 devstack@g-api.service[99515]: DEBUG glance.api.middleware.version_negotiation [None req-31cbee45-71f3-4646-8147-32851a1b309b tempest-ServerBootFromVolumeStableRescueTest-996572559 tempest-ServerBootFromVolumeStableRescueTest-996572559-project-member] new path /v2/schemas/image {{(pid=99515) process_request /opt/stack/glance/glance/api/middleware/version_negotiation.py:70}}
Jul 07 21:48:34.912236 np0000004775 devstack@g-api.service[99515]: [pid: 99515|app: 0|req: 99/295] 127.0.0.1 () {44 vars in 1051 bytes} [Tue Jul 7 21:48:34 2026] GET /v2/schemas/image => generated 6083 bytes in 3 msecs (HTTP/1.1 200) 4 headers in 158 bytes (1 switches on core 0)
Jul 07 21:48:34.919967 np0000004775 devstack@g-api.service[99514]: DEBUG glance.api.middleware.version_negotiation [None req-9c8430ed-3991-4200-b07c-e026b5889e7d tempest-ServerActionsV293TestJSON-8206047 tempest-ServerActionsV293TestJSON-8206047-project-member] Determining version of request: GET /v2/images/66caf677-3de7-4ac8-aee7-69207165a70e Accept: */* {{(pid=99514) process_request /opt/stack/glance/glance/api/middleware/version_negotiation.py:44}}
Jul 07 21:48:34.920131 np0000004775 devstack@g-api.service[99514]: DEBUG glance.api.middleware.version_negotiation [None req-9c8430ed-3991-4200-b07c-e026b5889e7d tempest-ServerActionsV293TestJSON-8206047 tempest-ServerActionsV293TestJSON-8206047-project-member] Using url versioning {{(pid=99514) process_request /opt/stack/glance/glance/api/middleware/version_negotiation.py:57}}
