Aug 13 02:34:58.780061 np0000007136 devstack@g-api.service[99784]: DEBUG swiftclient [None req-3d4bb7b6-ea7b-4bdc-af47-cd9a8add4687 tempest-ServerStableDeviceRescueTest-2101981085 tempest-ServerStableDeviceRescueTest-2101981085-project-member] RESP STATUS: 204 No Content {{(pid=99784) http_log /opt/stack/data/venv/lib/python3.12/site-packages/swiftclient/client.py:161}}
Aug 13 02:34:58.780204 np0000007136 devstack@g-api.service[99784]: DEBUG swiftclient [None req-3d4bb7b6-ea7b-4bdc-af47-cd9a8add4687 tempest-ServerStableDeviceRescueTest-2101981085 tempest-ServerStableDeviceRescueTest-2101981085-project-member] RESP HEADERS: {'Date': 'Thu, 13 Aug 2026 02:34:58 GMT', 'Server': 'Apache/2.4.58 (Ubuntu)', 'Content-Type': 'text/html; charset=UTF-8', 'X-Trans-Id': 'tx3f0263a115754458a24b4-006a7d2d52', 'X-Openstack-Request-Id': 'tx3f0263a115754458a24b4-006a7d2d52', 'Connection': 'close'} {{(pid=99784) http_log /opt/stack/data/venv/lib/python3.12/site-packages/swiftclient/client.py:162}}
Aug 13 02:34:58.815952 np0000007136 devstack@g-api.service[99784]: DEBUG swiftclient [None req-3d4bb7b6-ea7b-4bdc-af47-cd9a8add4687 tempest-ServerStableDeviceRescueTest-2101981085 tempest-ServerStableDeviceRescueTest-2101981085-project-member] REQ: curl -i https://10.4.3.124:8080/v1/AUTH_ea4f8786ceb246a39159af35d25c4309/glance/c1eb731a-42b9-4e9d-8cbd-f2c9e576f5e2 DELETE -H "X-Auth-Token: gAAAAABqfS1S3vZM..." {{(pid=99784) http_log /opt/stack/data/venv/lib/python3.12/site-packages/swiftclient/client.py:160}}
Aug 13 02:34:58.816088 np0000007136 devstack@g-api.service[99784]: DEBUG swiftclient [None req-3d4bb7b6-ea7b-4bdc-af47-cd9a8add4687 tempest-ServerStableDeviceRescueTest-2101981085 tempest-ServerStableDeviceRescueTest-2101981085-project-member] RESP STATUS: 204 No Content {{(pid=99784) http_log /opt/stack/data/venv/lib/python3.12/site-packages/swiftclient/client.py:161}}
Aug 13 02:34:58.816240 np0000007136 devstack@g-api.service[99784]: DEBUG swiftclient [None req-3d4bb7b6-ea7b-4bdc-af47-cd9a8add4687 tempest-ServerStableDeviceRescueTest-2101981085 tempest-ServerStableDeviceRescueTest-2101981085-project-member] RESP HEADERS: {'Date': 'Thu, 13 Aug 2026 02:34:58 GMT', 'Server': 'Apache/2.4.58 (Ubuntu)', 'Content-Type': 'text/html; charset=UTF-8', 'X-Trans-Id': 'tx3ead13b03d2f423890612-006a7d2d52', 'X-Openstack-Request-Id': 'tx3ead13b03d2f423890612-006a7d2d52', 'Connection': 'close'} {{(pid=99784) http_log /opt/stack/data/venv/lib/python3.12/site-packages/swiftclient/client.py:162}}
Aug 13 02:34:58.946169 np0000007136 devstack@g-api.service[99784]: DEBUG glance.api.middleware.cache [None req-3d4bb7b6-ea7b-4bdc-af47-cd9a8add4687 tempest-ServerStableDeviceRescueTest-2101981085 tempest-ServerStableDeviceRescueTest-2101981085-project-member] Removing image c1eb731a-42b9-4e9d-8cbd-f2c9e576f5e2 from cache {{(pid=99784) _process_DELETE_response /opt/stack/glance/glance/api/middleware/cache.py:264}}
Aug 13 02:34:58.946450 np0000007136 devstack@g-api.service[99784]: DEBUG glance.image_cache.drivers.centralized_db [None req-3d4bb7b6-ea7b-4bdc-af47-cd9a8add4687 tempest-ServerStableDeviceRescueTest-2101981085 tempest-ServerStableDeviceRescueTest-2101981085-project-member] Deleting image cache file '/opt/stack/data/glance/cache/c1eb731a-42b9-4e9d-8cbd-f2c9e576f5e2' {{(pid=99784) delete_cached_file /opt/stack/glance/glance/image_cache/drivers/centralized_db.py:400}}
Aug 13 02:34:58.972988 np0000007136 devstack@g-api.service[99784]: [pid: 99784|app: 0|req: 47/147] 127.0.0.1 () {46 vars in 1137 bytes} [Thu Aug 13 02:34:58 2026] DELETE /v2/images/c1eb731a-42b9-4e9d-8cbd-f2c9e576f5e2 => generated 0 bytes in 752 msecs (HTTP/1.1 204) 4 headers in 171 bytes (1 switches on core 0)
Aug 13 02:35:03.716866 np0000007136 devstack@g-api.service[99786]: DEBUG dbcounter [-] [99786] Writing DB stats glance:SELECT=10 {{(pid=99786) stat_writer /opt/stack/data/venv/lib/python3.12/site-packages/dbcounter.py:115}}
Aug 13 02:35:03.956268 np0000007136 devstack@g-api.service[99785]: DEBUG dbcounter [-] [99785] Writing DB stats glance:SELECT=15,glance:INSERT=1 {{(pid=99785) stat_writer /opt/stack/data/venv/lib/python3.12/site-packages/dbcounter.py:115}}
Aug 13 02:35:07.872370 np0000007136 devstack@g-api.service[99785]: DEBUG glance.api.middleware.version_negotiation [None req-ab4b3e64-4b26-4194-aeab-1ed3e2eae889 tempest-ServerActionsTestOtherA-1057935643 tempest-ServerActionsTestOtherA-1057935643-project-member] Determining version of request: GET /v2/images/6c699d9d-91b8-4718-a26b-a4e7e9044a3b Accept: */* {{(pid=99785) process_request /opt/stack/glance/glance/api/middleware/version_negotiation.py:44}}
Aug 13 02:35:07.873038 np0000007136 devstack@g-api.service[99785]: DEBUG glance.api.middleware.version_negotiation [None req-ab4b3e64-4b26-4194-aeab-1ed3e2eae889 tempest-ServerActionsTestOtherA-1057935643 tempest-ServerActionsTestOtherA-1057935643-project-member] Using url versioning {{(pid=99785) process_request /opt/stack/glance/glance/api/middleware/version_negotiation.py:57}}
Aug 13 02:35:07.873038 np0000007136 devstack@g-api.service[99785]: DEBUG glance.api.middleware.version_negotiation [None req-ab4b3e64-4b26-4194-aeab-1ed3e2eae889 tempest-ServerActionsTestOtherA-1057935643 tempest-ServerActionsTestOtherA-1057935643-project-member] Matched version: v2 {{(pid=99785) process_request /opt/stack/glance/glance/api/middleware/version_negotiation.py:69}}
Aug 13 02:35:07.873038 np0000007136 devstack@g-api.service[99785]: DEBUG glance.api.middleware.version_negotiation [None req-ab4b3e64-4b26-4194-aeab-1ed3e2eae889 tempest-ServerActionsTestOtherA-1057935643 tempest-ServerActionsTestOtherA-1057935643-project-member] new path /v2/images/6c699d9d-91b8-4718-a26b-a4e7e9044a3b {{(pid=99785) process_request /opt/stack/glance/glance/api/middleware/version_negotiation.py:70}}
Aug 13 02:35:07.886284 np0000007136 devstack@g-api.service[99785]: [pid: 99785|app: 0|req: 50/148] 127.0.0.1 () {44 vars in 1115 bytes} [Thu Aug 13 02:35:07 2026] GET /v2/images/6c699d9d-91b8-4718-a26b-a4e7e9044a3b => generated 1044 bytes in 14 msecs (HTTP/1.1 200) 4 headers in 158 bytes (1 switches on core 0)
Aug 13 02:35:07.927540 np0000007136 devstack@g-api.service[99786]: DEBUG glance.api.middleware.version_negotiation [None req-ab4b3e64-4b26-4194-aeab-1ed3e2eae889 tempest-ServerActionsTestOtherA-1057935643 tempest-ServerActionsTestOtherA-1057935643-project-member] Determining version of request: GET /v2/schemas/image Accept: */* {{(pid=99786) process_request /opt/stack/glance/glance/api/middleware/version_negotiation.py:44}}
Aug 13 02:35:07.928285 np0000007136 devstack@g-api.service[99786]: DEBUG glance.api.middleware.version_negotiation [None req-ab4b3e64-4b26-4194-aeab-1ed3e2eae889 tempest-ServerActionsTestOtherA-1057935643 tempest-ServerActionsTestOtherA-1057935643-project-member] Using url versioning {{(pid=99786) process_request /opt/stack/glance/glance/api/middleware/version_negotiation.py:57}}
Aug 13 02:35:07.928285 np0000007136 devstack@g-api.service[99786]: DEBUG glance.api.middleware.version_negotiation [None req-ab4b3e64-4b26-4194-aeab-1ed3e2eae889 tempest-ServerActionsTestOtherA-1057935643 tempest-ServerActionsTestOtherA-1057935643-project-member] Matched version: v2 {{(pid=99786) process_request /opt/stack/glance/glance/api/middleware/version_negotiation.py:69}}
Aug 13 02:35:07.929679 np0000007136 devstack@g-api.service[99786]: DEBUG glance.api.middleware.version_negotiation [None req-ab4b3e64-4b26-4194-aeab-1ed3e2eae889 tempest-ServerActionsTestOtherA-1057935643 tempest-ServerActionsTestOtherA-1057935643-project-member] new path /v2/schemas/image {{(pid=99786) process_request /opt/stack/glance/glance/api/middleware/version_negotiation.py:70}}
Aug 13 02:35:07.934242 np0000007136 devstack@g-api.service[99786]: [pid: 99786|app: 0|req: 52/149] 127.0.0.1 () {44 vars in 1055 bytes} [Thu Aug 13 02:35:07 2026] GET /v2/schemas/image => generated 6083 bytes in 7 msecs (HTTP/1.1 200) 4 headers in 158 bytes (1 switches on core 0)
Aug 13 02:35:08.968990 np0000007136 devstack@g-api.service[99784]: DEBUG dbcounter [-] [99784] Writing DB stats glance:SELECT=43,glance:UPDATE=28,glance:DELETE=1 {{(pid=99784) stat_writer /opt/stack/data/venv/lib/python3.12/site-packages/dbcounter.py:115}}
Aug 13 02:35:17.883553 np0000007136 devstack@g-api.service[99785]: DEBUG dbcounter [-] [99785] Writing DB stats glance:SELECT=2 {{(pid=99785) stat_writer /opt/stack/data/venv/lib/python3.12/site-packages/dbcounter.py:115}}
Aug 13 02:35:22.967847 np0000007136 devstack@g-api.service[99784]: DEBUG glance.api.middleware.version_negotiation [None req-3d4bb7b6-ea7b-4bdc-af47-cd9a8add4687 tempest-ServerStableDeviceRescueTest-2101981085 tempest-ServerStableDeviceRescueTest-2101981085-project-member] Determining version of request: POST /v2/images Accept: application/json {{(pid=99784) process_request /opt/stack/glance/glance/api/middleware/version_negotiation.py:44}}
Aug 13 02:35:22.968611 np0000007136 devstack@g-api.service[99784]: DEBUG glance.api.middleware.version_negotiation [None req-3d4bb7b6-ea7b-4bdc-af47-cd9a8add4687 tempest-ServerStableDeviceRescueTest-2101981085 tempest-ServerStableDeviceRescueTest-2101981085-project-member] Using url versioning {{(pid=99784) process_request /opt/stack/glance/glance/api/middleware/version_negotiation.py:57}}
Aug 13 02:35:22.968611 np0000007136 devstack@g-api.service[99784]: DEBUG glance.api.middleware.version_negotiation [None req-3d4bb7b6-ea7b-4bdc-af47-cd9a8add4687 tempest-ServerStableDeviceRescueTest-2101981085 tempest-ServerStableDeviceRescueTest-2101981085-project-member] Matched version: v2 {{(pid=99784) process_request /opt/stack/glance/glance/api/middleware/version_negotiation.py:69}}
Aug 13 02:35:22.968611 np0000007136 devstack@g-api.service[99784]: DEBUG glance.api.middleware.version_negotiation [None req-3d4bb7b6-ea7b-4bdc-af47-cd9a8add4687 tempest-ServerStableDeviceRescueTest-2101981085 tempest-ServerStableDeviceRescueTest-2101981085-project-member] new path /v2/images {{(pid=99784) process_request /opt/stack/glance/glance/api/middleware/version_negotiation.py:70}}
Aug 13 02:35:23.816335 np0000007136 devstack@g-api.service[99784]: [pid: 99784|app: 0|req: 48/150] 127.0.0.1 () {42 vars in 786 bytes} [Thu Aug 13 02:35:22 2026] POST /v2/images => generated 648 bytes in 849 msecs (HTTP/1.1 201) 6 headers in 315 bytes (1 switches on core 0)
Aug 13 02:35:23.830097 np0000007136 devstack@g-api.service[99785]: DEBUG glance.api.middleware.version_negotiation [None req-4afd4326-da5b-4abf-ad27-4983f49a59f8 tempest-VolumesBackupsTest-1677537736 tempest-VolumesBackupsTest-1677537736-project-member] Determining version of request: PUT /v2/images/25ee2c05-9652-4717-b30d-e520f4305de8/file Accept: {{(pid=99785) process_request /opt/stack/glance/glance/api/middleware/version_negotiation.py:44}}
Aug 13 02:35:23.830763 np0000007136 devstack@g-api.service[99785]: DEBUG glance.api.middleware.version_negotiation [None req-4afd4326-da5b-4abf-ad27-4983f49a59f8 tempest-VolumesBackupsTest-1677537736 tempest-VolumesBackupsTest-1677537736-project-member] Using url versioning {{(pid=99785) process_request /opt/stack/glance/glance/api/middleware/version_negotiation.py:57}}
Aug 13 02:35:23.830763 np0000007136 devstack@g-api.service[99785]: DEBUG glance.api.middleware.version_negotiation [None req-4afd4326-da5b-4abf-ad27-4983f49a59f8 tempest-VolumesBackupsTest-1677537736 tempest-VolumesBackupsTest-1677537736-project-member] Matched version: v2 {{(pid=99785) process_request /opt/stack/glance/glance/api/middleware/version_negotiation.py:69}}
Aug 13 02:35:23.830763 np0000007136 devstack@g-api.service[99785]: DEBUG glance.api.middleware.version_negotiation [None req-4afd4326-da5b-4abf-ad27-4983f49a59f8 tempest-VolumesBackupsTest-1677537736 tempest-VolumesBackupsTest-1677537736-project-member] new path /v2/images/25ee2c05-9652-4717-b30d-e520f4305de8/file {{(pid=99785) process_request /opt/stack/glance/glance/api/middleware/version_negotiation.py:70}}
Aug 13 02:35:24.496995 np0000007136 devstack@g-api.service[99785]: INFO glance.api.v2.image_data [None req-a0d44ef8-6281-4ebb-bf45-121c90abef39 tempest-ImageDependencyTests-1234546549 tempest-ImageDependencyTests-1234546549-project-member] Unable to create trust: no such option collect_timing in group [keystone_authtoken] Use the existing user token.
Aug 13 02:35:25.135670 np0000007136 devstack@g-api.service[99785]: DEBUG glance.location [None req-a0d44ef8-6281-4ebb-bf45-121c90abef39 tempest-ImageDependencyTests-1234546549 tempest-ImageDependencyTests-1234546549-project-member] Enabling in-flight format inspection for raw {{(pid=99785) set_data /opt/stack/glance/glance/location.py:596}}
Aug 13 02:35:25.136265 np0000007136 devstack@g-api.service[99785]: DEBUG glance_store.backend [None req-a0d44ef8-6281-4ebb-bf45-121c90abef39 tempest-ImageDependencyTests-1234546549 tempest-ImageDependencyTests-1234546549-project-member] Attempting to import store swift {{(pid=99785) _load_store /opt/stack/data/venv/lib/python3.12/site-packages/glance_store/backend.py:215}}
Aug 13 02:35:25.137720 np0000007136 devstack@g-api.service[99785]: DEBUG glance_store.capabilities [None req-a0d44ef8-6281-4ebb-bf45-121c90abef39 tempest-ImageDependencyTests-1234546549 tempest-ImageDependencyTests-1234546549-project-member] Store glance_store._drivers.swift.store.SingleTenantStore doesn't support updating dynamic storage capabilities. Please overwrite 'update_capabilities' method of the store to implement updating logics if needed. {{(pid=99785) update_capabilities /opt/stack/data/venv/lib/python3.12/site-packages/glance_store/capabilities.py:91}}
Aug 13 02:35:25.137820 np0000007136 devstack@g-api.service[99785]: DEBUG glance_store.driver [None req-a0d44ef8-6281-4ebb-bf45-121c90abef39 tempest-ImageDependencyTests-1234546549 tempest-ImageDependencyTests-1234546549-project-member] Late loading location class glance_store._drivers.swift.store.StoreLocation {{(pid=99785) get_store_location_class /opt/stack/data/venv/lib/python3.12/site-packages/glance_store/driver.py:134}}
Aug 13 02:35:25.137885 np0000007136 devstack@g-api.service[99785]: DEBUG glance_store.location [None req-a0d44ef8-6281-4ebb-bf45-121c90abef39 tempest-ImageDependencyTests-1234546549 tempest-ImageDependencyTests-1234546549-project-member] Registering scheme swift+https with {'store': , 'location_class': , 'store_entry': 'swift'} {{(pid=99785) register_scheme_map /opt/stack/data/venv/lib/python3.12/site-packages/glance_store/location.py:146}}
Aug 13 02:35:25.137972 np0000007136 devstack@g-api.service[99785]: DEBUG glance_store.location [None req-a0d44ef8-6281-4ebb-bf45-121c90abef39 tempest-ImageDependencyTests-1234546549 tempest-ImageDependencyTests-1234546549-project-member] Registering scheme swift+https with {'store': , 'location_class': , 'store_entry': 'swift'} {{(pid=99785) register_scheme_map /opt/stack/data/venv/lib/python3.12/site-packages/glance_store/location.py:146}}
Aug 13 02:35:25.138057 np0000007136 devstack@g-api.service[99785]: DEBUG glance_store.location [None req-a0d44ef8-6281-4ebb-bf45-121c90abef39 tempest-ImageDependencyTests-1234546549 tempest-ImageDependencyTests-1234546549-project-member] Registering scheme swift with {'store': , 'location_class': , 'store_entry': 'swift'} {{(pid=99785) register_scheme_map /opt/stack/data/venv/lib/python3.12/site-packages/glance_store/location.py:146}}
Aug 13 02:35:25.138145 np0000007136 devstack@g-api.service[99785]: DEBUG glance_store.location [None req-a0d44ef8-6281-4ebb-bf45-121c90abef39 tempest-ImageDependencyTests-1234546549 tempest-ImageDependencyTests-1234546549-project-member] Registering scheme swift+https with {'store': , 'location_class': , 'store_entry': 'swift'} {{(pid=99785) register_scheme_map /opt/stack/data/venv/lib/python3.12/site-packages/glance_store/location.py:146}}
Aug 13 02:35:25.138236 np0000007136 devstack@g-api.service[99785]: DEBUG glance_store.location [None req-a0d44ef8-6281-4ebb-bf45-121c90abef39 tempest-ImageDependencyTests-1234546549 tempest-ImageDependencyTests-1234546549-project-member] Registering scheme swift with {'store': , 'location_class': , 'store_entry': 'swift'} {{(pid=99785) register_scheme_map /opt/stack/data/venv/lib/python3.12/site-packages/glance_store/location.py:146}}
Aug 13 02:35:25.138380 np0000007136 devstack@g-api.service[99785]: DEBUG glance_store.location [None req-a0d44ef8-6281-4ebb-bf45-121c90abef39 tempest-ImageDependencyTests-1234546549 tempest-ImageDependencyTests-1234546549-project-member] Registering scheme swift+http with {'store': , 'location_class': , 'store_entry': 'swift'} {{(pid=99785) register_scheme_map /opt/stack/data/venv/lib/python3.12/site-packages/glance_store/location.py:146}}
Aug 13 02:35:25.138491 np0000007136 devstack@g-api.service[99785]: DEBUG glance_store.location [None req-a0d44ef8-6281-4ebb-bf45-121c90abef39 tempest-ImageDependencyTests-1234546549 tempest-ImageDependencyTests-1234546549-project-member] Registering scheme swift+https with {'store': , 'location_class': , 'store_entry': 'swift'} {{(pid=99785) register_scheme_map /opt/stack/data/venv/lib/python3.12/site-packages/glance_store/location.py:146}}
Aug 13 02:35:25.138567 np0000007136 devstack@g-api.service[99785]: DEBUG glance_store.location [None req-a0d44ef8-6281-4ebb-bf45-121c90abef39 tempest-ImageDependencyTests-1234546549 tempest-ImageDependencyTests-1234546549-project-member] Registering scheme swift with {'store': , 'location_class': , 'store_entry': 'swift'} {{(pid=99785) register_scheme_map /opt/stack/data/venv/lib/python3.12/site-packages/glance_store/location.py:146}}
Aug 13 02:35:25.138693 np0000007136 devstack@g-api.service[99785]: DEBUG glance_store.location [None req-a0d44ef8-6281-4ebb-bf45-121c90abef39 tempest-ImageDependencyTests-1234546549 tempest-ImageDependencyTests-1234546549-project-member] Registering scheme swift+http with {'store': , 'location_class': , 'store_entry': 'swift'} {{(pid=99785) register_scheme_map /opt/stack/data/venv/lib/python3.12/site-packages/glance_store/location.py:146}}
Aug 13 02:35:25.138871 np0000007136 devstack@g-api.service[99785]: DEBUG glance_store.location [None req-a0d44ef8-6281-4ebb-bf45-121c90abef39 tempest-ImageDependencyTests-1234546549 tempest-ImageDependencyTests-1234546549-project-member] Registering scheme swift+config with {'store': , 'location_class': , 'store_entry': 'swift'} {{(pid=99785) register_scheme_map /opt/stack/data/venv/lib/python3.12/site-packages/glance_store/location.py:146}}
Aug 13 02:35:25.401926 np0000007136 devstack@g-api.service[99786]: DEBUG glance.api.middleware.version_negotiation [None req-4afd4326-da5b-4abf-ad27-4983f49a59f8 tempest-VolumesBackupsTest-1677537736 tempest-VolumesBackupsTest-1677537736-project-member] Determining version of request: GET /v2/images/6c699d9d-91b8-4718-a26b-a4e7e9044a3b Accept: */* {{(pid=99786) process_request /opt/stack/glance/glance/api/middleware/version_negotiation.py:44}}
Aug 13 02:35:25.402372 np0000007136 devstack@g-api.service[99786]: DEBUG glance.api.middleware.version_negotiation [None req-4afd4326-da5b-4abf-ad27-4983f49a59f8 tempest-VolumesBackupsTest-1677537736 tempest-VolumesBackupsTest-1677537736-project-member] Using url versioning {{(pid=99786) process_request /opt/stack/glance/glance/api/middleware/version_negotiation.py:57}}
Aug 13 02:35:25.402372 np0000007136 devstack@g-api.service[99786]: DEBUG glance.api.middleware.version_negotiation [None req-4afd4326-da5b-4abf-ad27-4983f49a59f8 tempest-VolumesBackupsTest-1677537736 tempest-VolumesBackupsTest-1677537736-project-member] Matched version: v2 {{(pid=99786) process_request /opt/stack/glance/glance/api/middleware/version_negotiation.py:69}}
Aug 13 02:35:25.402372 np0000007136 devstack@g-api.service[99786]: DEBUG glance.api.middleware.version_negotiation [None req-4afd4326-da5b-4abf-ad27-4983f49a59f8 tempest-VolumesBackupsTest-1677537736 tempest-VolumesBackupsTest-1677537736-project-member] new path /v2/images/6c699d9d-91b8-4718-a26b-a4e7e9044a3b {{(pid=99786) process_request /opt/stack/glance/glance/api/middleware/version_negotiation.py:70}}
Aug 13 02:35:25.422644 np0000007136 devstack@g-api.service[99786]: [pid: 99786|app: 0|req: 53/151] 127.0.0.1 () {44 vars in 1115 bytes} [Thu Aug 13 02:35:25 2026] GET /v2/images/6c699d9d-91b8-4718-a26b-a4e7e9044a3b => generated 1044 bytes in 20 msecs (HTTP/1.1 200) 4 headers in 158 bytes (1 switches on core 0)
Aug 13 02:35:25.441365 np0000007136 devstack@g-api.service[99784]: DEBUG glance.api.middleware.version_negotiation [None req-9ed99e18-f493-4e32-af5a-cc029bf6b817 tempest-ImageDependencyTests-1234546549 tempest-ImageDependencyTests-1234546549-project-member] Determining version of request: GET /v2/schemas/image Accept: */* {{(pid=99784) process_request /opt/stack/glance/glance/api/middleware/version_negotiation.py:44}}
Aug 13 02:35:25.441365 np0000007136 devstack@g-api.service[99784]: DEBUG glance.api.middleware.version_negotiation [None req-9ed99e18-f493-4e32-af5a-cc029bf6b817 tempest-ImageDependencyTests-1234546549 tempest-ImageDependencyTests-1234546549-project-member] Using url versioning {{(pid=99784) process_request /opt/stack/glance/glance/api/middleware/version_negotiation.py:57}}
Aug 13 02:35:25.441365 np0000007136 devstack@g-api.service[99784]: DEBUG glance.api.middleware.version_negotiation [None req-9ed99e18-f493-4e32-af5a-cc029bf6b817 tempest-ImageDependencyTests-1234546549 tempest-ImageDependencyTests-1234546549-project-member] Matched version: v2 {{(pid=99784) process_request /opt/stack/glance/glance/api/middleware/version_negotiation.py:69}}
Aug 13 02:35:25.441933 np0000007136 devstack@g-api.service[99784]: DEBUG glance.api.middleware.version_negotiation [None req-9ed99e18-f493-4e32-af5a-cc029bf6b817 tempest-ImageDependencyTests-1234546549 tempest-ImageDependencyTests-1234546549-project-member] new path /v2/schemas/image {{(pid=99784) process_request /opt/stack/glance/glance/api/middleware/version_negotiation.py:70}}
Aug 13 02:35:25.452682 np0000007136 devstack@g-api.service[99784]: [pid: 99784|app: 0|req: 49/152] 127.0.0.1 () {44 vars in 1055 bytes} [Thu Aug 13 02:35:25 2026] GET /v2/schemas/image => generated 6083 bytes in 12 msecs (HTTP/1.1 200) 4 headers in 158 bytes (1 switches on core 0)
Aug 13 02:35:25.462544 np0000007136 devstack@g-api.service[99785]: DEBUG swiftclient [None req-a0d44ef8-6281-4ebb-bf45-121c90abef39 tempest-ImageDependencyTests-1234546549 tempest-ImageDependencyTests-1234546549-project-member] REQ: curl -i https://10.4.3.124:8080/v1/AUTH_ea4f8786ceb246a39159af35d25c4309/glance -I -H "X-Auth-Token: gAAAAABqfS1t-8K6..." {{(pid=99785) http_log /opt/stack/data/venv/lib/python3.12/site-packages/swiftclient/client.py:160}}
Aug 13 02:35:25.462724 np0000007136 devstack@g-api.service[99785]: DEBUG swiftclient [None req-a0d44ef8-6281-4ebb-bf45-121c90abef39 tempest-ImageDependencyTests-1234546549 tempest-ImageDependencyTests-1234546549-project-member] RESP STATUS: 204 No Content {{(pid=99785) http_log /opt/stack/data/venv/lib/python3.12/site-packages/swiftclient/client.py:161}}
Aug 13 02:35:25.462959 np0000007136 devstack@g-api.service[99785]: DEBUG swiftclient [None req-a0d44ef8-6281-4ebb-bf45-121c90abef39 tempest-ImageDependencyTests-1234546549 tempest-ImageDependencyTests-1234546549-project-member] RESP HEADERS: {'Date': 'Thu, 13 Aug 2026 02:35:25 GMT', 'Server': 'Apache/2.4.58 (Ubuntu)', 'Content-Type': 'text/plain; charset=utf-8', 'X-Container-Object-Count': '3', 'X-Container-Bytes-Used': '64356352', 'X-Timestamp': '1786588270.87179', 'Last-Modified': 'Thu, 13 Aug 2026 02:31:11 GMT', 'Accept-Ranges': 'bytes', 'X-Storage-Policy': 'Policy-0', 'X-Container-Sharding': 'False', 'Vary': 'Accept', 'X-Trans-Id': 'txff1c8f7cb24f46eba8c83-006a7d2d6d', 'X-Openstack-Request-Id': 'txff1c8f7cb24f46eba8c83-006a7d2d6d', 'Connection': 'close'} {{(pid=99785) http_log /opt/stack/data/venv/lib/python3.12/site-packages/swiftclient/client.py:162}}
Aug 13 02:35:25.463215 np0000007136 devstack@g-api.service[99785]: DEBUG glance_store._drivers.swift.store [None req-a0d44ef8-6281-4ebb-bf45-121c90abef39 tempest-ImageDependencyTests-1234546549 tempest-ImageDependencyTests-1234546549-project-member] Adding image object '25ee2c05-9652-4717-b30d-e520f4305de8' to Swift {{(pid=99785) add /opt/stack/data/venv/lib/python3.12/site-packages/glance_store/_drivers/swift/store.py:970}}
Aug 13 02:35:25.465187 np0000007136 devstack@g-api.service[99786]: DEBUG glance.api.middleware.version_negotiation [None req-43f74382-c700-45a4-bab5-216f06f9a19b tempest-TaggedBootDevicesTest_v242-150504484 tempest-TaggedBootDevicesTest_v242-150504484-project-member] Determining version of request: GET /v2/schemas/image Accept: */* {{(pid=99786) process_request /opt/stack/glance/glance/api/middleware/version_negotiation.py:44}}
Aug 13 02:35:25.465187 np0000007136 devstack@g-api.service[99786]: DEBUG glance.api.middleware.version_negotiation [None req-43f74382-c700-45a4-bab5-216f06f9a19b tempest-TaggedBootDevicesTest_v242-150504484 tempest-TaggedBootDevicesTest_v242-150504484-project-member] Using url versioning {{(pid=99786) process_request /opt/stack/glance/glance/api/middleware/version_negotiation.py:57}}
Aug 13 02:35:25.465451 np0000007136 devstack@g-api.service[99786]: DEBUG glance.api.middleware.version_negotiation [None req-43f74382-c700-45a4-bab5-216f06f9a19b tempest-TaggedBootDevicesTest_v242-150504484 tempest-TaggedBootDevicesTest_v242-150504484-project-member] Matched version: v2 {{(pid=99786) process_request /opt/stack/glance/glance/api/middleware/version_negotiation.py:69}}
Aug 13 02:35:25.465751 np0000007136 devstack@g-api.service[99786]: DEBUG glance.api.middleware.version_negotiation [None req-43f74382-c700-45a4-bab5-216f06f9a19b tempest-TaggedBootDevicesTest_v242-150504484 tempest-TaggedBootDevicesTest_v242-150504484-project-member] new path /v2/schemas/image {{(pid=99786) process_request /opt/stack/glance/glance/api/middleware/version_negotiation.py:70}}
Aug 13 02:35:25.469260 np0000007136 devstack@g-api.service[99786]: [pid: 99786|app: 0|req: 54/153] 127.0.0.1 () {44 vars in 1055 bytes} [Thu Aug 13 02:35:25 2026] GET /v2/schemas/image => generated 6083 bytes in 4 msecs (HTTP/1.1 200) 4 headers in 158 bytes (1 switches on core 0)
Aug 13 02:35:25.471231 np0000007136 devstack@g-api.service[99785]: DEBUG oslo_utils.imageutils.format_inspector [None req-a0d44ef8-6281-4ebb-bf45-121c90abef39 tempest-ImageDependencyTests-1234546549 tempest-ImageDependencyTests-1234546549-project-member] Format inspector for vmdk does not match, excluding from consideration (Signature KDMV not found: b'{Y\xb1\x10') {{(pid=99785) _process_chunk /opt/stack/data/venv/lib/python3.12/site-packages/oslo_utils/imageutils/format_inspector.py:1758}}
Aug 13 02:35:25.481078 np0000007136 devstack@g-api.service[99784]: DEBUG glance.api.middleware.version_negotiation [None req-43f74382-c700-45a4-bab5-216f06f9a19b tempest-TaggedBootDevicesTest_v242-150504484 tempest-TaggedBootDevicesTest_v242-150504484-project-member] Determining version of request: GET /v2/images/6c699d9d-91b8-4718-a26b-a4e7e9044a3b Accept: */* {{(pid=99784) process_request /opt/stack/glance/glance/api/middleware/version_negotiation.py:44}}
Aug 13 02:35:25.482252 np0000007136 devstack@g-api.service[99784]: DEBUG glance.api.middleware.version_negotiation [None req-43f74382-c700-45a4-bab5-216f06f9a19b tempest-TaggedBootDevicesTest_v242-150504484 tempest-TaggedBootDevicesTest_v242-150504484-project-member] Using url versioning {{(pid=99784) process_request /opt/stack/glance/glance/api/middleware/version_negotiation.py:57}}
Aug 13 02:35:25.482252 np0000007136 devstack@g-api.service[99784]: DEBUG glance.api.middleware.version_negotiation [None req-43f74382-c700-45a4-bab5-216f06f9a19b tempest-TaggedBootDevicesTest_v242-150504484 tempest-TaggedBootDevicesTest_v242-150504484-project-member] Matched version: v2 {{(pid=99784) process_request /opt/stack/glance/glance/api/middleware/version_negotiation.py:69}}
Aug 13 02:35:25.482252 np0000007136 devstack@g-api.service[99784]: DEBUG glance.api.middleware.version_negotiation [None req-43f74382-c700-45a4-bab5-216f06f9a19b tempest-TaggedBootDevicesTest_v242-150504484 tempest-TaggedBootDevicesTest_v242-150504484-project-member] new path /v2/images/6c699d9d-91b8-4718-a26b-a4e7e9044a3b {{(pid=99784) process_request /opt/stack/glance/glance/api/middleware/version_negotiation.py:70}}
Aug 13 02:35:25.494975 np0000007136 devstack@g-api.service[99784]: [pid: 99784|app: 0|req: 50/154] 127.0.0.1 () {44 vars in 1115 bytes} [Thu Aug 13 02:35:25 2026] GET /v2/images/6c699d9d-91b8-4718-a26b-a4e7e9044a3b => generated 1044 bytes in 14 msecs (HTTP/1.1 200) 4 headers in 158 bytes (1 switches on core 0)
Aug 13 02:35:25.498673 np0000007136 devstack@g-api.service[99785]: DEBUG swiftclient [None req-a0d44ef8-6281-4ebb-bf45-121c90abef39 tempest-ImageDependencyTests-1234546549 tempest-ImageDependencyTests-1234546549-project-member] REQ: curl -i https://10.4.3.124:8080/v1/AUTH_ea4f8786ceb246a39159af35d25c4309/glance/25ee2c05-9652-4717-b30d-e520f4305de8 -X PUT -H "X-Auth-Token: gAAAAABqfS1t-8K6..." -H "Content-Length: 1024" {{(pid=99785) http_log /opt/stack/data/venv/lib/python3.12/site-packages/swiftclient/client.py:160}}
Aug 13 02:35:25.498792 np0000007136 devstack@g-api.service[99785]: DEBUG swiftclient [None req-a0d44ef8-6281-4ebb-bf45-121c90abef39 tempest-ImageDependencyTests-1234546549 tempest-ImageDependencyTests-1234546549-project-member] RESP STATUS: 201 Created {{(pid=99785) http_log /opt/stack/data/venv/lib/python3.12/site-packages/swiftclient/client.py:161}}
Aug 13 02:35:25.499200 np0000007136 devstack@g-api.service[99785]: DEBUG swiftclient [None req-a0d44ef8-6281-4ebb-bf45-121c90abef39 tempest-ImageDependencyTests-1234546549 tempest-ImageDependencyTests-1234546549-project-member] RESP HEADERS: {'Date': 'Thu, 13 Aug 2026 02:35:25 GMT', 'Server': 'Apache/2.4.58 (Ubuntu)', 'Content-Type': 'text/html; charset=UTF-8', 'Content-Length': '0', 'Etag': '49944ca323aeafed66996640ca066b3c', 'Last-Modified': 'Thu, 13 Aug 2026 02:35:26 GMT', 'X-Trans-Id': 'txe4279ea981d841ff88f88-006a7d2d6d', 'X-Openstack-Request-Id': 'txe4279ea981d841ff88f88-006a7d2d6d', 'Connection': 'close'} {{(pid=99785) http_log /opt/stack/data/venv/lib/python3.12/site-packages/swiftclient/client.py:162}}
Aug 13 02:35:25.499671 np0000007136 devstack@g-api.service[99785]: INFO glance.location [None req-a0d44ef8-6281-4ebb-bf45-121c90abef39 tempest-ImageDependencyTests-1234546549 tempest-ImageDependencyTests-1234546549-project-member] Image format matched and virtual size computed: 1024
Aug 13 02:35:25.504396 np0000007136 devstack@g-api.service[99786]: DEBUG glance.api.middleware.version_negotiation [None req-43f74382-c700-45a4-bab5-216f06f9a19b tempest-TaggedBootDevicesTest_v242-150504484 tempest-TaggedBootDevicesTest_v242-150504484-project-member] Determining version of request: GET /v2/schemas/image Accept: */* {{(pid=99786) process_request /opt/stack/glance/glance/api/middleware/version_negotiation.py:44}}
Aug 13 02:35:25.505047 np0000007136 devstack@g-api.service[99786]: DEBUG glance.api.middleware.version_negotiation [None req-43f74382-c700-45a4-bab5-216f06f9a19b tempest-TaggedBootDevicesTest_v242-150504484 tempest-TaggedBootDevicesTest_v242-150504484-project-member] Using url versioning {{(pid=99786) process_request /opt/stack/glance/glance/api/middleware/version_negotiation.py:57}}
Aug 13 02:35:25.505047 np0000007136 devstack@g-api.service[99786]: DEBUG glance.api.middleware.version_negotiation [None req-43f74382-c700-45a4-bab5-216f06f9a19b tempest-TaggedBootDevicesTest_v242-150504484 tempest-TaggedBootDevicesTest_v242-150504484-project-member] Matched version: v2 {{(pid=99786) process_request /opt/stack/glance/glance/api/middleware/version_negotiation.py:69}}
Aug 13 02:35:25.505047 np0000007136 devstack@g-api.service[99786]: DEBUG glance.api.middleware.version_negotiation [None req-43f74382-c700-45a4-bab5-216f06f9a19b tempest-TaggedBootDevicesTest_v242-150504484 tempest-TaggedBootDevicesTest_v242-150504484-project-member] new path /v2/schemas/image {{(pid=99786) process_request /opt/stack/glance/glance/api/middleware/version_negotiation.py:70}}
Aug 13 02:35:25.508147 np0000007136 devstack@g-api.service[99786]: [pid: 99786|app: 0|req: 55/155] 127.0.0.1 () {44 vars in 1055 bytes} [Thu Aug 13 02:35:25 2026] GET /v2/schemas/image => generated 6083 bytes in 4 msecs (HTTP/1.1 200) 4 headers in 158 bytes (1 switches on core 0)
Aug 13 02:35:25.519927 np0000007136 devstack@g-api.service[99784]: DEBUG glance.api.middleware.version_negotiation [None req-43f74382-c700-45a4-bab5-216f06f9a19b tempest-TaggedBootDevicesTest_v242-150504484 tempest-TaggedBootDevicesTest_v242-150504484-project-member] Determining version of request: GET /v2/schemas/image Accept: */* {{(pid=99784) process_request /opt/stack/glance/glance/api/middleware/version_negotiation.py:44}}
Aug 13 02:35:25.521423 np0000007136 devstack@g-api.service[99784]: DEBUG glance.api.middleware.version_negotiation [None req-43f74382-c700-45a4-bab5-216f06f9a19b tempest-TaggedBootDevicesTest_v242-150504484 tempest-TaggedBootDevicesTest_v242-150504484-project-member] Using url versioning {{(pid=99784) process_request /opt/stack/glance/glance/api/middleware/version_negotiation.py:57}}
Aug 13 02:35:25.521423 np0000007136 devstack@g-api.service[99784]: DEBUG glance.api.middleware.version_negotiation [None req-43f74382-c700-45a4-bab5-216f06f9a19b tempest-TaggedBootDevicesTest_v242-150504484 tempest-TaggedBootDevicesTest_v242-150504484-project-member] Matched version: v2 {{(pid=99784) process_request /opt/stack/glance/glance/api/middleware/version_negotiation.py:69}}
Aug 13 02:35:25.521423 np0000007136 devstack@g-api.service[99784]: DEBUG glance.api.middleware.version_negotiation [None req-43f74382-c700-45a4-bab5-216f06f9a19b tempest-TaggedBootDevicesTest_v242-150504484 tempest-TaggedBootDevicesTest_v242-150504484-project-member] new path /v2/schemas/image {{(pid=99784) process_request /opt/stack/glance/glance/api/middleware/version_negotiation.py:70}}
Aug 13 02:35:25.525640 np0000007136 devstack@g-api.service[99784]: [pid: 99784|app: 0|req: 51/156] 127.0.0.1 () {44 vars in 1055 bytes} [Thu Aug 13 02:35:25 2026] GET /v2/schemas/image => generated 6083 bytes in 6 msecs (HTTP/1.1 200) 4 headers in 158 bytes (1 switches on core 0)
Aug 13 02:35:25.546477 np0000007136 devstack@g-api.service[99785]: DEBUG glance_store.backend [None req-a0d44ef8-6281-4ebb-bf45-121c90abef39 tempest-ImageDependencyTests-1234546549 tempest-ImageDependencyTests-1234546549-project-member] Attempting to import store swift {{(pid=99785) _load_store /opt/stack/data/venv/lib/python3.12/site-packages/glance_store/backend.py:215}}
Aug 13 02:35:25.548251 np0000007136 devstack@g-api.service[99785]: DEBUG glance_store.capabilities [None req-a0d44ef8-6281-4ebb-bf45-121c90abef39 tempest-ImageDependencyTests-1234546549 tempest-ImageDependencyTests-1234546549-project-member] Store glance_store._drivers.swift.store.SingleTenantStore doesn't support updating dynamic storage capabilities. Please overwrite 'update_capabilities' method of the store to implement updating logics if needed. {{(pid=99785) update_capabilities /opt/stack/data/venv/lib/python3.12/site-packages/glance_store/capabilities.py:91}}
Aug 13 02:35:25.548408 np0000007136 devstack@g-api.service[99785]: DEBUG glance_store.driver [None req-a0d44ef8-6281-4ebb-bf45-121c90abef39 tempest-ImageDependencyTests-1234546549 tempest-ImageDependencyTests-1234546549-project-member] Late loading location class glance_store._drivers.swift.store.StoreLocation {{(pid=99785) get_store_location_class /opt/stack/data/venv/lib/python3.12/site-packages/glance_store/driver.py:134}}
Aug 13 02:35:25.549270 np0000007136 devstack@g-api.service[99785]: DEBUG glance_store.location [None req-a0d44ef8-6281-4ebb-bf45-121c90abef39 tempest-ImageDependencyTests-1234546549 tempest-ImageDependencyTests-1234546549-project-member] Registering scheme swift+https with {'store': , 'location_class': , 'store_entry': 'swift'} {{(pid=99785) register_scheme_map /opt/stack/data/venv/lib/python3.12/site-packages/glance_store/location.py:146}}
Aug 13 02:35:25.549270 np0000007136 devstack@g-api.service[99785]: DEBUG glance_store.location [None req-a0d44ef8-6281-4ebb-bf45-121c90abef39 tempest-ImageDependencyTests-1234546549 tempest-ImageDependencyTests-1234546549-project-member] Registering scheme swift+https with {'store': , 'location_class': , 'store_entry': 'swift'} {{(pid=99785) register_scheme_map /opt/stack/data/venv/lib/python3.12/site-packages/glance_store/location.py:146}}
Aug 13 02:35:25.549270 np0000007136 devstack@g-api.service[99785]: DEBUG glance_store.location [None req-a0d44ef8-6281-4ebb-bf45-121c90abef39 tempest-ImageDependencyTests-1234546549 tempest-ImageDependencyTests-1234546549-project-member] Registering scheme swift with {'store': , 'location_class': , 'store_entry': 'swift'} {{(pid=99785) register_scheme_map /opt/stack/data/venv/lib/python3.12/site-packages/glance_store/location.py:146}}
Aug 13 02:35:25.549270 np0000007136 devstack@g-api.service[99785]: DEBUG glance_store.location [None req-a0d44ef8-6281-4ebb-bf45-121c90abef39 tempest-ImageDependencyTests-1234546549 tempest-ImageDependencyTests-1234546549-project-member] Registering scheme swift+https with {'store': , 'location_class': , 'store_entry': 'swift'} {{(pid=99785) register_scheme_map /opt/stack/data/venv/lib/python3.12/site-packages/glance_store/location.py:146}}
Aug 13 02:35:25.549270 np0000007136 devstack@g-api.service[99785]: DEBUG glance_store.location [None req-a0d44ef8-6281-4ebb-bf45-121c90abef39 tempest-ImageDependencyTests-1234546549 tempest-ImageDependencyTests-1234546549-project-member] Registering scheme swift with {'store': , 'location_class': , 'store_entry': 'swift'} {{(pid=99785) register_scheme_map /opt/stack/data/venv/lib/python3.12/site-packages/glance_store/location.py:146}}
Aug 13 02:35:25.549270 np0000007136 devstack@g-api.service[99785]: DEBUG glance_store.location [None req-a0d44ef8-6281-4ebb-bf45-121c90abef39 tempest-ImageDependencyTests-1234546549 tempest-ImageDependencyTests-1234546549-project-member] Registering scheme swift+http with {'store': , 'location_class': , 'store_entry': 'swift'} {{(pid=99785) register_scheme_map /opt/stack/data/venv/lib/python3.12/site-packages/glance_store/location.py:146}}
Aug 13 02:35:25.549738 np0000007136 devstack@g-api.service[99785]: DEBUG glance_store.location [None req-a0d44ef8-6281-4ebb-bf45-121c90abef39 tempest-ImageDependencyTests-1234546549 tempest-ImageDependencyTests-1234546549-project-member] Registering scheme swift+https with {'store': , 'location_class': , 'store_entry': 'swift'} {{(pid=99785) register_scheme_map /opt/stack/data/venv/lib/python3.12/site-packages/glance_store/location.py:146}}
Aug 13 02:35:25.549738 np0000007136 devstack@g-api.service[99785]: DEBUG glance_store.location [None req-a0d44ef8-6281-4ebb-bf45-121c90abef39 tempest-ImageDependencyTests-1234546549 tempest-ImageDependencyTests-1234546549-project-member] Registering scheme swift with {'store': , 'location_class': , 'store_entry': 'swift'} {{(pid=99785) register_scheme_map /opt/stack/data/venv/lib/python3.12/site-packages/glance_store/location.py:146}}
Aug 13 02:35:25.549738 np0000007136 devstack@g-api.service[99785]: DEBUG glance_store.location [None req-a0d44ef8-6281-4ebb-bf45-121c90abef39 tempest-ImageDependencyTests-1234546549 tempest-ImageDependencyTests-1234546549-project-member] Registering scheme swift+http with {'store': , 'location_class': , 'store_entry': 'swift'} {{(pid=99785) register_scheme_map /opt/stack/data/venv/lib/python3.12/site-packages/glance_store/location.py:146}}
Aug 13 02:35:25.549738 np0000007136 devstack@g-api.service[99785]: DEBUG glance_store.location [None req-a0d44ef8-6281-4ebb-bf45-121c90abef39 tempest-ImageDependencyTests-1234546549 tempest-ImageDependencyTests-1234546549-project-member] Registering scheme swift+config with {'store': , 'location_class': , 'store_entry': 'swift'} {{(pid=99785) register_scheme_map /opt/stack/data/venv/lib/python3.12/site-packages/glance_store/location.py:146}}
Aug 13 02:35:25.549738 np0000007136 devstack@g-api.service[99785]: DEBUG glance_store.backend [None req-a0d44ef8-6281-4ebb-bf45-121c90abef39 tempest-ImageDependencyTests-1234546549 tempest-ImageDependencyTests-1234546549-project-member] Skipping store.set_acls... not implemented. {{(pid=99785) set_acls /opt/stack/data/venv/lib/python3.12/site-packages/glance_store/backend.py:507}}
Aug 13 02:35:25.552097 np0000007136 devstack@g-api.service[99785]: [pid: 99785|app: 0|req: 51/157] 127.0.0.1 () {40 vars in 847 bytes} [Thu Aug 13 02:35:23 2026] PUT /v2/images/25ee2c05-9652-4717-b30d-e520f4305de8/file => generated 0 bytes in 1722 msecs (HTTP/1.1 204) 4 headers in 171 bytes (1 switches on core 0)
Aug 13 02:35:25.553686 np0000007136 devstack@g-api.service[99786]: DEBUG glance.api.middleware.version_negotiation [None req-43f74382-c700-45a4-bab5-216f06f9a19b tempest-TaggedBootDevicesTest_v242-150504484 tempest-TaggedBootDevicesTest_v242-150504484-project-member] Determining version of request: GET /v2/images/6c699d9d-91b8-4718-a26b-a4e7e9044a3b Accept: */* {{(pid=99786) process_request /opt/stack/glance/glance/api/middleware/version_negotiation.py:44}}
Aug 13 02:35:25.553686 np0000007136 devstack@g-api.service[99786]: DEBUG glance.api.middleware.version_negotiation [None req-43f74382-c700-45a4-bab5-216f06f9a19b tempest-TaggedBootDevicesTest_v242-150504484 tempest-TaggedBootDevicesTest_v242-150504484-project-member] Using url versioning {{(pid=99786) process_request /opt/stack/glance/glance/api/middleware/version_negotiation.py:57}}
Aug 13 02:35:25.553686 np0000007136 devstack@g-api.service[99786]: DEBUG glance.api.middleware.version_negotiation [None req-43f74382-c700-45a4-bab5-216f06f9a19b tempest-TaggedBootDevicesTest_v242-150504484 tempest-TaggedBootDevicesTest_v242-150504484-project-member] Matched version: v2 {{(pid=99786) process_request /opt/stack/glance/glance/api/middleware/version_negotiation.py:69}}
Aug 13 02:35:25.553686 np0000007136 devstack@g-api.service[99786]: DEBUG glance.api.middleware.version_negotiation [None req-43f74382-c700-45a4-bab5-216f06f9a19b tempest-TaggedBootDevicesTest_v242-150504484 tempest-TaggedBootDevicesTest_v242-150504484-project-member] new path /v2/images/6c699d9d-91b8-4718-a26b-a4e7e9044a3b {{(pid=99786) process_request /opt/stack/glance/glance/api/middleware/version_negotiation.py:70}}
Aug 13 02:35:25.561612 np0000007136 devstack@g-api.service[99784]: DEBUG glance.api.middleware.version_negotiation [None req-43f74382-c700-45a4-bab5-216f06f9a19b tempest-TaggedBootDevicesTest_v242-150504484 tempest-TaggedBootDevicesTest_v242-150504484-project-member] Determining version of request: GET /v2/images/25ee2c05-9652-4717-b30d-e520f4305de8 Accept: application/json {{(pid=99784) process_request /opt/stack/glance/glance/api/middleware/version_negotiation.py:44}}
Aug 13 02:35:25.563786 np0000007136 devstack@g-api.service[99784]: DEBUG glance.api.middleware.version_negotiation [None req-43f74382-c700-45a4-bab5-216f06f9a19b tempest-TaggedBootDevicesTest_v242-150504484 tempest-TaggedBootDevicesTest_v242-150504484-project-member] Using url versioning {{(pid=99784) process_request /opt/stack/glance/glance/api/middleware/version_negotiation.py:57}}
Aug 13 02:35:25.563997 np0000007136 devstack@g-api.service[99784]: DEBUG glance.api.middleware.version_negotiation [None req-43f74382-c700-45a4-bab5-216f06f9a19b tempest-TaggedBootDevicesTest_v242-150504484 tempest-TaggedBootDevicesTest_v242-150504484-project-member] Matched version: v2 {{(pid=99784) process_request /opt/stack/glance/glance/api/middleware/version_negotiation.py:69}}
Aug 13 02:35:25.564110 np0000007136 devstack@g-api.service[99784]: DEBUG glance.api.middleware.version_negotiation [None req-43f74382-c700-45a4-bab5-216f06f9a19b tempest-TaggedBootDevicesTest_v242-150504484 tempest-TaggedBootDevicesTest_v242-150504484-project-member] new path /v2/images/25ee2c05-9652-4717-b30d-e520f4305de8 {{(pid=99784) process_request /opt/stack/glance/glance/api/middleware/version_negotiation.py:70}}
Aug 13 02:35:25.573207 np0000007136 devstack@g-api.service[99786]: [pid: 99786|app: 0|req: 56/158] 127.0.0.1 () {44 vars in 1115 bytes} [Thu Aug 13 02:35:25 2026] GET /v2/images/6c699d9d-91b8-4718-a26b-a4e7e9044a3b => generated 1044 bytes in 20 msecs (HTTP/1.1 200) 4 headers in 158 bytes (1 switches on core 0)
Aug 13 02:35:25.575576 np0000007136 devstack@g-api.service[99784]: [pid: 99784|app: 0|req: 52/159] 127.0.0.1 () {40 vars in 838 bytes} [Thu Aug 13 02:35:25 2026] GET /v2/images/25ee2c05-9652-4717-b30d-e520f4305de8 => generated 808 bytes in 14 msecs (HTTP/1.1 200) 4 headers in 157 bytes (1 switches on core 0)
Aug 13 02:35:25.585426 np0000007136 devstack@g-api.service[99785]: DEBUG glance.api.middleware.version_negotiation [None req-a0d44ef8-6281-4ebb-bf45-121c90abef39 tempest-ImageDependencyTests-1234546549 tempest-ImageDependencyTests-1234546549-project-member] Determining version of request: GET /v2/schemas/image Accept: */* {{(pid=99785) process_request /opt/stack/glance/glance/api/middleware/version_negotiation.py:44}}
Aug 13 02:35:25.585426 np0000007136 devstack@g-api.service[99785]: DEBUG glance.api.middleware.version_negotiation [None req-a0d44ef8-6281-4ebb-bf45-121c90abef39 tempest-ImageDependencyTests-1234546549 tempest-ImageDependencyTests-1234546549-project-member] Using url versioning {{(pid=99785) process_request /opt/stack/glance/glance/api/middleware/version_negotiation.py:57}}
Aug 13 02:35:25.585426 np0000007136 devstack@g-api.service[99785]: DEBUG glance.api.middleware.version_negotiation [None req-a0d44ef8-6281-4ebb-bf45-121c90abef39 tempest-ImageDependencyTests-1234546549 tempest-ImageDependencyTests-1234546549-project-member] Matched version: v2 {{(pid=99785) process_request /opt/stack/glance/glance/api/middleware/version_negotiation.py:69}}
Aug 13 02:35:25.585720 np0000007136 devstack@g-api.service[99785]: DEBUG glance.api.middleware.version_negotiation [None req-a0d44ef8-6281-4ebb-bf45-121c90abef39 tempest-ImageDependencyTests-1234546549 tempest-ImageDependencyTests-1234546549-project-member] new path /v2/schemas/image {{(pid=99785) process_request /opt/stack/glance/glance/api/middleware/version_negotiation.py:70}}
Aug 13 02:35:25.589545 np0000007136 devstack@g-api.service[99785]: [pid: 99785|app: 0|req: 52/160] 127.0.0.1 () {44 vars in 1055 bytes} [Thu Aug 13 02:35:25 2026] GET /v2/schemas/image => generated 6083 bytes in 5 msecs (HTTP/1.1 200) 4 headers in 158 bytes (1 switches on core 0)
Aug 13 02:35:25.868539 np0000007136 devstack@g-api.service[99786]: DEBUG glance.api.middleware.version_negotiation [None req-43f74382-c700-45a4-bab5-216f06f9a19b tempest-TaggedBootDevicesTest_v242-150504484 tempest-TaggedBootDevicesTest_v242-150504484-project-member] Determining version of request: GET /v2/images/25ee2c05-9652-4717-b30d-e520f4305de8 Accept: */* {{(pid=99786) process_request /opt/stack/glance/glance/api/middleware/version_negotiation.py:44}}
Aug 13 02:35:25.868539 np0000007136 devstack@g-api.service[99786]: DEBUG glance.api.middleware.version_negotiation [None req-43f74382-c700-45a4-bab5-216f06f9a19b tempest-TaggedBootDevicesTest_v242-150504484 tempest-TaggedBootDevicesTest_v242-150504484-project-member] Using url versioning {{(pid=99786) process_request /opt/stack/glance/glance/api/middleware/version_negotiation.py:57}}
Aug 13 02:35:25.868539 np0000007136 devstack@g-api.service[99786]: DEBUG glance.api.middleware.version_negotiation [None req-43f74382-c700-45a4-bab5-216f06f9a19b tempest-TaggedBootDevicesTest_v242-150504484 tempest-TaggedBootDevicesTest_v242-150504484-project-member] Matched version: v2 {{(pid=99786) process_request /opt/stack/glance/glance/api/middleware/version_negotiation.py:69}}
Aug 13 02:35:25.868539 np0000007136 devstack@g-api.service[99786]: DEBUG glance.api.middleware.version_negotiation [None req-43f74382-c700-45a4-bab5-216f06f9a19b tempest-TaggedBootDevicesTest_v242-150504484 tempest-TaggedBootDevicesTest_v242-150504484-project-member] new path /v2/images/25ee2c05-9652-4717-b30d-e520f4305de8 {{(pid=99786) process_request /opt/stack/glance/glance/api/middleware/version_negotiation.py:70}}
Aug 13 02:35:25.993507 np0000007136 devstack@g-api.service[99786]: [pid: 99786|app: 0|req: 57/161] 127.0.0.1 () {44 vars in 1115 bytes} [Thu Aug 13 02:35:25 2026] GET /v2/images/25ee2c05-9652-4717-b30d-e520f4305de8 => generated 808 bytes in 126 msecs (HTTP/1.1 200) 4 headers in 157 bytes (1 switches on core 0)
Aug 13 02:35:26.001745 np0000007136 devstack@g-api.service[99784]: DEBUG glance.api.middleware.version_negotiation [None req-baceb9bb-4bc0-4d87-9ee4-3acb59a552c6 tempest-ImageDependencyTests-1234546549 tempest-ImageDependencyTests-1234546549-project-member] Determining version of request: GET /v2/schemas/image Accept: */* {{(pid=99784) process_request /opt/stack/glance/glance/api/middleware/version_negotiation.py:44}}
Aug 13 02:35:26.001960 np0000007136 devstack@g-api.service[99784]: DEBUG glance.api.middleware.version_negotiation [None req-baceb9bb-4bc0-4d87-9ee4-3acb59a552c6 tempest-ImageDependencyTests-1234546549 tempest-ImageDependencyTests-1234546549-project-member] Using url versioning {{(pid=99784) process_request /opt/stack/glance/glance/api/middleware/version_negotiation.py:57}}
Aug 13 02:35:26.002262 np0000007136 devstack@g-api.service[99784]: DEBUG glance.api.middleware.version_negotiation [None req-baceb9bb-4bc0-4d87-9ee4-3acb59a552c6 tempest-ImageDependencyTests-1234546549 tempest-ImageDependencyTests-1234546549-project-member] Matched version: v2 {{(pid=99784) process_request /opt/stack/glance/glance/api/middleware/version_negotiation.py:69}}
