Jul 22 21:40:26.701798 np0000005660 nova-scheduler[96640]: DEBUG cotyledon.oslo_config_glue [-] workarounds.ensure_libvirt_rbd_instance_dir_cleanup = False {{(pid=96640) log_opt_values /opt/stack/data/venv/lib/python3.12/site-packages/oslo_config/cfg.py:3253}}
Jul 22 21:40:26.702072 np0000005660 nova-scheduler[96640]: DEBUG cotyledon.oslo_config_glue [-] workarounds.handle_virt_lifecycle_events = True {{(pid=96640) log_opt_values /opt/stack/data/venv/lib/python3.12/site-packages/oslo_config/cfg.py:3253}}
Jul 22 21:40:26.702072 np0000005660 nova-scheduler[96640]: DEBUG cotyledon.oslo_config_glue [-] workarounds.libvirt_disable_apic = False {{(pid=96640) log_opt_values /opt/stack/data/venv/lib/python3.12/site-packages/oslo_config/cfg.py:3253}}
Jul 22 21:40:26.702072 np0000005660 nova-scheduler[96640]: DEBUG cotyledon.oslo_config_glue [-] workarounds.never_download_image_if_on_rbd = False {{(pid=96640) log_opt_values /opt/stack/data/venv/lib/python3.12/site-packages/oslo_config/cfg.py:3253}}
Jul 22 21:40:26.702072 np0000005660 nova-scheduler[96640]: DEBUG cotyledon.oslo_config_glue [-] workarounds.qemu_monitor_announce_self_count = 3 {{(pid=96640) log_opt_values /opt/stack/data/venv/lib/python3.12/site-packages/oslo_config/cfg.py:3253}}
Jul 22 21:40:26.702072 np0000005660 nova-scheduler[96640]: DEBUG cotyledon.oslo_config_glue [-] workarounds.qemu_monitor_announce_self_interval = 1 {{(pid=96640) log_opt_values /opt/stack/data/venv/lib/python3.12/site-packages/oslo_config/cfg.py:3253}}
Jul 22 21:40:26.702072 np0000005660 nova-scheduler[96640]: DEBUG cotyledon.oslo_config_glue [-] workarounds.reserve_disk_resource_for_image_cache = False {{(pid=96640) log_opt_values /opt/stack/data/venv/lib/python3.12/site-packages/oslo_config/cfg.py:3253}}
Jul 22 21:40:26.702072 np0000005660 nova-scheduler[96640]: DEBUG cotyledon.oslo_config_glue [-] workarounds.skip_cpu_compare_at_startup = False {{(pid=96640) log_opt_values /opt/stack/data/venv/lib/python3.12/site-packages/oslo_config/cfg.py:3253}}
Jul 22 21:40:26.702072 np0000005660 nova-scheduler[96640]: DEBUG cotyledon.oslo_config_glue [-] workarounds.skip_cpu_compare_on_dest = False {{(pid=96640) log_opt_values /opt/stack/data/venv/lib/python3.12/site-packages/oslo_config/cfg.py:3253}}
Jul 22 21:40:26.702072 np0000005660 nova-scheduler[96640]: DEBUG cotyledon.oslo_config_glue [-] workarounds.skip_hypervisor_version_check_on_lm = False {{(pid=96640) log_opt_values /opt/stack/data/venv/lib/python3.12/site-packages/oslo_config/cfg.py:3253}}
Jul 22 21:40:26.702383 np0000005660 nova-scheduler[96640]: DEBUG cotyledon.oslo_config_glue [-] workarounds.skip_reserve_in_use_ironic_nodes = False {{(pid=96640) log_opt_values /opt/stack/data/venv/lib/python3.12/site-packages/oslo_config/cfg.py:3253}}
Jul 22 21:40:26.702383 np0000005660 nova-scheduler[96640]: DEBUG cotyledon.oslo_config_glue [-] workarounds.unified_limits_count_pcpu_as_vcpu = False {{(pid=96640) log_opt_values /opt/stack/data/venv/lib/python3.12/site-packages/oslo_config/cfg.py:3253}}
Jul 22 21:40:26.702383 np0000005660 nova-scheduler[96640]: DEBUG cotyledon.oslo_config_glue [-] workarounds.wait_for_vif_plugged_event_during_hard_reboot = [] {{(pid=96640) log_opt_values /opt/stack/data/venv/lib/python3.12/site-packages/oslo_config/cfg.py:3253}}
Jul 22 21:40:26.702383 np0000005660 nova-scheduler[96640]: DEBUG cotyledon.oslo_config_glue [-] wsgi.api_paste_config = /etc/nova/api-paste.ini {{(pid=96640) log_opt_values /opt/stack/data/venv/lib/python3.12/site-packages/oslo_config/cfg.py:3253}}
Jul 22 21:40:26.702383 np0000005660 nova-scheduler[96640]: DEBUG cotyledon.oslo_config_glue [-] wsgi.secure_proxy_ssl_header = None {{(pid=96640) log_opt_values /opt/stack/data/venv/lib/python3.12/site-packages/oslo_config/cfg.py:3253}}
Jul 22 21:40:26.702383 np0000005660 nova-scheduler[96640]: DEBUG cotyledon.oslo_config_glue [-] zvm.ca_file = None {{(pid=96640) log_opt_values /opt/stack/data/venv/lib/python3.12/site-packages/oslo_config/cfg.py:3253}}
Jul 22 21:40:26.702383 np0000005660 nova-scheduler[96640]: DEBUG cotyledon.oslo_config_glue [-] zvm.cloud_connector_url = None {{(pid=96640) log_opt_values /opt/stack/data/venv/lib/python3.12/site-packages/oslo_config/cfg.py:3253}}
Jul 22 21:40:26.702383 np0000005660 nova-scheduler[96640]: DEBUG cotyledon.oslo_config_glue [-] zvm.image_tmp_path = /opt/stack/data/nova/images {{(pid=96640) log_opt_values /opt/stack/data/venv/lib/python3.12/site-packages/oslo_config/cfg.py:3253}}
Jul 22 21:40:26.702383 np0000005660 nova-scheduler[96640]: DEBUG cotyledon.oslo_config_glue [-] zvm.reachable_timeout = 300 {{(pid=96640) log_opt_values /opt/stack/data/venv/lib/python3.12/site-packages/oslo_config/cfg.py:3253}}
Jul 22 21:40:26.702666 np0000005660 nova-scheduler[96640]: DEBUG cotyledon.oslo_config_glue [-] oslo_versionedobjects.fatal_exception_format_errors = False {{(pid=96640) log_opt_values /opt/stack/data/venv/lib/python3.12/site-packages/oslo_config/cfg.py:3253}}
Jul 22 21:40:26.702666 np0000005660 nova-scheduler[96640]: DEBUG cotyledon.oslo_config_glue [-] oslo_middleware.http_basic_auth_user_file = /etc/htpasswd {{(pid=96640) log_opt_values /opt/stack/data/venv/lib/python3.12/site-packages/oslo_config/cfg.py:3253}}
Jul 22 21:40:26.702666 np0000005660 nova-scheduler[96640]: DEBUG cotyledon.oslo_config_glue [-] oslo_messaging_metrics.metrics_buffer_size = 1000 {{(pid=96640) log_opt_values /opt/stack/data/venv/lib/python3.12/site-packages/oslo_config/cfg.py:3253}}
Jul 22 21:40:26.702666 np0000005660 nova-scheduler[96640]: DEBUG cotyledon.oslo_config_glue [-] oslo_messaging_metrics.metrics_enabled = False {{(pid=96640) log_opt_values /opt/stack/data/venv/lib/python3.12/site-packages/oslo_config/cfg.py:3253}}
Jul 22 21:40:26.702666 np0000005660 nova-scheduler[96640]: DEBUG cotyledon.oslo_config_glue [-] oslo_messaging_metrics.metrics_process_name = {{(pid=96640) log_opt_values /opt/stack/data/venv/lib/python3.12/site-packages/oslo_config/cfg.py:3253}}
Jul 22 21:40:26.702666 np0000005660 nova-scheduler[96640]: DEBUG cotyledon.oslo_config_glue [-] oslo_messaging_metrics.metrics_socket_file = /var/tmp/metrics_collector.sock {{(pid=96640) log_opt_values /opt/stack/data/venv/lib/python3.12/site-packages/oslo_config/cfg.py:3253}}
Jul 22 21:40:26.702666 np0000005660 nova-scheduler[96640]: DEBUG cotyledon.oslo_config_glue [-] oslo_messaging_metrics.metrics_thread_stop_timeout = 10 {{(pid=96640) log_opt_values /opt/stack/data/venv/lib/python3.12/site-packages/oslo_config/cfg.py:3253}}
Jul 22 21:40:26.702666 np0000005660 nova-scheduler[96640]: DEBUG cotyledon.oslo_config_glue [-] profiler.connection_string = messaging:// {{(pid=96640) log_opt_values /opt/stack/data/venv/lib/python3.12/site-packages/oslo_config/cfg.py:3253}}
Jul 22 21:40:26.702896 np0000005660 nova-scheduler[96640]: DEBUG cotyledon.oslo_config_glue [-] profiler.enabled = False {{(pid=96640) log_opt_values /opt/stack/data/venv/lib/python3.12/site-packages/oslo_config/cfg.py:3253}}
Jul 22 21:40:26.702896 np0000005660 nova-scheduler[96640]: DEBUG cotyledon.oslo_config_glue [-] profiler.es_doc_type = notification {{(pid=96640) log_opt_values /opt/stack/data/venv/lib/python3.12/site-packages/oslo_config/cfg.py:3253}}
Jul 22 21:40:26.702896 np0000005660 nova-scheduler[96640]: DEBUG cotyledon.oslo_config_glue [-] profiler.es_scroll_size = 10000 {{(pid=96640) log_opt_values /opt/stack/data/venv/lib/python3.12/site-packages/oslo_config/cfg.py:3253}}
Jul 22 21:40:26.702896 np0000005660 nova-scheduler[96640]: DEBUG cotyledon.oslo_config_glue [-] profiler.es_scroll_time = 2m {{(pid=96640) log_opt_values /opt/stack/data/venv/lib/python3.12/site-packages/oslo_config/cfg.py:3253}}
Jul 22 21:40:26.702896 np0000005660 nova-scheduler[96640]: DEBUG cotyledon.oslo_config_glue [-] profiler.filter_error_trace = False {{(pid=96640) log_opt_values /opt/stack/data/venv/lib/python3.12/site-packages/oslo_config/cfg.py:3253}}
Jul 22 21:40:26.702896 np0000005660 nova-scheduler[96640]: DEBUG cotyledon.oslo_config_glue [-] profiler.hmac_keys = **** {{(pid=96640) log_opt_values /opt/stack/data/venv/lib/python3.12/site-packages/oslo_config/cfg.py:3253}}
Jul 22 21:40:26.702896 np0000005660 nova-scheduler[96640]: DEBUG cotyledon.oslo_config_glue [-] profiler.sentinel_service_name = mymaster {{(pid=96640) log_opt_values /opt/stack/data/venv/lib/python3.12/site-packages/oslo_config/cfg.py:3253}}
Jul 22 21:40:26.702896 np0000005660 nova-scheduler[96640]: DEBUG cotyledon.oslo_config_glue [-] profiler.socket_timeout = 0.1 {{(pid=96640) log_opt_values /opt/stack/data/venv/lib/python3.12/site-packages/oslo_config/cfg.py:3253}}
Jul 22 21:40:26.702896 np0000005660 nova-scheduler[96640]: DEBUG cotyledon.oslo_config_glue [-] profiler.trace_requests = False {{(pid=96640) log_opt_values /opt/stack/data/venv/lib/python3.12/site-packages/oslo_config/cfg.py:3253}}
Jul 22 21:40:26.703181 np0000005660 nova-scheduler[96640]: DEBUG cotyledon.oslo_config_glue [-] profiler.trace_sqlalchemy = False {{(pid=96640) log_opt_values /opt/stack/data/venv/lib/python3.12/site-packages/oslo_config/cfg.py:3253}}
Jul 22 21:40:26.703181 np0000005660 nova-scheduler[96640]: DEBUG cotyledon.oslo_config_glue [-] profiler_jaeger.process_tags = {} {{(pid=96640) log_opt_values /opt/stack/data/venv/lib/python3.12/site-packages/oslo_config/cfg.py:3253}}
Jul 22 21:40:26.703181 np0000005660 nova-scheduler[96640]: DEBUG cotyledon.oslo_config_glue [-] profiler_jaeger.service_name_prefix = None {{(pid=96640) log_opt_values /opt/stack/data/venv/lib/python3.12/site-packages/oslo_config/cfg.py:3253}}
Jul 22 21:40:26.703181 np0000005660 nova-scheduler[96640]: DEBUG cotyledon.oslo_config_glue [-] profiler_otlp.service_name_prefix = None {{(pid=96640) log_opt_values /opt/stack/data/venv/lib/python3.12/site-packages/oslo_config/cfg.py:3253}}
Jul 22 21:40:26.703181 np0000005660 nova-scheduler[96640]: DEBUG cotyledon.oslo_config_glue [-] oslo_messaging_rabbit.amqp_auto_delete = False {{(pid=96640) log_opt_values /opt/stack/data/venv/lib/python3.12/site-packages/oslo_config/cfg.py:3253}}
Jul 22 21:40:26.703181 np0000005660 nova-scheduler[96640]: DEBUG cotyledon.oslo_config_glue [-] oslo_messaging_rabbit.amqp_durable_queues = False {{(pid=96640) log_opt_values /opt/stack/data/venv/lib/python3.12/site-packages/oslo_config/cfg.py:3253}}
Jul 22 21:40:26.703181 np0000005660 nova-scheduler[96640]: DEBUG cotyledon.oslo_config_glue [-] oslo_messaging_rabbit.conn_pool_min_size = 2 {{(pid=96640) log_opt_values /opt/stack/data/venv/lib/python3.12/site-packages/oslo_config/cfg.py:3253}}
Jul 22 21:40:26.703181 np0000005660 nova-scheduler[96640]: DEBUG cotyledon.oslo_config_glue [-] oslo_messaging_rabbit.conn_pool_ttl = 1200 {{(pid=96640) log_opt_values /opt/stack/data/venv/lib/python3.12/site-packages/oslo_config/cfg.py:3253}}
Jul 22 21:40:26.703181 np0000005660 nova-scheduler[96640]: DEBUG cotyledon.oslo_config_glue [-] oslo_messaging_rabbit.direct_mandatory_flag = True {{(pid=96640) log_opt_values /opt/stack/data/venv/lib/python3.12/site-packages/oslo_config/cfg.py:3253}}
Jul 22 21:40:26.703434 np0000005660 nova-scheduler[96640]: DEBUG cotyledon.oslo_config_glue [-] oslo_messaging_rabbit.enable_cancel_on_failover = False {{(pid=96640) log_opt_values /opt/stack/data/venv/lib/python3.12/site-packages/oslo_config/cfg.py:3253}}
Jul 22 21:40:26.703434 np0000005660 nova-scheduler[96640]: DEBUG cotyledon.oslo_config_glue [-] oslo_messaging_rabbit.heartbeat_rate = 3 {{(pid=96640) log_opt_values /opt/stack/data/venv/lib/python3.12/site-packages/oslo_config/cfg.py:3253}}
Jul 22 21:40:26.703434 np0000005660 nova-scheduler[96640]: DEBUG cotyledon.oslo_config_glue [-] oslo_messaging_rabbit.heartbeat_timeout_threshold = 60 {{(pid=96640) log_opt_values /opt/stack/data/venv/lib/python3.12/site-packages/oslo_config/cfg.py:3253}}
Jul 22 21:40:26.703434 np0000005660 nova-scheduler[96640]: DEBUG cotyledon.oslo_config_glue [-] oslo_messaging_rabbit.hostname = np0000005660 {{(pid=96640) log_opt_values /opt/stack/data/venv/lib/python3.12/site-packages/oslo_config/cfg.py:3253}}
Jul 22 21:40:26.703434 np0000005660 nova-scheduler[96640]: DEBUG cotyledon.oslo_config_glue [-] oslo_messaging_rabbit.kombu_compression = None {{(pid=96640) log_opt_values /opt/stack/data/venv/lib/python3.12/site-packages/oslo_config/cfg.py:3253}}
Jul 22 21:40:26.703434 np0000005660 nova-scheduler[96640]: DEBUG cotyledon.oslo_config_glue [-] oslo_messaging_rabbit.kombu_failover_strategy = round-robin {{(pid=96640) log_opt_values /opt/stack/data/venv/lib/python3.12/site-packages/oslo_config/cfg.py:3253}}
Jul 22 21:40:26.703434 np0000005660 nova-scheduler[96640]: DEBUG cotyledon.oslo_config_glue [-] oslo_messaging_rabbit.kombu_missing_consumer_retry_timeout = 60 {{(pid=96640) log_opt_values /opt/stack/data/venv/lib/python3.12/site-packages/oslo_config/cfg.py:3253}}
Jul 22 21:40:26.703434 np0000005660 nova-scheduler[96640]: DEBUG cotyledon.oslo_config_glue [-] oslo_messaging_rabbit.kombu_reconnect_delay = 1.0 {{(pid=96640) log_opt_values /opt/stack/data/venv/lib/python3.12/site-packages/oslo_config/cfg.py:3253}}
Jul 22 21:40:26.703434 np0000005660 nova-scheduler[96640]: DEBUG cotyledon.oslo_config_glue [-] oslo_messaging_rabbit.kombu_reconnect_splay = 0.0 {{(pid=96640) log_opt_values /opt/stack/data/venv/lib/python3.12/site-packages/oslo_config/cfg.py:3253}}
Jul 22 21:40:26.703682 np0000005660 nova-scheduler[96640]: DEBUG cotyledon.oslo_config_glue [-] oslo_messaging_rabbit.processname = nova-scheduler {{(pid=96640) log_opt_values /opt/stack/data/venv/lib/python3.12/site-packages/oslo_config/cfg.py:3253}}
Jul 22 21:40:26.703682 np0000005660 nova-scheduler[96640]: DEBUG cotyledon.oslo_config_glue [-] oslo_messaging_rabbit.rabbit_ha_queues = False {{(pid=96640) log_opt_values /opt/stack/data/venv/lib/python3.12/site-packages/oslo_config/cfg.py:3253}}
Jul 22 21:40:26.703682 np0000005660 nova-scheduler[96640]: DEBUG cotyledon.oslo_config_glue [-] oslo_messaging_rabbit.rabbit_interval_max = 30 {{(pid=96640) log_opt_values /opt/stack/data/venv/lib/python3.12/site-packages/oslo_config/cfg.py:3253}}
Jul 22 21:40:26.703682 np0000005660 nova-scheduler[96640]: DEBUG cotyledon.oslo_config_glue [-] oslo_messaging_rabbit.rabbit_login_method = AMQPLAIN {{(pid=96640) log_opt_values /opt/stack/data/venv/lib/python3.12/site-packages/oslo_config/cfg.py:3253}}
Jul 22 21:40:26.703682 np0000005660 nova-scheduler[96640]: DEBUG cotyledon.oslo_config_glue [-] oslo_messaging_rabbit.rabbit_qos_prefetch_count = 0 {{(pid=96640) log_opt_values /opt/stack/data/venv/lib/python3.12/site-packages/oslo_config/cfg.py:3253}}
Jul 22 21:40:26.703682 np0000005660 nova-scheduler[96640]: DEBUG cotyledon.oslo_config_glue [-] oslo_messaging_rabbit.rabbit_quorum_delivery_limit = 0 {{(pid=96640) log_opt_values /opt/stack/data/venv/lib/python3.12/site-packages/oslo_config/cfg.py:3253}}
Jul 22 21:40:26.703682 np0000005660 nova-scheduler[96640]: DEBUG cotyledon.oslo_config_glue [-] oslo_messaging_rabbit.rabbit_quorum_max_memory_bytes = 0 {{(pid=96640) log_opt_values /opt/stack/data/venv/lib/python3.12/site-packages/oslo_config/cfg.py:3253}}
Jul 22 21:40:26.703682 np0000005660 nova-scheduler[96640]: DEBUG cotyledon.oslo_config_glue [-] oslo_messaging_rabbit.rabbit_quorum_max_memory_length = 0 {{(pid=96640) log_opt_values /opt/stack/data/venv/lib/python3.12/site-packages/oslo_config/cfg.py:3253}}
Jul 22 21:40:26.703682 np0000005660 nova-scheduler[96640]: DEBUG cotyledon.oslo_config_glue [-] oslo_messaging_rabbit.rabbit_quorum_queue = False {{(pid=96640) log_opt_values /opt/stack/data/venv/lib/python3.12/site-packages/oslo_config/cfg.py:3253}}
Jul 22 21:40:26.703990 np0000005660 nova-scheduler[96640]: DEBUG cotyledon.oslo_config_glue [-] oslo_messaging_rabbit.rabbit_retry_backoff = 2 {{(pid=96640) log_opt_values /opt/stack/data/venv/lib/python3.12/site-packages/oslo_config/cfg.py:3253}}
Jul 22 21:40:26.703990 np0000005660 nova-scheduler[96640]: DEBUG cotyledon.oslo_config_glue [-] oslo_messaging_rabbit.rabbit_retry_interval = 1 {{(pid=96640) log_opt_values /opt/stack/data/venv/lib/python3.12/site-packages/oslo_config/cfg.py:3253}}
Jul 22 21:40:26.703990 np0000005660 nova-scheduler[96640]: DEBUG cotyledon.oslo_config_glue [-] oslo_messaging_rabbit.rabbit_stream_fanout = False {{(pid=96640) log_opt_values /opt/stack/data/venv/lib/python3.12/site-packages/oslo_config/cfg.py:3253}}
Jul 22 21:40:26.703990 np0000005660 nova-scheduler[96640]: DEBUG cotyledon.oslo_config_glue [-] oslo_messaging_rabbit.rabbit_transient_queues_ttl = 1800 {{(pid=96640) log_opt_values /opt/stack/data/venv/lib/python3.12/site-packages/oslo_config/cfg.py:3253}}
Jul 22 21:40:26.703990 np0000005660 nova-scheduler[96640]: DEBUG cotyledon.oslo_config_glue [-] oslo_messaging_rabbit.rabbit_transient_quorum_queue = False {{(pid=96640) log_opt_values /opt/stack/data/venv/lib/python3.12/site-packages/oslo_config/cfg.py:3253}}
Jul 22 21:40:26.703990 np0000005660 nova-scheduler[96640]: DEBUG cotyledon.oslo_config_glue [-] oslo_messaging_rabbit.rpc_conn_pool_size = 30 {{(pid=96640) log_opt_values /opt/stack/data/venv/lib/python3.12/site-packages/oslo_config/cfg.py:3253}}
Jul 22 21:40:26.703990 np0000005660 nova-scheduler[96640]: DEBUG cotyledon.oslo_config_glue [-] oslo_messaging_rabbit.ssl = False {{(pid=96640) log_opt_values /opt/stack/data/venv/lib/python3.12/site-packages/oslo_config/cfg.py:3253}}
Jul 22 21:40:26.703990 np0000005660 nova-scheduler[96640]: DEBUG cotyledon.oslo_config_glue [-] oslo_messaging_rabbit.ssl_ca_file = {{(pid=96640) log_opt_values /opt/stack/data/venv/lib/python3.12/site-packages/oslo_config/cfg.py:3253}}
Jul 22 21:40:26.703990 np0000005660 nova-scheduler[96640]: DEBUG cotyledon.oslo_config_glue [-] oslo_messaging_rabbit.ssl_cert_file = {{(pid=96640) log_opt_values /opt/stack/data/venv/lib/python3.12/site-packages/oslo_config/cfg.py:3253}}
Jul 22 21:40:26.704265 np0000005660 nova-scheduler[96640]: DEBUG cotyledon.oslo_config_glue [-] oslo_messaging_rabbit.ssl_enforce_fips_mode = False {{(pid=96640) log_opt_values /opt/stack/data/venv/lib/python3.12/site-packages/oslo_config/cfg.py:3253}}
Jul 22 21:40:26.704265 np0000005660 nova-scheduler[96640]: DEBUG cotyledon.oslo_config_glue [-] oslo_messaging_rabbit.ssl_enforce_hostname_verification = True {{(pid=96640) log_opt_values /opt/stack/data/venv/lib/python3.12/site-packages/oslo_config/cfg.py:3253}}
Jul 22 21:40:26.704265 np0000005660 nova-scheduler[96640]: DEBUG cotyledon.oslo_config_glue [-] oslo_messaging_rabbit.ssl_key_file = {{(pid=96640) log_opt_values /opt/stack/data/venv/lib/python3.12/site-packages/oslo_config/cfg.py:3253}}
Jul 22 21:40:26.704265 np0000005660 nova-scheduler[96640]: DEBUG cotyledon.oslo_config_glue [-] oslo_messaging_rabbit.ssl_version = {{(pid=96640) log_opt_values /opt/stack/data/venv/lib/python3.12/site-packages/oslo_config/cfg.py:3253}}
Jul 22 21:40:26.704265 np0000005660 nova-scheduler[96640]: DEBUG cotyledon.oslo_config_glue [-] oslo_messaging_rabbit.use_queue_manager = False {{(pid=96640) log_opt_values /opt/stack/data/venv/lib/python3.12/site-packages/oslo_config/cfg.py:3253}}
Jul 22 21:40:26.704265 np0000005660 nova-scheduler[96640]: DEBUG cotyledon.oslo_config_glue [-] oslo_messaging_notifications.driver = ['messagingv2'] {{(pid=96640) log_opt_values /opt/stack/data/venv/lib/python3.12/site-packages/oslo_config/cfg.py:3253}}
Jul 22 21:40:26.704265 np0000005660 nova-scheduler[96640]: DEBUG cotyledon.oslo_config_glue [-] oslo_messaging_notifications.retry = -1 {{(pid=96640) log_opt_values /opt/stack/data/venv/lib/python3.12/site-packages/oslo_config/cfg.py:3253}}
Jul 22 21:40:26.704265 np0000005660 nova-scheduler[96640]: DEBUG cotyledon.oslo_config_glue [-] oslo_messaging_notifications.topics = ['notifications'] {{(pid=96640) log_opt_values /opt/stack/data/venv/lib/python3.12/site-packages/oslo_config/cfg.py:3253}}
Jul 22 21:40:26.704265 np0000005660 nova-scheduler[96640]: DEBUG cotyledon.oslo_config_glue [-] oslo_messaging_notifications.transport_url = **** {{(pid=96640) log_opt_values /opt/stack/data/venv/lib/python3.12/site-packages/oslo_config/cfg.py:3253}}
Jul 22 21:40:26.704515 np0000005660 nova-scheduler[96640]: DEBUG cotyledon.oslo_config_glue [-] oslo_limit.auth_section = None {{(pid=96640) log_opt_values /opt/stack/data/venv/lib/python3.12/site-packages/oslo_config/cfg.py:3253}}
Jul 22 21:40:26.704515 np0000005660 nova-scheduler[96640]: DEBUG cotyledon.oslo_config_glue [-] oslo_limit.auth_type = None {{(pid=96640) log_opt_values /opt/stack/data/venv/lib/python3.12/site-packages/oslo_config/cfg.py:3253}}
Jul 22 21:40:26.704515 np0000005660 nova-scheduler[96640]: DEBUG cotyledon.oslo_config_glue [-] oslo_limit.cafile = None {{(pid=96640) log_opt_values /opt/stack/data/venv/lib/python3.12/site-packages/oslo_config/cfg.py:3253}}
Jul 22 21:40:26.704515 np0000005660 nova-scheduler[96640]: DEBUG cotyledon.oslo_config_glue [-] oslo_limit.certfile = None {{(pid=96640) log_opt_values /opt/stack/data/venv/lib/python3.12/site-packages/oslo_config/cfg.py:3253}}
Jul 22 21:40:26.704515 np0000005660 nova-scheduler[96640]: DEBUG cotyledon.oslo_config_glue [-] oslo_limit.collect_timing = False {{(pid=96640) log_opt_values /opt/stack/data/venv/lib/python3.12/site-packages/oslo_config/cfg.py:3253}}
Jul 22 21:40:26.704515 np0000005660 nova-scheduler[96640]: DEBUG cotyledon.oslo_config_glue [-] oslo_limit.connect_retries = None {{(pid=96640) log_opt_values /opt/stack/data/venv/lib/python3.12/site-packages/oslo_config/cfg.py:3253}}
Jul 22 21:40:26.704515 np0000005660 nova-scheduler[96640]: DEBUG cotyledon.oslo_config_glue [-] oslo_limit.connect_retry_delay = None {{(pid=96640) log_opt_values /opt/stack/data/venv/lib/python3.12/site-packages/oslo_config/cfg.py:3253}}
Jul 22 21:40:26.704515 np0000005660 nova-scheduler[96640]: DEBUG cotyledon.oslo_config_glue [-] oslo_limit.endpoint_id = None {{(pid=96640) log_opt_values /opt/stack/data/venv/lib/python3.12/site-packages/oslo_config/cfg.py:3253}}
Jul 22 21:40:26.704515 np0000005660 nova-scheduler[96640]: DEBUG cotyledon.oslo_config_glue [-] oslo_limit.endpoint_interface = public {{(pid=96640) log_opt_values /opt/stack/data/venv/lib/python3.12/site-packages/oslo_config/cfg.py:3253}}
Jul 22 21:40:26.704813 np0000005660 nova-scheduler[96640]: DEBUG cotyledon.oslo_config_glue [-] oslo_limit.endpoint_override = None {{(pid=96640) log_opt_values /opt/stack/data/venv/lib/python3.12/site-packages/oslo_config/cfg.py:3253}}
Jul 22 21:40:26.704813 np0000005660 nova-scheduler[96640]: DEBUG cotyledon.oslo_config_glue [-] oslo_limit.endpoint_region_name = None {{(pid=96640) log_opt_values /opt/stack/data/venv/lib/python3.12/site-packages/oslo_config/cfg.py:3253}}
Jul 22 21:40:26.704813 np0000005660 nova-scheduler[96640]: DEBUG cotyledon.oslo_config_glue [-] oslo_limit.endpoint_service_name = None {{(pid=96640) log_opt_values /opt/stack/data/venv/lib/python3.12/site-packages/oslo_config/cfg.py:3253}}
Jul 22 21:40:26.704813 np0000005660 nova-scheduler[96640]: DEBUG cotyledon.oslo_config_glue [-] oslo_limit.endpoint_service_type = None {{(pid=96640) log_opt_values /opt/stack/data/venv/lib/python3.12/site-packages/oslo_config/cfg.py:3253}}
Jul 22 21:40:26.704813 np0000005660 nova-scheduler[96640]: DEBUG cotyledon.oslo_config_glue [-] oslo_limit.insecure = False {{(pid=96640) log_opt_values /opt/stack/data/venv/lib/python3.12/site-packages/oslo_config/cfg.py:3253}}
Jul 22 21:40:26.704813 np0000005660 nova-scheduler[96640]: DEBUG cotyledon.oslo_config_glue [-] oslo_limit.keyfile = None {{(pid=96640) log_opt_values /opt/stack/data/venv/lib/python3.12/site-packages/oslo_config/cfg.py:3253}}
Jul 22 21:40:26.704813 np0000005660 nova-scheduler[96640]: DEBUG cotyledon.oslo_config_glue [-] oslo_limit.max_version = None {{(pid=96640) log_opt_values /opt/stack/data/venv/lib/python3.12/site-packages/oslo_config/cfg.py:3253}}
Jul 22 21:40:26.704813 np0000005660 nova-scheduler[96640]: DEBUG cotyledon.oslo_config_glue [-] oslo_limit.min_version = None {{(pid=96640) log_opt_values /opt/stack/data/venv/lib/python3.12/site-packages/oslo_config/cfg.py:3253}}
Jul 22 21:40:26.704813 np0000005660 nova-scheduler[96640]: DEBUG cotyledon.oslo_config_glue [-] oslo_limit.region_name = None {{(pid=96640) log_opt_values /opt/stack/data/venv/lib/python3.12/site-packages/oslo_config/cfg.py:3253}}
Jul 22 21:40:26.705061 np0000005660 nova-scheduler[96640]: DEBUG cotyledon.oslo_config_glue [-] oslo_limit.retriable_status_codes = None {{(pid=96640) log_opt_values /opt/stack/data/venv/lib/python3.12/site-packages/oslo_config/cfg.py:3253}}
Jul 22 21:40:26.705061 np0000005660 nova-scheduler[96640]: DEBUG cotyledon.oslo_config_glue [-] oslo_limit.service_name = None {{(pid=96640) log_opt_values /opt/stack/data/venv/lib/python3.12/site-packages/oslo_config/cfg.py:3253}}
Jul 22 21:40:26.705061 np0000005660 nova-scheduler[96640]: DEBUG cotyledon.oslo_config_glue [-] oslo_limit.service_type = None {{(pid=96640) log_opt_values /opt/stack/data/venv/lib/python3.12/site-packages/oslo_config/cfg.py:3253}}
Jul 22 21:40:26.705061 np0000005660 nova-scheduler[96640]: DEBUG cotyledon.oslo_config_glue [-] oslo_limit.split_loggers = False {{(pid=96640) log_opt_values /opt/stack/data/venv/lib/python3.12/site-packages/oslo_config/cfg.py:3253}}
Jul 22 21:40:26.705061 np0000005660 nova-scheduler[96640]: DEBUG cotyledon.oslo_config_glue [-] oslo_limit.status_code_retries = None {{(pid=96640) log_opt_values /opt/stack/data/venv/lib/python3.12/site-packages/oslo_config/cfg.py:3253}}
Jul 22 21:40:26.705061 np0000005660 nova-scheduler[96640]: DEBUG cotyledon.oslo_config_glue [-] oslo_limit.status_code_retry_delay = None {{(pid=96640) log_opt_values /opt/stack/data/venv/lib/python3.12/site-packages/oslo_config/cfg.py:3253}}
Jul 22 21:40:26.705061 np0000005660 nova-scheduler[96640]: DEBUG cotyledon.oslo_config_glue [-] oslo_limit.timeout = None {{(pid=96640) log_opt_values /opt/stack/data/venv/lib/python3.12/site-packages/oslo_config/cfg.py:3253}}
Jul 22 21:40:26.705061 np0000005660 nova-scheduler[96640]: DEBUG cotyledon.oslo_config_glue [-] oslo_limit.valid_interfaces = None {{(pid=96640) log_opt_values /opt/stack/data/venv/lib/python3.12/site-packages/oslo_config/cfg.py:3253}}
Jul 22 21:40:26.705061 np0000005660 nova-scheduler[96640]: DEBUG cotyledon.oslo_config_glue [-] oslo_limit.version = None {{(pid=96640) log_opt_values /opt/stack/data/venv/lib/python3.12/site-packages/oslo_config/cfg.py:3253}}
Jul 22 21:40:26.705344 np0000005660 nova-scheduler[96640]: DEBUG cotyledon.oslo_config_glue [-] oslo_reports.file_event_handler = None {{(pid=96640) log_opt_values /opt/stack/data/venv/lib/python3.12/site-packages/oslo_config/cfg.py:3253}}
Jul 22 21:40:26.705344 np0000005660 nova-scheduler[96640]: DEBUG cotyledon.oslo_config_glue [-] oslo_reports.file_event_handler_interval = 1 {{(pid=96640) log_opt_values /opt/stack/data/venv/lib/python3.12/site-packages/oslo_config/cfg.py:3253}}
Jul 22 21:40:26.705344 np0000005660 nova-scheduler[96640]: DEBUG cotyledon.oslo_config_glue [-] oslo_reports.log_dir = None {{(pid=96640) log_opt_values /opt/stack/data/venv/lib/python3.12/site-packages/oslo_config/cfg.py:3253}}
Jul 22 21:40:26.705344 np0000005660 nova-scheduler[96640]: DEBUG cotyledon.oslo_config_glue [-] ******************************************************************************** {{(pid=96640) log_opt_values /opt/stack/data/venv/lib/python3.12/site-packages/oslo_config/cfg.py:3260}}
Jul 22 21:40:26.705344 np0000005660 nova-scheduler[96640]: DEBUG cotyledon._service_worker [-] Run service ServiceWrapper(3) [96640] {{(pid=96640) wait_forever /opt/stack/data/venv/lib/python3.12/site-packages/cotyledon/_service_worker.py:218}}
Jul 22 21:40:26.705344 np0000005660 nova-scheduler[96640]: INFO nova.service [-] Starting scheduler node (version 33.1.0)
Jul 22 21:40:26.705344 np0000005660 nova-scheduler[96640]: INFO dbcounter [None req-a5478198-ac88-43f3-9b7d-afa849819d3e None None] Registered counter for database nova_cell0
Jul 22 21:40:26.719669 np0000005660 nova-scheduler[96636]: DEBUG oslo_db.sqlalchemy.engines [None req-57dae2b2-1f40-44b8-adad-ce0c07c02b9d None None] MySQL server mode set to STRICT_TRANS_TABLES,STRICT_ALL_TABLES,NO_ZERO_IN_DATE,NO_ZERO_DATE,ERROR_FOR_DIVISION_BY_ZERO,TRADITIONAL,NO_ENGINE_SUBSTITUTION {{(pid=96636) _check_effective_sql_mode /opt/stack/data/venv/lib/python3.12/site-packages/oslo_db/sqlalchemy/engines.py:325}}
Jul 22 21:40:26.722655 np0000005660 nova-scheduler[96638]: DEBUG oslo_db.sqlalchemy.engines [None req-7eeb5a64-b92b-4be5-b0b1-93cece223580 None None] MySQL server mode set to STRICT_TRANS_TABLES,STRICT_ALL_TABLES,NO_ZERO_IN_DATE,NO_ZERO_DATE,ERROR_FOR_DIVISION_BY_ZERO,TRADITIONAL,NO_ENGINE_SUBSTITUTION {{(pid=96638) _check_effective_sql_mode /opt/stack/data/venv/lib/python3.12/site-packages/oslo_db/sqlalchemy/engines.py:325}}
Jul 22 21:40:26.726353 np0000005660 nova-scheduler[96634]: DEBUG oslo_db.sqlalchemy.engines [None req-7d8c8ba9-fb75-408b-bf78-6c7f57948aa2 None None] MySQL server mode set to STRICT_TRANS_TABLES,STRICT_ALL_TABLES,NO_ZERO_IN_DATE,NO_ZERO_DATE,ERROR_FOR_DIVISION_BY_ZERO,TRADITIONAL,NO_ENGINE_SUBSTITUTION {{(pid=96634) _check_effective_sql_mode /opt/stack/data/venv/lib/python3.12/site-packages/oslo_db/sqlalchemy/engines.py:325}}
Jul 22 21:40:26.731714 np0000005660 nova-scheduler[96636]: DEBUG dbcounter [-] [96636] Writer thread running {{(pid=96636) stat_writer /opt/stack/data/venv/lib/python3.12/site-packages/dbcounter.py:102}}
Jul 22 21:40:26.733448 np0000005660 nova-scheduler[96638]: DEBUG dbcounter [-] [96638] Writer thread running {{(pid=96638) stat_writer /opt/stack/data/venv/lib/python3.12/site-packages/dbcounter.py:102}}
Jul 22 21:40:26.733570 np0000005660 nova-scheduler[96640]: DEBUG oslo_db.sqlalchemy.engines [None req-a5478198-ac88-43f3-9b7d-afa849819d3e None None] MySQL server mode set to STRICT_TRANS_TABLES,STRICT_ALL_TABLES,NO_ZERO_IN_DATE,NO_ZERO_DATE,ERROR_FOR_DIVISION_BY_ZERO,TRADITIONAL,NO_ENGINE_SUBSTITUTION {{(pid=96640) _check_effective_sql_mode /opt/stack/data/venv/lib/python3.12/site-packages/oslo_db/sqlalchemy/engines.py:325}}
Jul 22 21:40:26.736926 np0000005660 nova-scheduler[96634]: DEBUG dbcounter [-] [96634] Writer thread running {{(pid=96634) stat_writer /opt/stack/data/venv/lib/python3.12/site-packages/dbcounter.py:102}}
Jul 22 21:40:26.744326 np0000005660 nova-scheduler[96640]: DEBUG dbcounter [-] [96640] Writer thread running {{(pid=96640) stat_writer /opt/stack/data/venv/lib/python3.12/site-packages/dbcounter.py:102}}
Jul 22 21:40:26.759116 np0000005660 nova-scheduler[96636]: DEBUG nova.service [None req-57dae2b2-1f40-44b8-adad-ce0c07c02b9d None None] Creating RPC server for service: nova-scheduler on topic: scheduler {{(pid=96636) start /opt/stack/nova/nova/service.py:196}}
Jul 22 21:40:26.769851 np0000005660 nova-scheduler[96638]: DEBUG nova.service [None req-7eeb5a64-b92b-4be5-b0b1-93cece223580 None None] Creating RPC server for service: nova-scheduler on topic: scheduler {{(pid=96638) start /opt/stack/nova/nova/service.py:196}}
Jul 22 21:40:26.770387 np0000005660 nova-scheduler[96640]: DEBUG nova.service [None req-a5478198-ac88-43f3-9b7d-afa849819d3e None None] Creating RPC server for service: nova-scheduler on topic: scheduler {{(pid=96640) start /opt/stack/nova/nova/service.py:196}}
Jul 22 21:40:26.772438 np0000005660 nova-scheduler[96634]: DEBUG nova.service [None req-7d8c8ba9-fb75-408b-bf78-6c7f57948aa2 None None] Creating RPC server for service: nova-scheduler on topic: scheduler {{(pid=96634) start /opt/stack/nova/nova/service.py:196}}
Jul 22 21:40:26.792044 np0000005660 nova-scheduler[96636]: DEBUG nova.service [None req-57dae2b2-1f40-44b8-adad-ce0c07c02b9d None None] Join ServiceGroup membership for this service scheduler {{(pid=96636) start /opt/stack/nova/nova/service.py:222}}
Jul 22 21:40:26.793065 np0000005660 nova-scheduler[96636]: DEBUG nova.servicegroup.drivers.db [None req-57dae2b2-1f40-44b8-adad-ce0c07c02b9d None None] DB_Driver: join new ServiceGroup member np0000005660 to the scheduler group, service = {{(pid=96636) join /opt/stack/nova/nova/servicegroup/drivers/db.py:44}}
Jul 22 21:40:26.795807 np0000005660 nova-scheduler[96638]: DEBUG nova.service [None req-7eeb5a64-b92b-4be5-b0b1-93cece223580 None None] Join ServiceGroup membership for this service scheduler {{(pid=96638) start /opt/stack/nova/nova/service.py:222}}
Jul 22 21:40:26.795972 np0000005660 nova-scheduler[96638]: DEBUG nova.servicegroup.drivers.db [None req-7eeb5a64-b92b-4be5-b0b1-93cece223580 None None] DB_Driver: join new ServiceGroup member np0000005660 to the scheduler group, service = {{(pid=96638) join /opt/stack/nova/nova/servicegroup/drivers/db.py:44}}
Jul 22 21:40:26.796444 np0000005660 nova-scheduler[96640]: DEBUG nova.service [None req-a5478198-ac88-43f3-9b7d-afa849819d3e None None] Join ServiceGroup membership for this service scheduler {{(pid=96640) start /opt/stack/nova/nova/service.py:222}}
Jul 22 21:40:26.796807 np0000005660 nova-scheduler[96640]: DEBUG nova.servicegroup.drivers.db [None req-a5478198-ac88-43f3-9b7d-afa849819d3e None None] DB_Driver: join new ServiceGroup member np0000005660 to the scheduler group, service = {{(pid=96640) join /opt/stack/nova/nova/servicegroup/drivers/db.py:44}}
Jul 22 21:40:26.796976 np0000005660 nova-scheduler[96634]: DEBUG nova.service [None req-7d8c8ba9-fb75-408b-bf78-6c7f57948aa2 None None] Join ServiceGroup membership for this service scheduler {{(pid=96634) start /opt/stack/nova/nova/service.py:222}}
Jul 22 21:40:26.797262 np0000005660 nova-scheduler[96634]: DEBUG nova.servicegroup.drivers.db [None req-7d8c8ba9-fb75-408b-bf78-6c7f57948aa2 None None] DB_Driver: join new ServiceGroup member np0000005660 to the scheduler group, service = {{(pid=96634) join /opt/stack/nova/nova/servicegroup/drivers/db.py:44}}
Jul 22 21:40:27.801167 np0000005660 nova-scheduler[96634]: DEBUG oslo.service.backend._threading.loopingcall [None req-2c8faecd-d0e1-4589-8326-36094a2d4f34 None None] Dynamic interval looping call 'nova.service.Service.periodic_tasks' sleeping for 60.00 seconds {{(pid=96634) _run_loop /opt/stack/data/venv/lib/python3.12/site-packages/oslo_service/backend/_threading/loopingcall.py:125}}
Jul 22 21:40:30.805114 np0000005660 nova-scheduler[96638]: DEBUG oslo.service.backend._threading.loopingcall [None req-a1cfda1c-0486-47e3-ade2-bb1c520b9a62 None None] Dynamic interval looping call 'nova.service.Service.periodic_tasks' sleeping for 60.00 seconds {{(pid=96638) _run_loop /opt/stack/data/venv/lib/python3.12/site-packages/oslo_service/backend/_threading/loopingcall.py:125}}
Jul 22 21:40:31.812544 np0000005660 nova-scheduler[96636]: DEBUG oslo.service.backend._threading.loopingcall [-] Fixed interval looping call 'nova.servicegroup.drivers.db.DbDriver._report_state' sleeping for 119.98 seconds {{(pid=96636) _run_loop /opt/stack/data/venv/lib/python3.12/site-packages/oslo_service/backend/_threading/loopingcall.py:125}}
Jul 22 21:40:31.813205 np0000005660 nova-scheduler[96640]: DEBUG oslo.service.backend._threading.loopingcall [-] Fixed interval looping call 'nova.servicegroup.drivers.db.DbDriver._report_state' sleeping for 119.99 seconds {{(pid=96640) _run_loop /opt/stack/data/venv/lib/python3.12/site-packages/oslo_service/backend/_threading/loopingcall.py:125}}
Jul 22 21:40:31.813903 np0000005660 nova-scheduler[96634]: DEBUG oslo.service.backend._threading.loopingcall [-] Fixed interval looping call 'nova.servicegroup.drivers.db.DbDriver._report_state' sleeping for 119.98 seconds {{(pid=96634) _run_loop /opt/stack/data/venv/lib/python3.12/site-packages/oslo_service/backend/_threading/loopingcall.py:125}}
Jul 22 21:40:31.815407 np0000005660 nova-scheduler[96638]: DEBUG oslo.service.backend._threading.loopingcall [-] Fixed interval looping call 'nova.servicegroup.drivers.db.DbDriver._report_state' sleeping for 119.99 seconds {{(pid=96638) _run_loop /opt/stack/data/venv/lib/python3.12/site-packages/oslo_service/backend/_threading/loopingcall.py:125}}
Jul 22 21:40:35.318061 np0000005660 nova-scheduler[95439]: DEBUG dbcounter [-] [95439] Writing DB stats nova_api:SELECT=3 {{(pid=95439) stat_writer /opt/stack/data/venv/lib/python3.12/site-packages/dbcounter.py:115}}
Jul 22 21:40:35.454396 np0000005660 nova-scheduler[95439]: DEBUG dbcounter [-] [95439] Writing DB stats nova_cell0:SELECT=1 {{(pid=95439) stat_writer /opt/stack/data/venv/lib/python3.12/site-packages/dbcounter.py:115}}
Jul 22 21:40:35.461583 np0000005660 nova-scheduler[95439]: DEBUG dbcounter [-] [95439] Writing DB stats nova_cell1:SELECT=1 {{(pid=95439) stat_writer /opt/stack/data/venv/lib/python3.12/site-packages/dbcounter.py:115}}
Jul 22 21:40:41.801281 np0000005660 nova-scheduler[96636]: DEBUG dbcounter [-] [96636] Writing DB stats nova_cell0:SELECT=4,nova_cell0:INSERT=1,nova_cell0:UPDATE=1 {{(pid=96636) stat_writer /opt/stack/data/venv/lib/python3.12/site-packages/dbcounter.py:115}}
Jul 22 21:40:41.805547 np0000005660 nova-scheduler[96640]: DEBUG dbcounter [-] [96640] Writing DB stats nova_cell0:SELECT=5,nova_cell0:INSERT=1,nova_cell0:UPDATE=1 {{(pid=96640) stat_writer /opt/stack/data/venv/lib/python3.12/site-packages/dbcounter.py:115}}
Jul 22 21:40:41.805746 np0000005660 nova-scheduler[96634]: DEBUG dbcounter [-] [96634] Writing DB stats nova_cell0:SELECT=5,nova_cell0:INSERT=1,nova_cell0:UPDATE=1 {{(pid=96634) stat_writer /opt/stack/data/venv/lib/python3.12/site-packages/dbcounter.py:115}}
Jul 22 21:40:41.809529 np0000005660 nova-scheduler[96638]: DEBUG dbcounter [-] [96638] Writing DB stats nova_cell0:SELECT=5,nova_cell0:INSERT=1,nova_cell0:UPDATE=1 {{(pid=96638) stat_writer /opt/stack/data/venv/lib/python3.12/site-packages/dbcounter.py:115}}
Jul 22 21:40:43.794938 np0000005660 nova-scheduler[96636]: DEBUG oslo.service.backend._threading.loopingcall [None req-89be1e44-1be6-433d-827c-e6f3aac9a05c None None] Dynamic interval looping call 'nova.service.Service.periodic_tasks' sleeping for 60.00 seconds {{(pid=96636) _run_loop /opt/stack/data/venv/lib/python3.12/site-packages/oslo_service/backend/_threading/loopingcall.py:125}}
Jul 22 21:41:20.799721 np0000005660 nova-scheduler[96640]: DEBUG oslo.service.backend._threading.loopingcall [None req-24e1fd22-333e-4b8d-abf1-8833b2b09203 None None] Dynamic interval looping call 'nova.service.Service.periodic_tasks' sleeping for 60.00 seconds {{(pid=96640) _run_loop /opt/stack/data/venv/lib/python3.12/site-packages/oslo_service/backend/_threading/loopingcall.py:125}}
Jul 22 21:41:27.802211 np0000005660 nova-scheduler[96634]: DEBUG oslo.service.backend._threading.loopingcall [None req-2c8faecd-d0e1-4589-8326-36094a2d4f34 None None] Dynamic interval looping call 'nova.service.Service.periodic_tasks' sleeping for 60.00 seconds {{(pid=96634) _run_loop /opt/stack/data/venv/lib/python3.12/site-packages/oslo_service/backend/_threading/loopingcall.py:125}}
Jul 22 21:41:30.805563 np0000005660 nova-scheduler[96638]: DEBUG oslo.service.backend._threading.loopingcall [None req-a1cfda1c-0486-47e3-ade2-bb1c520b9a62 None None] Dynamic interval looping call 'nova.service.Service.periodic_tasks' sleeping for 60.00 seconds {{(pid=96638) _run_loop /opt/stack/data/venv/lib/python3.12/site-packages/oslo_service/backend/_threading/loopingcall.py:125}}
Jul 22 21:41:43.795526 np0000005660 nova-scheduler[96636]: DEBUG oslo.service.backend._threading.loopingcall [None req-89be1e44-1be6-433d-827c-e6f3aac9a05c None None] Dynamic interval looping call 'nova.service.Service.periodic_tasks' sleeping for 60.00 seconds {{(pid=96636) _run_loop /opt/stack/data/venv/lib/python3.12/site-packages/oslo_service/backend/_threading/loopingcall.py:125}}
Jul 22 21:42:20.800283 np0000005660 nova-scheduler[96640]: DEBUG oslo.service.backend._threading.loopingcall [None req-24e1fd22-333e-4b8d-abf1-8833b2b09203 None None] Dynamic interval looping call 'nova.service.Service.periodic_tasks' sleeping for 60.00 seconds {{(pid=96640) _run_loop /opt/stack/data/venv/lib/python3.12/site-packages/oslo_service/backend/_threading/loopingcall.py:125}}
Jul 22 21:42:27.802873 np0000005660 nova-scheduler[96634]: DEBUG oslo.service.backend._threading.loopingcall [None req-2c8faecd-d0e1-4589-8326-36094a2d4f34 None None] Dynamic interval looping call 'nova.service.Service.periodic_tasks' sleeping for 60.00 seconds {{(pid=96634) _run_loop /opt/stack/data/venv/lib/python3.12/site-packages/oslo_service/backend/_threading/loopingcall.py:125}}
Jul 22 21:42:30.806205 np0000005660 nova-scheduler[96638]: DEBUG oslo.service.backend._threading.loopingcall [None req-a1cfda1c-0486-47e3-ade2-bb1c520b9a62 None None] Dynamic interval looping call 'nova.service.Service.periodic_tasks' sleeping for 60.00 seconds {{(pid=96638) _run_loop /opt/stack/data/venv/lib/python3.12/site-packages/oslo_service/backend/_threading/loopingcall.py:125}}
Jul 22 21:42:31.803055 np0000005660 nova-scheduler[96634]: DEBUG oslo.service.backend._threading.loopingcall [-] Fixed interval looping call 'nova.servicegroup.drivers.db.DbDriver._report_state' sleeping for 119.99 seconds {{(pid=96634) _run_loop /opt/stack/data/venv/lib/python3.12/site-packages/oslo_service/backend/_threading/loopingcall.py:125}}
Jul 22 21:42:31.803530 np0000005660 nova-scheduler[96636]: DEBUG oslo.service.backend._threading.loopingcall [-] Fixed interval looping call 'nova.servicegroup.drivers.db.DbDriver._report_state' sleeping for 119.99 seconds {{(pid=96636) _run_loop /opt/stack/data/venv/lib/python3.12/site-packages/oslo_service/backend/_threading/loopingcall.py:125}}
Jul 22 21:42:31.807933 np0000005660 nova-scheduler[96640]: DEBUG oslo.service.backend._threading.loopingcall [-] Fixed interval looping call 'nova.servicegroup.drivers.db.DbDriver._report_state' sleeping for 120.00 seconds {{(pid=96640) _run_loop /opt/stack/data/venv/lib/python3.12/site-packages/oslo_service/backend/_threading/loopingcall.py:125}}
Jul 22 21:42:31.809490 np0000005660 nova-scheduler[96638]: DEBUG oslo.service.backend._threading.loopingcall [-] Fixed interval looping call 'nova.servicegroup.drivers.db.DbDriver._report_state' sleeping for 120.00 seconds {{(pid=96638) _run_loop /opt/stack/data/venv/lib/python3.12/site-packages/oslo_service/backend/_threading/loopingcall.py:125}}
Jul 22 21:42:41.797957 np0000005660 nova-scheduler[96634]: DEBUG dbcounter [-] [96634] Writing DB stats nova_cell0:SELECT=1,nova_cell0:UPDATE=1 {{(pid=96634) stat_writer /opt/stack/data/venv/lib/python3.12/site-packages/dbcounter.py:115}}
Jul 22 21:42:41.798432 np0000005660 nova-scheduler[96636]: DEBUG dbcounter [-] [96636] Writing DB stats nova_cell0:SELECT=1,nova_cell0:UPDATE=1 {{(pid=96636) stat_writer /opt/stack/data/venv/lib/python3.12/site-packages/dbcounter.py:115}}
Jul 22 21:42:41.805573 np0000005660 nova-scheduler[96640]: DEBUG dbcounter [-] [96640] Writing DB stats nova_cell0:SELECT=1 {{(pid=96640) stat_writer /opt/stack/data/venv/lib/python3.12/site-packages/dbcounter.py:115}}
Jul 22 21:42:41.807447 np0000005660 nova-scheduler[96638]: DEBUG dbcounter [-] [96638] Writing DB stats nova_cell0:SELECT=1 {{(pid=96638) stat_writer /opt/stack/data/venv/lib/python3.12/site-packages/dbcounter.py:115}}
Jul 22 21:42:43.796507 np0000005660 nova-scheduler[96636]: DEBUG oslo.service.backend._threading.loopingcall [None req-89be1e44-1be6-433d-827c-e6f3aac9a05c None None] Dynamic interval looping call 'nova.service.Service.periodic_tasks' sleeping for 60.00 seconds {{(pid=96636) _run_loop /opt/stack/data/venv/lib/python3.12/site-packages/oslo_service/backend/_threading/loopingcall.py:125}}
Jul 22 21:42:51.373375 np0000005660 nova-scheduler[96636]: DEBUG nova.scheduler.manager [None req-e8bcd0f6-af91-42ca-9f68-375ffe6e1f02 tempest-ServerBootFromVolumeStableRescueTest-1238595778 tempest-ServerBootFromVolumeStableRescueTest-1238595778-project-member] Starting to schedule for instances: ['2ea50443-d487-4bc1-a63a-d8de7288254c'] {{(pid=96636) select_destinations /opt/stack/nova/nova/scheduler/manager.py:209}}
Jul 22 21:42:51.373815 np0000005660 nova-scheduler[96636]: DEBUG nova.scheduler.request_filter [None req-e8bcd0f6-af91-42ca-9f68-375ffe6e1f02 tempest-ServerBootFromVolumeStableRescueTest-1238595778 tempest-ServerBootFromVolumeStableRescueTest-1238595778-project-member] compute_status_filter request filter added forbidden trait COMPUTE_STATUS_DISABLED {{(pid=96636) compute_status_filter /opt/stack/nova/nova/scheduler/request_filter.py:253}}
Jul 22 21:42:51.373952 np0000005660 nova-scheduler[96636]: DEBUG nova.scheduler.request_filter [None req-e8bcd0f6-af91-42ca-9f68-375ffe6e1f02 tempest-ServerBootFromVolumeStableRescueTest-1238595778 tempest-ServerBootFromVolumeStableRescueTest-1238595778-project-member] Request filter 'compute_status_filter' took 0.0 seconds {{(pid=96636) wrapper /opt/stack/nova/nova/scheduler/request_filter.py:46}}
Jul 22 21:42:51.374484 np0000005660 nova-scheduler[96636]: DEBUG nova.scheduler.request_filter [None req-e8bcd0f6-af91-42ca-9f68-375ffe6e1f02 tempest-ServerBootFromVolumeStableRescueTest-1238595778 tempest-ServerBootFromVolumeStableRescueTest-1238595778-project-member] Request filter 'accelerators_filter' took 0.0 seconds {{(pid=96636) wrapper /opt/stack/nova/nova/scheduler/request_filter.py:46}}
Jul 22 21:42:51.376883 np0000005660 nova-scheduler[96636]: DEBUG nova.scheduler.request_filter [None req-e8bcd0f6-af91-42ca-9f68-375ffe6e1f02 tempest-ServerBootFromVolumeStableRescueTest-1238595778 tempest-ServerBootFromVolumeStableRescueTest-1238595778-project-member] Request filter 'packed_virtqueue_filter' took 0.0 seconds {{(pid=96636) wrapper /opt/stack/nova/nova/scheduler/request_filter.py:46}}
Jul 22 21:42:51.376883 np0000005660 nova-scheduler[96636]: DEBUG nova.scheduler.request_filter [None req-e8bcd0f6-af91-42ca-9f68-375ffe6e1f02 tempest-ServerBootFromVolumeStableRescueTest-1238595778 tempest-ServerBootFromVolumeStableRescueTest-1238595778-project-member] Request filter 'remote_managed_ports_filter' took 0.0 seconds {{(pid=96636) wrapper /opt/stack/nova/nova/scheduler/request_filter.py:46}}
Jul 22 21:42:51.376883 np0000005660 nova-scheduler[96636]: DEBUG nova.scheduler.request_filter [None req-e8bcd0f6-af91-42ca-9f68-375ffe6e1f02 tempest-ServerBootFromVolumeStableRescueTest-1238595778 tempest-ServerBootFromVolumeStableRescueTest-1238595778-project-member] ephemeral_encryption_filter skipped {{(pid=96636) ephemeral_encryption_filter /opt/stack/nova/nova/scheduler/request_filter.py:426}}
Jul 22 21:42:51.376883 np0000005660 nova-scheduler[96636]: DEBUG nova.scheduler.request_filter [None req-e8bcd0f6-af91-42ca-9f68-375ffe6e1f02 tempest-ServerBootFromVolumeStableRescueTest-1238595778 tempest-ServerBootFromVolumeStableRescueTest-1238595778-project-member] virtio_sound_filter skipped {{(pid=96636) virtio_sound_filter /opt/stack/nova/nova/scheduler/request_filter.py:460}}
Jul 22 21:42:51.376883 np0000005660 nova-scheduler[96636]: DEBUG nova.scheduler.request_filter [None req-e8bcd0f6-af91-42ca-9f68-375ffe6e1f02 tempest-ServerBootFromVolumeStableRescueTest-1238595778 tempest-ServerBootFromVolumeStableRescueTest-1238595778-project-member] tpm_secret_security_filter skipped {{(pid=96636) tpm_secret_security_filter /opt/stack/nova/nova/scheduler/request_filter.py:477}}
Jul 22 21:42:52.077964 np0000005660 nova-scheduler[96638]: DEBUG nova.scheduler.manager [None req-027af915-0177-4845-8624-9143b13ed525 tempest-ImageDependencyTests-621547197 tempest-ImageDependencyTests-621547197-project-member] Starting to schedule for instances: ['ececa713-57c1-4aee-88ba-bedcb517482a'] {{(pid=96638) select_destinations /opt/stack/nova/nova/scheduler/manager.py:209}}
Jul 22 21:42:52.079081 np0000005660 nova-scheduler[96638]: DEBUG nova.scheduler.request_filter [None req-027af915-0177-4845-8624-9143b13ed525 tempest-ImageDependencyTests-621547197 tempest-ImageDependencyTests-621547197-project-member] compute_status_filter request filter added forbidden trait COMPUTE_STATUS_DISABLED {{(pid=96638) compute_status_filter /opt/stack/nova/nova/scheduler/request_filter.py:253}}
Jul 22 21:42:52.079081 np0000005660 nova-scheduler[96638]: DEBUG nova.scheduler.request_filter [None req-027af915-0177-4845-8624-9143b13ed525 tempest-ImageDependencyTests-621547197 tempest-ImageDependencyTests-621547197-project-member] Request filter 'compute_status_filter' took 0.0 seconds {{(pid=96638) wrapper /opt/stack/nova/nova/scheduler/request_filter.py:46}}
Jul 22 21:42:52.079081 np0000005660 nova-scheduler[96638]: DEBUG nova.scheduler.request_filter [None req-027af915-0177-4845-8624-9143b13ed525 tempest-ImageDependencyTests-621547197 tempest-ImageDependencyTests-621547197-project-member] Request filter 'accelerators_filter' took 0.0 seconds {{(pid=96638) wrapper /opt/stack/nova/nova/scheduler/request_filter.py:46}}
Jul 22 21:42:52.079974 np0000005660 nova-scheduler[96638]: DEBUG nova.scheduler.request_filter [None req-027af915-0177-4845-8624-9143b13ed525 tempest-ImageDependencyTests-621547197 tempest-ImageDependencyTests-621547197-project-member] Request filter 'packed_virtqueue_filter' took 0.0 seconds {{(pid=96638) wrapper /opt/stack/nova/nova/scheduler/request_filter.py:46}}
Jul 22 21:42:52.080118 np0000005660 nova-scheduler[96638]: DEBUG nova.scheduler.request_filter [None req-027af915-0177-4845-8624-9143b13ed525 tempest-ImageDependencyTests-621547197 tempest-ImageDependencyTests-621547197-project-member] Request filter 'remote_managed_ports_filter' took 0.0 seconds {{(pid=96638) wrapper /opt/stack/nova/nova/scheduler/request_filter.py:46}}
Jul 22 21:42:52.080767 np0000005660 nova-scheduler[96638]: DEBUG nova.scheduler.request_filter [None req-027af915-0177-4845-8624-9143b13ed525 tempest-ImageDependencyTests-621547197 tempest-ImageDependencyTests-621547197-project-member] ephemeral_encryption_filter skipped {{(pid=96638) ephemeral_encryption_filter /opt/stack/nova/nova/scheduler/request_filter.py:426}}
