Jul 22 21:40:32.069964 np0000005660 nova-conductor[99092]: DEBUG cotyledon.oslo_config_glue [-] workarounds.disable_deep_image_inspection = False {{(pid=99092) log_opt_values /opt/stack/data/venv/lib/python3.12/site-packages/oslo_config/cfg.py:3253}}
Jul 22 21:40:32.069964 np0000005660 nova-conductor[99092]: DEBUG cotyledon.oslo_config_glue [-] workarounds.disable_fallback_pcpu_query = False {{(pid=99092) log_opt_values /opt/stack/data/venv/lib/python3.12/site-packages/oslo_config/cfg.py:3253}}
Jul 22 21:40:32.069964 np0000005660 nova-conductor[99092]: DEBUG cotyledon.oslo_config_glue [-] workarounds.disable_group_policy_check_upcall = False {{(pid=99092) log_opt_values /opt/stack/data/venv/lib/python3.12/site-packages/oslo_config/cfg.py:3253}}
Jul 22 21:40:32.069964 np0000005660 nova-conductor[99092]: DEBUG cotyledon.oslo_config_glue [-] workarounds.disable_libvirt_livesnapshot = False {{(pid=99092) log_opt_values /opt/stack/data/venv/lib/python3.12/site-packages/oslo_config/cfg.py:3253}}
Jul 22 21:40:32.069964 np0000005660 nova-conductor[99092]: DEBUG cotyledon.oslo_config_glue [-] workarounds.disable_rootwrap = False {{(pid=99092) log_opt_values /opt/stack/data/venv/lib/python3.12/site-packages/oslo_config/cfg.py:3253}}
Jul 22 21:40:32.069964 np0000005660 nova-conductor[99092]: DEBUG cotyledon.oslo_config_glue [-] workarounds.enable_numa_live_migration = False {{(pid=99092) log_opt_values /opt/stack/data/venv/lib/python3.12/site-packages/oslo_config/cfg.py:3253}}
Jul 22 21:40:32.070177 np0000005660 nova-conductor[99092]: DEBUG cotyledon.oslo_config_glue [-] workarounds.enable_qemu_monitor_announce_self = False {{(pid=99092) log_opt_values /opt/stack/data/venv/lib/python3.12/site-packages/oslo_config/cfg.py:3253}}
Jul 22 21:40:32.070177 np0000005660 nova-conductor[99092]: DEBUG cotyledon.oslo_config_glue [-] workarounds.ensure_libvirt_rbd_instance_dir_cleanup = False {{(pid=99092) log_opt_values /opt/stack/data/venv/lib/python3.12/site-packages/oslo_config/cfg.py:3253}}
Jul 22 21:40:32.070177 np0000005660 nova-conductor[99092]: DEBUG cotyledon.oslo_config_glue [-] workarounds.handle_virt_lifecycle_events = True {{(pid=99092) log_opt_values /opt/stack/data/venv/lib/python3.12/site-packages/oslo_config/cfg.py:3253}}
Jul 22 21:40:32.070177 np0000005660 nova-conductor[99092]: DEBUG cotyledon.oslo_config_glue [-] workarounds.libvirt_disable_apic = False {{(pid=99092) log_opt_values /opt/stack/data/venv/lib/python3.12/site-packages/oslo_config/cfg.py:3253}}
Jul 22 21:40:32.070177 np0000005660 nova-conductor[99092]: DEBUG cotyledon.oslo_config_glue [-] workarounds.never_download_image_if_on_rbd = False {{(pid=99092) log_opt_values /opt/stack/data/venv/lib/python3.12/site-packages/oslo_config/cfg.py:3253}}
Jul 22 21:40:32.070177 np0000005660 nova-conductor[99092]: DEBUG cotyledon.oslo_config_glue [-] workarounds.qemu_monitor_announce_self_count = 3 {{(pid=99092) log_opt_values /opt/stack/data/venv/lib/python3.12/site-packages/oslo_config/cfg.py:3253}}
Jul 22 21:40:32.070177 np0000005660 nova-conductor[99092]: DEBUG cotyledon.oslo_config_glue [-] workarounds.qemu_monitor_announce_self_interval = 1 {{(pid=99092) log_opt_values /opt/stack/data/venv/lib/python3.12/site-packages/oslo_config/cfg.py:3253}}
Jul 22 21:40:32.070177 np0000005660 nova-conductor[99092]: DEBUG cotyledon.oslo_config_glue [-] workarounds.reserve_disk_resource_for_image_cache = False {{(pid=99092) log_opt_values /opt/stack/data/venv/lib/python3.12/site-packages/oslo_config/cfg.py:3253}}
Jul 22 21:40:32.070177 np0000005660 nova-conductor[99092]: DEBUG cotyledon.oslo_config_glue [-] workarounds.skip_cpu_compare_at_startup = False {{(pid=99092) log_opt_values /opt/stack/data/venv/lib/python3.12/site-packages/oslo_config/cfg.py:3253}}
Jul 22 21:40:32.070346 np0000005660 nova-conductor[99092]: DEBUG cotyledon.oslo_config_glue [-] workarounds.skip_cpu_compare_on_dest = False {{(pid=99092) log_opt_values /opt/stack/data/venv/lib/python3.12/site-packages/oslo_config/cfg.py:3253}}
Jul 22 21:40:32.070346 np0000005660 nova-conductor[99092]: DEBUG cotyledon.oslo_config_glue [-] workarounds.skip_hypervisor_version_check_on_lm = False {{(pid=99092) log_opt_values /opt/stack/data/venv/lib/python3.12/site-packages/oslo_config/cfg.py:3253}}
Jul 22 21:40:32.070346 np0000005660 nova-conductor[99092]: DEBUG cotyledon.oslo_config_glue [-] workarounds.skip_reserve_in_use_ironic_nodes = False {{(pid=99092) log_opt_values /opt/stack/data/venv/lib/python3.12/site-packages/oslo_config/cfg.py:3253}}
Jul 22 21:40:32.070346 np0000005660 nova-conductor[99092]: DEBUG cotyledon.oslo_config_glue [-] workarounds.unified_limits_count_pcpu_as_vcpu = False {{(pid=99092) log_opt_values /opt/stack/data/venv/lib/python3.12/site-packages/oslo_config/cfg.py:3253}}
Jul 22 21:40:32.070346 np0000005660 nova-conductor[99092]: DEBUG cotyledon.oslo_config_glue [-] workarounds.wait_for_vif_plugged_event_during_hard_reboot = [] {{(pid=99092) log_opt_values /opt/stack/data/venv/lib/python3.12/site-packages/oslo_config/cfg.py:3253}}
Jul 22 21:40:32.070346 np0000005660 nova-conductor[99092]: DEBUG cotyledon.oslo_config_glue [-] wsgi.api_paste_config = /etc/nova/api-paste.ini {{(pid=99092) log_opt_values /opt/stack/data/venv/lib/python3.12/site-packages/oslo_config/cfg.py:3253}}
Jul 22 21:40:32.070346 np0000005660 nova-conductor[99092]: DEBUG cotyledon.oslo_config_glue [-] wsgi.secure_proxy_ssl_header = None {{(pid=99092) log_opt_values /opt/stack/data/venv/lib/python3.12/site-packages/oslo_config/cfg.py:3253}}
Jul 22 21:40:32.070346 np0000005660 nova-conductor[99092]: DEBUG cotyledon.oslo_config_glue [-] zvm.ca_file = None {{(pid=99092) log_opt_values /opt/stack/data/venv/lib/python3.12/site-packages/oslo_config/cfg.py:3253}}
Jul 22 21:40:32.070346 np0000005660 nova-conductor[99092]: DEBUG cotyledon.oslo_config_glue [-] zvm.cloud_connector_url = None {{(pid=99092) log_opt_values /opt/stack/data/venv/lib/python3.12/site-packages/oslo_config/cfg.py:3253}}
Jul 22 21:40:32.070531 np0000005660 nova-conductor[99092]: DEBUG cotyledon.oslo_config_glue [-] zvm.image_tmp_path = /opt/stack/data/nova/images {{(pid=99092) log_opt_values /opt/stack/data/venv/lib/python3.12/site-packages/oslo_config/cfg.py:3253}}
Jul 22 21:40:32.070531 np0000005660 nova-conductor[99092]: DEBUG cotyledon.oslo_config_glue [-] zvm.reachable_timeout = 300 {{(pid=99092) log_opt_values /opt/stack/data/venv/lib/python3.12/site-packages/oslo_config/cfg.py:3253}}
Jul 22 21:40:32.070531 np0000005660 nova-conductor[99092]: DEBUG cotyledon.oslo_config_glue [-] oslo_versionedobjects.fatal_exception_format_errors = False {{(pid=99092) log_opt_values /opt/stack/data/venv/lib/python3.12/site-packages/oslo_config/cfg.py:3253}}
Jul 22 21:40:32.070531 np0000005660 nova-conductor[99092]: DEBUG cotyledon.oslo_config_glue [-] oslo_middleware.http_basic_auth_user_file = /etc/htpasswd {{(pid=99092) log_opt_values /opt/stack/data/venv/lib/python3.12/site-packages/oslo_config/cfg.py:3253}}
Jul 22 21:40:32.070531 np0000005660 nova-conductor[99092]: DEBUG cotyledon.oslo_config_glue [-] profiler.connection_string = messaging:// {{(pid=99092) log_opt_values /opt/stack/data/venv/lib/python3.12/site-packages/oslo_config/cfg.py:3253}}
Jul 22 21:40:32.070531 np0000005660 nova-conductor[99092]: DEBUG cotyledon.oslo_config_glue [-] profiler.enabled = False {{(pid=99092) log_opt_values /opt/stack/data/venv/lib/python3.12/site-packages/oslo_config/cfg.py:3253}}
Jul 22 21:40:32.070531 np0000005660 nova-conductor[99092]: DEBUG cotyledon.oslo_config_glue [-] profiler.es_doc_type = notification {{(pid=99092) log_opt_values /opt/stack/data/venv/lib/python3.12/site-packages/oslo_config/cfg.py:3253}}
Jul 22 21:40:32.070531 np0000005660 nova-conductor[99092]: DEBUG cotyledon.oslo_config_glue [-] profiler.es_scroll_size = 10000 {{(pid=99092) log_opt_values /opt/stack/data/venv/lib/python3.12/site-packages/oslo_config/cfg.py:3253}}
Jul 22 21:40:32.070531 np0000005660 nova-conductor[99092]: DEBUG cotyledon.oslo_config_glue [-] profiler.es_scroll_time = 2m {{(pid=99092) log_opt_values /opt/stack/data/venv/lib/python3.12/site-packages/oslo_config/cfg.py:3253}}
Jul 22 21:40:32.070825 np0000005660 nova-conductor[99092]: DEBUG cotyledon.oslo_config_glue [-] profiler.filter_error_trace = False {{(pid=99092) log_opt_values /opt/stack/data/venv/lib/python3.12/site-packages/oslo_config/cfg.py:3253}}
Jul 22 21:40:32.070825 np0000005660 nova-conductor[99092]: DEBUG cotyledon.oslo_config_glue [-] profiler.hmac_keys = **** {{(pid=99092) log_opt_values /opt/stack/data/venv/lib/python3.12/site-packages/oslo_config/cfg.py:3253}}
Jul 22 21:40:32.070825 np0000005660 nova-conductor[99092]: DEBUG cotyledon.oslo_config_glue [-] profiler.sentinel_service_name = mymaster {{(pid=99092) log_opt_values /opt/stack/data/venv/lib/python3.12/site-packages/oslo_config/cfg.py:3253}}
Jul 22 21:40:32.070825 np0000005660 nova-conductor[99092]: DEBUG cotyledon.oslo_config_glue [-] profiler.socket_timeout = 0.1 {{(pid=99092) log_opt_values /opt/stack/data/venv/lib/python3.12/site-packages/oslo_config/cfg.py:3253}}
Jul 22 21:40:32.070825 np0000005660 nova-conductor[99092]: DEBUG cotyledon.oslo_config_glue [-] profiler.trace_requests = False {{(pid=99092) log_opt_values /opt/stack/data/venv/lib/python3.12/site-packages/oslo_config/cfg.py:3253}}
Jul 22 21:40:32.070825 np0000005660 nova-conductor[99092]: DEBUG cotyledon.oslo_config_glue [-] profiler.trace_sqlalchemy = False {{(pid=99092) log_opt_values /opt/stack/data/venv/lib/python3.12/site-packages/oslo_config/cfg.py:3253}}
Jul 22 21:40:32.070825 np0000005660 nova-conductor[99092]: DEBUG cotyledon.oslo_config_glue [-] profiler_jaeger.process_tags = {} {{(pid=99092) log_opt_values /opt/stack/data/venv/lib/python3.12/site-packages/oslo_config/cfg.py:3253}}
Jul 22 21:40:32.070825 np0000005660 nova-conductor[99092]: DEBUG cotyledon.oslo_config_glue [-] profiler_jaeger.service_name_prefix = None {{(pid=99092) log_opt_values /opt/stack/data/venv/lib/python3.12/site-packages/oslo_config/cfg.py:3253}}
Jul 22 21:40:32.070825 np0000005660 nova-conductor[99092]: DEBUG cotyledon.oslo_config_glue [-] profiler_otlp.service_name_prefix = None {{(pid=99092) log_opt_values /opt/stack/data/venv/lib/python3.12/site-packages/oslo_config/cfg.py:3253}}
Jul 22 21:40:32.071035 np0000005660 nova-conductor[99092]: DEBUG cotyledon.oslo_config_glue [-] oslo_messaging_rabbit.amqp_auto_delete = False {{(pid=99092) log_opt_values /opt/stack/data/venv/lib/python3.12/site-packages/oslo_config/cfg.py:3253}}
Jul 22 21:40:32.071035 np0000005660 nova-conductor[99092]: DEBUG cotyledon.oslo_config_glue [-] oslo_messaging_rabbit.amqp_durable_queues = False {{(pid=99092) log_opt_values /opt/stack/data/venv/lib/python3.12/site-packages/oslo_config/cfg.py:3253}}
Jul 22 21:40:32.071035 np0000005660 nova-conductor[99092]: DEBUG cotyledon.oslo_config_glue [-] oslo_messaging_rabbit.conn_pool_min_size = 2 {{(pid=99092) log_opt_values /opt/stack/data/venv/lib/python3.12/site-packages/oslo_config/cfg.py:3253}}
Jul 22 21:40:32.071035 np0000005660 nova-conductor[99092]: DEBUG cotyledon.oslo_config_glue [-] oslo_messaging_rabbit.conn_pool_ttl = 1200 {{(pid=99092) log_opt_values /opt/stack/data/venv/lib/python3.12/site-packages/oslo_config/cfg.py:3253}}
Jul 22 21:40:32.071035 np0000005660 nova-conductor[99092]: DEBUG cotyledon.oslo_config_glue [-] oslo_messaging_rabbit.direct_mandatory_flag = True {{(pid=99092) log_opt_values /opt/stack/data/venv/lib/python3.12/site-packages/oslo_config/cfg.py:3253}}
Jul 22 21:40:32.071035 np0000005660 nova-conductor[99092]: DEBUG cotyledon.oslo_config_glue [-] oslo_messaging_rabbit.enable_cancel_on_failover = False {{(pid=99092) log_opt_values /opt/stack/data/venv/lib/python3.12/site-packages/oslo_config/cfg.py:3253}}
Jul 22 21:40:32.071035 np0000005660 nova-conductor[99092]: DEBUG cotyledon.oslo_config_glue [-] oslo_messaging_rabbit.heartbeat_rate = 3 {{(pid=99092) log_opt_values /opt/stack/data/venv/lib/python3.12/site-packages/oslo_config/cfg.py:3253}}
Jul 22 21:40:32.071035 np0000005660 nova-conductor[99092]: DEBUG cotyledon.oslo_config_glue [-] oslo_messaging_rabbit.heartbeat_timeout_threshold = 60 {{(pid=99092) log_opt_values /opt/stack/data/venv/lib/python3.12/site-packages/oslo_config/cfg.py:3253}}
Jul 22 21:40:32.071035 np0000005660 nova-conductor[99092]: DEBUG cotyledon.oslo_config_glue [-] oslo_messaging_rabbit.hostname = np0000005660 {{(pid=99092) log_opt_values /opt/stack/data/venv/lib/python3.12/site-packages/oslo_config/cfg.py:3253}}
Jul 22 21:40:32.071254 np0000005660 nova-conductor[99092]: DEBUG cotyledon.oslo_config_glue [-] oslo_messaging_rabbit.kombu_compression = None {{(pid=99092) log_opt_values /opt/stack/data/venv/lib/python3.12/site-packages/oslo_config/cfg.py:3253}}
Jul 22 21:40:32.071254 np0000005660 nova-conductor[99092]: DEBUG cotyledon.oslo_config_glue [-] oslo_messaging_rabbit.kombu_failover_strategy = round-robin {{(pid=99092) log_opt_values /opt/stack/data/venv/lib/python3.12/site-packages/oslo_config/cfg.py:3253}}
Jul 22 21:40:32.071254 np0000005660 nova-conductor[99092]: DEBUG cotyledon.oslo_config_glue [-] oslo_messaging_rabbit.kombu_missing_consumer_retry_timeout = 60 {{(pid=99092) log_opt_values /opt/stack/data/venv/lib/python3.12/site-packages/oslo_config/cfg.py:3253}}
Jul 22 21:40:32.071254 np0000005660 nova-conductor[99092]: DEBUG cotyledon.oslo_config_glue [-] oslo_messaging_rabbit.kombu_reconnect_delay = 1.0 {{(pid=99092) log_opt_values /opt/stack/data/venv/lib/python3.12/site-packages/oslo_config/cfg.py:3253}}
Jul 22 21:40:32.071254 np0000005660 nova-conductor[99092]: DEBUG cotyledon.oslo_config_glue [-] oslo_messaging_rabbit.kombu_reconnect_splay = 0.0 {{(pid=99092) log_opt_values /opt/stack/data/venv/lib/python3.12/site-packages/oslo_config/cfg.py:3253}}
Jul 22 21:40:32.071254 np0000005660 nova-conductor[99092]: DEBUG cotyledon.oslo_config_glue [-] oslo_messaging_rabbit.processname = nova-conductor {{(pid=99092) log_opt_values /opt/stack/data/venv/lib/python3.12/site-packages/oslo_config/cfg.py:3253}}
Jul 22 21:40:32.071254 np0000005660 nova-conductor[99092]: DEBUG cotyledon.oslo_config_glue [-] oslo_messaging_rabbit.rabbit_ha_queues = False {{(pid=99092) log_opt_values /opt/stack/data/venv/lib/python3.12/site-packages/oslo_config/cfg.py:3253}}
Jul 22 21:40:32.071254 np0000005660 nova-conductor[99092]: DEBUG cotyledon.oslo_config_glue [-] oslo_messaging_rabbit.rabbit_interval_max = 30 {{(pid=99092) log_opt_values /opt/stack/data/venv/lib/python3.12/site-packages/oslo_config/cfg.py:3253}}
Jul 22 21:40:32.071254 np0000005660 nova-conductor[99092]: DEBUG cotyledon.oslo_config_glue [-] oslo_messaging_rabbit.rabbit_login_method = AMQPLAIN {{(pid=99092) log_opt_values /opt/stack/data/venv/lib/python3.12/site-packages/oslo_config/cfg.py:3253}}
Jul 22 21:40:32.071437 np0000005660 nova-conductor[99092]: DEBUG cotyledon.oslo_config_glue [-] oslo_messaging_rabbit.rabbit_qos_prefetch_count = 0 {{(pid=99092) log_opt_values /opt/stack/data/venv/lib/python3.12/site-packages/oslo_config/cfg.py:3253}}
Jul 22 21:40:32.071437 np0000005660 nova-conductor[99092]: DEBUG cotyledon.oslo_config_glue [-] oslo_messaging_rabbit.rabbit_quorum_delivery_limit = 0 {{(pid=99092) log_opt_values /opt/stack/data/venv/lib/python3.12/site-packages/oslo_config/cfg.py:3253}}
Jul 22 21:40:32.071437 np0000005660 nova-conductor[99092]: DEBUG cotyledon.oslo_config_glue [-] oslo_messaging_rabbit.rabbit_quorum_max_memory_bytes = 0 {{(pid=99092) log_opt_values /opt/stack/data/venv/lib/python3.12/site-packages/oslo_config/cfg.py:3253}}
Jul 22 21:40:32.071437 np0000005660 nova-conductor[99092]: DEBUG cotyledon.oslo_config_glue [-] oslo_messaging_rabbit.rabbit_quorum_max_memory_length = 0 {{(pid=99092) log_opt_values /opt/stack/data/venv/lib/python3.12/site-packages/oslo_config/cfg.py:3253}}
Jul 22 21:40:32.071437 np0000005660 nova-conductor[99092]: DEBUG cotyledon.oslo_config_glue [-] oslo_messaging_rabbit.rabbit_quorum_queue = False {{(pid=99092) log_opt_values /opt/stack/data/venv/lib/python3.12/site-packages/oslo_config/cfg.py:3253}}
Jul 22 21:40:32.071437 np0000005660 nova-conductor[99092]: DEBUG cotyledon.oslo_config_glue [-] oslo_messaging_rabbit.rabbit_retry_backoff = 2 {{(pid=99092) log_opt_values /opt/stack/data/venv/lib/python3.12/site-packages/oslo_config/cfg.py:3253}}
Jul 22 21:40:32.071437 np0000005660 nova-conductor[99092]: DEBUG cotyledon.oslo_config_glue [-] oslo_messaging_rabbit.rabbit_retry_interval = 1 {{(pid=99092) log_opt_values /opt/stack/data/venv/lib/python3.12/site-packages/oslo_config/cfg.py:3253}}
Jul 22 21:40:32.071437 np0000005660 nova-conductor[99092]: DEBUG cotyledon.oslo_config_glue [-] oslo_messaging_rabbit.rabbit_stream_fanout = False {{(pid=99092) log_opt_values /opt/stack/data/venv/lib/python3.12/site-packages/oslo_config/cfg.py:3253}}
Jul 22 21:40:32.071600 np0000005660 nova-conductor[99092]: DEBUG cotyledon.oslo_config_glue [-] oslo_messaging_rabbit.rabbit_transient_queues_ttl = 1800 {{(pid=99092) log_opt_values /opt/stack/data/venv/lib/python3.12/site-packages/oslo_config/cfg.py:3253}}
Jul 22 21:40:32.071600 np0000005660 nova-conductor[99092]: DEBUG cotyledon.oslo_config_glue [-] oslo_messaging_rabbit.rabbit_transient_quorum_queue = False {{(pid=99092) log_opt_values /opt/stack/data/venv/lib/python3.12/site-packages/oslo_config/cfg.py:3253}}
Jul 22 21:40:32.071600 np0000005660 nova-conductor[99092]: DEBUG cotyledon.oslo_config_glue [-] oslo_messaging_rabbit.rpc_conn_pool_size = 30 {{(pid=99092) log_opt_values /opt/stack/data/venv/lib/python3.12/site-packages/oslo_config/cfg.py:3253}}
Jul 22 21:40:32.071600 np0000005660 nova-conductor[99092]: DEBUG cotyledon.oslo_config_glue [-] oslo_messaging_rabbit.ssl = False {{(pid=99092) log_opt_values /opt/stack/data/venv/lib/python3.12/site-packages/oslo_config/cfg.py:3253}}
Jul 22 21:40:32.071600 np0000005660 nova-conductor[99092]: DEBUG cotyledon.oslo_config_glue [-] oslo_messaging_rabbit.ssl_ca_file = {{(pid=99092) log_opt_values /opt/stack/data/venv/lib/python3.12/site-packages/oslo_config/cfg.py:3253}}
Jul 22 21:40:32.071600 np0000005660 nova-conductor[99092]: DEBUG cotyledon.oslo_config_glue [-] oslo_messaging_rabbit.ssl_cert_file = {{(pid=99092) log_opt_values /opt/stack/data/venv/lib/python3.12/site-packages/oslo_config/cfg.py:3253}}
Jul 22 21:40:32.071600 np0000005660 nova-conductor[99092]: DEBUG cotyledon.oslo_config_glue [-] oslo_messaging_rabbit.ssl_enforce_fips_mode = False {{(pid=99092) log_opt_values /opt/stack/data/venv/lib/python3.12/site-packages/oslo_config/cfg.py:3253}}
Jul 22 21:40:32.071600 np0000005660 nova-conductor[99092]: DEBUG cotyledon.oslo_config_glue [-] oslo_messaging_rabbit.ssl_enforce_hostname_verification = True {{(pid=99092) log_opt_values /opt/stack/data/venv/lib/python3.12/site-packages/oslo_config/cfg.py:3253}}
Jul 22 21:40:32.071600 np0000005660 nova-conductor[99092]: DEBUG cotyledon.oslo_config_glue [-] oslo_messaging_rabbit.ssl_key_file = {{(pid=99092) log_opt_values /opt/stack/data/venv/lib/python3.12/site-packages/oslo_config/cfg.py:3253}}
Jul 22 21:40:32.071788 np0000005660 nova-conductor[99092]: DEBUG cotyledon.oslo_config_glue [-] oslo_messaging_rabbit.ssl_version = {{(pid=99092) log_opt_values /opt/stack/data/venv/lib/python3.12/site-packages/oslo_config/cfg.py:3253}}
Jul 22 21:40:32.071788 np0000005660 nova-conductor[99092]: DEBUG cotyledon.oslo_config_glue [-] oslo_messaging_rabbit.use_queue_manager = False {{(pid=99092) log_opt_values /opt/stack/data/venv/lib/python3.12/site-packages/oslo_config/cfg.py:3253}}
Jul 22 21:40:32.071788 np0000005660 nova-conductor[99092]: DEBUG cotyledon.oslo_config_glue [-] oslo_messaging_notifications.driver = ['messagingv2'] {{(pid=99092) log_opt_values /opt/stack/data/venv/lib/python3.12/site-packages/oslo_config/cfg.py:3253}}
Jul 22 21:40:32.071788 np0000005660 nova-conductor[99092]: DEBUG cotyledon.oslo_config_glue [-] oslo_messaging_notifications.retry = -1 {{(pid=99092) log_opt_values /opt/stack/data/venv/lib/python3.12/site-packages/oslo_config/cfg.py:3253}}
Jul 22 21:40:32.071788 np0000005660 nova-conductor[99092]: DEBUG cotyledon.oslo_config_glue [-] oslo_messaging_notifications.topics = ['notifications'] {{(pid=99092) log_opt_values /opt/stack/data/venv/lib/python3.12/site-packages/oslo_config/cfg.py:3253}}
Jul 22 21:40:32.071788 np0000005660 nova-conductor[99092]: DEBUG cotyledon.oslo_config_glue [-] oslo_messaging_notifications.transport_url = **** {{(pid=99092) log_opt_values /opt/stack/data/venv/lib/python3.12/site-packages/oslo_config/cfg.py:3253}}
Jul 22 21:40:32.071788 np0000005660 nova-conductor[99092]: DEBUG cotyledon.oslo_config_glue [-] oslo_limit.auth_section = None {{(pid=99092) log_opt_values /opt/stack/data/venv/lib/python3.12/site-packages/oslo_config/cfg.py:3253}}
Jul 22 21:40:32.071788 np0000005660 nova-conductor[99092]: DEBUG cotyledon.oslo_config_glue [-] oslo_limit.auth_type = None {{(pid=99092) log_opt_values /opt/stack/data/venv/lib/python3.12/site-packages/oslo_config/cfg.py:3253}}
Jul 22 21:40:32.071788 np0000005660 nova-conductor[99092]: DEBUG cotyledon.oslo_config_glue [-] oslo_limit.cafile = None {{(pid=99092) log_opt_values /opt/stack/data/venv/lib/python3.12/site-packages/oslo_config/cfg.py:3253}}
Jul 22 21:40:32.071967 np0000005660 nova-conductor[99092]: DEBUG cotyledon.oslo_config_glue [-] oslo_limit.certfile = None {{(pid=99092) log_opt_values /opt/stack/data/venv/lib/python3.12/site-packages/oslo_config/cfg.py:3253}}
Jul 22 21:40:32.071967 np0000005660 nova-conductor[99092]: DEBUG cotyledon.oslo_config_glue [-] oslo_limit.collect_timing = False {{(pid=99092) log_opt_values /opt/stack/data/venv/lib/python3.12/site-packages/oslo_config/cfg.py:3253}}
Jul 22 21:40:32.071967 np0000005660 nova-conductor[99092]: DEBUG cotyledon.oslo_config_glue [-] oslo_limit.connect_retries = None {{(pid=99092) log_opt_values /opt/stack/data/venv/lib/python3.12/site-packages/oslo_config/cfg.py:3253}}
Jul 22 21:40:32.071967 np0000005660 nova-conductor[99092]: DEBUG cotyledon.oslo_config_glue [-] oslo_limit.connect_retry_delay = None {{(pid=99092) log_opt_values /opt/stack/data/venv/lib/python3.12/site-packages/oslo_config/cfg.py:3253}}
Jul 22 21:40:32.071967 np0000005660 nova-conductor[99092]: DEBUG cotyledon.oslo_config_glue [-] oslo_limit.endpoint_id = None {{(pid=99092) log_opt_values /opt/stack/data/venv/lib/python3.12/site-packages/oslo_config/cfg.py:3253}}
Jul 22 21:40:32.071967 np0000005660 nova-conductor[99092]: DEBUG cotyledon.oslo_config_glue [-] oslo_limit.endpoint_interface = public {{(pid=99092) log_opt_values /opt/stack/data/venv/lib/python3.12/site-packages/oslo_config/cfg.py:3253}}
Jul 22 21:40:32.071967 np0000005660 nova-conductor[99092]: DEBUG cotyledon.oslo_config_glue [-] oslo_limit.endpoint_override = None {{(pid=99092) log_opt_values /opt/stack/data/venv/lib/python3.12/site-packages/oslo_config/cfg.py:3253}}
Jul 22 21:40:32.071967 np0000005660 nova-conductor[99092]: DEBUG cotyledon.oslo_config_glue [-] oslo_limit.endpoint_region_name = None {{(pid=99092) log_opt_values /opt/stack/data/venv/lib/python3.12/site-packages/oslo_config/cfg.py:3253}}
Jul 22 21:40:32.071967 np0000005660 nova-conductor[99092]: DEBUG cotyledon.oslo_config_glue [-] oslo_limit.endpoint_service_name = None {{(pid=99092) log_opt_values /opt/stack/data/venv/lib/python3.12/site-packages/oslo_config/cfg.py:3253}}
Jul 22 21:40:32.072207 np0000005660 nova-conductor[99092]: DEBUG cotyledon.oslo_config_glue [-] oslo_limit.endpoint_service_type = None {{(pid=99092) log_opt_values /opt/stack/data/venv/lib/python3.12/site-packages/oslo_config/cfg.py:3253}}
Jul 22 21:40:32.072207 np0000005660 nova-conductor[99092]: DEBUG cotyledon.oslo_config_glue [-] oslo_limit.insecure = False {{(pid=99092) log_opt_values /opt/stack/data/venv/lib/python3.12/site-packages/oslo_config/cfg.py:3253}}
Jul 22 21:40:32.072207 np0000005660 nova-conductor[99092]: DEBUG cotyledon.oslo_config_glue [-] oslo_limit.keyfile = None {{(pid=99092) log_opt_values /opt/stack/data/venv/lib/python3.12/site-packages/oslo_config/cfg.py:3253}}
Jul 22 21:40:32.072207 np0000005660 nova-conductor[99092]: DEBUG cotyledon.oslo_config_glue [-] oslo_limit.max_version = None {{(pid=99092) log_opt_values /opt/stack/data/venv/lib/python3.12/site-packages/oslo_config/cfg.py:3253}}
Jul 22 21:40:32.072207 np0000005660 nova-conductor[99092]: DEBUG cotyledon.oslo_config_glue [-] oslo_limit.min_version = None {{(pid=99092) log_opt_values /opt/stack/data/venv/lib/python3.12/site-packages/oslo_config/cfg.py:3253}}
Jul 22 21:40:32.072207 np0000005660 nova-conductor[99092]: DEBUG cotyledon.oslo_config_glue [-] oslo_limit.region_name = None {{(pid=99092) log_opt_values /opt/stack/data/venv/lib/python3.12/site-packages/oslo_config/cfg.py:3253}}
Jul 22 21:40:32.072207 np0000005660 nova-conductor[99092]: DEBUG cotyledon.oslo_config_glue [-] oslo_limit.retriable_status_codes = None {{(pid=99092) log_opt_values /opt/stack/data/venv/lib/python3.12/site-packages/oslo_config/cfg.py:3253}}
Jul 22 21:40:32.072207 np0000005660 nova-conductor[99092]: DEBUG cotyledon.oslo_config_glue [-] oslo_limit.service_name = None {{(pid=99092) log_opt_values /opt/stack/data/venv/lib/python3.12/site-packages/oslo_config/cfg.py:3253}}
Jul 22 21:40:32.072207 np0000005660 nova-conductor[99092]: DEBUG cotyledon.oslo_config_glue [-] oslo_limit.service_type = None {{(pid=99092) log_opt_values /opt/stack/data/venv/lib/python3.12/site-packages/oslo_config/cfg.py:3253}}
Jul 22 21:40:32.072405 np0000005660 nova-conductor[99092]: DEBUG cotyledon.oslo_config_glue [-] oslo_limit.split_loggers = False {{(pid=99092) log_opt_values /opt/stack/data/venv/lib/python3.12/site-packages/oslo_config/cfg.py:3253}}
Jul 22 21:40:32.072405 np0000005660 nova-conductor[99092]: DEBUG cotyledon.oslo_config_glue [-] oslo_limit.status_code_retries = None {{(pid=99092) log_opt_values /opt/stack/data/venv/lib/python3.12/site-packages/oslo_config/cfg.py:3253}}
Jul 22 21:40:32.072405 np0000005660 nova-conductor[99092]: DEBUG cotyledon.oslo_config_glue [-] oslo_limit.status_code_retry_delay = None {{(pid=99092) log_opt_values /opt/stack/data/venv/lib/python3.12/site-packages/oslo_config/cfg.py:3253}}
Jul 22 21:40:32.072405 np0000005660 nova-conductor[99092]: DEBUG cotyledon.oslo_config_glue [-] oslo_limit.timeout = None {{(pid=99092) log_opt_values /opt/stack/data/venv/lib/python3.12/site-packages/oslo_config/cfg.py:3253}}
Jul 22 21:40:32.072405 np0000005660 nova-conductor[99092]: DEBUG cotyledon.oslo_config_glue [-] oslo_limit.valid_interfaces = None {{(pid=99092) log_opt_values /opt/stack/data/venv/lib/python3.12/site-packages/oslo_config/cfg.py:3253}}
Jul 22 21:40:32.072405 np0000005660 nova-conductor[99092]: DEBUG cotyledon.oslo_config_glue [-] oslo_limit.version = None {{(pid=99092) log_opt_values /opt/stack/data/venv/lib/python3.12/site-packages/oslo_config/cfg.py:3253}}
Jul 22 21:40:32.072405 np0000005660 nova-conductor[99092]: DEBUG cotyledon.oslo_config_glue [-] oslo_reports.file_event_handler = None {{(pid=99092) log_opt_values /opt/stack/data/venv/lib/python3.12/site-packages/oslo_config/cfg.py:3253}}
Jul 22 21:40:32.072405 np0000005660 nova-conductor[99092]: DEBUG cotyledon.oslo_config_glue [-] oslo_reports.file_event_handler_interval = 1 {{(pid=99092) log_opt_values /opt/stack/data/venv/lib/python3.12/site-packages/oslo_config/cfg.py:3253}}
Jul 22 21:40:32.072405 np0000005660 nova-conductor[99092]: DEBUG cotyledon.oslo_config_glue [-] oslo_reports.log_dir = None {{(pid=99092) log_opt_values /opt/stack/data/venv/lib/python3.12/site-packages/oslo_config/cfg.py:3253}}
Jul 22 21:40:32.072587 np0000005660 nova-conductor[99092]: DEBUG cotyledon.oslo_config_glue [-] ******************************************************************************** {{(pid=99092) log_opt_values /opt/stack/data/venv/lib/python3.12/site-packages/oslo_config/cfg.py:3260}}
Jul 22 21:40:32.072587 np0000005660 nova-conductor[99092]: DEBUG cotyledon._service_worker [-] Run service ServiceWrapper(3) [99092] {{(pid=99092) wait_forever /opt/stack/data/venv/lib/python3.12/site-packages/cotyledon/_service_worker.py:218}}
Jul 22 21:40:32.072587 np0000005660 nova-conductor[99092]: INFO nova.service [-] Starting conductor node (version 33.1.0)
Jul 22 21:40:32.072587 np0000005660 nova-conductor[99092]: INFO dbcounter [None req-3e46f0ad-0ab7-42ed-ad64-37cae8b8b4a8 None None] Registered counter for database nova_cell0
Jul 22 21:40:32.072669 np0000005660 nova-conductor[99076]: DEBUG oslo_db.sqlalchemy.engines [None req-9ff85468-f3e2-4baf-ae02-9baa8976ef8a None None] MySQL server mode set to STRICT_TRANS_TABLES,STRICT_ALL_TABLES,NO_ZERO_IN_DATE,NO_ZERO_DATE,ERROR_FOR_DIVISION_BY_ZERO,TRADITIONAL,NO_ENGINE_SUBSTITUTION {{(pid=99076) _check_effective_sql_mode /opt/stack/data/venv/lib/python3.12/site-packages/oslo_db/sqlalchemy/engines.py:325}}
Jul 22 21:40:32.075153 np0000005660 nova-conductor[99076]: DEBUG dbcounter [-] [99076] Writer thread running {{(pid=99076) stat_writer /opt/stack/data/venv/lib/python3.12/site-packages/dbcounter.py:102}}
Jul 22 21:40:32.081182 np0000005660 nova-conductor[99081]: DEBUG oslo_db.sqlalchemy.engines [None req-bed171e3-d5d7-4367-b6d0-cfaa7e8371f9 None None] MySQL server mode set to STRICT_TRANS_TABLES,STRICT_ALL_TABLES,NO_ZERO_IN_DATE,NO_ZERO_DATE,ERROR_FOR_DIVISION_BY_ZERO,TRADITIONAL,NO_ENGINE_SUBSTITUTION {{(pid=99081) _check_effective_sql_mode /opt/stack/data/venv/lib/python3.12/site-packages/oslo_db/sqlalchemy/engines.py:325}}
Jul 22 21:40:32.091709 np0000005660 nova-conductor[99081]: DEBUG dbcounter [-] [99081] Writer thread running {{(pid=99081) stat_writer /opt/stack/data/venv/lib/python3.12/site-packages/dbcounter.py:102}}
Jul 22 21:40:32.092819 np0000005660 nova-conductor[99088]: DEBUG oslo_db.sqlalchemy.engines [None req-4e0581f3-299a-4e48-a2d3-4eb8162f7132 None None] MySQL server mode set to STRICT_TRANS_TABLES,STRICT_ALL_TABLES,NO_ZERO_IN_DATE,NO_ZERO_DATE,ERROR_FOR_DIVISION_BY_ZERO,TRADITIONAL,NO_ENGINE_SUBSTITUTION {{(pid=99088) _check_effective_sql_mode /opt/stack/data/venv/lib/python3.12/site-packages/oslo_db/sqlalchemy/engines.py:325}}
Jul 22 21:40:32.097724 np0000005660 nova-conductor[99092]: DEBUG oslo_db.sqlalchemy.engines [None req-3e46f0ad-0ab7-42ed-ad64-37cae8b8b4a8 None None] MySQL server mode set to STRICT_TRANS_TABLES,STRICT_ALL_TABLES,NO_ZERO_IN_DATE,NO_ZERO_DATE,ERROR_FOR_DIVISION_BY_ZERO,TRADITIONAL,NO_ENGINE_SUBSTITUTION {{(pid=99092) _check_effective_sql_mode /opt/stack/data/venv/lib/python3.12/site-packages/oslo_db/sqlalchemy/engines.py:325}}
Jul 22 21:40:32.101345 np0000005660 nova-conductor[99076]: DEBUG nova.service [None req-9ff85468-f3e2-4baf-ae02-9baa8976ef8a None None] Creating RPC server for service: nova-conductor on topic: conductor {{(pid=99076) start /opt/stack/nova/nova/service.py:196}}
Jul 22 21:40:32.105139 np0000005660 nova-conductor[99088]: DEBUG dbcounter [-] [99088] Writer thread running {{(pid=99088) stat_writer /opt/stack/data/venv/lib/python3.12/site-packages/dbcounter.py:102}}
Jul 22 21:40:32.108178 np0000005660 nova-conductor[99088]: DEBUG nova.service [None req-4e0581f3-299a-4e48-a2d3-4eb8162f7132 None None] Creating RPC server for service: nova-conductor on topic: conductor {{(pid=99088) start /opt/stack/nova/nova/service.py:196}}
Jul 22 21:40:32.110964 np0000005660 nova-conductor[99092]: DEBUG dbcounter [-] [99092] Writer thread running {{(pid=99092) stat_writer /opt/stack/data/venv/lib/python3.12/site-packages/dbcounter.py:102}}
Jul 22 21:40:32.114518 np0000005660 nova-conductor[99092]: DEBUG nova.service [None req-3e46f0ad-0ab7-42ed-ad64-37cae8b8b4a8 None None] Creating RPC server for service: nova-conductor on topic: conductor {{(pid=99092) start /opt/stack/nova/nova/service.py:196}}
Jul 22 21:40:32.114646 np0000005660 nova-conductor[99081]: DEBUG nova.service [None req-bed171e3-d5d7-4367-b6d0-cfaa7e8371f9 None None] Creating RPC server for service: nova-conductor on topic: conductor {{(pid=99081) start /opt/stack/nova/nova/service.py:196}}
Jul 22 21:40:32.123590 np0000005660 nova-conductor[99076]: DEBUG nova.service [None req-9ff85468-f3e2-4baf-ae02-9baa8976ef8a None None] Join ServiceGroup membership for this service conductor {{(pid=99076) start /opt/stack/nova/nova/service.py:222}}
Jul 22 21:40:32.124041 np0000005660 nova-conductor[99076]: DEBUG nova.servicegroup.drivers.db [None req-9ff85468-f3e2-4baf-ae02-9baa8976ef8a None None] DB_Driver: join new ServiceGroup member np0000005660 to the conductor group, service = {{(pid=99076) join /opt/stack/nova/nova/servicegroup/drivers/db.py:44}}
Jul 22 21:40:32.124118 np0000005660 nova-conductor[99088]: DEBUG nova.service [None req-4e0581f3-299a-4e48-a2d3-4eb8162f7132 None None] Join ServiceGroup membership for this service conductor {{(pid=99088) start /opt/stack/nova/nova/service.py:222}}
Jul 22 21:40:32.124175 np0000005660 nova-conductor[99088]: DEBUG nova.servicegroup.drivers.db [None req-4e0581f3-299a-4e48-a2d3-4eb8162f7132 None None] DB_Driver: join new ServiceGroup member np0000005660 to the conductor group, service = {{(pid=99088) join /opt/stack/nova/nova/servicegroup/drivers/db.py:44}}
Jul 22 21:40:32.131396 np0000005660 nova-conductor[99081]: DEBUG nova.service [None req-bed171e3-d5d7-4367-b6d0-cfaa7e8371f9 None None] Join ServiceGroup membership for this service conductor {{(pid=99081) start /opt/stack/nova/nova/service.py:222}}
Jul 22 21:40:32.131396 np0000005660 nova-conductor[99081]: DEBUG nova.servicegroup.drivers.db [None req-bed171e3-d5d7-4367-b6d0-cfaa7e8371f9 None None] DB_Driver: join new ServiceGroup member np0000005660 to the conductor group, service = {{(pid=99081) join /opt/stack/nova/nova/servicegroup/drivers/db.py:44}}
Jul 22 21:40:32.132921 np0000005660 nova-conductor[99092]: DEBUG nova.service [None req-3e46f0ad-0ab7-42ed-ad64-37cae8b8b4a8 None None] Join ServiceGroup membership for this service conductor {{(pid=99092) start /opt/stack/nova/nova/service.py:222}}
Jul 22 21:40:32.132921 np0000005660 nova-conductor[99092]: DEBUG nova.servicegroup.drivers.db [None req-3e46f0ad-0ab7-42ed-ad64-37cae8b8b4a8 None None] DB_Driver: join new ServiceGroup member np0000005660 to the conductor group, service = {{(pid=99092) join /opt/stack/nova/nova/servicegroup/drivers/db.py:44}}
Jul 22 21:40:34.133248 np0000005660 nova-conductor[99081]: DEBUG oslo.service.backend._threading.loopingcall [None req-9f22df95-d7eb-4b03-ac04-2683fe5e86b6 None None] Dynamic interval looping call 'nova.service.Service.periodic_tasks' sleeping for 60.00 seconds {{(pid=99081) _run_loop /opt/stack/data/venv/lib/python3.12/site-packages/oslo_service/backend/_threading/loopingcall.py:125}}
Jul 22 21:40:34.134380 np0000005660 nova-conductor[99092]: DEBUG oslo.service.backend._threading.loopingcall [None req-81bb732a-42f6-4778-9262-b23c5e3ecc06 None None] Dynamic interval looping call 'nova.service.Service.periodic_tasks' sleeping for 60.00 seconds {{(pid=99092) _run_loop /opt/stack/data/venv/lib/python3.12/site-packages/oslo_service/backend/_threading/loopingcall.py:125}}
Jul 22 21:40:35.126727 np0000005660 nova-conductor[99088]: DEBUG oslo.service.backend._threading.loopingcall [None req-389ddc53-bddb-4881-9895-1c1c4189178c None None] Dynamic interval looping call 'nova.service.Service.periodic_tasks' sleeping for 60.00 seconds {{(pid=99088) _run_loop /opt/stack/data/venv/lib/python3.12/site-packages/oslo_service/backend/_threading/loopingcall.py:125}}
Jul 22 21:40:37.144636 np0000005660 nova-conductor[99076]: DEBUG oslo.service.backend._threading.loopingcall [-] Fixed interval looping call 'nova.servicegroup.drivers.db.DbDriver._report_state' sleeping for 119.98 seconds {{(pid=99076) _run_loop /opt/stack/data/venv/lib/python3.12/site-packages/oslo_service/backend/_threading/loopingcall.py:125}}
Jul 22 21:40:37.150689 np0000005660 nova-conductor[99081]: DEBUG oslo.service.backend._threading.loopingcall [-] Fixed interval looping call 'nova.servicegroup.drivers.db.DbDriver._report_state' sleeping for 119.98 seconds {{(pid=99081) _run_loop /opt/stack/data/venv/lib/python3.12/site-packages/oslo_service/backend/_threading/loopingcall.py:125}}
Jul 22 21:40:37.151019 np0000005660 nova-conductor[99088]: DEBUG oslo.service.backend._threading.loopingcall [-] Fixed interval looping call 'nova.servicegroup.drivers.db.DbDriver._report_state' sleeping for 119.97 seconds {{(pid=99088) _run_loop /opt/stack/data/venv/lib/python3.12/site-packages/oslo_service/backend/_threading/loopingcall.py:125}}
Jul 22 21:40:37.153151 np0000005660 nova-conductor[99092]: DEBUG oslo.service.backend._threading.loopingcall [-] Fixed interval looping call 'nova.servicegroup.drivers.db.DbDriver._report_state' sleeping for 119.98 seconds {{(pid=99092) _run_loop /opt/stack/data/venv/lib/python3.12/site-packages/oslo_service/backend/_threading/loopingcall.py:125}}
Jul 22 21:40:40.709364 np0000005660 nova-conductor[97581]: DEBUG dbcounter [-] [97581] Writing DB stats nova_api:SELECT=1 {{(pid=97581) stat_writer /opt/stack/data/venv/lib/python3.12/site-packages/dbcounter.py:115}}
Jul 22 21:40:40.832635 np0000005660 nova-conductor[97581]: DEBUG dbcounter [-] [97581] Writing DB stats nova_cell0:SELECT=1 {{(pid=97581) stat_writer /opt/stack/data/venv/lib/python3.12/site-packages/dbcounter.py:115}}
Jul 22 21:40:40.835891 np0000005660 nova-conductor[97581]: DEBUG dbcounter [-] [97581] Writing DB stats nova_cell1:SELECT=1 {{(pid=97581) stat_writer /opt/stack/data/venv/lib/python3.12/site-packages/dbcounter.py:115}}
Jul 22 21:40:42.125989 np0000005660 nova-conductor[99076]: DEBUG oslo.service.backend._threading.loopingcall [None req-07f9292c-2037-4774-a879-a3b6b23b65d9 None None] Dynamic interval looping call 'nova.service.Service.periodic_tasks' sleeping for 60.00 seconds {{(pid=99076) _run_loop /opt/stack/data/venv/lib/python3.12/site-packages/oslo_service/backend/_threading/loopingcall.py:125}}
Jul 22 21:40:47.133010 np0000005660 nova-conductor[99076]: DEBUG dbcounter [-] [99076] Writing DB stats nova_cell0:SELECT=4,nova_cell0:INSERT=1,nova_cell0:UPDATE=1 {{(pid=99076) stat_writer /opt/stack/data/venv/lib/python3.12/site-packages/dbcounter.py:115}}
Jul 22 21:40:47.141453 np0000005660 nova-conductor[99088]: DEBUG dbcounter [-] [99088] Writing DB stats nova_cell0:SELECT=3,nova_cell0:UPDATE=1 {{(pid=99088) stat_writer /opt/stack/data/venv/lib/python3.12/site-packages/dbcounter.py:115}}
Jul 22 21:40:47.146836 np0000005660 nova-conductor[99081]: DEBUG dbcounter [-] [99081] Writing DB stats nova_cell0:SELECT=5,nova_cell0:INSERT=1 {{(pid=99081) stat_writer /opt/stack/data/venv/lib/python3.12/site-packages/dbcounter.py:115}}
Jul 22 21:40:47.148140 np0000005660 nova-conductor[99092]: DEBUG dbcounter [-] [99092] Writing DB stats nova_cell0:SELECT=3 {{(pid=99092) stat_writer /opt/stack/data/venv/lib/python3.12/site-packages/dbcounter.py:115}}
Jul 22 21:41:34.133701 np0000005660 nova-conductor[99081]: DEBUG oslo.service.backend._threading.loopingcall [None req-9f22df95-d7eb-4b03-ac04-2683fe5e86b6 None None] Dynamic interval looping call 'nova.service.Service.periodic_tasks' sleeping for 60.00 seconds {{(pid=99081) _run_loop /opt/stack/data/venv/lib/python3.12/site-packages/oslo_service/backend/_threading/loopingcall.py:125}}
Jul 22 21:41:34.134815 np0000005660 nova-conductor[99092]: DEBUG oslo.service.backend._threading.loopingcall [None req-81bb732a-42f6-4778-9262-b23c5e3ecc06 None None] Dynamic interval looping call 'nova.service.Service.periodic_tasks' sleeping for 60.00 seconds {{(pid=99092) _run_loop /opt/stack/data/venv/lib/python3.12/site-packages/oslo_service/backend/_threading/loopingcall.py:125}}
Jul 22 21:41:35.127220 np0000005660 nova-conductor[99088]: DEBUG oslo.service.backend._threading.loopingcall [None req-389ddc53-bddb-4881-9895-1c1c4189178c None None] Dynamic interval looping call 'nova.service.Service.periodic_tasks' sleeping for 60.00 seconds {{(pid=99088) _run_loop /opt/stack/data/venv/lib/python3.12/site-packages/oslo_service/backend/_threading/loopingcall.py:125}}
Jul 22 21:41:42.126494 np0000005660 nova-conductor[99076]: DEBUG oslo.service.backend._threading.loopingcall [None req-07f9292c-2037-4774-a879-a3b6b23b65d9 None None] Dynamic interval looping call 'nova.service.Service.periodic_tasks' sleeping for 60.00 seconds {{(pid=99076) _run_loop /opt/stack/data/venv/lib/python3.12/site-packages/oslo_service/backend/_threading/loopingcall.py:125}}
Jul 22 21:42:34.135359 np0000005660 nova-conductor[99081]: DEBUG oslo.service.backend._threading.loopingcall [None req-9f22df95-d7eb-4b03-ac04-2683fe5e86b6 None None] Dynamic interval looping call 'nova.service.Service.periodic_tasks' sleeping for 60.00 seconds {{(pid=99081) _run_loop /opt/stack/data/venv/lib/python3.12/site-packages/oslo_service/backend/_threading/loopingcall.py:125}}
Jul 22 21:42:34.135796 np0000005660 nova-conductor[99092]: DEBUG oslo.service.backend._threading.loopingcall [None req-81bb732a-42f6-4778-9262-b23c5e3ecc06 None None] Dynamic interval looping call 'nova.service.Service.periodic_tasks' sleeping for 60.00 seconds {{(pid=99092) _run_loop /opt/stack/data/venv/lib/python3.12/site-packages/oslo_service/backend/_threading/loopingcall.py:125}}
Jul 22 21:42:35.128058 np0000005660 nova-conductor[99088]: DEBUG oslo.service.backend._threading.loopingcall [None req-389ddc53-bddb-4881-9895-1c1c4189178c None None] Dynamic interval looping call 'nova.service.Service.periodic_tasks' sleeping for 60.00 seconds {{(pid=99088) _run_loop /opt/stack/data/venv/lib/python3.12/site-packages/oslo_service/backend/_threading/loopingcall.py:125}}
Jul 22 21:42:37.129680 np0000005660 nova-conductor[99088]: DEBUG oslo.service.backend._threading.loopingcall [-] Fixed interval looping call 'nova.servicegroup.drivers.db.DbDriver._report_state' sleeping for 119.99 seconds {{(pid=99088) _run_loop /opt/stack/data/venv/lib/python3.12/site-packages/oslo_service/backend/_threading/loopingcall.py:125}}
Jul 22 21:42:37.131506 np0000005660 nova-conductor[99076]: DEBUG oslo.service.backend._threading.loopingcall [-] Fixed interval looping call 'nova.servicegroup.drivers.db.DbDriver._report_state' sleeping for 119.99 seconds {{(pid=99076) _run_loop /opt/stack/data/venv/lib/python3.12/site-packages/oslo_service/backend/_threading/loopingcall.py:125}}
Jul 22 21:42:37.138377 np0000005660 nova-conductor[99081]: DEBUG oslo.service.backend._threading.loopingcall [-] Fixed interval looping call 'nova.servicegroup.drivers.db.DbDriver._report_state' sleeping for 119.99 seconds {{(pid=99081) _run_loop /opt/stack/data/venv/lib/python3.12/site-packages/oslo_service/backend/_threading/loopingcall.py:125}}
Jul 22 21:42:37.138722 np0000005660 nova-conductor[99092]: DEBUG oslo.service.backend._threading.loopingcall [-] Fixed interval looping call 'nova.servicegroup.drivers.db.DbDriver._report_state' sleeping for 119.99 seconds {{(pid=99092) _run_loop /opt/stack/data/venv/lib/python3.12/site-packages/oslo_service/backend/_threading/loopingcall.py:125}}
Jul 22 21:42:42.126988 np0000005660 nova-conductor[99076]: DEBUG oslo.service.backend._threading.loopingcall [None req-07f9292c-2037-4774-a879-a3b6b23b65d9 None None] Dynamic interval looping call 'nova.service.Service.periodic_tasks' sleeping for 60.00 seconds {{(pid=99076) _run_loop /opt/stack/data/venv/lib/python3.12/site-packages/oslo_service/backend/_threading/loopingcall.py:125}}
Jul 22 21:42:47.125815 np0000005660 nova-conductor[99088]: DEBUG dbcounter [-] [99088] Writing DB stats nova_cell0:SELECT=1,nova_cell0:UPDATE=1 {{(pid=99088) stat_writer /opt/stack/data/venv/lib/python3.12/site-packages/dbcounter.py:115}}
Jul 22 21:42:47.129119 np0000005660 nova-conductor[99076]: DEBUG dbcounter [-] [99076] Writing DB stats nova_cell0:SELECT=1,nova_cell0:UPDATE=1 {{(pid=99076) stat_writer /opt/stack/data/venv/lib/python3.12/site-packages/dbcounter.py:115}}
Jul 22 21:42:47.134532 np0000005660 nova-conductor[99081]: DEBUG dbcounter [-] [99081] Writing DB stats nova_cell0:SELECT=1 {{(pid=99081) stat_writer /opt/stack/data/venv/lib/python3.12/site-packages/dbcounter.py:115}}
Jul 22 21:42:47.137512 np0000005660 nova-conductor[99092]: DEBUG dbcounter [-] [99092] Writing DB stats nova_cell0:SELECT=1 {{(pid=99092) stat_writer /opt/stack/data/venv/lib/python3.12/site-packages/dbcounter.py:115}}
Jul 22 21:42:51.287243 np0000005660 nova-conductor[99076]: DEBUG oslo_db.sqlalchemy.engines [None req-e8bcd0f6-af91-42ca-9f68-375ffe6e1f02 tempest-ServerBootFromVolumeStableRescueTest-1238595778 tempest-ServerBootFromVolumeStableRescueTest-1238595778-project-member] Parent process 97581 forked (99076) with an open database connection, which is being discarded and recreated. {{(pid=99076) checkout /opt/stack/data/venv/lib/python3.12/site-packages/oslo_db/sqlalchemy/engines.py:402}}
Jul 22 21:42:51.338833 np0000005660 nova-conductor[99076]: DEBUG dbcounter [-] [99076] Writer thread running {{(pid=99076) stat_writer /opt/stack/data/venv/lib/python3.12/site-packages/dbcounter.py:102}}
Jul 22 21:42:52.042673 np0000005660 nova-conductor[99088]: DEBUG dbcounter [-] [99088] Writer thread running {{(pid=99088) stat_writer /opt/stack/data/venv/lib/python3.12/site-packages/dbcounter.py:102}}
Jul 22 21:42:52.520730 np0000005660 nova-conductor[99076]: DEBUG nova.conductor.manager [None req-e8bcd0f6-af91-42ca-9f68-375ffe6e1f02 tempest-ServerBootFromVolumeStableRescueTest-1238595778 tempest-ServerBootFromVolumeStableRescueTest-1238595778-project-member] Took 1.18 seconds to select destinations for 1 instance(s). {{(pid=99076) _schedule_instances /opt/stack/nova/nova/conductor/manager.py:968}}
Jul 22 21:42:52.557679 np0000005660 nova-conductor[99076]: DEBUG oslo_concurrency.lockutils [None req-e8bcd0f6-af91-42ca-9f68-375ffe6e1f02 tempest-ServerBootFromVolumeStableRescueTest-1238595778 tempest-ServerBootFromVolumeStableRescueTest-1238595778-project-member] Acquiring lock "d64f8b34-8537-4714-94a6-0643f5db60ce" by "nova.context.set_target_cell..get_or_set_cached_cell_and_set_connections" {{(pid=99076) inner /opt/stack/data/venv/lib/python3.12/site-packages/oslo_concurrency/lockutils.py:512}}
Jul 22 21:42:52.557679 np0000005660 nova-conductor[99076]: DEBUG oslo_concurrency.lockutils [None req-e8bcd0f6-af91-42ca-9f68-375ffe6e1f02 tempest-ServerBootFromVolumeStableRescueTest-1238595778 tempest-ServerBootFromVolumeStableRescueTest-1238595778-project-member] Lock "d64f8b34-8537-4714-94a6-0643f5db60ce" acquired by "nova.context.set_target_cell..get_or_set_cached_cell_and_set_connections" :: waited 0.000s {{(pid=99076) inner /opt/stack/data/venv/lib/python3.12/site-packages/oslo_concurrency/lockutils.py:525}}
Jul 22 21:42:52.557679 np0000005660 nova-conductor[99076]: DEBUG oslo_concurrency.lockutils [None req-e8bcd0f6-af91-42ca-9f68-375ffe6e1f02 tempest-ServerBootFromVolumeStableRescueTest-1238595778 tempest-ServerBootFromVolumeStableRescueTest-1238595778-project-member] Lock "d64f8b34-8537-4714-94a6-0643f5db60ce" "released" by "nova.context.set_target_cell..get_or_set_cached_cell_and_set_connections" :: held 0.002s {{(pid=99076) inner /opt/stack/data/venv/lib/python3.12/site-packages/oslo_concurrency/lockutils.py:544}}
Jul 22 21:42:52.559685 np0000005660 nova-conductor[99076]: INFO dbcounter [None req-e8bcd0f6-af91-42ca-9f68-375ffe6e1f02 tempest-ServerBootFromVolumeStableRescueTest-1238595778 tempest-ServerBootFromVolumeStableRescueTest-1238595778-project-member] Registered counter for database nova_cell1
Jul 22 21:42:52.606726 np0000005660 nova-conductor[99076]: DEBUG oslo_db.sqlalchemy.engines [None req-e8bcd0f6-af91-42ca-9f68-375ffe6e1f02 tempest-ServerBootFromVolumeStableRescueTest-1238595778 tempest-ServerBootFromVolumeStableRescueTest-1238595778-project-member] MySQL server mode set to STRICT_TRANS_TABLES,STRICT_ALL_TABLES,NO_ZERO_IN_DATE,NO_ZERO_DATE,ERROR_FOR_DIVISION_BY_ZERO,TRADITIONAL,NO_ENGINE_SUBSTITUTION {{(pid=99076) _check_effective_sql_mode /opt/stack/data/venv/lib/python3.12/site-packages/oslo_db/sqlalchemy/engines.py:325}}
Jul 22 21:42:52.613411 np0000005660 nova-conductor[99076]: DEBUG dbcounter [-] [99076] Writer thread running {{(pid=99076) stat_writer /opt/stack/data/venv/lib/python3.12/site-packages/dbcounter.py:102}}
Jul 22 21:42:52.655961 np0000005660 nova-conductor[99088]: DEBUG nova.conductor.manager [None req-027af915-0177-4845-8624-9143b13ed525 tempest-ImageDependencyTests-621547197 tempest-ImageDependencyTests-621547197-project-member] Took 0.61 seconds to select destinations for 1 instance(s). {{(pid=99088) _schedule_instances /opt/stack/nova/nova/conductor/manager.py:968}}
Jul 22 21:42:52.695047 np0000005660 nova-conductor[99088]: DEBUG oslo_concurrency.lockutils [None req-027af915-0177-4845-8624-9143b13ed525 tempest-ImageDependencyTests-621547197 tempest-ImageDependencyTests-621547197-project-member] Acquiring lock "d64f8b34-8537-4714-94a6-0643f5db60ce" by "nova.context.set_target_cell..get_or_set_cached_cell_and_set_connections" {{(pid=99088) inner /opt/stack/data/venv/lib/python3.12/site-packages/oslo_concurrency/lockutils.py:512}}
Jul 22 21:42:52.695215 np0000005660 nova-conductor[99088]: DEBUG oslo_concurrency.lockutils [None req-027af915-0177-4845-8624-9143b13ed525 tempest-ImageDependencyTests-621547197 tempest-ImageDependencyTests-621547197-project-member] Lock "d64f8b34-8537-4714-94a6-0643f5db60ce" acquired by "nova.context.set_target_cell..get_or_set_cached_cell_and_set_connections" :: waited 0.000s {{(pid=99088) inner /opt/stack/data/venv/lib/python3.12/site-packages/oslo_concurrency/lockutils.py:525}}
Jul 22 21:42:52.696515 np0000005660 nova-conductor[99088]: DEBUG oslo_concurrency.lockutils [None req-027af915-0177-4845-8624-9143b13ed525 tempest-ImageDependencyTests-621547197 tempest-ImageDependencyTests-621547197-project-member] Lock "d64f8b34-8537-4714-94a6-0643f5db60ce" "released" by "nova.context.set_target_cell..get_or_set_cached_cell_and_set_connections" :: held 0.001s {{(pid=99088) inner /opt/stack/data/venv/lib/python3.12/site-packages/oslo_concurrency/lockutils.py:544}}
