Aug 20 13:56:31.224969 np0000007862 nova-scheduler[96599]: DEBUG cotyledon.oslo_config_glue [-] workarounds.qemu_monitor_announce_self_count = 3 {{(pid=96599) log_opt_values /opt/stack/data/venv/lib/python3.12/site-packages/oslo_config/cfg.py:3560}}
Aug 20 13:56:31.224969 np0000007862 nova-scheduler[96599]: DEBUG cotyledon.oslo_config_glue [-] workarounds.qemu_monitor_announce_self_interval = 1 {{(pid=96599) log_opt_values /opt/stack/data/venv/lib/python3.12/site-packages/oslo_config/cfg.py:3560}}
Aug 20 13:56:31.224969 np0000007862 nova-scheduler[96599]: DEBUG cotyledon.oslo_config_glue [-] workarounds.reserve_disk_resource_for_image_cache = False {{(pid=96599) log_opt_values /opt/stack/data/venv/lib/python3.12/site-packages/oslo_config/cfg.py:3560}}
Aug 20 13:56:31.224969 np0000007862 nova-scheduler[96599]: DEBUG cotyledon.oslo_config_glue [-] workarounds.skip_cpu_compare_at_startup = False {{(pid=96599) log_opt_values /opt/stack/data/venv/lib/python3.12/site-packages/oslo_config/cfg.py:3560}}
Aug 20 13:56:31.224969 np0000007862 nova-scheduler[96599]: DEBUG cotyledon.oslo_config_glue [-] workarounds.skip_cpu_compare_on_dest = False {{(pid=96599) log_opt_values /opt/stack/data/venv/lib/python3.12/site-packages/oslo_config/cfg.py:3560}}
Aug 20 13:56:31.224969 np0000007862 nova-scheduler[96599]: DEBUG cotyledon.oslo_config_glue [-] workarounds.skip_hypervisor_version_check_on_lm = False {{(pid=96599) log_opt_values /opt/stack/data/venv/lib/python3.12/site-packages/oslo_config/cfg.py:3560}}
Aug 20 13:56:31.224969 np0000007862 nova-scheduler[96599]: DEBUG cotyledon.oslo_config_glue [-] workarounds.skip_reserve_in_use_ironic_nodes = False {{(pid=96599) log_opt_values /opt/stack/data/venv/lib/python3.12/site-packages/oslo_config/cfg.py:3560}}
Aug 20 13:56:31.224969 np0000007862 nova-scheduler[96599]: DEBUG cotyledon.oslo_config_glue [-] workarounds.unified_limits_count_pcpu_as_vcpu = False {{(pid=96599) log_opt_values /opt/stack/data/venv/lib/python3.12/site-packages/oslo_config/cfg.py:3560}}
Aug 20 13:56:31.226126 np0000007862 nova-scheduler[96599]: DEBUG cotyledon.oslo_config_glue [-] workarounds.wait_for_vif_plugged_event_during_hard_reboot = [] {{(pid=96599) log_opt_values /opt/stack/data/venv/lib/python3.12/site-packages/oslo_config/cfg.py:3560}}
Aug 20 13:56:31.226126 np0000007862 nova-scheduler[96599]: DEBUG cotyledon.oslo_config_glue [-] wsgi.api_paste_config = /etc/nova/api-paste.ini {{(pid=96599) log_opt_values /opt/stack/data/venv/lib/python3.12/site-packages/oslo_config/cfg.py:3560}}
Aug 20 13:56:31.226126 np0000007862 nova-scheduler[96599]: DEBUG cotyledon.oslo_config_glue [-] wsgi.secure_proxy_ssl_header = None {{(pid=96599) log_opt_values /opt/stack/data/venv/lib/python3.12/site-packages/oslo_config/cfg.py:3560}}
Aug 20 13:56:31.226126 np0000007862 nova-scheduler[96599]: DEBUG cotyledon.oslo_config_glue [-] zvm.ca_file = None {{(pid=96599) log_opt_values /opt/stack/data/venv/lib/python3.12/site-packages/oslo_config/cfg.py:3560}}
Aug 20 13:56:31.226126 np0000007862 nova-scheduler[96599]: DEBUG cotyledon.oslo_config_glue [-] zvm.cloud_connector_url = None {{(pid=96599) log_opt_values /opt/stack/data/venv/lib/python3.12/site-packages/oslo_config/cfg.py:3560}}
Aug 20 13:56:31.226126 np0000007862 nova-scheduler[96599]: DEBUG cotyledon.oslo_config_glue [-] zvm.image_tmp_path = /opt/stack/data/nova/images {{(pid=96599) log_opt_values /opt/stack/data/venv/lib/python3.12/site-packages/oslo_config/cfg.py:3560}}
Aug 20 13:56:31.226126 np0000007862 nova-scheduler[96599]: DEBUG cotyledon.oslo_config_glue [-] zvm.reachable_timeout = 300 {{(pid=96599) log_opt_values /opt/stack/data/venv/lib/python3.12/site-packages/oslo_config/cfg.py:3560}}
Aug 20 13:56:31.226126 np0000007862 nova-scheduler[96599]: DEBUG cotyledon.oslo_config_glue [-] oslo_versionedobjects.fatal_exception_format_errors = False {{(pid=96599) log_opt_values /opt/stack/data/venv/lib/python3.12/site-packages/oslo_config/cfg.py:3560}}
Aug 20 13:56:31.226126 np0000007862 nova-scheduler[96599]: DEBUG cotyledon.oslo_config_glue [-] oslo_middleware.http_basic_auth_user_file = /etc/htpasswd {{(pid=96599) log_opt_values /opt/stack/data/venv/lib/python3.12/site-packages/oslo_config/cfg.py:3560}}
Aug 20 13:56:31.226419 np0000007862 nova-scheduler[96599]: DEBUG cotyledon.oslo_config_glue [-] oslo_messaging_metrics.metrics_buffer_size = 1000 {{(pid=96599) log_opt_values /opt/stack/data/venv/lib/python3.12/site-packages/oslo_config/cfg.py:3560}}
Aug 20 13:56:31.226419 np0000007862 nova-scheduler[96599]: DEBUG cotyledon.oslo_config_glue [-] oslo_messaging_metrics.metrics_enabled = False {{(pid=96599) log_opt_values /opt/stack/data/venv/lib/python3.12/site-packages/oslo_config/cfg.py:3560}}
Aug 20 13:56:31.226419 np0000007862 nova-scheduler[96599]: DEBUG cotyledon.oslo_config_glue [-] oslo_messaging_metrics.metrics_process_name = {{(pid=96599) log_opt_values /opt/stack/data/venv/lib/python3.12/site-packages/oslo_config/cfg.py:3560}}
Aug 20 13:56:31.226521 np0000007862 nova-scheduler[96601]: INFO nova.service [-] Starting scheduler node (version 33.1.0)
Aug 20 13:56:31.226548 np0000007862 nova-scheduler[96599]: DEBUG cotyledon.oslo_config_glue [-] oslo_messaging_metrics.metrics_socket_file = /var/tmp/metrics_collector.sock {{(pid=96599) log_opt_values /opt/stack/data/venv/lib/python3.12/site-packages/oslo_config/cfg.py:3560}}
Aug 20 13:56:31.226548 np0000007862 nova-scheduler[96599]: DEBUG cotyledon.oslo_config_glue [-] oslo_messaging_metrics.metrics_thread_stop_timeout = 10 {{(pid=96599) log_opt_values /opt/stack/data/venv/lib/python3.12/site-packages/oslo_config/cfg.py:3560}}
Aug 20 13:56:31.226548 np0000007862 nova-scheduler[96599]: DEBUG cotyledon.oslo_config_glue [-] profiler.connection_string = messaging:// {{(pid=96599) log_opt_values /opt/stack/data/venv/lib/python3.12/site-packages/oslo_config/cfg.py:3560}}
Aug 20 13:56:31.226548 np0000007862 nova-scheduler[96599]: DEBUG cotyledon.oslo_config_glue [-] profiler.enabled = False {{(pid=96599) log_opt_values /opt/stack/data/venv/lib/python3.12/site-packages/oslo_config/cfg.py:3560}}
Aug 20 13:56:31.226548 np0000007862 nova-scheduler[96599]: DEBUG cotyledon.oslo_config_glue [-] profiler.es_doc_type = notification {{(pid=96599) log_opt_values /opt/stack/data/venv/lib/python3.12/site-packages/oslo_config/cfg.py:3560}}
Aug 20 13:56:31.226548 np0000007862 nova-scheduler[96599]: DEBUG cotyledon.oslo_config_glue [-] profiler.es_scroll_size = 10000 {{(pid=96599) log_opt_values /opt/stack/data/venv/lib/python3.12/site-packages/oslo_config/cfg.py:3560}}
Aug 20 13:56:31.226548 np0000007862 nova-scheduler[96599]: DEBUG cotyledon.oslo_config_glue [-] profiler.es_scroll_time = 2m {{(pid=96599) log_opt_values /opt/stack/data/venv/lib/python3.12/site-packages/oslo_config/cfg.py:3560}}
Aug 20 13:56:31.226548 np0000007862 nova-scheduler[96599]: DEBUG cotyledon.oslo_config_glue [-] profiler.filter_error_trace = False {{(pid=96599) log_opt_values /opt/stack/data/venv/lib/python3.12/site-packages/oslo_config/cfg.py:3560}}
Aug 20 13:56:31.226548 np0000007862 nova-scheduler[96599]: DEBUG cotyledon.oslo_config_glue [-] profiler.hmac_keys = **** {{(pid=96599) log_opt_values /opt/stack/data/venv/lib/python3.12/site-packages/oslo_config/cfg.py:3560}}
Aug 20 13:56:31.226785 np0000007862 nova-scheduler[96599]: DEBUG cotyledon.oslo_config_glue [-] profiler.sentinel_service_name = mymaster {{(pid=96599) log_opt_values /opt/stack/data/venv/lib/python3.12/site-packages/oslo_config/cfg.py:3560}}
Aug 20 13:56:31.226785 np0000007862 nova-scheduler[96599]: DEBUG cotyledon.oslo_config_glue [-] profiler.socket_timeout = 0.1 {{(pid=96599) log_opt_values /opt/stack/data/venv/lib/python3.12/site-packages/oslo_config/cfg.py:3560}}
Aug 20 13:56:31.226785 np0000007862 nova-scheduler[96599]: DEBUG cotyledon.oslo_config_glue [-] profiler.trace_requests = False {{(pid=96599) log_opt_values /opt/stack/data/venv/lib/python3.12/site-packages/oslo_config/cfg.py:3560}}
Aug 20 13:56:31.226785 np0000007862 nova-scheduler[96599]: DEBUG cotyledon.oslo_config_glue [-] profiler.trace_sqlalchemy = False {{(pid=96599) log_opt_values /opt/stack/data/venv/lib/python3.12/site-packages/oslo_config/cfg.py:3560}}
Aug 20 13:56:31.226785 np0000007862 nova-scheduler[96599]: DEBUG cotyledon.oslo_config_glue [-] profiler_jaeger.process_tags = {} {{(pid=96599) log_opt_values /opt/stack/data/venv/lib/python3.12/site-packages/oslo_config/cfg.py:3560}}
Aug 20 13:56:31.226785 np0000007862 nova-scheduler[96599]: DEBUG cotyledon.oslo_config_glue [-] profiler_jaeger.service_name_prefix = None {{(pid=96599) log_opt_values /opt/stack/data/venv/lib/python3.12/site-packages/oslo_config/cfg.py:3560}}
Aug 20 13:56:31.226785 np0000007862 nova-scheduler[96599]: DEBUG cotyledon.oslo_config_glue [-] profiler_otlp.service_name_prefix = None {{(pid=96599) log_opt_values /opt/stack/data/venv/lib/python3.12/site-packages/oslo_config/cfg.py:3560}}
Aug 20 13:56:31.226785 np0000007862 nova-scheduler[96599]: DEBUG cotyledon.oslo_config_glue [-] oslo_messaging_rabbit.amqp_auto_delete = False {{(pid=96599) log_opt_values /opt/stack/data/venv/lib/python3.12/site-packages/oslo_config/cfg.py:3560}}
Aug 20 13:56:31.226785 np0000007862 nova-scheduler[96599]: DEBUG cotyledon.oslo_config_glue [-] oslo_messaging_rabbit.amqp_durable_queues = False {{(pid=96599) log_opt_values /opt/stack/data/venv/lib/python3.12/site-packages/oslo_config/cfg.py:3560}}
Aug 20 13:56:31.226973 np0000007862 nova-scheduler[96599]: DEBUG cotyledon.oslo_config_glue [-] oslo_messaging_rabbit.conn_pool_min_size = 2 {{(pid=96599) log_opt_values /opt/stack/data/venv/lib/python3.12/site-packages/oslo_config/cfg.py:3560}}
Aug 20 13:56:31.226973 np0000007862 nova-scheduler[96599]: DEBUG cotyledon.oslo_config_glue [-] oslo_messaging_rabbit.conn_pool_ttl = 1200 {{(pid=96599) log_opt_values /opt/stack/data/venv/lib/python3.12/site-packages/oslo_config/cfg.py:3560}}
Aug 20 13:56:31.226973 np0000007862 nova-scheduler[96599]: DEBUG cotyledon.oslo_config_glue [-] oslo_messaging_rabbit.direct_mandatory_flag = True {{(pid=96599) log_opt_values /opt/stack/data/venv/lib/python3.12/site-packages/oslo_config/cfg.py:3560}}
Aug 20 13:56:31.226973 np0000007862 nova-scheduler[96599]: DEBUG cotyledon.oslo_config_glue [-] oslo_messaging_rabbit.enable_cancel_on_failover = False {{(pid=96599) log_opt_values /opt/stack/data/venv/lib/python3.12/site-packages/oslo_config/cfg.py:3560}}
Aug 20 13:56:31.227101 np0000007862 nova-scheduler[96595]: DEBUG oslo_db.sqlalchemy.engines [None req-d508aff0-887a-4740-8c4d-c9f8c43cf51f None None] MySQL server mode set to STRICT_TRANS_TABLES,STRICT_ALL_TABLES,NO_ZERO_IN_DATE,NO_ZERO_DATE,ERROR_FOR_DIVISION_BY_ZERO,TRADITIONAL,NO_ENGINE_SUBSTITUTION {{(pid=96595) _check_effective_sql_mode /opt/stack/data/venv/lib/python3.12/site-packages/oslo_db/sqlalchemy/engines.py:325}}
Aug 20 13:56:31.227141 np0000007862 nova-scheduler[96599]: DEBUG cotyledon.oslo_config_glue [-] oslo_messaging_rabbit.heartbeat_rate = 3 {{(pid=96599) log_opt_values /opt/stack/data/venv/lib/python3.12/site-packages/oslo_config/cfg.py:3560}}
Aug 20 13:56:31.227141 np0000007862 nova-scheduler[96599]: DEBUG cotyledon.oslo_config_glue [-] oslo_messaging_rabbit.heartbeat_timeout_threshold = 60 {{(pid=96599) log_opt_values /opt/stack/data/venv/lib/python3.12/site-packages/oslo_config/cfg.py:3560}}
Aug 20 13:56:31.227141 np0000007862 nova-scheduler[96599]: DEBUG cotyledon.oslo_config_glue [-] oslo_messaging_rabbit.hostname = np0000007862 {{(pid=96599) log_opt_values /opt/stack/data/venv/lib/python3.12/site-packages/oslo_config/cfg.py:3560}}
Aug 20 13:56:31.227141 np0000007862 nova-scheduler[96599]: DEBUG cotyledon.oslo_config_glue [-] oslo_messaging_rabbit.kombu_compression = None {{(pid=96599) log_opt_values /opt/stack/data/venv/lib/python3.12/site-packages/oslo_config/cfg.py:3560}}
Aug 20 13:56:31.227141 np0000007862 nova-scheduler[96599]: DEBUG cotyledon.oslo_config_glue [-] oslo_messaging_rabbit.kombu_failover_strategy = round-robin {{(pid=96599) log_opt_values /opt/stack/data/venv/lib/python3.12/site-packages/oslo_config/cfg.py:3560}}
Aug 20 13:56:31.227141 np0000007862 nova-scheduler[96599]: DEBUG cotyledon.oslo_config_glue [-] oslo_messaging_rabbit.kombu_missing_consumer_retry_timeout = 60 {{(pid=96599) log_opt_values /opt/stack/data/venv/lib/python3.12/site-packages/oslo_config/cfg.py:3560}}
Aug 20 13:56:31.227141 np0000007862 nova-scheduler[96599]: DEBUG cotyledon.oslo_config_glue [-] oslo_messaging_rabbit.kombu_reconnect_delay = 1.0 {{(pid=96599) log_opt_values /opt/stack/data/venv/lib/python3.12/site-packages/oslo_config/cfg.py:3560}}
Aug 20 13:56:31.227141 np0000007862 nova-scheduler[96599]: DEBUG cotyledon.oslo_config_glue [-] oslo_messaging_rabbit.kombu_reconnect_splay = 0.0 {{(pid=96599) log_opt_values /opt/stack/data/venv/lib/python3.12/site-packages/oslo_config/cfg.py:3560}}
Aug 20 13:56:31.227141 np0000007862 nova-scheduler[96599]: DEBUG cotyledon.oslo_config_glue [-] oslo_messaging_rabbit.processname = nova-scheduler {{(pid=96599) log_opt_values /opt/stack/data/venv/lib/python3.12/site-packages/oslo_config/cfg.py:3560}}
Aug 20 13:56:31.227387 np0000007862 nova-scheduler[96599]: DEBUG cotyledon.oslo_config_glue [-] oslo_messaging_rabbit.rabbit_ha_queues = False {{(pid=96599) log_opt_values /opt/stack/data/venv/lib/python3.12/site-packages/oslo_config/cfg.py:3560}}
Aug 20 13:56:31.227387 np0000007862 nova-scheduler[96599]: DEBUG cotyledon.oslo_config_glue [-] oslo_messaging_rabbit.rabbit_interval_max = 30 {{(pid=96599) log_opt_values /opt/stack/data/venv/lib/python3.12/site-packages/oslo_config/cfg.py:3560}}
Aug 20 13:56:31.227387 np0000007862 nova-scheduler[96599]: DEBUG cotyledon.oslo_config_glue [-] oslo_messaging_rabbit.rabbit_login_method = AMQPLAIN {{(pid=96599) log_opt_values /opt/stack/data/venv/lib/python3.12/site-packages/oslo_config/cfg.py:3560}}
Aug 20 13:56:31.227387 np0000007862 nova-scheduler[96599]: DEBUG cotyledon.oslo_config_glue [-] oslo_messaging_rabbit.rabbit_qos_prefetch_count = 0 {{(pid=96599) log_opt_values /opt/stack/data/venv/lib/python3.12/site-packages/oslo_config/cfg.py:3560}}
Aug 20 13:56:31.227387 np0000007862 nova-scheduler[96599]: DEBUG cotyledon.oslo_config_glue [-] oslo_messaging_rabbit.rabbit_quorum_delivery_limit = 0 {{(pid=96599) log_opt_values /opt/stack/data/venv/lib/python3.12/site-packages/oslo_config/cfg.py:3560}}
Aug 20 13:56:31.227387 np0000007862 nova-scheduler[96599]: DEBUG cotyledon.oslo_config_glue [-] oslo_messaging_rabbit.rabbit_quorum_max_memory_bytes = 0 {{(pid=96599) log_opt_values /opt/stack/data/venv/lib/python3.12/site-packages/oslo_config/cfg.py:3560}}
Aug 20 13:56:31.227387 np0000007862 nova-scheduler[96599]: DEBUG cotyledon.oslo_config_glue [-] oslo_messaging_rabbit.rabbit_quorum_max_memory_length = 0 {{(pid=96599) log_opt_values /opt/stack/data/venv/lib/python3.12/site-packages/oslo_config/cfg.py:3560}}
Aug 20 13:56:31.227387 np0000007862 nova-scheduler[96599]: DEBUG cotyledon.oslo_config_glue [-] oslo_messaging_rabbit.rabbit_quorum_queue = False {{(pid=96599) log_opt_values /opt/stack/data/venv/lib/python3.12/site-packages/oslo_config/cfg.py:3560}}
Aug 20 13:56:31.227387 np0000007862 nova-scheduler[96599]: DEBUG cotyledon.oslo_config_glue [-] oslo_messaging_rabbit.rabbit_retry_backoff = 2 {{(pid=96599) log_opt_values /opt/stack/data/venv/lib/python3.12/site-packages/oslo_config/cfg.py:3560}}
Aug 20 13:56:31.227628 np0000007862 nova-scheduler[96599]: DEBUG cotyledon.oslo_config_glue [-] oslo_messaging_rabbit.rabbit_retry_interval = 1 {{(pid=96599) log_opt_values /opt/stack/data/venv/lib/python3.12/site-packages/oslo_config/cfg.py:3560}}
Aug 20 13:56:31.227628 np0000007862 nova-scheduler[96599]: DEBUG cotyledon.oslo_config_glue [-] oslo_messaging_rabbit.rabbit_stream_fanout = False {{(pid=96599) log_opt_values /opt/stack/data/venv/lib/python3.12/site-packages/oslo_config/cfg.py:3560}}
Aug 20 13:56:31.227628 np0000007862 nova-scheduler[96599]: DEBUG cotyledon.oslo_config_glue [-] oslo_messaging_rabbit.rabbit_transient_queues_ttl = 1800 {{(pid=96599) log_opt_values /opt/stack/data/venv/lib/python3.12/site-packages/oslo_config/cfg.py:3560}}
Aug 20 13:56:31.227628 np0000007862 nova-scheduler[96599]: DEBUG cotyledon.oslo_config_glue [-] oslo_messaging_rabbit.rabbit_transient_quorum_queue = False {{(pid=96599) log_opt_values /opt/stack/data/venv/lib/python3.12/site-packages/oslo_config/cfg.py:3560}}
Aug 20 13:56:31.227628 np0000007862 nova-scheduler[96599]: DEBUG cotyledon.oslo_config_glue [-] oslo_messaging_rabbit.rpc_conn_pool_size = 30 {{(pid=96599) log_opt_values /opt/stack/data/venv/lib/python3.12/site-packages/oslo_config/cfg.py:3560}}
Aug 20 13:56:31.227628 np0000007862 nova-scheduler[96599]: DEBUG cotyledon.oslo_config_glue [-] oslo_messaging_rabbit.ssl = False {{(pid=96599) log_opt_values /opt/stack/data/venv/lib/python3.12/site-packages/oslo_config/cfg.py:3560}}
Aug 20 13:56:31.227628 np0000007862 nova-scheduler[96599]: DEBUG cotyledon.oslo_config_glue [-] oslo_messaging_rabbit.ssl_ca_file = {{(pid=96599) log_opt_values /opt/stack/data/venv/lib/python3.12/site-packages/oslo_config/cfg.py:3560}}
Aug 20 13:56:31.227628 np0000007862 nova-scheduler[96599]: DEBUG cotyledon.oslo_config_glue [-] oslo_messaging_rabbit.ssl_cert_file = {{(pid=96599) log_opt_values /opt/stack/data/venv/lib/python3.12/site-packages/oslo_config/cfg.py:3560}}
Aug 20 13:56:31.227628 np0000007862 nova-scheduler[96599]: DEBUG cotyledon.oslo_config_glue [-] oslo_messaging_rabbit.ssl_enforce_fips_mode = False {{(pid=96599) log_opt_values /opt/stack/data/venv/lib/python3.12/site-packages/oslo_config/cfg.py:3560}}
Aug 20 13:56:31.227861 np0000007862 nova-scheduler[96599]: DEBUG cotyledon.oslo_config_glue [-] oslo_messaging_rabbit.ssl_enforce_hostname_verification = True {{(pid=96599) log_opt_values /opt/stack/data/venv/lib/python3.12/site-packages/oslo_config/cfg.py:3560}}
Aug 20 13:56:31.227861 np0000007862 nova-scheduler[96599]: DEBUG cotyledon.oslo_config_glue [-] oslo_messaging_rabbit.ssl_key_file = {{(pid=96599) log_opt_values /opt/stack/data/venv/lib/python3.12/site-packages/oslo_config/cfg.py:3560}}
Aug 20 13:56:31.227861 np0000007862 nova-scheduler[96599]: DEBUG cotyledon.oslo_config_glue [-] oslo_messaging_rabbit.ssl_version = {{(pid=96599) log_opt_values /opt/stack/data/venv/lib/python3.12/site-packages/oslo_config/cfg.py:3560}}
Aug 20 13:56:31.227861 np0000007862 nova-scheduler[96599]: DEBUG cotyledon.oslo_config_glue [-] oslo_messaging_rabbit.use_queue_manager = False {{(pid=96599) log_opt_values /opt/stack/data/venv/lib/python3.12/site-packages/oslo_config/cfg.py:3560}}
Aug 20 13:56:31.227861 np0000007862 nova-scheduler[96599]: DEBUG cotyledon.oslo_config_glue [-] oslo_messaging_notifications.driver = ['messagingv2'] {{(pid=96599) log_opt_values /opt/stack/data/venv/lib/python3.12/site-packages/oslo_config/cfg.py:3560}}
Aug 20 13:56:31.227861 np0000007862 nova-scheduler[96599]: DEBUG cotyledon.oslo_config_glue [-] oslo_messaging_notifications.retry = -1 {{(pid=96599) log_opt_values /opt/stack/data/venv/lib/python3.12/site-packages/oslo_config/cfg.py:3560}}
Aug 20 13:56:31.227861 np0000007862 nova-scheduler[96599]: DEBUG cotyledon.oslo_config_glue [-] oslo_messaging_notifications.topics = ['notifications'] {{(pid=96599) log_opt_values /opt/stack/data/venv/lib/python3.12/site-packages/oslo_config/cfg.py:3560}}
Aug 20 13:56:31.227861 np0000007862 nova-scheduler[96599]: DEBUG cotyledon.oslo_config_glue [-] oslo_messaging_notifications.transport_url = **** {{(pid=96599) log_opt_values /opt/stack/data/venv/lib/python3.12/site-packages/oslo_config/cfg.py:3560}}
Aug 20 13:56:31.227861 np0000007862 nova-scheduler[96599]: DEBUG cotyledon.oslo_config_glue [-] oslo_limit.auth_section = None {{(pid=96599) log_opt_values /opt/stack/data/venv/lib/python3.12/site-packages/oslo_config/cfg.py:3560}}
Aug 20 13:56:31.228095 np0000007862 nova-scheduler[96599]: DEBUG cotyledon.oslo_config_glue [-] oslo_limit.auth_type = None {{(pid=96599) log_opt_values /opt/stack/data/venv/lib/python3.12/site-packages/oslo_config/cfg.py:3560}}
Aug 20 13:56:31.228095 np0000007862 nova-scheduler[96599]: DEBUG cotyledon.oslo_config_glue [-] oslo_limit.cafile = None {{(pid=96599) log_opt_values /opt/stack/data/venv/lib/python3.12/site-packages/oslo_config/cfg.py:3560}}
Aug 20 13:56:31.228095 np0000007862 nova-scheduler[96599]: DEBUG cotyledon.oslo_config_glue [-] oslo_limit.certfile = None {{(pid=96599) log_opt_values /opt/stack/data/venv/lib/python3.12/site-packages/oslo_config/cfg.py:3560}}
Aug 20 13:56:31.228095 np0000007862 nova-scheduler[96599]: DEBUG cotyledon.oslo_config_glue [-] oslo_limit.collect_timing = False {{(pid=96599) log_opt_values /opt/stack/data/venv/lib/python3.12/site-packages/oslo_config/cfg.py:3560}}
Aug 20 13:56:31.228095 np0000007862 nova-scheduler[96599]: DEBUG cotyledon.oslo_config_glue [-] oslo_limit.connect_retries = None {{(pid=96599) log_opt_values /opt/stack/data/venv/lib/python3.12/site-packages/oslo_config/cfg.py:3560}}
Aug 20 13:56:31.228095 np0000007862 nova-scheduler[96599]: DEBUG cotyledon.oslo_config_glue [-] oslo_limit.connect_retry_delay = None {{(pid=96599) log_opt_values /opt/stack/data/venv/lib/python3.12/site-packages/oslo_config/cfg.py:3560}}
Aug 20 13:56:31.228095 np0000007862 nova-scheduler[96599]: DEBUG cotyledon.oslo_config_glue [-] oslo_limit.endpoint_id = None {{(pid=96599) log_opt_values /opt/stack/data/venv/lib/python3.12/site-packages/oslo_config/cfg.py:3560}}
Aug 20 13:56:31.228095 np0000007862 nova-scheduler[96599]: DEBUG cotyledon.oslo_config_glue [-] oslo_limit.endpoint_interface = public {{(pid=96599) log_opt_values /opt/stack/data/venv/lib/python3.12/site-packages/oslo_config/cfg.py:3560}}
Aug 20 13:56:31.228095 np0000007862 nova-scheduler[96599]: DEBUG cotyledon.oslo_config_glue [-] oslo_limit.endpoint_override = None {{(pid=96599) log_opt_values /opt/stack/data/venv/lib/python3.12/site-packages/oslo_config/cfg.py:3560}}
Aug 20 13:56:31.228451 np0000007862 nova-scheduler[96599]: DEBUG cotyledon.oslo_config_glue [-] oslo_limit.endpoint_region_name = None {{(pid=96599) log_opt_values /opt/stack/data/venv/lib/python3.12/site-packages/oslo_config/cfg.py:3560}}
Aug 20 13:56:31.228451 np0000007862 nova-scheduler[96599]: DEBUG cotyledon.oslo_config_glue [-] oslo_limit.endpoint_service_name = None {{(pid=96599) log_opt_values /opt/stack/data/venv/lib/python3.12/site-packages/oslo_config/cfg.py:3560}}
Aug 20 13:56:31.228451 np0000007862 nova-scheduler[96599]: DEBUG cotyledon.oslo_config_glue [-] oslo_limit.endpoint_service_type = None {{(pid=96599) log_opt_values /opt/stack/data/venv/lib/python3.12/site-packages/oslo_config/cfg.py:3560}}
Aug 20 13:56:31.228451 np0000007862 nova-scheduler[96599]: DEBUG cotyledon.oslo_config_glue [-] oslo_limit.insecure = False {{(pid=96599) log_opt_values /opt/stack/data/venv/lib/python3.12/site-packages/oslo_config/cfg.py:3560}}
Aug 20 13:56:31.228451 np0000007862 nova-scheduler[96599]: DEBUG cotyledon.oslo_config_glue [-] oslo_limit.keyfile = None {{(pid=96599) log_opt_values /opt/stack/data/venv/lib/python3.12/site-packages/oslo_config/cfg.py:3560}}
Aug 20 13:56:31.228451 np0000007862 nova-scheduler[96599]: DEBUG cotyledon.oslo_config_glue [-] oslo_limit.max_version = None {{(pid=96599) log_opt_values /opt/stack/data/venv/lib/python3.12/site-packages/oslo_config/cfg.py:3560}}
Aug 20 13:56:31.228451 np0000007862 nova-scheduler[96599]: DEBUG cotyledon.oslo_config_glue [-] oslo_limit.min_version = None {{(pid=96599) log_opt_values /opt/stack/data/venv/lib/python3.12/site-packages/oslo_config/cfg.py:3560}}
Aug 20 13:56:31.228451 np0000007862 nova-scheduler[96599]: DEBUG cotyledon.oslo_config_glue [-] oslo_limit.region_name = None {{(pid=96599) log_opt_values /opt/stack/data/venv/lib/python3.12/site-packages/oslo_config/cfg.py:3560}}
Aug 20 13:56:31.228451 np0000007862 nova-scheduler[96599]: DEBUG cotyledon.oslo_config_glue [-] oslo_limit.retriable_status_codes = None {{(pid=96599) log_opt_values /opt/stack/data/venv/lib/python3.12/site-packages/oslo_config/cfg.py:3560}}
Aug 20 13:56:31.228708 np0000007862 nova-scheduler[96599]: DEBUG cotyledon.oslo_config_glue [-] oslo_limit.service_name = None {{(pid=96599) log_opt_values /opt/stack/data/venv/lib/python3.12/site-packages/oslo_config/cfg.py:3560}}
Aug 20 13:56:31.228708 np0000007862 nova-scheduler[96599]: DEBUG cotyledon.oslo_config_glue [-] oslo_limit.service_type = None {{(pid=96599) log_opt_values /opt/stack/data/venv/lib/python3.12/site-packages/oslo_config/cfg.py:3560}}
Aug 20 13:56:31.228708 np0000007862 nova-scheduler[96599]: DEBUG cotyledon.oslo_config_glue [-] oslo_limit.split_loggers = False {{(pid=96599) log_opt_values /opt/stack/data/venv/lib/python3.12/site-packages/oslo_config/cfg.py:3560}}
Aug 20 13:56:31.228708 np0000007862 nova-scheduler[96599]: DEBUG cotyledon.oslo_config_glue [-] oslo_limit.status_code_retries = None {{(pid=96599) log_opt_values /opt/stack/data/venv/lib/python3.12/site-packages/oslo_config/cfg.py:3560}}
Aug 20 13:56:31.228708 np0000007862 nova-scheduler[96599]: DEBUG cotyledon.oslo_config_glue [-] oslo_limit.status_code_retry_delay = None {{(pid=96599) log_opt_values /opt/stack/data/venv/lib/python3.12/site-packages/oslo_config/cfg.py:3560}}
Aug 20 13:56:31.228708 np0000007862 nova-scheduler[96599]: DEBUG cotyledon.oslo_config_glue [-] oslo_limit.timeout = None {{(pid=96599) log_opt_values /opt/stack/data/venv/lib/python3.12/site-packages/oslo_config/cfg.py:3560}}
Aug 20 13:56:31.228708 np0000007862 nova-scheduler[96599]: DEBUG cotyledon.oslo_config_glue [-] oslo_limit.valid_interfaces = None {{(pid=96599) log_opt_values /opt/stack/data/venv/lib/python3.12/site-packages/oslo_config/cfg.py:3560}}
Aug 20 13:56:31.228708 np0000007862 nova-scheduler[96599]: DEBUG cotyledon.oslo_config_glue [-] oslo_limit.version = None {{(pid=96599) log_opt_values /opt/stack/data/venv/lib/python3.12/site-packages/oslo_config/cfg.py:3560}}
Aug 20 13:56:31.228708 np0000007862 nova-scheduler[96599]: DEBUG cotyledon.oslo_config_glue [-] oslo_reports.file_event_handler = None {{(pid=96599) log_opt_values /opt/stack/data/venv/lib/python3.12/site-packages/oslo_config/cfg.py:3560}}
Aug 20 13:56:31.228882 np0000007862 nova-scheduler[96599]: DEBUG cotyledon.oslo_config_glue [-] oslo_reports.file_event_handler_interval = 1 {{(pid=96599) log_opt_values /opt/stack/data/venv/lib/python3.12/site-packages/oslo_config/cfg.py:3560}}
Aug 20 13:56:31.228882 np0000007862 nova-scheduler[96599]: DEBUG cotyledon.oslo_config_glue [-] oslo_reports.log_dir = None {{(pid=96599) log_opt_values /opt/stack/data/venv/lib/python3.12/site-packages/oslo_config/cfg.py:3560}}
Aug 20 13:56:31.228882 np0000007862 nova-scheduler[96599]: DEBUG cotyledon.oslo_config_glue [-] ******************************************************************************** {{(pid=96599) log_opt_values /opt/stack/data/venv/lib/python3.12/site-packages/oslo_config/cfg.py:3567}}
Aug 20 13:56:31.228882 np0000007862 nova-scheduler[96599]: DEBUG cotyledon._service_worker [-] Run service ServiceWrapper(2) [96599] {{(pid=96599) wait_forever /opt/stack/data/venv/lib/python3.12/site-packages/cotyledon/_service_worker.py:218}}
Aug 20 13:56:31.228970 np0000007862 nova-scheduler[96601]: INFO dbcounter [None req-cc7d0a22-8af5-46e3-87f0-3fba7fbe40bb None None] Registered counter for database nova_cell0
Aug 20 13:56:31.229014 np0000007862 nova-scheduler[96599]: INFO nova.service [-] Starting scheduler node (version 33.1.0)
Aug 20 13:56:31.229054 np0000007862 nova-scheduler[96595]: DEBUG dbcounter [-] [96595] Writer thread running {{(pid=96595) stat_writer /opt/stack/data/venv/lib/python3.12/site-packages/dbcounter.py:102}}
Aug 20 13:56:31.229107 np0000007862 nova-scheduler[96599]: INFO dbcounter [None req-02ee66f9-5298-4836-acc0-e210e3063412 None None] Registered counter for database nova_cell0
Aug 20 13:56:31.230428 np0000007862 nova-scheduler[96595]: DEBUG nova.service [None req-d508aff0-887a-4740-8c4d-c9f8c43cf51f None None] Creating RPC server for service: nova-scheduler on topic: scheduler {{(pid=96595) start /opt/stack/nova/nova/service.py:262}}
Aug 20 13:56:31.235796 np0000007862 nova-scheduler[96597]: DEBUG oslo_db.sqlalchemy.engines [None req-8da5bdd2-c7e8-4d23-a016-d91f6e04dd2f None None] MySQL server mode set to STRICT_TRANS_TABLES,STRICT_ALL_TABLES,NO_ZERO_IN_DATE,NO_ZERO_DATE,ERROR_FOR_DIVISION_BY_ZERO,TRADITIONAL,NO_ENGINE_SUBSTITUTION {{(pid=96597) _check_effective_sql_mode /opt/stack/data/venv/lib/python3.12/site-packages/oslo_db/sqlalchemy/engines.py:325}}
Aug 20 13:56:31.258590 np0000007862 nova-scheduler[96597]: DEBUG dbcounter [-] [96597] Writer thread running {{(pid=96597) stat_writer /opt/stack/data/venv/lib/python3.12/site-packages/dbcounter.py:102}}
Aug 20 13:56:31.261817 np0000007862 nova-scheduler[96597]: DEBUG nova.service [None req-8da5bdd2-c7e8-4d23-a016-d91f6e04dd2f None None] Creating RPC server for service: nova-scheduler on topic: scheduler {{(pid=96597) start /opt/stack/nova/nova/service.py:262}}
Aug 20 13:56:31.267753 np0000007862 nova-scheduler[96599]: DEBUG oslo_db.sqlalchemy.engines [None req-02ee66f9-5298-4836-acc0-e210e3063412 None None] MySQL server mode set to STRICT_TRANS_TABLES,STRICT_ALL_TABLES,NO_ZERO_IN_DATE,NO_ZERO_DATE,ERROR_FOR_DIVISION_BY_ZERO,TRADITIONAL,NO_ENGINE_SUBSTITUTION {{(pid=96599) _check_effective_sql_mode /opt/stack/data/venv/lib/python3.12/site-packages/oslo_db/sqlalchemy/engines.py:325}}
Aug 20 13:56:31.270387 np0000007862 nova-scheduler[96601]: DEBUG oslo_db.sqlalchemy.engines [None req-cc7d0a22-8af5-46e3-87f0-3fba7fbe40bb None None] MySQL server mode set to STRICT_TRANS_TABLES,STRICT_ALL_TABLES,NO_ZERO_IN_DATE,NO_ZERO_DATE,ERROR_FOR_DIVISION_BY_ZERO,TRADITIONAL,NO_ENGINE_SUBSTITUTION {{(pid=96601) _check_effective_sql_mode /opt/stack/data/venv/lib/python3.12/site-packages/oslo_db/sqlalchemy/engines.py:325}}
Aug 20 13:56:31.275617 np0000007862 nova-scheduler[96595]: DEBUG nova.service [None req-d508aff0-887a-4740-8c4d-c9f8c43cf51f None None] Join ServiceGroup membership for this service scheduler {{(pid=96595) start /opt/stack/nova/nova/service.py:288}}
Aug 20 13:56:31.275617 np0000007862 nova-scheduler[96595]: DEBUG nova.servicegroup.drivers.db [None req-d508aff0-887a-4740-8c4d-c9f8c43cf51f None None] DB_Driver: join new ServiceGroup member np0000007862 to the scheduler group, service = {{(pid=96595) join /opt/stack/nova/nova/servicegroup/drivers/db.py:44}}
Aug 20 13:56:31.281788 np0000007862 nova-scheduler[96599]: DEBUG dbcounter [-] [96599] Writer thread running {{(pid=96599) stat_writer /opt/stack/data/venv/lib/python3.12/site-packages/dbcounter.py:102}}
Aug 20 13:56:31.282701 np0000007862 nova-scheduler[96601]: DEBUG dbcounter [-] [96601] Writer thread running {{(pid=96601) stat_writer /opt/stack/data/venv/lib/python3.12/site-packages/dbcounter.py:102}}
Aug 20 13:56:31.286143 np0000007862 nova-scheduler[96599]: DEBUG nova.service [None req-02ee66f9-5298-4836-acc0-e210e3063412 None None] Creating RPC server for service: nova-scheduler on topic: scheduler {{(pid=96599) start /opt/stack/nova/nova/service.py:262}}
Aug 20 13:56:31.286908 np0000007862 nova-scheduler[96601]: DEBUG nova.service [None req-cc7d0a22-8af5-46e3-87f0-3fba7fbe40bb None None] Creating RPC server for service: nova-scheduler on topic: scheduler {{(pid=96601) start /opt/stack/nova/nova/service.py:262}}
Aug 20 13:56:31.294096 np0000007862 nova-scheduler[96597]: DEBUG nova.service [None req-8da5bdd2-c7e8-4d23-a016-d91f6e04dd2f None None] Join ServiceGroup membership for this service scheduler {{(pid=96597) start /opt/stack/nova/nova/service.py:288}}
Aug 20 13:56:31.294096 np0000007862 nova-scheduler[96597]: DEBUG nova.servicegroup.drivers.db [None req-8da5bdd2-c7e8-4d23-a016-d91f6e04dd2f None None] DB_Driver: join new ServiceGroup member np0000007862 to the scheduler group, service = {{(pid=96597) join /opt/stack/nova/nova/servicegroup/drivers/db.py:44}}
Aug 20 13:56:31.308327 np0000007862 nova-scheduler[96601]: DEBUG nova.service [None req-cc7d0a22-8af5-46e3-87f0-3fba7fbe40bb None None] Join ServiceGroup membership for this service scheduler {{(pid=96601) start /opt/stack/nova/nova/service.py:288}}
Aug 20 13:56:31.308476 np0000007862 nova-scheduler[96601]: DEBUG nova.servicegroup.drivers.db [None req-cc7d0a22-8af5-46e3-87f0-3fba7fbe40bb None None] DB_Driver: join new ServiceGroup member np0000007862 to the scheduler group, service = {{(pid=96601) join /opt/stack/nova/nova/servicegroup/drivers/db.py:44}}
Aug 20 13:56:31.309380 np0000007862 nova-scheduler[96599]: DEBUG nova.service [None req-02ee66f9-5298-4836-acc0-e210e3063412 None None] Join ServiceGroup membership for this service scheduler {{(pid=96599) start /opt/stack/nova/nova/service.py:288}}
Aug 20 13:56:31.309585 np0000007862 nova-scheduler[96599]: DEBUG nova.servicegroup.drivers.db [None req-02ee66f9-5298-4836-acc0-e210e3063412 None None] DB_Driver: join new ServiceGroup member np0000007862 to the scheduler group, service = {{(pid=96599) join /opt/stack/nova/nova/servicegroup/drivers/db.py:44}}
Aug 20 13:56:36.291236 np0000007862 nova-scheduler[96595]: DEBUG oslo.service.backend._threading.loopingcall [-] Fixed interval looping call 'nova.servicegroup.drivers.db.DbDriver._report_state' sleeping for 119.99 seconds {{(pid=96595) _run_loop /opt/stack/data/venv/lib/python3.12/site-packages/oslo_service/backend/_threading/loopingcall.py:125}}
Aug 20 13:56:36.305120 np0000007862 nova-scheduler[96597]: DEBUG oslo.service.backend._threading.loopingcall [-] Fixed interval looping call 'nova.servicegroup.drivers.db.DbDriver._report_state' sleeping for 119.99 seconds {{(pid=96597) _run_loop /opt/stack/data/venv/lib/python3.12/site-packages/oslo_service/backend/_threading/loopingcall.py:125}}
Aug 20 13:56:36.318608 np0000007862 nova-scheduler[96601]: DEBUG oslo.service.backend._threading.loopingcall [-] Fixed interval looping call 'nova.servicegroup.drivers.db.DbDriver._report_state' sleeping for 119.99 seconds {{(pid=96601) _run_loop /opt/stack/data/venv/lib/python3.12/site-packages/oslo_service/backend/_threading/loopingcall.py:125}}
Aug 20 13:56:36.324013 np0000007862 nova-scheduler[96599]: DEBUG oslo.service.backend._threading.loopingcall [-] Fixed interval looping call 'nova.servicegroup.drivers.db.DbDriver._report_state' sleeping for 119.99 seconds {{(pid=96599) _run_loop /opt/stack/data/venv/lib/python3.12/site-packages/oslo_service/backend/_threading/loopingcall.py:125}}
Aug 20 13:56:39.824541 np0000007862 nova-scheduler[95400]: DEBUG dbcounter [-] [95400] Writing DB stats nova_api:SELECT=3 {{(pid=95400) stat_writer /opt/stack/data/venv/lib/python3.12/site-packages/dbcounter.py:115}}
Aug 20 13:56:39.959231 np0000007862 nova-scheduler[95400]: DEBUG dbcounter [-] [95400] Writing DB stats nova_cell0:SELECT=1 {{(pid=95400) stat_writer /opt/stack/data/venv/lib/python3.12/site-packages/dbcounter.py:115}}
Aug 20 13:56:39.963227 np0000007862 nova-scheduler[95400]: DEBUG dbcounter [-] [95400] Writing DB stats nova_cell1:SELECT=1 {{(pid=95400) stat_writer /opt/stack/data/venv/lib/python3.12/site-packages/dbcounter.py:115}}
Aug 20 13:56:44.311871 np0000007862 nova-scheduler[96599]: DEBUG oslo.service.backend._threading.loopingcall [None req-2ee31438-d619-491f-a8a8-a730c1fba030 None None] Dynamic interval looping call 'nova.service.Service.periodic_tasks' sleeping for 60.00 seconds {{(pid=96599) _run_loop /opt/stack/data/venv/lib/python3.12/site-packages/oslo_service/backend/_threading/loopingcall.py:125}}
Aug 20 13:56:45.310923 np0000007862 nova-scheduler[96601]: DEBUG oslo.service.backend._threading.loopingcall [None req-84ffc427-9a69-4bb6-9582-4677519295ab None None] Dynamic interval looping call 'nova.service.Service.periodic_tasks' sleeping for 60.00 seconds {{(pid=96601) _run_loop /opt/stack/data/venv/lib/python3.12/site-packages/oslo_service/backend/_threading/loopingcall.py:125}}
Aug 20 13:56:46.285968 np0000007862 nova-scheduler[96595]: DEBUG dbcounter [-] [96595] Writing DB stats nova_cell0:SELECT=4,nova_cell0:INSERT=1,nova_cell0:UPDATE=1 {{(pid=96595) stat_writer /opt/stack/data/venv/lib/python3.12/site-packages/dbcounter.py:115}}
Aug 20 13:56:46.302900 np0000007862 nova-scheduler[96597]: DEBUG dbcounter [-] [96597] Writing DB stats nova_cell0:SELECT=3 {{(pid=96597) stat_writer /opt/stack/data/venv/lib/python3.12/site-packages/dbcounter.py:115}}
Aug 20 13:56:46.316223 np0000007862 nova-scheduler[96601]: DEBUG dbcounter [-] [96601] Writing DB stats nova_cell0:SELECT=3 {{(pid=96601) stat_writer /opt/stack/data/venv/lib/python3.12/site-packages/dbcounter.py:115}}
Aug 20 13:56:46.319043 np0000007862 nova-scheduler[96599]: DEBUG dbcounter [-] [96599] Writing DB stats nova_cell0:SELECT=3 {{(pid=96599) stat_writer /opt/stack/data/venv/lib/python3.12/site-packages/dbcounter.py:115}}
Aug 20 13:56:48.281518 np0000007862 nova-scheduler[96595]: DEBUG oslo.service.backend._threading.loopingcall [None req-11ffd032-00dc-41d5-a7af-742b6dcb4399 None None] Dynamic interval looping call 'nova.service.Service.periodic_tasks' sleeping for 60.00 seconds {{(pid=96595) _run_loop /opt/stack/data/venv/lib/python3.12/site-packages/oslo_service/backend/_threading/loopingcall.py:125}}
Aug 20 13:56:51.295850 np0000007862 nova-scheduler[96597]: DEBUG oslo.service.backend._threading.loopingcall [None req-3348c534-0435-4f3f-93c1-b664f1ad13e8 None None] Dynamic interval looping call 'nova.service.Service.periodic_tasks' sleeping for 60.00 seconds {{(pid=96597) _run_loop /opt/stack/data/venv/lib/python3.12/site-packages/oslo_service/backend/_threading/loopingcall.py:125}}
Aug 20 13:57:44.312525 np0000007862 nova-scheduler[96599]: DEBUG oslo.service.backend._threading.loopingcall [None req-2ee31438-d619-491f-a8a8-a730c1fba030 None None] Dynamic interval looping call 'nova.service.Service.periodic_tasks' sleeping for 60.00 seconds {{(pid=96599) _run_loop /opt/stack/data/venv/lib/python3.12/site-packages/oslo_service/backend/_threading/loopingcall.py:125}}
Aug 20 13:57:45.311531 np0000007862 nova-scheduler[96601]: DEBUG oslo.service.backend._threading.loopingcall [None req-84ffc427-9a69-4bb6-9582-4677519295ab None None] Dynamic interval looping call 'nova.service.Service.periodic_tasks' sleeping for 60.00 seconds {{(pid=96601) _run_loop /opt/stack/data/venv/lib/python3.12/site-packages/oslo_service/backend/_threading/loopingcall.py:125}}
Aug 20 13:57:48.282063 np0000007862 nova-scheduler[96595]: DEBUG oslo.service.backend._threading.loopingcall [None req-11ffd032-00dc-41d5-a7af-742b6dcb4399 None None] Dynamic interval looping call 'nova.service.Service.periodic_tasks' sleeping for 60.00 seconds {{(pid=96595) _run_loop /opt/stack/data/venv/lib/python3.12/site-packages/oslo_service/backend/_threading/loopingcall.py:125}}
Aug 20 13:57:51.296422 np0000007862 nova-scheduler[96597]: DEBUG oslo.service.backend._threading.loopingcall [None req-3348c534-0435-4f3f-93c1-b664f1ad13e8 None None] Dynamic interval looping call 'nova.service.Service.periodic_tasks' sleeping for 60.00 seconds {{(pid=96597) _run_loop /opt/stack/data/venv/lib/python3.12/site-packages/oslo_service/backend/_threading/loopingcall.py:125}}
Aug 20 13:58:36.289967 np0000007862 nova-scheduler[96595]: DEBUG oslo.service.backend._threading.loopingcall [-] Fixed interval looping call 'nova.servicegroup.drivers.db.DbDriver._report_state' sleeping for 119.99 seconds {{(pid=96595) _run_loop /opt/stack/data/venv/lib/python3.12/site-packages/oslo_service/backend/_threading/loopingcall.py:125}}
Aug 20 13:58:36.299603 np0000007862 nova-scheduler[96597]: DEBUG oslo.service.backend._threading.loopingcall [-] Fixed interval looping call 'nova.servicegroup.drivers.db.DbDriver._report_state' sleeping for 120.00 seconds {{(pid=96597) _run_loop /opt/stack/data/venv/lib/python3.12/site-packages/oslo_service/backend/_threading/loopingcall.py:125}}
Aug 20 13:58:36.315652 np0000007862 nova-scheduler[96601]: DEBUG oslo.service.backend._threading.loopingcall [-] Fixed interval looping call 'nova.servicegroup.drivers.db.DbDriver._report_state' sleeping for 119.99 seconds {{(pid=96601) _run_loop /opt/stack/data/venv/lib/python3.12/site-packages/oslo_service/backend/_threading/loopingcall.py:125}}
Aug 20 13:58:36.319580 np0000007862 nova-scheduler[96599]: DEBUG oslo.service.backend._threading.loopingcall [-] Fixed interval looping call 'nova.servicegroup.drivers.db.DbDriver._report_state' sleeping for 119.99 seconds {{(pid=96599) _run_loop /opt/stack/data/venv/lib/python3.12/site-packages/oslo_service/backend/_threading/loopingcall.py:125}}
Aug 20 13:58:44.313282 np0000007862 nova-scheduler[96599]: DEBUG oslo.service.backend._threading.loopingcall [None req-2ee31438-d619-491f-a8a8-a730c1fba030 None None] Dynamic interval looping call 'nova.service.Service.periodic_tasks' sleeping for 60.00 seconds {{(pid=96599) _run_loop /opt/stack/data/venv/lib/python3.12/site-packages/oslo_service/backend/_threading/loopingcall.py:125}}
Aug 20 13:58:45.312192 np0000007862 nova-scheduler[96601]: DEBUG oslo.service.backend._threading.loopingcall [None req-84ffc427-9a69-4bb6-9582-4677519295ab None None] Dynamic interval looping call 'nova.service.Service.periodic_tasks' sleeping for 60.00 seconds {{(pid=96601) _run_loop /opt/stack/data/venv/lib/python3.12/site-packages/oslo_service/backend/_threading/loopingcall.py:125}}
Aug 20 13:58:46.285536 np0000007862 nova-scheduler[96595]: DEBUG dbcounter [-] [96595] Writing DB stats nova_cell0:SELECT=1,nova_cell0:UPDATE=1 {{(pid=96595) stat_writer /opt/stack/data/venv/lib/python3.12/site-packages/dbcounter.py:115}}
Aug 20 13:58:46.297352 np0000007862 nova-scheduler[96597]: DEBUG dbcounter [-] [96597] Writing DB stats nova_cell0:SELECT=1 {{(pid=96597) stat_writer /opt/stack/data/venv/lib/python3.12/site-packages/dbcounter.py:115}}
Aug 20 13:58:46.311307 np0000007862 nova-scheduler[96601]: DEBUG dbcounter [-] [96601] Writing DB stats nova_cell0:SELECT=1 {{(pid=96601) stat_writer /opt/stack/data/venv/lib/python3.12/site-packages/dbcounter.py:115}}
Aug 20 13:58:46.317199 np0000007862 nova-scheduler[96599]: DEBUG dbcounter [-] [96599] Writing DB stats nova_cell0:SELECT=1 {{(pid=96599) stat_writer /opt/stack/data/venv/lib/python3.12/site-packages/dbcounter.py:115}}
Aug 20 13:58:48.282597 np0000007862 nova-scheduler[96595]: DEBUG oslo.service.backend._threading.loopingcall [None req-11ffd032-00dc-41d5-a7af-742b6dcb4399 None None] Dynamic interval looping call 'nova.service.Service.periodic_tasks' sleeping for 60.00 seconds {{(pid=96595) _run_loop /opt/stack/data/venv/lib/python3.12/site-packages/oslo_service/backend/_threading/loopingcall.py:125}}
Aug 20 13:58:51.300538 np0000007862 nova-scheduler[96597]: DEBUG oslo.service.backend._threading.loopingcall [None req-3348c534-0435-4f3f-93c1-b664f1ad13e8 None None] Dynamic interval looping call 'nova.service.Service.periodic_tasks' sleeping for 60.00 seconds {{(pid=96597) _run_loop /opt/stack/data/venv/lib/python3.12/site-packages/oslo_service/backend/_threading/loopingcall.py:125}}
Aug 20 13:59:03.864948 np0000007862 nova-scheduler[96595]: DEBUG nova.scheduler.manager [None req-8916d07b-16ed-4a45-a945-f0647703e4ce tempest-DeleteServersTestJSON-199246705 tempest-DeleteServersTestJSON-199246705-project-member] Starting to schedule for instances: ['2a544d54-7f4b-4282-a109-3af72e3a1645'] {{(pid=96595) select_destinations /opt/stack/nova/nova/scheduler/manager.py:197}}
Aug 20 13:59:03.865628 np0000007862 nova-scheduler[96595]: DEBUG nova.scheduler.request_filter [None req-8916d07b-16ed-4a45-a945-f0647703e4ce tempest-DeleteServersTestJSON-199246705 tempest-DeleteServersTestJSON-199246705-project-member] compute_status_filter request filter added forbidden trait COMPUTE_STATUS_DISABLED {{(pid=96595) compute_status_filter /opt/stack/nova/nova/scheduler/request_filter.py:253}}
Aug 20 13:59:03.865739 np0000007862 nova-scheduler[96595]: DEBUG nova.scheduler.request_filter [None req-8916d07b-16ed-4a45-a945-f0647703e4ce tempest-DeleteServersTestJSON-199246705 tempest-DeleteServersTestJSON-199246705-project-member] Request filter 'compute_status_filter' took 0.0 seconds {{(pid=96595) wrapper /opt/stack/nova/nova/scheduler/request_filter.py:46}}
Aug 20 13:59:03.865948 np0000007862 nova-scheduler[96595]: DEBUG nova.scheduler.request_filter [None req-8916d07b-16ed-4a45-a945-f0647703e4ce tempest-DeleteServersTestJSON-199246705 tempest-DeleteServersTestJSON-199246705-project-member] Request filter 'accelerators_filter' took 0.0 seconds {{(pid=96595) wrapper /opt/stack/nova/nova/scheduler/request_filter.py:46}}
Aug 20 13:59:03.866158 np0000007862 nova-scheduler[96595]: DEBUG nova.scheduler.request_filter [None req-8916d07b-16ed-4a45-a945-f0647703e4ce tempest-DeleteServersTestJSON-199246705 tempest-DeleteServersTestJSON-199246705-project-member] Request filter 'packed_virtqueue_filter' took 0.0 seconds {{(pid=96595) wrapper /opt/stack/nova/nova/scheduler/request_filter.py:46}}
Aug 20 13:59:03.866449 np0000007862 nova-scheduler[96595]: DEBUG nova.scheduler.request_filter [None req-8916d07b-16ed-4a45-a945-f0647703e4ce tempest-DeleteServersTestJSON-199246705 tempest-DeleteServersTestJSON-199246705-project-member] Request filter 'remote_managed_ports_filter' took 0.0 seconds {{(pid=96595) wrapper /opt/stack/nova/nova/scheduler/request_filter.py:46}}
Aug 20 13:59:03.867305 np0000007862 nova-scheduler[96595]: DEBUG nova.scheduler.request_filter [None req-8916d07b-16ed-4a45-a945-f0647703e4ce tempest-DeleteServersTestJSON-199246705 tempest-DeleteServersTestJSON-199246705-project-member] ephemeral_encryption_filter skipped {{(pid=96595) ephemeral_encryption_filter /opt/stack/nova/nova/scheduler/request_filter.py:426}}
Aug 20 13:59:03.867305 np0000007862 nova-scheduler[96595]: DEBUG nova.scheduler.request_filter [None req-8916d07b-16ed-4a45-a945-f0647703e4ce tempest-DeleteServersTestJSON-199246705 tempest-DeleteServersTestJSON-199246705-project-member] virtio_sound_filter skipped {{(pid=96595) virtio_sound_filter /opt/stack/nova/nova/scheduler/request_filter.py:460}}
Aug 20 13:59:03.867305 np0000007862 nova-scheduler[96595]: DEBUG nova.scheduler.request_filter [None req-8916d07b-16ed-4a45-a945-f0647703e4ce tempest-DeleteServersTestJSON-199246705 tempest-DeleteServersTestJSON-199246705-project-member] tpm_secret_security_filter skipped {{(pid=96595) tpm_secret_security_filter /opt/stack/nova/nova/scheduler/request_filter.py:477}}
Aug 20 13:59:04.512526 np0000007862 nova-scheduler[96595]: INFO nova.utils [None req-8916d07b-16ed-4a45-a945-f0647703e4ce tempest-DeleteServersTestJSON-199246705 tempest-DeleteServersTestJSON-199246705-project-member] The cell worker thread pool ForkProcess-1.cell_worker is initialized
Aug 20 13:59:04.512897 np0000007862 nova-scheduler[96595]: DEBUG oslo_concurrency.lockutils [None req-8916d07b-16ed-4a45-a945-f0647703e4ce tempest-DeleteServersTestJSON-199246705 tempest-DeleteServersTestJSON-199246705-project-member] Acquiring lock "9e6cd799-5812-4267-a5aa-2e1da1287564" by "nova.context.set_target_cell..get_or_set_cached_cell_and_set_connections" {{(pid=96595) inner /opt/stack/data/venv/lib/python3.12/site-packages/oslo_concurrency/lockutils.py:512}}
Aug 20 13:59:04.513185 np0000007862 nova-scheduler[96595]: DEBUG oslo_concurrency.lockutils [None req-8916d07b-16ed-4a45-a945-f0647703e4ce tempest-DeleteServersTestJSON-199246705 tempest-DeleteServersTestJSON-199246705-project-member] Lock "9e6cd799-5812-4267-a5aa-2e1da1287564" acquired by "nova.context.set_target_cell..get_or_set_cached_cell_and_set_connections" :: waited 0.000s {{(pid=96595) inner /opt/stack/data/venv/lib/python3.12/site-packages/oslo_concurrency/lockutils.py:525}}
Aug 20 13:59:04.514970 np0000007862 nova-scheduler[96595]: DEBUG oslo_concurrency.lockutils [None req-8916d07b-16ed-4a45-a945-f0647703e4ce tempest-DeleteServersTestJSON-199246705 tempest-DeleteServersTestJSON-199246705-project-member] Lock "9e6cd799-5812-4267-a5aa-2e1da1287564" "released" by "nova.context.set_target_cell..get_or_set_cached_cell_and_set_connections" :: held 0.002s {{(pid=96595) inner /opt/stack/data/venv/lib/python3.12/site-packages/oslo_concurrency/lockutils.py:544}}
Aug 20 13:59:04.517519 np0000007862 nova-scheduler[96595]: INFO dbcounter [None req-8916d07b-16ed-4a45-a945-f0647703e4ce tempest-DeleteServersTestJSON-199246705 tempest-DeleteServersTestJSON-199246705-project-member] Registered counter for database nova_cell1
Aug 20 13:59:04.564194 np0000007862 nova-scheduler[96595]: DEBUG oslo_db.sqlalchemy.engines [None req-8916d07b-16ed-4a45-a945-f0647703e4ce tempest-DeleteServersTestJSON-199246705 tempest-DeleteServersTestJSON-199246705-project-member] MySQL server mode set to STRICT_TRANS_TABLES,STRICT_ALL_TABLES,NO_ZERO_IN_DATE,NO_ZERO_DATE,ERROR_FOR_DIVISION_BY_ZERO,TRADITIONAL,NO_ENGINE_SUBSTITUTION {{(pid=96595) _check_effective_sql_mode /opt/stack/data/venv/lib/python3.12/site-packages/oslo_db/sqlalchemy/engines.py:325}}
Aug 20 13:59:04.571249 np0000007862 nova-scheduler[96595]: DEBUG dbcounter [-] [96595] Writer thread running {{(pid=96595) stat_writer /opt/stack/data/venv/lib/python3.12/site-packages/dbcounter.py:102}}
Aug 20 13:59:04.589810 np0000007862 nova-scheduler[96595]: DEBUG oslo_db.sqlalchemy.engines [None req-8916d07b-16ed-4a45-a945-f0647703e4ce tempest-DeleteServersTestJSON-199246705 tempest-DeleteServersTestJSON-199246705-project-member] Parent process 95400 forked (96595) with an open database connection, which is being discarded and recreated. {{(pid=96595) checkout /opt/stack/data/venv/lib/python3.12/site-packages/oslo_db/sqlalchemy/engines.py:402}}
Aug 20 13:59:04.659795 np0000007862 nova-scheduler[96595]: DEBUG dbcounter [-] [96595] Writer thread running {{(pid=96595) stat_writer /opt/stack/data/venv/lib/python3.12/site-packages/dbcounter.py:102}}
