Jul 03 06:24:04.923358 np0000004379 nova-scheduler[93316]: DEBUG cotyledon.oslo_config_glue [-] oslo_limit.certfile = None {{(pid=93316) log_opt_values /opt/stack/data/venv/lib/python3.12/site-packages/oslo_config/cfg.py:3253}}
Jul 03 06:24:04.923358 np0000004379 nova-scheduler[93316]: DEBUG cotyledon.oslo_config_glue [-] oslo_limit.collect_timing = False {{(pid=93316) log_opt_values /opt/stack/data/venv/lib/python3.12/site-packages/oslo_config/cfg.py:3253}}
Jul 03 06:24:04.923358 np0000004379 nova-scheduler[93316]: DEBUG cotyledon.oslo_config_glue [-] oslo_limit.connect_retries = None {{(pid=93316) log_opt_values /opt/stack/data/venv/lib/python3.12/site-packages/oslo_config/cfg.py:3253}}
Jul 03 06:24:04.923358 np0000004379 nova-scheduler[93316]: DEBUG cotyledon.oslo_config_glue [-] oslo_limit.connect_retry_delay = None {{(pid=93316) log_opt_values /opt/stack/data/venv/lib/python3.12/site-packages/oslo_config/cfg.py:3253}}
Jul 03 06:24:04.923650 np0000004379 nova-scheduler[93316]: DEBUG cotyledon.oslo_config_glue [-] oslo_limit.endpoint_id = None {{(pid=93316) log_opt_values /opt/stack/data/venv/lib/python3.12/site-packages/oslo_config/cfg.py:3253}}
Jul 03 06:24:04.923650 np0000004379 nova-scheduler[93316]: DEBUG cotyledon.oslo_config_glue [-] oslo_limit.endpoint_interface = public {{(pid=93316) log_opt_values /opt/stack/data/venv/lib/python3.12/site-packages/oslo_config/cfg.py:3253}}
Jul 03 06:24:04.923650 np0000004379 nova-scheduler[93316]: DEBUG cotyledon.oslo_config_glue [-] oslo_limit.endpoint_override = None {{(pid=93316) log_opt_values /opt/stack/data/venv/lib/python3.12/site-packages/oslo_config/cfg.py:3253}}
Jul 03 06:24:04.923650 np0000004379 nova-scheduler[93316]: DEBUG cotyledon.oslo_config_glue [-] oslo_limit.endpoint_region_name = None {{(pid=93316) log_opt_values /opt/stack/data/venv/lib/python3.12/site-packages/oslo_config/cfg.py:3253}}
Jul 03 06:24:04.923650 np0000004379 nova-scheduler[93316]: DEBUG cotyledon.oslo_config_glue [-] oslo_limit.endpoint_service_name = None {{(pid=93316) log_opt_values /opt/stack/data/venv/lib/python3.12/site-packages/oslo_config/cfg.py:3253}}
Jul 03 06:24:04.923650 np0000004379 nova-scheduler[93316]: DEBUG cotyledon.oslo_config_glue [-] oslo_limit.endpoint_service_type = None {{(pid=93316) log_opt_values /opt/stack/data/venv/lib/python3.12/site-packages/oslo_config/cfg.py:3253}}
Jul 03 06:24:04.923650 np0000004379 nova-scheduler[93316]: DEBUG cotyledon.oslo_config_glue [-] oslo_limit.insecure = False {{(pid=93316) log_opt_values /opt/stack/data/venv/lib/python3.12/site-packages/oslo_config/cfg.py:3253}}
Jul 03 06:24:04.923650 np0000004379 nova-scheduler[93316]: DEBUG cotyledon.oslo_config_glue [-] oslo_limit.keyfile = None {{(pid=93316) log_opt_values /opt/stack/data/venv/lib/python3.12/site-packages/oslo_config/cfg.py:3253}}
Jul 03 06:24:04.923650 np0000004379 nova-scheduler[93316]: DEBUG cotyledon.oslo_config_glue [-] oslo_limit.max_version = None {{(pid=93316) log_opt_values /opt/stack/data/venv/lib/python3.12/site-packages/oslo_config/cfg.py:3253}}
Jul 03 06:24:04.923969 np0000004379 nova-scheduler[93316]: DEBUG cotyledon.oslo_config_glue [-] oslo_limit.min_version = None {{(pid=93316) log_opt_values /opt/stack/data/venv/lib/python3.12/site-packages/oslo_config/cfg.py:3253}}
Jul 03 06:24:04.923969 np0000004379 nova-scheduler[93316]: DEBUG cotyledon.oslo_config_glue [-] oslo_limit.region_name = None {{(pid=93316) log_opt_values /opt/stack/data/venv/lib/python3.12/site-packages/oslo_config/cfg.py:3253}}
Jul 03 06:24:04.923969 np0000004379 nova-scheduler[93316]: DEBUG cotyledon.oslo_config_glue [-] oslo_limit.retriable_status_codes = None {{(pid=93316) log_opt_values /opt/stack/data/venv/lib/python3.12/site-packages/oslo_config/cfg.py:3253}}
Jul 03 06:24:04.923969 np0000004379 nova-scheduler[93316]: DEBUG cotyledon.oslo_config_glue [-] oslo_limit.service_name = None {{(pid=93316) log_opt_values /opt/stack/data/venv/lib/python3.12/site-packages/oslo_config/cfg.py:3253}}
Jul 03 06:24:04.923969 np0000004379 nova-scheduler[93316]: DEBUG cotyledon.oslo_config_glue [-] oslo_limit.service_type = None {{(pid=93316) log_opt_values /opt/stack/data/venv/lib/python3.12/site-packages/oslo_config/cfg.py:3253}}
Jul 03 06:24:04.923969 np0000004379 nova-scheduler[93316]: DEBUG cotyledon.oslo_config_glue [-] oslo_limit.split_loggers = False {{(pid=93316) log_opt_values /opt/stack/data/venv/lib/python3.12/site-packages/oslo_config/cfg.py:3253}}
Jul 03 06:24:04.923969 np0000004379 nova-scheduler[93316]: DEBUG cotyledon.oslo_config_glue [-] oslo_limit.status_code_retries = None {{(pid=93316) log_opt_values /opt/stack/data/venv/lib/python3.12/site-packages/oslo_config/cfg.py:3253}}
Jul 03 06:24:04.923969 np0000004379 nova-scheduler[93316]: DEBUG cotyledon.oslo_config_glue [-] oslo_limit.status_code_retry_delay = None {{(pid=93316) log_opt_values /opt/stack/data/venv/lib/python3.12/site-packages/oslo_config/cfg.py:3253}}
Jul 03 06:24:04.923969 np0000004379 nova-scheduler[93316]: DEBUG cotyledon.oslo_config_glue [-] oslo_limit.timeout = None {{(pid=93316) log_opt_values /opt/stack/data/venv/lib/python3.12/site-packages/oslo_config/cfg.py:3253}}
Jul 03 06:24:04.924220 np0000004379 nova-scheduler[93316]: DEBUG cotyledon.oslo_config_glue [-] oslo_limit.valid_interfaces = None {{(pid=93316) log_opt_values /opt/stack/data/venv/lib/python3.12/site-packages/oslo_config/cfg.py:3253}}
Jul 03 06:24:04.924220 np0000004379 nova-scheduler[93316]: DEBUG cotyledon.oslo_config_glue [-] oslo_limit.version = None {{(pid=93316) log_opt_values /opt/stack/data/venv/lib/python3.12/site-packages/oslo_config/cfg.py:3253}}
Jul 03 06:24:04.924220 np0000004379 nova-scheduler[93316]: DEBUG cotyledon.oslo_config_glue [-] oslo_reports.file_event_handler = None {{(pid=93316) log_opt_values /opt/stack/data/venv/lib/python3.12/site-packages/oslo_config/cfg.py:3253}}
Jul 03 06:24:04.924220 np0000004379 nova-scheduler[93316]: DEBUG cotyledon.oslo_config_glue [-] oslo_reports.file_event_handler_interval = 1 {{(pid=93316) log_opt_values /opt/stack/data/venv/lib/python3.12/site-packages/oslo_config/cfg.py:3253}}
Jul 03 06:24:04.924220 np0000004379 nova-scheduler[93316]: DEBUG cotyledon.oslo_config_glue [-] oslo_reports.log_dir = None {{(pid=93316) log_opt_values /opt/stack/data/venv/lib/python3.12/site-packages/oslo_config/cfg.py:3253}}
Jul 03 06:24:04.924220 np0000004379 nova-scheduler[93316]: DEBUG cotyledon.oslo_config_glue [-] ******************************************************************************** {{(pid=93316) log_opt_values /opt/stack/data/venv/lib/python3.12/site-packages/oslo_config/cfg.py:3260}}
Jul 03 06:24:04.924220 np0000004379 nova-scheduler[93316]: DEBUG cotyledon._service_worker [-] Run service ServiceWrapper(2) [93316] {{(pid=93316) wait_forever /opt/stack/data/venv/lib/python3.12/site-packages/cotyledon/_service_worker.py:218}}
Jul 03 06:24:04.924220 np0000004379 nova-scheduler[93316]: INFO nova.service [-] Starting scheduler node (version 33.1.0)
Jul 03 06:24:04.924459 np0000004379 nova-scheduler[93312]: DEBUG oslo_db.sqlalchemy.engines [None req-1d44723e-346d-486a-9856-7a7de632de43 None None] MySQL server mode set to STRICT_TRANS_TABLES,STRICT_ALL_TABLES,NO_ZERO_IN_DATE,NO_ZERO_DATE,ERROR_FOR_DIVISION_BY_ZERO,TRADITIONAL,NO_ENGINE_SUBSTITUTION {{(pid=93312) _check_effective_sql_mode /opt/stack/data/venv/lib/python3.12/site-packages/oslo_db/sqlalchemy/engines.py:325}}
Jul 03 06:24:04.924515 np0000004379 nova-scheduler[93316]: INFO dbcounter [None req-d59464db-d7ca-466e-9c27-60ca5e09fe7b None None] Registered counter for database nova_cell0
Jul 03 06:24:04.924555 np0000004379 nova-scheduler[93312]: DEBUG dbcounter [-] [93312] Writer thread running {{(pid=93312) stat_writer /opt/stack/data/venv/lib/python3.12/site-packages/dbcounter.py:102}}
Jul 03 06:24:04.924593 np0000004379 nova-scheduler[93314]: DEBUG oslo_db.sqlalchemy.engines [None req-98bc95e8-e2a5-4f12-9d5b-991a6d1119cd None None] MySQL server mode set to STRICT_TRANS_TABLES,STRICT_ALL_TABLES,NO_ZERO_IN_DATE,NO_ZERO_DATE,ERROR_FOR_DIVISION_BY_ZERO,TRADITIONAL,NO_ENGINE_SUBSTITUTION {{(pid=93314) _check_effective_sql_mode /opt/stack/data/venv/lib/python3.12/site-packages/oslo_db/sqlalchemy/engines.py:325}}
Jul 03 06:24:04.924649 np0000004379 nova-scheduler[93312]: DEBUG nova.service [None req-1d44723e-346d-486a-9856-7a7de632de43 None None] Creating RPC server for service: nova-scheduler on topic: scheduler {{(pid=93312) start /opt/stack/nova/nova/service.py:196}}
Jul 03 06:24:04.927300 np0000004379 nova-scheduler[93314]: DEBUG dbcounter [-] [93314] Writer thread running {{(pid=93314) stat_writer /opt/stack/data/venv/lib/python3.12/site-packages/dbcounter.py:102}}
Jul 03 06:24:04.930332 np0000004379 nova-scheduler[93314]: DEBUG nova.service [None req-98bc95e8-e2a5-4f12-9d5b-991a6d1119cd None None] Creating RPC server for service: nova-scheduler on topic: scheduler {{(pid=93314) start /opt/stack/nova/nova/service.py:196}}
Jul 03 06:24:04.946549 np0000004379 nova-scheduler[93312]: DEBUG nova.service [None req-1d44723e-346d-486a-9856-7a7de632de43 None None] Join ServiceGroup membership for this service scheduler {{(pid=93312) start /opt/stack/nova/nova/service.py:222}}
Jul 03 06:24:04.946938 np0000004379 nova-scheduler[93312]: DEBUG nova.servicegroup.drivers.db [None req-1d44723e-346d-486a-9856-7a7de632de43 None None] DB_Driver: join new ServiceGroup member np0000004379 to the scheduler group, service = {{(pid=93312) join /opt/stack/nova/nova/servicegroup/drivers/db.py:44}}
Jul 03 06:24:04.950603 np0000004379 nova-scheduler[93314]: DEBUG nova.service [None req-98bc95e8-e2a5-4f12-9d5b-991a6d1119cd None None] Join ServiceGroup membership for this service scheduler {{(pid=93314) start /opt/stack/nova/nova/service.py:222}}
Jul 03 06:24:04.950873 np0000004379 nova-scheduler[93314]: DEBUG nova.servicegroup.drivers.db [None req-98bc95e8-e2a5-4f12-9d5b-991a6d1119cd None None] DB_Driver: join new ServiceGroup member np0000004379 to the scheduler group, service = {{(pid=93314) join /opt/stack/nova/nova/servicegroup/drivers/db.py:44}}
Jul 03 06:24:04.957689 np0000004379 nova-scheduler[93316]: DEBUG oslo_db.sqlalchemy.engines [None req-d59464db-d7ca-466e-9c27-60ca5e09fe7b None None] MySQL server mode set to STRICT_TRANS_TABLES,STRICT_ALL_TABLES,NO_ZERO_IN_DATE,NO_ZERO_DATE,ERROR_FOR_DIVISION_BY_ZERO,TRADITIONAL,NO_ENGINE_SUBSTITUTION {{(pid=93316) _check_effective_sql_mode /opt/stack/data/venv/lib/python3.12/site-packages/oslo_db/sqlalchemy/engines.py:325}}
Jul 03 06:24:04.971164 np0000004379 nova-scheduler[93316]: DEBUG dbcounter [-] [93316] Writer thread running {{(pid=93316) stat_writer /opt/stack/data/venv/lib/python3.12/site-packages/dbcounter.py:102}}
Jul 03 06:24:04.974080 np0000004379 nova-scheduler[93316]: DEBUG nova.service [None req-d59464db-d7ca-466e-9c27-60ca5e09fe7b None None] Creating RPC server for service: nova-scheduler on topic: scheduler {{(pid=93316) start /opt/stack/nova/nova/service.py:196}}
Jul 03 06:24:04.991495 np0000004379 nova-scheduler[93316]: DEBUG nova.service [None req-d59464db-d7ca-466e-9c27-60ca5e09fe7b None None] Join ServiceGroup membership for this service scheduler {{(pid=93316) start /opt/stack/nova/nova/service.py:222}}
Jul 03 06:24:04.991765 np0000004379 nova-scheduler[93316]: DEBUG nova.servicegroup.drivers.db [None req-d59464db-d7ca-466e-9c27-60ca5e09fe7b None None] DB_Driver: join new ServiceGroup member np0000004379 to the scheduler group, service = {{(pid=93316) join /opt/stack/nova/nova/servicegroup/drivers/db.py:44}}
Jul 03 06:24:09.969748 np0000004379 nova-scheduler[93312]: DEBUG oslo.service.backend._threading.loopingcall [-] Fixed interval looping call 'nova.servicegroup.drivers.db.DbDriver._report_state' sleeping for 119.98 seconds {{(pid=93312) _run_loop /opt/stack/data/venv/lib/python3.12/site-packages/oslo_service/backend/_threading/loopingcall.py:125}}
Jul 03 06:24:09.970544 np0000004379 nova-scheduler[93314]: DEBUG oslo.service.backend._threading.loopingcall [-] Fixed interval looping call 'nova.servicegroup.drivers.db.DbDriver._report_state' sleeping for 119.98 seconds {{(pid=93314) _run_loop /opt/stack/data/venv/lib/python3.12/site-packages/oslo_service/backend/_threading/loopingcall.py:125}}
Jul 03 06:24:10.004046 np0000004379 nova-scheduler[93316]: DEBUG oslo.service.backend._threading.loopingcall [-] Fixed interval looping call 'nova.servicegroup.drivers.db.DbDriver._report_state' sleeping for 119.99 seconds {{(pid=93316) _run_loop /opt/stack/data/venv/lib/python3.12/site-packages/oslo_service/backend/_threading/loopingcall.py:125}}
Jul 03 06:24:10.955897 np0000004379 nova-scheduler[93314]: DEBUG oslo.service.backend._threading.loopingcall [None req-4121c9da-dd18-46e0-9c7a-a60ab39e0baa None None] Dynamic interval looping call 'nova.service.Service.periodic_tasks' sleeping for 60.00 seconds {{(pid=93314) _run_loop /opt/stack/data/venv/lib/python3.12/site-packages/oslo_service/backend/_threading/loopingcall.py:125}}
Jul 03 06:24:13.511117 np0000004379 nova-scheduler[92060]: DEBUG dbcounter [-] [92060] Writing DB stats nova_api:SELECT=3 {{(pid=92060) stat_writer /opt/stack/data/venv/lib/python3.12/site-packages/dbcounter.py:115}}
Jul 03 06:24:13.656113 np0000004379 nova-scheduler[92060]: DEBUG dbcounter [-] [92060] Writing DB stats nova_cell1:SELECT=1 {{(pid=92060) stat_writer /opt/stack/data/venv/lib/python3.12/site-packages/dbcounter.py:115}}
Jul 03 06:24:13.660822 np0000004379 nova-scheduler[92060]: DEBUG dbcounter [-] [92060] Writing DB stats nova_cell0:SELECT=1 {{(pid=92060) stat_writer /opt/stack/data/venv/lib/python3.12/site-packages/dbcounter.py:115}}
Jul 03 06:24:16.950332 np0000004379 nova-scheduler[93312]: DEBUG oslo.service.backend._threading.loopingcall [None req-da8b53da-907c-41c1-92f5-bd83c2c3bc90 None None] Dynamic interval looping call 'nova.service.Service.periodic_tasks' sleeping for 60.00 seconds {{(pid=93312) _run_loop /opt/stack/data/venv/lib/python3.12/site-packages/oslo_service/backend/_threading/loopingcall.py:125}}
Jul 03 06:24:19.958349 np0000004379 nova-scheduler[93312]: DEBUG dbcounter [-] [93312] Writing DB stats nova_cell0:SELECT=4,nova_cell0:INSERT=1,nova_cell0:UPDATE=1 {{(pid=93312) stat_writer /opt/stack/data/venv/lib/python3.12/site-packages/dbcounter.py:115}}
Jul 03 06:24:19.963653 np0000004379 nova-scheduler[93314]: DEBUG dbcounter [-] [93314] Writing DB stats nova_cell0:SELECT=3,nova_cell0:UPDATE=1 {{(pid=93314) stat_writer /opt/stack/data/venv/lib/python3.12/site-packages/dbcounter.py:115}}
Jul 03 06:24:20.001394 np0000004379 nova-scheduler[93316]: DEBUG dbcounter [-] [93316] Writing DB stats nova_cell0:SELECT=3 {{(pid=93316) stat_writer /opt/stack/data/venv/lib/python3.12/site-packages/dbcounter.py:115}}
Jul 03 06:25:04.994736 np0000004379 nova-scheduler[93316]: DEBUG oslo.service.backend._threading.loopingcall [None req-8396575e-ace4-48d0-b03d-cb904915834f None None] Dynamic interval looping call 'nova.service.Service.periodic_tasks' sleeping for 60.00 seconds {{(pid=93316) _run_loop /opt/stack/data/venv/lib/python3.12/site-packages/oslo_service/backend/_threading/loopingcall.py:125}}
Jul 03 06:25:10.956457 np0000004379 nova-scheduler[93314]: DEBUG oslo.service.backend._threading.loopingcall [None req-4121c9da-dd18-46e0-9c7a-a60ab39e0baa None None] Dynamic interval looping call 'nova.service.Service.periodic_tasks' sleeping for 60.00 seconds {{(pid=93314) _run_loop /opt/stack/data/venv/lib/python3.12/site-packages/oslo_service/backend/_threading/loopingcall.py:125}}
Jul 03 06:25:16.950910 np0000004379 nova-scheduler[93312]: DEBUG oslo.service.backend._threading.loopingcall [None req-da8b53da-907c-41c1-92f5-bd83c2c3bc90 None None] Dynamic interval looping call 'nova.service.Service.periodic_tasks' sleeping for 60.00 seconds {{(pid=93312) _run_loop /opt/stack/data/venv/lib/python3.12/site-packages/oslo_service/backend/_threading/loopingcall.py:125}}
Jul 03 06:26:04.995185 np0000004379 nova-scheduler[93316]: DEBUG oslo.service.backend._threading.loopingcall [None req-8396575e-ace4-48d0-b03d-cb904915834f None None] Dynamic interval looping call 'nova.service.Service.periodic_tasks' sleeping for 60.00 seconds {{(pid=93316) _run_loop /opt/stack/data/venv/lib/python3.12/site-packages/oslo_service/backend/_threading/loopingcall.py:125}}
Jul 03 06:26:09.965211 np0000004379 nova-scheduler[93314]: DEBUG oslo.service.backend._threading.loopingcall [-] Fixed interval looping call 'nova.servicegroup.drivers.db.DbDriver._report_state' sleeping for 119.99 seconds {{(pid=93314) _run_loop /opt/stack/data/venv/lib/python3.12/site-packages/oslo_service/backend/_threading/loopingcall.py:125}}
Jul 03 06:26:09.965834 np0000004379 nova-scheduler[93312]: DEBUG oslo.service.backend._threading.loopingcall [-] Fixed interval looping call 'nova.servicegroup.drivers.db.DbDriver._report_state' sleeping for 119.98 seconds {{(pid=93312) _run_loop /opt/stack/data/venv/lib/python3.12/site-packages/oslo_service/backend/_threading/loopingcall.py:125}}
Jul 03 06:26:09.998138 np0000004379 nova-scheduler[93316]: DEBUG oslo.service.backend._threading.loopingcall [-] Fixed interval looping call 'nova.servicegroup.drivers.db.DbDriver._report_state' sleeping for 120.00 seconds {{(pid=93316) _run_loop /opt/stack/data/venv/lib/python3.12/site-packages/oslo_service/backend/_threading/loopingcall.py:125}}
Jul 03 06:26:10.957179 np0000004379 nova-scheduler[93314]: DEBUG oslo.service.backend._threading.loopingcall [None req-4121c9da-dd18-46e0-9c7a-a60ab39e0baa None None] Dynamic interval looping call 'nova.service.Service.periodic_tasks' sleeping for 60.00 seconds {{(pid=93314) _run_loop /opt/stack/data/venv/lib/python3.12/site-packages/oslo_service/backend/_threading/loopingcall.py:125}}
Jul 03 06:26:16.951482 np0000004379 nova-scheduler[93312]: DEBUG oslo.service.backend._threading.loopingcall [None req-da8b53da-907c-41c1-92f5-bd83c2c3bc90 None None] Dynamic interval looping call 'nova.service.Service.periodic_tasks' sleeping for 60.00 seconds {{(pid=93312) _run_loop /opt/stack/data/venv/lib/python3.12/site-packages/oslo_service/backend/_threading/loopingcall.py:125}}
Jul 03 06:26:19.955168 np0000004379 nova-scheduler[93314]: DEBUG dbcounter [-] [93314] Writing DB stats nova_cell0:SELECT=1,nova_cell0:UPDATE=1 {{(pid=93314) stat_writer /opt/stack/data/venv/lib/python3.12/site-packages/dbcounter.py:115}}
Jul 03 06:26:19.956083 np0000004379 nova-scheduler[93312]: DEBUG dbcounter [-] [93312] Writing DB stats nova_cell0:SELECT=1,nova_cell0:UPDATE=1 {{(pid=93312) stat_writer /opt/stack/data/venv/lib/python3.12/site-packages/dbcounter.py:115}}
Jul 03 06:26:19.996013 np0000004379 nova-scheduler[93316]: DEBUG dbcounter [-] [93316] Writing DB stats nova_cell0:SELECT=1 {{(pid=93316) stat_writer /opt/stack/data/venv/lib/python3.12/site-packages/dbcounter.py:115}}
Jul 03 06:26:45.973410 np0000004379 nova-scheduler[93312]: DEBUG nova.scheduler.manager [None req-be752e43-e273-4bb2-9454-dbdde7b56b40 tempest-DeleteServersTestJSON-2103051866 tempest-DeleteServersTestJSON-2103051866-project-member] Starting to schedule for instances: ['600a1eeb-ced2-43c3-86e9-68c109e51db9'] {{(pid=93312) select_destinations /opt/stack/nova/nova/scheduler/manager.py:209}}
Jul 03 06:26:45.973929 np0000004379 nova-scheduler[93312]: DEBUG nova.scheduler.request_filter [None req-be752e43-e273-4bb2-9454-dbdde7b56b40 tempest-DeleteServersTestJSON-2103051866 tempest-DeleteServersTestJSON-2103051866-project-member] compute_status_filter request filter added forbidden trait COMPUTE_STATUS_DISABLED {{(pid=93312) compute_status_filter /opt/stack/nova/nova/scheduler/request_filter.py:253}}
Jul 03 06:26:45.973929 np0000004379 nova-scheduler[93312]: DEBUG nova.scheduler.request_filter [None req-be752e43-e273-4bb2-9454-dbdde7b56b40 tempest-DeleteServersTestJSON-2103051866 tempest-DeleteServersTestJSON-2103051866-project-member] Request filter 'compute_status_filter' took 0.0 seconds {{(pid=93312) wrapper /opt/stack/nova/nova/scheduler/request_filter.py:46}}
Jul 03 06:26:45.974002 np0000004379 nova-scheduler[93312]: DEBUG nova.scheduler.request_filter [None req-be752e43-e273-4bb2-9454-dbdde7b56b40 tempest-DeleteServersTestJSON-2103051866 tempest-DeleteServersTestJSON-2103051866-project-member] Request filter 'accelerators_filter' took 0.0 seconds {{(pid=93312) wrapper /opt/stack/nova/nova/scheduler/request_filter.py:46}}
Jul 03 06:26:45.974242 np0000004379 nova-scheduler[93312]: DEBUG nova.scheduler.request_filter [None req-be752e43-e273-4bb2-9454-dbdde7b56b40 tempest-DeleteServersTestJSON-2103051866 tempest-DeleteServersTestJSON-2103051866-project-member] Request filter 'packed_virtqueue_filter' took 0.0 seconds {{(pid=93312) wrapper /opt/stack/nova/nova/scheduler/request_filter.py:46}}
Jul 03 06:26:45.974527 np0000004379 nova-scheduler[93312]: DEBUG nova.scheduler.request_filter [None req-be752e43-e273-4bb2-9454-dbdde7b56b40 tempest-DeleteServersTestJSON-2103051866 tempest-DeleteServersTestJSON-2103051866-project-member] Request filter 'remote_managed_ports_filter' took 0.0 seconds {{(pid=93312) wrapper /opt/stack/nova/nova/scheduler/request_filter.py:46}}
Jul 03 06:26:45.975102 np0000004379 nova-scheduler[93312]: DEBUG nova.scheduler.request_filter [None req-be752e43-e273-4bb2-9454-dbdde7b56b40 tempest-DeleteServersTestJSON-2103051866 tempest-DeleteServersTestJSON-2103051866-project-member] ephemeral_encryption_filter skipped {{(pid=93312) ephemeral_encryption_filter /opt/stack/nova/nova/scheduler/request_filter.py:426}}
Jul 03 06:26:45.975102 np0000004379 nova-scheduler[93312]: DEBUG nova.scheduler.request_filter [None req-be752e43-e273-4bb2-9454-dbdde7b56b40 tempest-DeleteServersTestJSON-2103051866 tempest-DeleteServersTestJSON-2103051866-project-member] virtio_sound_filter skipped {{(pid=93312) virtio_sound_filter /opt/stack/nova/nova/scheduler/request_filter.py:460}}
Jul 03 06:26:45.975291 np0000004379 nova-scheduler[93312]: DEBUG nova.scheduler.request_filter [None req-be752e43-e273-4bb2-9454-dbdde7b56b40 tempest-DeleteServersTestJSON-2103051866 tempest-DeleteServersTestJSON-2103051866-project-member] tpm_secret_security_filter skipped {{(pid=93312) tpm_secret_security_filter /opt/stack/nova/nova/scheduler/request_filter.py:477}}
Jul 03 06:26:46.678504 np0000004379 nova-scheduler[93312]: INFO nova.utils [None req-be752e43-e273-4bb2-9454-dbdde7b56b40 tempest-DeleteServersTestJSON-2103051866 tempest-DeleteServersTestJSON-2103051866-project-member] The cell worker thread pool ForkProcess-1.cell_worker is initialized
Jul 03 06:26:46.678504 np0000004379 nova-scheduler[93312]: DEBUG oslo_concurrency.lockutils [None req-be752e43-e273-4bb2-9454-dbdde7b56b40 tempest-DeleteServersTestJSON-2103051866 tempest-DeleteServersTestJSON-2103051866-project-member] Acquiring lock "3dc6a461-e812-4241-962a-f83cd53ceaa4" by "nova.context.set_target_cell..get_or_set_cached_cell_and_set_connections" {{(pid=93312) inner /opt/stack/data/venv/lib/python3.12/site-packages/oslo_concurrency/lockutils.py:511}}
Jul 03 06:26:46.678504 np0000004379 nova-scheduler[93312]: DEBUG oslo_concurrency.lockutils [None req-be752e43-e273-4bb2-9454-dbdde7b56b40 tempest-DeleteServersTestJSON-2103051866 tempest-DeleteServersTestJSON-2103051866-project-member] Lock "3dc6a461-e812-4241-962a-f83cd53ceaa4" acquired by "nova.context.set_target_cell..get_or_set_cached_cell_and_set_connections" :: waited 0.000s {{(pid=93312) inner /opt/stack/data/venv/lib/python3.12/site-packages/oslo_concurrency/lockutils.py:524}}
Jul 03 06:26:46.678504 np0000004379 nova-scheduler[93312]: DEBUG oslo_concurrency.lockutils [None req-be752e43-e273-4bb2-9454-dbdde7b56b40 tempest-DeleteServersTestJSON-2103051866 tempest-DeleteServersTestJSON-2103051866-project-member] Lock "3dc6a461-e812-4241-962a-f83cd53ceaa4" "released" by "nova.context.set_target_cell..get_or_set_cached_cell_and_set_connections" :: held 0.001s {{(pid=93312) inner /opt/stack/data/venv/lib/python3.12/site-packages/oslo_concurrency/lockutils.py:543}}
Jul 03 06:26:46.678504 np0000004379 nova-scheduler[93312]: INFO dbcounter [None req-be752e43-e273-4bb2-9454-dbdde7b56b40 tempest-DeleteServersTestJSON-2103051866 tempest-DeleteServersTestJSON-2103051866-project-member] Registered counter for database nova_cell1
Jul 03 06:26:46.719022 np0000004379 nova-scheduler[93312]: DEBUG oslo_db.sqlalchemy.engines [None req-be752e43-e273-4bb2-9454-dbdde7b56b40 tempest-DeleteServersTestJSON-2103051866 tempest-DeleteServersTestJSON-2103051866-project-member] MySQL server mode set to STRICT_TRANS_TABLES,STRICT_ALL_TABLES,NO_ZERO_IN_DATE,NO_ZERO_DATE,ERROR_FOR_DIVISION_BY_ZERO,TRADITIONAL,NO_ENGINE_SUBSTITUTION {{(pid=93312) _check_effective_sql_mode /opt/stack/data/venv/lib/python3.12/site-packages/oslo_db/sqlalchemy/engines.py:325}}
Jul 03 06:26:46.719022 np0000004379 nova-scheduler[93312]: DEBUG dbcounter [-] [93312] Writer thread running {{(pid=93312) stat_writer /opt/stack/data/venv/lib/python3.12/site-packages/dbcounter.py:102}}
Jul 03 06:26:46.775547 np0000004379 nova-scheduler[93312]: DEBUG oslo_db.sqlalchemy.engines [None req-be752e43-e273-4bb2-9454-dbdde7b56b40 tempest-DeleteServersTestJSON-2103051866 tempest-DeleteServersTestJSON-2103051866-project-member] Parent process 92060 forked (93312) with an open database connection, which is being discarded and recreated. {{(pid=93312) checkout /opt/stack/data/venv/lib/python3.12/site-packages/oslo_db/sqlalchemy/engines.py:402}}
Jul 03 06:26:46.804748 np0000004379 nova-scheduler[93312]: DEBUG dbcounter [-] [93312] Writer thread running {{(pid=93312) stat_writer /opt/stack/data/venv/lib/python3.12/site-packages/dbcounter.py:102}}
Jul 03 06:26:46.825124 np0000004379 nova-scheduler[93312]: DEBUG oslo_concurrency.lockutils [None req-be752e43-e273-4bb2-9454-dbdde7b56b40 tempest-DeleteServersTestJSON-2103051866 tempest-DeleteServersTestJSON-2103051866-project-member] Acquiring lock "3dc6a461-e812-4241-962a-f83cd53ceaa4" by "nova.context.set_target_cell..get_or_set_cached_cell_and_set_connections" {{(pid=93312) inner /opt/stack/data/venv/lib/python3.12/site-packages/oslo_concurrency/lockutils.py:511}}
Jul 03 06:26:46.825289 np0000004379 nova-scheduler[93312]: DEBUG oslo_concurrency.lockutils [None req-be752e43-e273-4bb2-9454-dbdde7b56b40 tempest-DeleteServersTestJSON-2103051866 tempest-DeleteServersTestJSON-2103051866-project-member] Lock "3dc6a461-e812-4241-962a-f83cd53ceaa4" acquired by "nova.context.set_target_cell..get_or_set_cached_cell_and_set_connections" :: waited 0.000s {{(pid=93312) inner /opt/stack/data/venv/lib/python3.12/site-packages/oslo_concurrency/lockutils.py:524}}
Jul 03 06:26:46.825418 np0000004379 nova-scheduler[93312]: DEBUG oslo_concurrency.lockutils [None req-be752e43-e273-4bb2-9454-dbdde7b56b40 tempest-DeleteServersTestJSON-2103051866 tempest-DeleteServersTestJSON-2103051866-project-member] Lock "3dc6a461-e812-4241-962a-f83cd53ceaa4" "released" by "nova.context.set_target_cell..get_or_set_cached_cell_and_set_connections" :: held 0.000s {{(pid=93312) inner /opt/stack/data/venv/lib/python3.12/site-packages/oslo_concurrency/lockutils.py:543}}
Jul 03 06:26:46.829558 np0000004379 nova-scheduler[93312]: DEBUG oslo_concurrency.lockutils [None req-be752e43-e273-4bb2-9454-dbdde7b56b40 tempest-DeleteServersTestJSON-2103051866 tempest-DeleteServersTestJSON-2103051866-project-member] Acquiring lock "np0000004379-np0000004379" by "nova.scheduler.host_manager.HostState.update.._locked_update" {{(pid=93312) inner /opt/stack/data/venv/lib/python3.12/site-packages/oslo_concurrency/lockutils.py:511}}
Jul 03 06:26:46.829558 np0000004379 nova-scheduler[93312]: DEBUG oslo_concurrency.lockutils [None req-be752e43-e273-4bb2-9454-dbdde7b56b40 tempest-DeleteServersTestJSON-2103051866 tempest-DeleteServersTestJSON-2103051866-project-member] Lock "np0000004379-np0000004379" acquired by "nova.scheduler.host_manager.HostState.update.._locked_update" :: waited 0.000s {{(pid=93312) inner /opt/stack/data/venv/lib/python3.12/site-packages/oslo_concurrency/lockutils.py:524}}
Jul 03 06:26:46.831467 np0000004379 nova-scheduler[93312]: DEBUG nova.scheduler.host_manager [None req-be752e43-e273-4bb2-9454-dbdde7b56b40 tempest-DeleteServersTestJSON-2103051866 tempest-DeleteServersTestJSON-2103051866-project-member] Update host state from compute node: ComputeNode(cpu_allocation_ratio=4.0,cpu_info='{"arch": "x86_64", "model": "EPYC-Milan", "vendor": "AMD", "topology": {"cells": 1, "sockets": 16, "cores": 1, "threads": 1}, "maxphysaddr": {"mode": "emulate", "bits": 40}, "features": ["topoext", "bmi1", "avx", "tsc-scale", "rdrand", "sse2", "ssse3", "clzero", "fpu", "pat", "adx", "smep", "nrip-save", "popcnt", "mmx", "wbnoinvd", "stibp", "clflushopt", "sep", "svm", "fsgsbase", "rdseed", "f16c", "pku", "bmi2", "smap", "xsave", "svme-addr-chk", "mds-no", "mtrr", "pni", "cmov", "ibpb", "skip-l1dfl-vmentry", "sse", "fsrm", "fma", "null-sel-clr-base", "movbe", "pse36", "avx2", "arat", "gds-no", "v-vmsave-vmload", "lahf_lm", "pge", "sha-ni", "sse4a", "vgif", "de", "clwb", "lm", "xsaves", "pae", "msr", "aes", "xsaveerptr", "cr8legacy", "pse", "arch-capabilities", "amd-ssbd", "3dnowprefetch", "cx16", "pschange-mc-no", "pause-filter", "xgetbv1", "sse4.1", "virt-ssbd", "vmcb-clean", "nx", "rdpid", "apic", "amd-stibp", "osvw", "pfthreshold", "cmp_legacy", "perfctr_core", "invpcid", "flushbyasid", "ibrs", "lbrv", "mca", "xsavec", "mmxext", "pclmuldq", "vme", "ssbd", "rdtscp", "stibp-always-on", "x2apic", "rdctl-no", "abm", "npt", "amd-psfd", "vpclmulqdq", "pcid", "clflush", "pdpe1gb", "syscall", "cx8", "fxsr_opt", "misalignsse", "fxsr", "umip", "erms", "vaes", "no-nested-data-bp", "tsc", "hypervisor", "tsc_adjust", "mce", "tsc-deadline", "lfence-always-serializing", "sse4.2", "spec-ctrl", "xsaveopt"]}',created_at=2026-07-03T06:24:33Z,current_workload=0,deleted=False,deleted_at=None,disk_allocation_ratio=1.0,disk_available_least=73,free_disk_gb=95,free_ram_mb=62765,host='np0000004379',host_ip=10.4.3.89,hypervisor_hostname='np0000004379',hypervisor_type='QEMU',hypervisor_version=8002002,id=1,local_gb=95,local_gb_used=0,mapped=1,memory_mb=63277,memory_mb_used=512,metrics='[]',numa_topology='{"nova_object.name": "NUMATopology", "nova_object.namespace": "nova", "nova_object.version": "1.2", "nova_object.data": {"cells": [{"nova_object.name": "NUMACell", "nova_object.namespace": "nova", "nova_object.version": "1.5", "nova_object.data": {"id": 0, "cpuset": [0, 1, 2, 3, 4, 5, 6, 7, 8, 9, 10, 11, 12, 13, 14, 15], "pcpuset": [0, 1, 2, 3, 4, 5, 6, 7, 8, 9, 10, 11, 12, 13, 14, 15], "memory": 63277, "cpu_usage": 0, "memory_usage": 0, "pinned_cpus": [], "siblings": [[6], [12], [2], [15], [5], [11], [8], [14], [4], [1], [7], [10], [0], [13], [3], [9]], "mempages": [{"nova_object.name": "NUMAPagesTopology", "nova_object.namespace": "nova", "nova_object.version": "1.1", "nova_object.data": {"size_kb": 4, "total": 16177929, "used": 0, "reserved": 0}, "nova_object.changes": ["size_kb", "used", "reserved", "total"]}, {"nova_object.name": "NUMAPagesTopology", "nova_object.namespace": "nova", "nova_object.version": "1.1", "nova_object.data": {"size_kb": 2048, "total": 41, "used": 0, "reserved": 0}, "nova_object.changes": ["size_kb", "used", "reserved", "total"]}, {"nova_object.name": "NUMAPagesTopology", "nova_object.namespace": "nova", "nova_object.version": "1.1", "nova_object.data": {"size_kb": 1048576, "total": 0, "used": 0, "reserved": 0}, "nova_object.changes": ["size_kb", "used", "reserved", "total"]}], "network_metadata": {"nova_object.name": "NetworkMetadata", "nova_object.namespace": "nova", "nova_object.version": "1.0", "nova_object.data": {"physnets": [], "tunneled": false}, "nova_object.changes": ["physnets", "tunneled"]}, "socket": null}, "nova_object.changes": ["pcpuset", "network_metadata", "memory_usage", "cpu_usage", "siblings", "memory", "pinned_cpus", "cpuset", "socket", "mempages", "id"]}]}, "nova_object.changes": ["cells"]}',pci_device_pools=PciDevicePoolList,ram_allocation_ratio=1.0,running_vms=0,service_id=4,stats={failed_builds='0',uptime=' 06:26:17 up 14 min, 2 users, load average: 1.42, 1.61, 0.95
Jul 03 06:26:46.831467 np0000004379 nova-scheduler[93312]: '},supported_hv_specs=[HVSpec,HVSpec,HVSpec,HVSpec,HVSpec,HVSpec,HVSpec,HVSpec,HVSpec,HVSpec,HVSpec,HVSpec,HVSpec,HVSpec,HVSpec,HVSpec,HVSpec,HVSpec,HVSpec,HVSpec,HVSpec,HVSpec,HVSpec,HVSpec,HVSpec],updated_at=2026-07-03T06:26:19Z,uuid=c4bd97af-a11d-4eab-971f-95ffc0cd6878,vcpus=16,vcpus_used=0) {{(pid=93312) _locked_update /opt/stack/nova/nova/scheduler/host_manager.py:168}}
Jul 03 06:26:46.832758 np0000004379 nova-scheduler[93312]: DEBUG nova.scheduler.host_manager [None req-be752e43-e273-4bb2-9454-dbdde7b56b40 tempest-DeleteServersTestJSON-2103051866 tempest-DeleteServersTestJSON-2103051866-project-member] Update host state with aggregates: [] {{(pid=93312) _locked_update /opt/stack/nova/nova/scheduler/host_manager.py:171}}
Jul 03 06:26:46.832938 np0000004379 nova-scheduler[93312]: DEBUG nova.scheduler.host_manager [None req-be752e43-e273-4bb2-9454-dbdde7b56b40 tempest-DeleteServersTestJSON-2103051866 tempest-DeleteServersTestJSON-2103051866-project-member] Update host state with service dict: {'id': 4, 'uuid': '8ca4dcf9-6a01-4cf3-8a96-828566b2eb45', 'host': 'np0000004379', 'binary': 'nova-compute', 'topic': 'compute', 'report_count': 2, 'disabled': False, 'disabled_reason': None, 'last_seen_up': datetime.datetime(2026, 7, 3, 6, 26, 42, tzinfo=datetime.timezone.utc), 'forced_down': False, 'version': 72, 'created_at': datetime.datetime(2026, 7, 3, 6, 24, 31, tzinfo=datetime.timezone.utc), 'updated_at': datetime.datetime(2026, 7, 3, 6, 26, 42, tzinfo=datetime.timezone.utc), 'deleted_at': None, 'deleted': False} {{(pid=93312) _locked_update /opt/stack/nova/nova/scheduler/host_manager.py:174}}
Jul 03 06:26:46.833117 np0000004379 nova-scheduler[93312]: DEBUG nova.scheduler.host_manager [None req-be752e43-e273-4bb2-9454-dbdde7b56b40 tempest-DeleteServersTestJSON-2103051866 tempest-DeleteServersTestJSON-2103051866-project-member] Update host state with instances: [] {{(pid=93312) _locked_update /opt/stack/nova/nova/scheduler/host_manager.py:177}}
Jul 03 06:26:46.833424 np0000004379 nova-scheduler[93312]: DEBUG oslo_concurrency.lockutils [None req-be752e43-e273-4bb2-9454-dbdde7b56b40 tempest-DeleteServersTestJSON-2103051866 tempest-DeleteServersTestJSON-2103051866-project-member] Lock "np0000004379-np0000004379" "released" by "nova.scheduler.host_manager.HostState.update.._locked_update" :: held 0.004s {{(pid=93312) inner /opt/stack/data/venv/lib/python3.12/site-packages/oslo_concurrency/lockutils.py:543}}
Jul 03 06:26:46.835239 np0000004379 nova-scheduler[93312]: DEBUG nova.filters [None req-be752e43-e273-4bb2-9454-dbdde7b56b40 tempest-DeleteServersTestJSON-2103051866 tempest-DeleteServersTestJSON-2103051866-project-member] Starting with 1 host(s) {{(pid=93312) get_filtered_objects /opt/stack/nova/nova/filters.py:70}}
Jul 03 06:26:46.835239 np0000004379 nova-scheduler[93312]: DEBUG nova.filters [None req-be752e43-e273-4bb2-9454-dbdde7b56b40 tempest-DeleteServersTestJSON-2103051866 tempest-DeleteServersTestJSON-2103051866-project-member] Filter ComputeFilter returned 1 host(s) {{(pid=93312) get_filtered_objects /opt/stack/nova/nova/filters.py:102}}
Jul 03 06:26:46.835239 np0000004379 nova-scheduler[93312]: DEBUG nova.filters [None req-be752e43-e273-4bb2-9454-dbdde7b56b40 tempest-DeleteServersTestJSON-2103051866 tempest-DeleteServersTestJSON-2103051866-project-member] Filter ComputeCapabilitiesFilter returned 1 host(s) {{(pid=93312) get_filtered_objects /opt/stack/nova/nova/filters.py:102}}
Jul 03 06:26:46.835239 np0000004379 nova-scheduler[93312]: DEBUG nova.filters [None req-be752e43-e273-4bb2-9454-dbdde7b56b40 tempest-DeleteServersTestJSON-2103051866 tempest-DeleteServersTestJSON-2103051866-project-member] Filter ImagePropertiesFilter returned 1 host(s) {{(pid=93312) get_filtered_objects /opt/stack/nova/nova/filters.py:102}}
Jul 03 06:26:46.835572 np0000004379 nova-scheduler[93312]: DEBUG nova.filters [None req-be752e43-e273-4bb2-9454-dbdde7b56b40 tempest-DeleteServersTestJSON-2103051866 tempest-DeleteServersTestJSON-2103051866-project-member] Filter ServerGroupAntiAffinityFilter returned 1 host(s) {{(pid=93312) get_filtered_objects /opt/stack/nova/nova/filters.py:102}}
Jul 03 06:26:46.835572 np0000004379 nova-scheduler[93312]: DEBUG nova.filters [None req-be752e43-e273-4bb2-9454-dbdde7b56b40 tempest-DeleteServersTestJSON-2103051866 tempest-DeleteServersTestJSON-2103051866-project-member] Filter ServerGroupAffinityFilter returned 1 host(s) {{(pid=93312) get_filtered_objects /opt/stack/nova/nova/filters.py:102}}
Jul 03 06:26:46.835663 np0000004379 nova-scheduler[93312]: DEBUG nova.filters [None req-be752e43-e273-4bb2-9454-dbdde7b56b40 tempest-DeleteServersTestJSON-2103051866 tempest-DeleteServersTestJSON-2103051866-project-member] Filter SameHostFilter returned 1 host(s) {{(pid=93312) get_filtered_objects /opt/stack/nova/nova/filters.py:102}}
Jul 03 06:26:46.835747 np0000004379 nova-scheduler[93312]: DEBUG nova.filters [None req-be752e43-e273-4bb2-9454-dbdde7b56b40 tempest-DeleteServersTestJSON-2103051866 tempest-DeleteServersTestJSON-2103051866-project-member] Filter DifferentHostFilter returned 1 host(s) {{(pid=93312) get_filtered_objects /opt/stack/nova/nova/filters.py:102}}
Jul 03 06:26:46.835881 np0000004379 nova-scheduler[93312]: DEBUG nova.scheduler.manager [None req-be752e43-e273-4bb2-9454-dbdde7b56b40 tempest-DeleteServersTestJSON-2103051866 tempest-DeleteServersTestJSON-2103051866-project-member] Filtered [(np0000004379, np0000004379) ram: 62765MB disk: 74752MB io_ops: 0 instances: 0, allocation_candidates: 1] {{(pid=93312) _get_sorted_hosts /opt/stack/nova/nova/scheduler/manager.py:742}}
Jul 03 06:26:46.836097 np0000004379 nova-scheduler[93312]: DEBUG nova.scheduler.manager [None req-be752e43-e273-4bb2-9454-dbdde7b56b40 tempest-DeleteServersTestJSON-2103051866 tempest-DeleteServersTestJSON-2103051866-project-member] Weighed [WeighedHost [host: (np0000004379, np0000004379) ram: 62765MB disk: 74752MB io_ops: 0 instances: 0, allocation_candidates: 1, weight: 0.0]] {{(pid=93312) _get_sorted_hosts /opt/stack/nova/nova/scheduler/manager.py:764}}
Jul 03 06:26:46.836321 np0000004379 nova-scheduler[93312]: DEBUG nova.scheduler.utils [None req-be752e43-e273-4bb2-9454-dbdde7b56b40 tempest-DeleteServersTestJSON-2103051866 tempest-DeleteServersTestJSON-2103051866-project-member] Attempting to claim resources in the placement API for instance 600a1eeb-ced2-43c3-86e9-68c109e51db9 {{(pid=93312) claim_resources /opt/stack/nova/nova/scheduler/utils.py:1345}}
Jul 03 06:26:47.643333 np0000004379 nova-scheduler[93312]: DEBUG nova.scheduler.manager [None req-be752e43-e273-4bb2-9454-dbdde7b56b40 tempest-DeleteServersTestJSON-2103051866 tempest-DeleteServersTestJSON-2103051866-project-member] [instance: 600a1eeb-ced2-43c3-86e9-68c109e51db9] Selected host: (np0000004379, np0000004379) ram: 62765MB disk: 74752MB io_ops: 0 instances: 0, allocation_candidates: 1 {{(pid=93312) _consume_selected_host /opt/stack/nova/nova/scheduler/manager.py:624}}
Jul 03 06:26:47.644052 np0000004379 nova-scheduler[93312]: DEBUG oslo_concurrency.lockutils [None req-be752e43-e273-4bb2-9454-dbdde7b56b40 tempest-DeleteServersTestJSON-2103051866 tempest-DeleteServersTestJSON-2103051866-project-member] Acquiring lock "np0000004379-np0000004379" by "nova.scheduler.host_manager.HostState.consume_from_request.._locked" {{(pid=93312) inner /opt/stack/data/venv/lib/python3.12/site-packages/oslo_concurrency/lockutils.py:511}}
Jul 03 06:26:47.644052 np0000004379 nova-scheduler[93312]: DEBUG oslo_concurrency.lockutils [None req-be752e43-e273-4bb2-9454-dbdde7b56b40 tempest-DeleteServersTestJSON-2103051866 tempest-DeleteServersTestJSON-2103051866-project-member] Lock "np0000004379-np0000004379" acquired by "nova.scheduler.host_manager.HostState.consume_from_request.._locked" :: waited 0.000s {{(pid=93312) inner /opt/stack/data/venv/lib/python3.12/site-packages/oslo_concurrency/lockutils.py:524}}
Jul 03 06:26:47.644198 np0000004379 nova-scheduler[93312]: DEBUG oslo_concurrency.lockutils [None req-be752e43-e273-4bb2-9454-dbdde7b56b40 tempest-DeleteServersTestJSON-2103051866 tempest-DeleteServersTestJSON-2103051866-project-member] Lock "np0000004379-np0000004379" "released" by "nova.scheduler.host_manager.HostState.consume_from_request.._locked" :: held 0.000s {{(pid=93312) inner /opt/stack/data/venv/lib/python3.12/site-packages/oslo_concurrency/lockutils.py:543}}
Jul 03 06:26:48.213859 np0000004379 nova-scheduler[93314]: DEBUG nova.scheduler.manager [None req-e83709f2-042f-425b-8794-9f2fe7a8c20a tempest-ServerRescueNegativeTestJSON-1636173557 tempest-ServerRescueNegativeTestJSON-1636173557-project-member] Starting to schedule for instances: ['506b2d6a-9e21-48ca-9a25-04b4b838573d'] {{(pid=93314) select_destinations /opt/stack/nova/nova/scheduler/manager.py:209}}
Jul 03 06:26:48.214491 np0000004379 nova-scheduler[93314]: DEBUG nova.scheduler.request_filter [None req-e83709f2-042f-425b-8794-9f2fe7a8c20a tempest-ServerRescueNegativeTestJSON-1636173557 tempest-ServerRescueNegativeTestJSON-1636173557-project-member] compute_status_filter request filter added forbidden trait COMPUTE_STATUS_DISABLED {{(pid=93314) compute_status_filter /opt/stack/nova/nova/scheduler/request_filter.py:253}}
Jul 03 06:26:48.214677 np0000004379 nova-scheduler[93314]: DEBUG nova.scheduler.request_filter [None req-e83709f2-042f-425b-8794-9f2fe7a8c20a tempest-ServerRescueNegativeTestJSON-1636173557 tempest-ServerRescueNegativeTestJSON-1636173557-project-member] Request filter 'compute_status_filter' took 0.0 seconds {{(pid=93314) wrapper /opt/stack/nova/nova/scheduler/request_filter.py:46}}
Jul 03 06:26:48.215000 np0000004379 nova-scheduler[93314]: DEBUG nova.scheduler.request_filter [None req-e83709f2-042f-425b-8794-9f2fe7a8c20a tempest-ServerRescueNegativeTestJSON-1636173557 tempest-ServerRescueNegativeTestJSON-1636173557-project-member] Request filter 'accelerators_filter' took 0.0 seconds {{(pid=93314) wrapper /opt/stack/nova/nova/scheduler/request_filter.py:46}}
Jul 03 06:26:48.215311 np0000004379 nova-scheduler[93314]: DEBUG nova.scheduler.request_filter [None req-e83709f2-042f-425b-8794-9f2fe7a8c20a tempest-ServerRescueNegativeTestJSON-1636173557 tempest-ServerRescueNegativeTestJSON-1636173557-project-member] Request filter 'packed_virtqueue_filter' took 0.0 seconds {{(pid=93314) wrapper /opt/stack/nova/nova/scheduler/request_filter.py:46}}
Jul 03 06:26:48.215699 np0000004379 nova-scheduler[93314]: DEBUG nova.scheduler.request_filter [None req-e83709f2-042f-425b-8794-9f2fe7a8c20a tempest-ServerRescueNegativeTestJSON-1636173557 tempest-ServerRescueNegativeTestJSON-1636173557-project-member] Request filter 'remote_managed_ports_filter' took 0.0 seconds {{(pid=93314) wrapper /opt/stack/nova/nova/scheduler/request_filter.py:46}}
Jul 03 06:26:48.215934 np0000004379 nova-scheduler[93314]: DEBUG nova.scheduler.request_filter [None req-e83709f2-042f-425b-8794-9f2fe7a8c20a tempest-ServerRescueNegativeTestJSON-1636173557 tempest-ServerRescueNegativeTestJSON-1636173557-project-member] ephemeral_encryption_filter skipped {{(pid=93314) ephemeral_encryption_filter /opt/stack/nova/nova/scheduler/request_filter.py:426}}
Jul 03 06:26:48.216175 np0000004379 nova-scheduler[93314]: DEBUG nova.scheduler.request_filter [None req-e83709f2-042f-425b-8794-9f2fe7a8c20a tempest-ServerRescueNegativeTestJSON-1636173557 tempest-ServerRescueNegativeTestJSON-1636173557-project-member] virtio_sound_filter skipped {{(pid=93314) virtio_sound_filter /opt/stack/nova/nova/scheduler/request_filter.py:460}}
Jul 03 06:26:48.216328 np0000004379 nova-scheduler[93314]: DEBUG nova.scheduler.request_filter [None req-e83709f2-042f-425b-8794-9f2fe7a8c20a tempest-ServerRescueNegativeTestJSON-1636173557 tempest-ServerRescueNegativeTestJSON-1636173557-project-member] tpm_secret_security_filter skipped {{(pid=93314) tpm_secret_security_filter /opt/stack/nova/nova/scheduler/request_filter.py:477}}
Jul 03 06:26:48.358547 np0000004379 nova-scheduler[93314]: INFO nova.utils [None req-e83709f2-042f-425b-8794-9f2fe7a8c20a tempest-ServerRescueNegativeTestJSON-1636173557 tempest-ServerRescueNegativeTestJSON-1636173557-project-member] The cell worker thread pool ForkProcess-2.cell_worker is initialized
Jul 03 06:26:48.362417 np0000004379 nova-scheduler[93314]: DEBUG oslo_concurrency.lockutils [None req-e83709f2-042f-425b-8794-9f2fe7a8c20a tempest-ServerRescueNegativeTestJSON-1636173557 tempest-ServerRescueNegativeTestJSON-1636173557-project-member] Acquiring lock "3dc6a461-e812-4241-962a-f83cd53ceaa4" by "nova.context.set_target_cell..get_or_set_cached_cell_and_set_connections" {{(pid=93314) inner /opt/stack/data/venv/lib/python3.12/site-packages/oslo_concurrency/lockutils.py:511}}
Jul 03 06:26:48.362945 np0000004379 nova-scheduler[93314]: DEBUG oslo_concurrency.lockutils [None req-e83709f2-042f-425b-8794-9f2fe7a8c20a tempest-ServerRescueNegativeTestJSON-1636173557 tempest-ServerRescueNegativeTestJSON-1636173557-project-member] Lock "3dc6a461-e812-4241-962a-f83cd53ceaa4" acquired by "nova.context.set_target_cell..get_or_set_cached_cell_and_set_connections" :: waited 0.003s {{(pid=93314) inner /opt/stack/data/venv/lib/python3.12/site-packages/oslo_concurrency/lockutils.py:524}}
Jul 03 06:26:48.367301 np0000004379 nova-scheduler[93314]: DEBUG oslo_concurrency.lockutils [None req-e83709f2-042f-425b-8794-9f2fe7a8c20a tempest-ServerRescueNegativeTestJSON-1636173557 tempest-ServerRescueNegativeTestJSON-1636173557-project-member] Lock "3dc6a461-e812-4241-962a-f83cd53ceaa4" "released" by "nova.context.set_target_cell..get_or_set_cached_cell_and_set_connections" :: held 0.005s {{(pid=93314) inner /opt/stack/data/venv/lib/python3.12/site-packages/oslo_concurrency/lockutils.py:543}}
Jul 03 06:26:48.370054 np0000004379 nova-scheduler[93314]: INFO dbcounter [None req-e83709f2-042f-425b-8794-9f2fe7a8c20a tempest-ServerRescueNegativeTestJSON-1636173557 tempest-ServerRescueNegativeTestJSON-1636173557-project-member] Registered counter for database nova_cell1
Jul 03 06:26:48.420220 np0000004379 nova-scheduler[93314]: DEBUG oslo_db.sqlalchemy.engines [None req-e83709f2-042f-425b-8794-9f2fe7a8c20a tempest-ServerRescueNegativeTestJSON-1636173557 tempest-ServerRescueNegativeTestJSON-1636173557-project-member] MySQL server mode set to STRICT_TRANS_TABLES,STRICT_ALL_TABLES,NO_ZERO_IN_DATE,NO_ZERO_DATE,ERROR_FOR_DIVISION_BY_ZERO,TRADITIONAL,NO_ENGINE_SUBSTITUTION {{(pid=93314) _check_effective_sql_mode /opt/stack/data/venv/lib/python3.12/site-packages/oslo_db/sqlalchemy/engines.py:325}}
Jul 03 06:26:48.425848 np0000004379 nova-scheduler[93314]: DEBUG dbcounter [-] [93314] Writer thread running {{(pid=93314) stat_writer /opt/stack/data/venv/lib/python3.12/site-packages/dbcounter.py:102}}
Jul 03 06:26:48.497428 np0000004379 nova-scheduler[93314]: DEBUG dbcounter [-] [93314] Writer thread running {{(pid=93314) stat_writer /opt/stack/data/venv/lib/python3.12/site-packages/dbcounter.py:102}}
Jul 03 06:26:48.498150 np0000004379 nova-scheduler[93314]: DEBUG oslo_concurrency.lockutils [None req-e83709f2-042f-425b-8794-9f2fe7a8c20a tempest-ServerRescueNegativeTestJSON-1636173557 tempest-ServerRescueNegativeTestJSON-1636173557-project-member] Acquiring lock "3dc6a461-e812-4241-962a-f83cd53ceaa4" by "nova.context.set_target_cell..get_or_set_cached_cell_and_set_connections" {{(pid=93314) inner /opt/stack/data/venv/lib/python3.12/site-packages/oslo_concurrency/lockutils.py:511}}
Jul 03 06:26:48.498366 np0000004379 nova-scheduler[93314]: DEBUG oslo_concurrency.lockutils [None req-e83709f2-042f-425b-8794-9f2fe7a8c20a tempest-ServerRescueNegativeTestJSON-1636173557 tempest-ServerRescueNegativeTestJSON-1636173557-project-member] Lock "3dc6a461-e812-4241-962a-f83cd53ceaa4" acquired by "nova.context.set_target_cell..get_or_set_cached_cell_and_set_connections" :: waited 0.000s {{(pid=93314) inner /opt/stack/data/venv/lib/python3.12/site-packages/oslo_concurrency/lockutils.py:524}}
Jul 03 06:26:48.499462 np0000004379 nova-scheduler[93314]: DEBUG oslo_concurrency.lockutils [None req-e83709f2-042f-425b-8794-9f2fe7a8c20a tempest-ServerRescueNegativeTestJSON-1636173557 tempest-ServerRescueNegativeTestJSON-1636173557-project-member] Lock "3dc6a461-e812-4241-962a-f83cd53ceaa4" "released" by "nova.context.set_target_cell..get_or_set_cached_cell_and_set_connections" :: held 0.000s {{(pid=93314) inner /opt/stack/data/venv/lib/python3.12/site-packages/oslo_concurrency/lockutils.py:543}}
Jul 03 06:26:48.502439 np0000004379 nova-scheduler[93314]: DEBUG oslo_concurrency.lockutils [None req-e83709f2-042f-425b-8794-9f2fe7a8c20a tempest-ServerRescueNegativeTestJSON-1636173557 tempest-ServerRescueNegativeTestJSON-1636173557-project-member] Acquiring lock "np0000004379-np0000004379" by "nova.scheduler.host_manager.HostState.update.._locked_update" {{(pid=93314) inner /opt/stack/data/venv/lib/python3.12/site-packages/oslo_concurrency/lockutils.py:511}}
Jul 03 06:26:48.502697 np0000004379 nova-scheduler[93314]: DEBUG oslo_concurrency.lockutils [None req-e83709f2-042f-425b-8794-9f2fe7a8c20a tempest-ServerRescueNegativeTestJSON-1636173557 tempest-ServerRescueNegativeTestJSON-1636173557-project-member] Lock "np0000004379-np0000004379" acquired by "nova.scheduler.host_manager.HostState.update.._locked_update" :: waited 0.000s {{(pid=93314) inner /opt/stack/data/venv/lib/python3.12/site-packages/oslo_concurrency/lockutils.py:524}}
