Aug 13 20:42:49.092014 np0000007262 devstack@g-api.service[99792]: DEBUG glance.db.sqlalchemy.api [None req-4a098060-a533-4c7a-bd34-6ff632e3d619 tempest-TestVolumeBootPatternV346-1803847663 tempest-TestVolumeBootPatternV346-1803847663-project-member] No image found with ID 1db2a877-376d-4ba8-8acf-76b76fb0f710 {{(pid=99792) _image_get /opt/stack/glance/glance/db/sqlalchemy/api.py:301}}
Aug 13 20:42:49.102636 np0000007262 devstack@g-api.service[99792]: WARNING glance.api.v2.images [None req-4a098060-a533-4c7a-bd34-6ff632e3d619 tempest-TestVolumeBootPatternV346-1803847663 tempest-TestVolumeBootPatternV346-1803847663-project-member] Failed to find image 1db2a877-376d-4ba8-8acf-76b76fb0f710 to delete: glance.common.exception.ImageNotFound: No image found with ID 1db2a877-376d-4ba8-8acf-76b76fb0f710
Aug 13 20:42:49.107439 np0000007262 devstack@g-api.service[99792]: [pid: 99792|app: 0|req: 153/468] 127.0.0.1 () {40 vars in 833 bytes} [Thu Aug 13 20:42:49 2026] DELETE /v2/images/1db2a877-376d-4ba8-8acf-76b76fb0f710 => generated 147 bytes in 20 msecs (HTTP/1.1 404) 4 headers in 164 bytes (1 switches on core 0)
Aug 13 20:42:49.114247 np0000007262 devstack@g-api.service[99790]: DEBUG glance.api.middleware.version_negotiation [None req-df7eadae-eb87-47f3-adbd-906671084bd5 tempest-ServerBootFromVolumeStableRescueTest-435848855 tempest-ServerBootFromVolumeStableRescueTest-435848855-project-member] Determining version of request: GET /v2/images/1db2a877-376d-4ba8-8acf-76b76fb0f710 Accept: application/json {{(pid=99790) process_request /opt/stack/glance/glance/api/middleware/version_negotiation.py:44}}
Aug 13 20:42:49.116303 np0000007262 devstack@g-api.service[99790]: DEBUG glance.api.middleware.version_negotiation [None req-df7eadae-eb87-47f3-adbd-906671084bd5 tempest-ServerBootFromVolumeStableRescueTest-435848855 tempest-ServerBootFromVolumeStableRescueTest-435848855-project-member] Using url versioning {{(pid=99790) process_request /opt/stack/glance/glance/api/middleware/version_negotiation.py:57}}
Aug 13 20:42:49.116512 np0000007262 devstack@g-api.service[99790]: DEBUG glance.api.middleware.version_negotiation [None req-df7eadae-eb87-47f3-adbd-906671084bd5 tempest-ServerBootFromVolumeStableRescueTest-435848855 tempest-ServerBootFromVolumeStableRescueTest-435848855-project-member] Matched version: v2 {{(pid=99790) process_request /opt/stack/glance/glance/api/middleware/version_negotiation.py:69}}
Aug 13 20:42:49.116720 np0000007262 devstack@g-api.service[99790]: DEBUG glance.api.middleware.version_negotiation [None req-df7eadae-eb87-47f3-adbd-906671084bd5 tempest-ServerBootFromVolumeStableRescueTest-435848855 tempest-ServerBootFromVolumeStableRescueTest-435848855-project-member] new path /v2/images/1db2a877-376d-4ba8-8acf-76b76fb0f710 {{(pid=99790) process_request /opt/stack/glance/glance/api/middleware/version_negotiation.py:70}}
Aug 13 20:42:49.127012 np0000007262 devstack@g-api.service[99790]: DEBUG glance.db.sqlalchemy.api [None req-68cc5935-cc86-481f-99b4-350017bf6138 tempest-TestVolumeBootPatternV346-1803847663 tempest-TestVolumeBootPatternV346-1803847663-project-member] No image found with ID 1db2a877-376d-4ba8-8acf-76b76fb0f710 {{(pid=99790) _image_get /opt/stack/glance/glance/db/sqlalchemy/api.py:301}}
Aug 13 20:42:49.128978 np0000007262 devstack@g-api.service[99790]: [pid: 99790|app: 0|req: 152/469] 127.0.0.1 () {40 vars in 830 bytes} [Thu Aug 13 20:42:49 2026] GET /v2/images/1db2a877-376d-4ba8-8acf-76b76fb0f710 => generated 139 bytes in 15 msecs (HTTP/1.1 404) 4 headers in 164 bytes (1 switches on core 0)
Aug 13 20:42:49.200217 np0000007262 devstack@g-api.service[99791]: DEBUG glance.api.middleware.version_negotiation [None req-0a0fd6bd-a3d5-4b64-995a-c9bcc1a2d7f1 tempest-ServerBootFromVolumeStableRescueTest-435848855 tempest-ServerBootFromVolumeStableRescueTest-435848855-project-member] Determining version of request: GET /v2/images/a3fb74b4-12e4-4ebe-aa0a-0ca55bf20475 Accept: */* {{(pid=99791) process_request /opt/stack/glance/glance/api/middleware/version_negotiation.py:44}}
Aug 13 20:42:49.200417 np0000007262 devstack@g-api.service[99791]: DEBUG glance.api.middleware.version_negotiation [None req-0a0fd6bd-a3d5-4b64-995a-c9bcc1a2d7f1 tempest-ServerBootFromVolumeStableRescueTest-435848855 tempest-ServerBootFromVolumeStableRescueTest-435848855-project-member] Using url versioning {{(pid=99791) process_request /opt/stack/glance/glance/api/middleware/version_negotiation.py:57}}
Aug 13 20:42:49.200619 np0000007262 devstack@g-api.service[99791]: DEBUG glance.api.middleware.version_negotiation [None req-0a0fd6bd-a3d5-4b64-995a-c9bcc1a2d7f1 tempest-ServerBootFromVolumeStableRescueTest-435848855 tempest-ServerBootFromVolumeStableRescueTest-435848855-project-member] Matched version: v2 {{(pid=99791) process_request /opt/stack/glance/glance/api/middleware/version_negotiation.py:69}}
Aug 13 20:42:49.200750 np0000007262 devstack@g-api.service[99791]: DEBUG glance.api.middleware.version_negotiation [None req-0a0fd6bd-a3d5-4b64-995a-c9bcc1a2d7f1 tempest-ServerBootFromVolumeStableRescueTest-435848855 tempest-ServerBootFromVolumeStableRescueTest-435848855-project-member] new path /v2/images/a3fb74b4-12e4-4ebe-aa0a-0ca55bf20475 {{(pid=99791) process_request /opt/stack/glance/glance/api/middleware/version_negotiation.py:70}}
Aug 13 20:42:49.215796 np0000007262 devstack@g-api.service[99791]: [pid: 99791|app: 0|req: 165/470] 127.0.0.1 () {44 vars in 1107 bytes} [Thu Aug 13 20:42:49 2026] GET /v2/images/a3fb74b4-12e4-4ebe-aa0a-0ca55bf20475 => generated 1358 bytes in 15 msecs (HTTP/1.1 200) 4 headers in 158 bytes (1 switches on core 0)
Aug 13 20:42:49.292604 np0000007262 devstack@g-api.service[99792]: DEBUG glance.api.middleware.version_negotiation [None req-4a098060-a533-4c7a-bd34-6ff632e3d619 tempest-TestVolumeBootPatternV346-1803847663 tempest-TestVolumeBootPatternV346-1803847663-project-member] Determining version of request: GET /v2/schemas/image Accept: */* {{(pid=99792) process_request /opt/stack/glance/glance/api/middleware/version_negotiation.py:44}}
Aug 13 20:42:49.292604 np0000007262 devstack@g-api.service[99792]: DEBUG glance.api.middleware.version_negotiation [None req-4a098060-a533-4c7a-bd34-6ff632e3d619 tempest-TestVolumeBootPatternV346-1803847663 tempest-TestVolumeBootPatternV346-1803847663-project-member] Using url versioning {{(pid=99792) process_request /opt/stack/glance/glance/api/middleware/version_negotiation.py:57}}
Aug 13 20:42:49.292604 np0000007262 devstack@g-api.service[99792]: DEBUG glance.api.middleware.version_negotiation [None req-4a098060-a533-4c7a-bd34-6ff632e3d619 tempest-TestVolumeBootPatternV346-1803847663 tempest-TestVolumeBootPatternV346-1803847663-project-member] Matched version: v2 {{(pid=99792) process_request /opt/stack/glance/glance/api/middleware/version_negotiation.py:69}}
Aug 13 20:42:49.292604 np0000007262 devstack@g-api.service[99792]: DEBUG glance.api.middleware.version_negotiation [None req-4a098060-a533-4c7a-bd34-6ff632e3d619 tempest-TestVolumeBootPatternV346-1803847663 tempest-TestVolumeBootPatternV346-1803847663-project-member] new path /v2/schemas/image {{(pid=99792) process_request /opt/stack/glance/glance/api/middleware/version_negotiation.py:70}}
Aug 13 20:42:49.295623 np0000007262 devstack@g-api.service[99792]: [pid: 99792|app: 0|req: 154/471] 127.0.0.1 () {44 vars in 1047 bytes} [Thu Aug 13 20:42:49 2026] GET /v2/schemas/image => generated 6083 bytes in 4 msecs (HTTP/1.1 200) 4 headers in 158 bytes (1 switches on core 0)
Aug 13 20:42:49.341892 np0000007262 devstack@g-api.service[99790]: DEBUG glance.api.middleware.version_negotiation [None req-68cc5935-cc86-481f-99b4-350017bf6138 tempest-TestVolumeBootPatternV346-1803847663 tempest-TestVolumeBootPatternV346-1803847663-project-member] Determining version of request: GET /v2/schemas/image Accept: */* {{(pid=99790) process_request /opt/stack/glance/glance/api/middleware/version_negotiation.py:44}}
Aug 13 20:42:49.342066 np0000007262 devstack@g-api.service[99790]: DEBUG glance.api.middleware.version_negotiation [None req-68cc5935-cc86-481f-99b4-350017bf6138 tempest-TestVolumeBootPatternV346-1803847663 tempest-TestVolumeBootPatternV346-1803847663-project-member] Using url versioning {{(pid=99790) process_request /opt/stack/glance/glance/api/middleware/version_negotiation.py:57}}
Aug 13 20:42:49.342260 np0000007262 devstack@g-api.service[99790]: DEBUG glance.api.middleware.version_negotiation [None req-68cc5935-cc86-481f-99b4-350017bf6138 tempest-TestVolumeBootPatternV346-1803847663 tempest-TestVolumeBootPatternV346-1803847663-project-member] Matched version: v2 {{(pid=99790) process_request /opt/stack/glance/glance/api/middleware/version_negotiation.py:69}}
Aug 13 20:42:49.342411 np0000007262 devstack@g-api.service[99790]: DEBUG glance.api.middleware.version_negotiation [None req-68cc5935-cc86-481f-99b4-350017bf6138 tempest-TestVolumeBootPatternV346-1803847663 tempest-TestVolumeBootPatternV346-1803847663-project-member] new path /v2/schemas/image {{(pid=99790) process_request /opt/stack/glance/glance/api/middleware/version_negotiation.py:70}}
Aug 13 20:42:49.350564 np0000007262 devstack@g-api.service[99790]: [pid: 99790|app: 0|req: 153/472] 127.0.0.1 () {44 vars in 1047 bytes} [Thu Aug 13 20:42:49 2026] GET /v2/schemas/image => generated 6083 bytes in 9 msecs (HTTP/1.1 200) 4 headers in 158 bytes (1 switches on core 0)
Aug 13 20:42:49.424086 np0000007262 devstack@g-api.service[99791]: DEBUG glance.api.middleware.version_negotiation [None req-df7eadae-eb87-47f3-adbd-906671084bd5 tempest-ServerBootFromVolumeStableRescueTest-435848855 tempest-ServerBootFromVolumeStableRescueTest-435848855-project-member] Determining version of request: PATCH /v2/images/a3fb74b4-12e4-4ebe-aa0a-0ca55bf20475 Accept: */* {{(pid=99791) process_request /opt/stack/glance/glance/api/middleware/version_negotiation.py:44}}
Aug 13 20:42:49.424385 np0000007262 devstack@g-api.service[99791]: DEBUG glance.api.middleware.version_negotiation [None req-df7eadae-eb87-47f3-adbd-906671084bd5 tempest-ServerBootFromVolumeStableRescueTest-435848855 tempest-ServerBootFromVolumeStableRescueTest-435848855-project-member] Using url versioning {{(pid=99791) process_request /opt/stack/glance/glance/api/middleware/version_negotiation.py:57}}
Aug 13 20:42:49.424642 np0000007262 devstack@g-api.service[99791]: DEBUG glance.api.middleware.version_negotiation [None req-df7eadae-eb87-47f3-adbd-906671084bd5 tempest-ServerBootFromVolumeStableRescueTest-435848855 tempest-ServerBootFromVolumeStableRescueTest-435848855-project-member] Matched version: v2 {{(pid=99791) process_request /opt/stack/glance/glance/api/middleware/version_negotiation.py:69}}
Aug 13 20:42:49.424902 np0000007262 devstack@g-api.service[99791]: DEBUG glance.api.middleware.version_negotiation [None req-df7eadae-eb87-47f3-adbd-906671084bd5 tempest-ServerBootFromVolumeStableRescueTest-435848855 tempest-ServerBootFromVolumeStableRescueTest-435848855-project-member] new path /v2/images/a3fb74b4-12e4-4ebe-aa0a-0ca55bf20475 {{(pid=99791) process_request /opt/stack/glance/glance/api/middleware/version_negotiation.py:70}}
Aug 13 20:42:49.650536 np0000007262 devstack@g-api.service[99791]: [pid: 99791|app: 0|req: 166/473] 127.0.0.1 () {46 vars in 1150 bytes} [Thu Aug 13 20:42:49 2026] PATCH /v2/images/a3fb74b4-12e4-4ebe-aa0a-0ca55bf20475 => generated 1469 bytes in 226 msecs (HTTP/1.1 200) 4 headers in 158 bytes (1 switches on core 0)
Aug 13 20:42:49.705478 np0000007262 devstack@g-api.service[99792]: DEBUG glance.api.middleware.version_negotiation [None req-df7eadae-eb87-47f3-adbd-906671084bd5 tempest-ServerBootFromVolumeStableRescueTest-435848855 tempest-ServerBootFromVolumeStableRescueTest-435848855-project-member] Determining version of request: GET /v2/images/a3fb74b4-12e4-4ebe-aa0a-0ca55bf20475 Accept: */* {{(pid=99792) process_request /opt/stack/glance/glance/api/middleware/version_negotiation.py:44}}
Aug 13 20:42:49.705782 np0000007262 devstack@g-api.service[99792]: DEBUG glance.api.middleware.version_negotiation [None req-df7eadae-eb87-47f3-adbd-906671084bd5 tempest-ServerBootFromVolumeStableRescueTest-435848855 tempest-ServerBootFromVolumeStableRescueTest-435848855-project-member] Using url versioning {{(pid=99792) process_request /opt/stack/glance/glance/api/middleware/version_negotiation.py:57}}
Aug 13 20:42:49.707690 np0000007262 devstack@g-api.service[99792]: DEBUG glance.api.middleware.version_negotiation [None req-df7eadae-eb87-47f3-adbd-906671084bd5 tempest-ServerBootFromVolumeStableRescueTest-435848855 tempest-ServerBootFromVolumeStableRescueTest-435848855-project-member] Matched version: v2 {{(pid=99792) process_request /opt/stack/glance/glance/api/middleware/version_negotiation.py:69}}
Aug 13 20:42:49.707838 np0000007262 devstack@g-api.service[99792]: DEBUG glance.api.middleware.version_negotiation [None req-df7eadae-eb87-47f3-adbd-906671084bd5 tempest-ServerBootFromVolumeStableRescueTest-435848855 tempest-ServerBootFromVolumeStableRescueTest-435848855-project-member] new path /v2/images/a3fb74b4-12e4-4ebe-aa0a-0ca55bf20475 {{(pid=99792) process_request /opt/stack/glance/glance/api/middleware/version_negotiation.py:70}}
Aug 13 20:42:49.729063 np0000007262 devstack@g-api.service[99792]: [pid: 99792|app: 0|req: 155/474] 127.0.0.1 () {44 vars in 1107 bytes} [Thu Aug 13 20:42:49 2026] GET /v2/images/a3fb74b4-12e4-4ebe-aa0a-0ca55bf20475 => generated 1469 bytes in 24 msecs (HTTP/1.1 200) 4 headers in 158 bytes (1 switches on core 0)
Aug 13 20:42:49.783766 np0000007262 devstack@g-api.service[99790]: DEBUG glance.api.middleware.version_negotiation [None req-df7eadae-eb87-47f3-adbd-906671084bd5 tempest-ServerBootFromVolumeStableRescueTest-435848855 tempest-ServerBootFromVolumeStableRescueTest-435848855-project-member] Determining version of request: PUT /v2/images/a3fb74b4-12e4-4ebe-aa0a-0ca55bf20475/file Accept: */* {{(pid=99790) process_request /opt/stack/glance/glance/api/middleware/version_negotiation.py:44}}
Aug 13 20:42:49.783942 np0000007262 devstack@g-api.service[99790]: DEBUG glance.api.middleware.version_negotiation [None req-df7eadae-eb87-47f3-adbd-906671084bd5 tempest-ServerBootFromVolumeStableRescueTest-435848855 tempest-ServerBootFromVolumeStableRescueTest-435848855-project-member] Using url versioning {{(pid=99790) process_request /opt/stack/glance/glance/api/middleware/version_negotiation.py:57}}
Aug 13 20:42:49.784043 np0000007262 devstack@g-api.service[99790]: DEBUG glance.api.middleware.version_negotiation [None req-df7eadae-eb87-47f3-adbd-906671084bd5 tempest-ServerBootFromVolumeStableRescueTest-435848855 tempest-ServerBootFromVolumeStableRescueTest-435848855-project-member] Matched version: v2 {{(pid=99790) process_request /opt/stack/glance/glance/api/middleware/version_negotiation.py:69}}
Aug 13 20:42:49.784146 np0000007262 devstack@g-api.service[99790]: DEBUG glance.api.middleware.version_negotiation [None req-df7eadae-eb87-47f3-adbd-906671084bd5 tempest-ServerBootFromVolumeStableRescueTest-435848855 tempest-ServerBootFromVolumeStableRescueTest-435848855-project-member] new path /v2/images/a3fb74b4-12e4-4ebe-aa0a-0ca55bf20475/file {{(pid=99790) process_request /opt/stack/glance/glance/api/middleware/version_negotiation.py:70}}
Aug 13 20:42:49.815314 np0000007262 devstack@g-api.service[99791]: DEBUG glance.api.middleware.version_negotiation [None req-df7eadae-eb87-47f3-adbd-906671084bd5 tempest-ServerBootFromVolumeStableRescueTest-435848855 tempest-ServerBootFromVolumeStableRescueTest-435848855-project-member] Determining version of request: GET /v2/images/a3fb74b4-12e4-4ebe-aa0a-0ca55bf20475 Accept: application/json {{(pid=99791) process_request /opt/stack/glance/glance/api/middleware/version_negotiation.py:44}}
Aug 13 20:42:49.815713 np0000007262 devstack@g-api.service[99791]: DEBUG glance.api.middleware.version_negotiation [None req-df7eadae-eb87-47f3-adbd-906671084bd5 tempest-ServerBootFromVolumeStableRescueTest-435848855 tempest-ServerBootFromVolumeStableRescueTest-435848855-project-member] Using url versioning {{(pid=99791) process_request /opt/stack/glance/glance/api/middleware/version_negotiation.py:57}}
Aug 13 20:42:49.815713 np0000007262 devstack@g-api.service[99791]: DEBUG glance.api.middleware.version_negotiation [None req-df7eadae-eb87-47f3-adbd-906671084bd5 tempest-ServerBootFromVolumeStableRescueTest-435848855 tempest-ServerBootFromVolumeStableRescueTest-435848855-project-member] Matched version: v2 {{(pid=99791) process_request /opt/stack/glance/glance/api/middleware/version_negotiation.py:69}}
Aug 13 20:42:49.815713 np0000007262 devstack@g-api.service[99791]: DEBUG glance.api.middleware.version_negotiation [None req-df7eadae-eb87-47f3-adbd-906671084bd5 tempest-ServerBootFromVolumeStableRescueTest-435848855 tempest-ServerBootFromVolumeStableRescueTest-435848855-project-member] new path /v2/images/a3fb74b4-12e4-4ebe-aa0a-0ca55bf20475 {{(pid=99791) process_request /opt/stack/glance/glance/api/middleware/version_negotiation.py:70}}
Aug 13 20:42:49.830510 np0000007262 devstack@g-api.service[99791]: [pid: 99791|app: 0|req: 167/475] 127.0.0.1 () {40 vars in 830 bytes} [Thu Aug 13 20:42:49 2026] GET /v2/images/a3fb74b4-12e4-4ebe-aa0a-0ca55bf20475 => generated 1469 bytes in 15 msecs (HTTP/1.1 200) 4 headers in 158 bytes (1 switches on core 0)
Aug 13 20:42:50.286468 np0000007262 devstack@g-api.service[99790]: INFO glance.api.v2.image_data [None req-df7eadae-eb87-47f3-adbd-906671084bd5 tempest-ServerBootFromVolumeStableRescueTest-435848855 tempest-ServerBootFromVolumeStableRescueTest-435848855-project-member] Unable to create trust: no such option collect_timing in group [keystone_authtoken] Use the existing user token.
Aug 13 20:42:50.838120 np0000007262 devstack@g-api.service[99792]: DEBUG glance.api.middleware.version_negotiation [None req-df7eadae-eb87-47f3-adbd-906671084bd5 tempest-ServerBootFromVolumeStableRescueTest-435848855 tempest-ServerBootFromVolumeStableRescueTest-435848855-project-member] Determining version of request: GET /v2/images/a3fb74b4-12e4-4ebe-aa0a-0ca55bf20475 Accept: application/json {{(pid=99792) process_request /opt/stack/glance/glance/api/middleware/version_negotiation.py:44}}
Aug 13 20:42:50.838449 np0000007262 devstack@g-api.service[99792]: DEBUG glance.api.middleware.version_negotiation [None req-df7eadae-eb87-47f3-adbd-906671084bd5 tempest-ServerBootFromVolumeStableRescueTest-435848855 tempest-ServerBootFromVolumeStableRescueTest-435848855-project-member] Using url versioning {{(pid=99792) process_request /opt/stack/glance/glance/api/middleware/version_negotiation.py:57}}
Aug 13 20:42:50.838449 np0000007262 devstack@g-api.service[99792]: DEBUG glance.api.middleware.version_negotiation [None req-df7eadae-eb87-47f3-adbd-906671084bd5 tempest-ServerBootFromVolumeStableRescueTest-435848855 tempest-ServerBootFromVolumeStableRescueTest-435848855-project-member] Matched version: v2 {{(pid=99792) process_request /opt/stack/glance/glance/api/middleware/version_negotiation.py:69}}
Aug 13 20:42:50.838590 np0000007262 devstack@g-api.service[99790]: DEBUG glance.location [None req-df7eadae-eb87-47f3-adbd-906671084bd5 tempest-ServerBootFromVolumeStableRescueTest-435848855 tempest-ServerBootFromVolumeStableRescueTest-435848855-project-member] Enabling in-flight format inspection for qcow2 {{(pid=99790) set_data /opt/stack/glance/glance/location.py:596}}
Aug 13 20:42:50.838648 np0000007262 devstack@g-api.service[99792]: DEBUG glance.api.middleware.version_negotiation [None req-df7eadae-eb87-47f3-adbd-906671084bd5 tempest-ServerBootFromVolumeStableRescueTest-435848855 tempest-ServerBootFromVolumeStableRescueTest-435848855-project-member] new path /v2/images/a3fb74b4-12e4-4ebe-aa0a-0ca55bf20475 {{(pid=99792) process_request /opt/stack/glance/glance/api/middleware/version_negotiation.py:70}}
Aug 13 20:42:50.839136 np0000007262 devstack@g-api.service[99790]: DEBUG glance_store.backend [None req-df7eadae-eb87-47f3-adbd-906671084bd5 tempest-ServerBootFromVolumeStableRescueTest-435848855 tempest-ServerBootFromVolumeStableRescueTest-435848855-project-member] Attempting to import store swift {{(pid=99790) _load_store /opt/stack/data/venv/lib/python3.12/site-packages/glance_store/backend.py:215}}
Aug 13 20:42:50.841119 np0000007262 devstack@g-api.service[99790]: DEBUG glance_store.capabilities [None req-df7eadae-eb87-47f3-adbd-906671084bd5 tempest-ServerBootFromVolumeStableRescueTest-435848855 tempest-ServerBootFromVolumeStableRescueTest-435848855-project-member] Store glance_store._drivers.swift.store.SingleTenantStore doesn't support updating dynamic storage capabilities. Please overwrite 'update_capabilities' method of the store to implement updating logics if needed. {{(pid=99790) update_capabilities /opt/stack/data/venv/lib/python3.12/site-packages/glance_store/capabilities.py:91}}
Aug 13 20:42:50.841307 np0000007262 devstack@g-api.service[99790]: DEBUG glance_store.driver [None req-df7eadae-eb87-47f3-adbd-906671084bd5 tempest-ServerBootFromVolumeStableRescueTest-435848855 tempest-ServerBootFromVolumeStableRescueTest-435848855-project-member] Late loading location class glance_store._drivers.swift.store.StoreLocation {{(pid=99790) get_store_location_class /opt/stack/data/venv/lib/python3.12/site-packages/glance_store/driver.py:134}}
Aug 13 20:42:50.841399 np0000007262 devstack@g-api.service[99790]: DEBUG glance_store.location [None req-df7eadae-eb87-47f3-adbd-906671084bd5 tempest-ServerBootFromVolumeStableRescueTest-435848855 tempest-ServerBootFromVolumeStableRescueTest-435848855-project-member] Registering scheme swift+https with {'store': , 'location_class': , 'store_entry': 'swift'} {{(pid=99790) register_scheme_map /opt/stack/data/venv/lib/python3.12/site-packages/glance_store/location.py:146}}
Aug 13 20:42:50.841538 np0000007262 devstack@g-api.service[99790]: DEBUG glance_store.location [None req-df7eadae-eb87-47f3-adbd-906671084bd5 tempest-ServerBootFromVolumeStableRescueTest-435848855 tempest-ServerBootFromVolumeStableRescueTest-435848855-project-member] Registering scheme swift+https with {'store': , 'location_class': , 'store_entry': 'swift'} {{(pid=99790) register_scheme_map /opt/stack/data/venv/lib/python3.12/site-packages/glance_store/location.py:146}}
Aug 13 20:42:50.841676 np0000007262 devstack@g-api.service[99790]: DEBUG glance_store.location [None req-df7eadae-eb87-47f3-adbd-906671084bd5 tempest-ServerBootFromVolumeStableRescueTest-435848855 tempest-ServerBootFromVolumeStableRescueTest-435848855-project-member] Registering scheme swift with {'store': , 'location_class': , 'store_entry': 'swift'} {{(pid=99790) register_scheme_map /opt/stack/data/venv/lib/python3.12/site-packages/glance_store/location.py:146}}
Aug 13 20:42:50.841837 np0000007262 devstack@g-api.service[99790]: DEBUG glance_store.location [None req-df7eadae-eb87-47f3-adbd-906671084bd5 tempest-ServerBootFromVolumeStableRescueTest-435848855 tempest-ServerBootFromVolumeStableRescueTest-435848855-project-member] Registering scheme swift+https with {'store': , 'location_class': , 'store_entry': 'swift'} {{(pid=99790) register_scheme_map /opt/stack/data/venv/lib/python3.12/site-packages/glance_store/location.py:146}}
Aug 13 20:42:50.842035 np0000007262 devstack@g-api.service[99790]: DEBUG glance_store.location [None req-df7eadae-eb87-47f3-adbd-906671084bd5 tempest-ServerBootFromVolumeStableRescueTest-435848855 tempest-ServerBootFromVolumeStableRescueTest-435848855-project-member] Registering scheme swift with {'store': , 'location_class': , 'store_entry': 'swift'} {{(pid=99790) register_scheme_map /opt/stack/data/venv/lib/python3.12/site-packages/glance_store/location.py:146}}
Aug 13 20:42:50.842294 np0000007262 devstack@g-api.service[99790]: DEBUG glance_store.location [None req-df7eadae-eb87-47f3-adbd-906671084bd5 tempest-ServerBootFromVolumeStableRescueTest-435848855 tempest-ServerBootFromVolumeStableRescueTest-435848855-project-member] Registering scheme swift+http with {'store': , 'location_class': , 'store_entry': 'swift'} {{(pid=99790) register_scheme_map /opt/stack/data/venv/lib/python3.12/site-packages/glance_store/location.py:146}}
Aug 13 20:42:50.842418 np0000007262 devstack@g-api.service[99790]: DEBUG glance_store.location [None req-df7eadae-eb87-47f3-adbd-906671084bd5 tempest-ServerBootFromVolumeStableRescueTest-435848855 tempest-ServerBootFromVolumeStableRescueTest-435848855-project-member] Registering scheme swift+https with {'store': , 'location_class': , 'store_entry': 'swift'} {{(pid=99790) register_scheme_map /opt/stack/data/venv/lib/python3.12/site-packages/glance_store/location.py:146}}
Aug 13 20:42:50.842671 np0000007262 devstack@g-api.service[99790]: DEBUG glance_store.location [None req-df7eadae-eb87-47f3-adbd-906671084bd5 tempest-ServerBootFromVolumeStableRescueTest-435848855 tempest-ServerBootFromVolumeStableRescueTest-435848855-project-member] Registering scheme swift with {'store': , 'location_class': , 'store_entry': 'swift'} {{(pid=99790) register_scheme_map /opt/stack/data/venv/lib/python3.12/site-packages/glance_store/location.py:146}}
Aug 13 20:42:50.842872 np0000007262 devstack@g-api.service[99790]: DEBUG glance_store.location [None req-df7eadae-eb87-47f3-adbd-906671084bd5 tempest-ServerBootFromVolumeStableRescueTest-435848855 tempest-ServerBootFromVolumeStableRescueTest-435848855-project-member] Registering scheme swift+http with {'store': , 'location_class': , 'store_entry': 'swift'} {{(pid=99790) register_scheme_map /opt/stack/data/venv/lib/python3.12/site-packages/glance_store/location.py:146}}
Aug 13 20:42:50.843101 np0000007262 devstack@g-api.service[99790]: DEBUG glance_store.location [None req-df7eadae-eb87-47f3-adbd-906671084bd5 tempest-ServerBootFromVolumeStableRescueTest-435848855 tempest-ServerBootFromVolumeStableRescueTest-435848855-project-member] Registering scheme swift+config with {'store': , 'location_class': , 'store_entry': 'swift'} {{(pid=99790) register_scheme_map /opt/stack/data/venv/lib/python3.12/site-packages/glance_store/location.py:146}}
Aug 13 20:42:50.852194 np0000007262 devstack@g-api.service[99792]: [pid: 99792|app: 0|req: 156/476] 127.0.0.1 () {40 vars in 830 bytes} [Thu Aug 13 20:42:50 2026] GET /v2/images/a3fb74b4-12e4-4ebe-aa0a-0ca55bf20475 => generated 1469 bytes in 14 msecs (HTTP/1.1 200) 4 headers in 158 bytes (1 switches on core 0)
Aug 13 20:42:50.965993 np0000007262 devstack@g-api.service[99790]: DEBUG swiftclient [None req-df7eadae-eb87-47f3-adbd-906671084bd5 tempest-ServerBootFromVolumeStableRescueTest-435848855 tempest-ServerBootFromVolumeStableRescueTest-435848855-project-member] REQ: curl -i https://10.4.3.4:8080/v1/AUTH_697cbb8ca4ec426fb0df432fcb87b1ce/glance -I -H "X-Auth-Token: gAAAAABqfixKlPXM..." {{(pid=99790) http_log /opt/stack/data/venv/lib/python3.12/site-packages/swiftclient/client.py:160}}
Aug 13 20:42:50.965993 np0000007262 devstack@g-api.service[99790]: DEBUG swiftclient [None req-df7eadae-eb87-47f3-adbd-906671084bd5 tempest-ServerBootFromVolumeStableRescueTest-435848855 tempest-ServerBootFromVolumeStableRescueTest-435848855-project-member] RESP STATUS: 204 No Content {{(pid=99790) http_log /opt/stack/data/venv/lib/python3.12/site-packages/swiftclient/client.py:161}}
Aug 13 20:42:50.965993 np0000007262 devstack@g-api.service[99790]: DEBUG swiftclient [None req-df7eadae-eb87-47f3-adbd-906671084bd5 tempest-ServerBootFromVolumeStableRescueTest-435848855 tempest-ServerBootFromVolumeStableRescueTest-435848855-project-member] RESP HEADERS: {'Date': 'Thu, 13 Aug 2026 20:42:50 GMT', 'Server': 'Apache/2.4.58 (Ubuntu)', 'Content-Type': 'text/plain; charset=utf-8', 'X-Container-Object-Count': '6', 'X-Container-Bytes-Used': '87884800', 'X-Timestamp': '1786653303.99664', 'Last-Modified': 'Thu, 13 Aug 2026 20:35:04 GMT', 'Accept-Ranges': 'bytes', 'X-Storage-Policy': 'Policy-0', 'X-Container-Sharding': 'False', 'Vary': 'Accept', 'X-Trans-Id': 'tx8531d290b0ae4b4ea87bd-006a7e2c4a', 'X-Openstack-Request-Id': 'tx8531d290b0ae4b4ea87bd-006a7e2c4a', 'Connection': 'close'} {{(pid=99790) http_log /opt/stack/data/venv/lib/python3.12/site-packages/swiftclient/client.py:162}}
Aug 13 20:42:50.965993 np0000007262 devstack@g-api.service[99790]: DEBUG glance_store._drivers.swift.store [None req-df7eadae-eb87-47f3-adbd-906671084bd5 tempest-ServerBootFromVolumeStableRescueTest-435848855 tempest-ServerBootFromVolumeStableRescueTest-435848855-project-member] Adding image object 'a3fb74b4-12e4-4ebe-aa0a-0ca55bf20475' to Swift {{(pid=99790) add /opt/stack/data/venv/lib/python3.12/site-packages/glance_store/_drivers/swift/store.py:970}}
Aug 13 20:42:50.965993 np0000007262 devstack@g-api.service[99790]: DEBUG glance_store._drivers.swift.store [None req-df7eadae-eb87-47f3-adbd-906671084bd5 tempest-ServerBootFromVolumeStableRescueTest-435848855 tempest-ServerBootFromVolumeStableRescueTest-435848855-project-member] Cannot determine image size because it is either not provided in the request or chunked-transfer encoding is used. Adding image as a segmented object to Swift. {{(pid=99790) add /opt/stack/data/venv/lib/python3.12/site-packages/glance_store/_drivers/swift/store.py:994}}
Aug 13 20:42:50.971636 np0000007262 devstack@g-api.service[99790]: DEBUG oslo_utils.imageutils.format_inspector [None req-df7eadae-eb87-47f3-adbd-906671084bd5 tempest-ServerBootFromVolumeStableRescueTest-435848855 tempest-ServerBootFromVolumeStableRescueTest-435848855-project-member] Format inspector for vmdk does not match, excluding from consideration (Signature KDMV not found: b'QFI\xfb') {{(pid=99790) _process_chunk /opt/stack/data/venv/lib/python3.12/site-packages/oslo_utils/imageutils/format_inspector.py:1758}}
Aug 13 20:42:50.975071 np0000007262 devstack@g-api.service[99790]: DEBUG oslo_utils.imageutils.format_inspector [None req-df7eadae-eb87-47f3-adbd-906671084bd5 tempest-ServerBootFromVolumeStableRescueTest-435848855 tempest-ServerBootFromVolumeStableRescueTest-435848855-project-member] Format inspector for vhdx does not match, excluding from consideration (Region signature not found at 30000) {{(pid=99790) _process_chunk /opt/stack/data/venv/lib/python3.12/site-packages/oslo_utils/imageutils/format_inspector.py:1758}}
Aug 13 20:42:51.044914 np0000007262 devstack@g-api.service[99791]: DEBUG glance.api.middleware.version_negotiation [None req-83dd8888-62f6-4e04-a599-f379e23fe43d tempest-ServerBootFromVolumeStableRescueTest-435848855 tempest-ServerBootFromVolumeStableRescueTest-435848855-project-member] Determining version of request: GET /v2/images/a1c80cde-5df3-4115-98c9-348c108c2e97 Accept: application/json {{(pid=99791) process_request /opt/stack/glance/glance/api/middleware/version_negotiation.py:44}}
Aug 13 20:42:51.045389 np0000007262 devstack@g-api.service[99791]: DEBUG glance.api.middleware.version_negotiation [None req-83dd8888-62f6-4e04-a599-f379e23fe43d tempest-ServerBootFromVolumeStableRescueTest-435848855 tempest-ServerBootFromVolumeStableRescueTest-435848855-project-member] Using url versioning {{(pid=99791) process_request /opt/stack/glance/glance/api/middleware/version_negotiation.py:57}}
Aug 13 20:42:51.045389 np0000007262 devstack@g-api.service[99791]: DEBUG glance.api.middleware.version_negotiation [None req-83dd8888-62f6-4e04-a599-f379e23fe43d tempest-ServerBootFromVolumeStableRescueTest-435848855 tempest-ServerBootFromVolumeStableRescueTest-435848855-project-member] Matched version: v2 {{(pid=99791) process_request /opt/stack/glance/glance/api/middleware/version_negotiation.py:69}}
Aug 13 20:42:51.045389 np0000007262 devstack@g-api.service[99791]: DEBUG glance.api.middleware.version_negotiation [None req-83dd8888-62f6-4e04-a599-f379e23fe43d tempest-ServerBootFromVolumeStableRescueTest-435848855 tempest-ServerBootFromVolumeStableRescueTest-435848855-project-member] new path /v2/images/a1c80cde-5df3-4115-98c9-348c108c2e97 {{(pid=99791) process_request /opt/stack/glance/glance/api/middleware/version_negotiation.py:70}}
Aug 13 20:42:51.059768 np0000007262 devstack@g-api.service[99791]: [pid: 99791|app: 0|req: 168/477] 127.0.0.1 () {40 vars in 830 bytes} [Thu Aug 13 20:42:51 2026] GET /v2/images/a1c80cde-5df3-4115-98c9-348c108c2e97 => generated 1044 bytes in 16 msecs (HTTP/1.1 200) 4 headers in 158 bytes (1 switches on core 0)
Aug 13 20:42:51.089198 np0000007262 devstack@g-api.service[99792]: DEBUG glance.api.middleware.version_negotiation [None req-f9fae2e3-06b7-4002-8e8e-29da04f59ae0 tempest-ServerBootFromVolumeStableRescueTest-435848855 tempest-ServerBootFromVolumeStableRescueTest-435848855-project-member] Determining version of request: GET /v2/images/a1c80cde-5df3-4115-98c9-348c108c2e97 Accept: */* {{(pid=99792) process_request /opt/stack/glance/glance/api/middleware/version_negotiation.py:44}}
Aug 13 20:42:51.089440 np0000007262 devstack@g-api.service[99792]: DEBUG glance.api.middleware.version_negotiation [None req-f9fae2e3-06b7-4002-8e8e-29da04f59ae0 tempest-ServerBootFromVolumeStableRescueTest-435848855 tempest-ServerBootFromVolumeStableRescueTest-435848855-project-member] Using url versioning {{(pid=99792) process_request /opt/stack/glance/glance/api/middleware/version_negotiation.py:57}}
Aug 13 20:42:51.089678 np0000007262 devstack@g-api.service[99792]: DEBUG glance.api.middleware.version_negotiation [None req-f9fae2e3-06b7-4002-8e8e-29da04f59ae0 tempest-ServerBootFromVolumeStableRescueTest-435848855 tempest-ServerBootFromVolumeStableRescueTest-435848855-project-member] Matched version: v2 {{(pid=99792) process_request /opt/stack/glance/glance/api/middleware/version_negotiation.py:69}}
Aug 13 20:42:51.091451 np0000007262 devstack@g-api.service[99792]: DEBUG glance.api.middleware.version_negotiation [None req-f9fae2e3-06b7-4002-8e8e-29da04f59ae0 tempest-ServerBootFromVolumeStableRescueTest-435848855 tempest-ServerBootFromVolumeStableRescueTest-435848855-project-member] new path /v2/images/a1c80cde-5df3-4115-98c9-348c108c2e97 {{(pid=99792) process_request /opt/stack/glance/glance/api/middleware/version_negotiation.py:70}}
Aug 13 20:42:51.105604 np0000007262 devstack@g-api.service[99792]: [pid: 99792|app: 0|req: 157/478] 127.0.0.1 () {44 vars in 1107 bytes} [Thu Aug 13 20:42:51 2026] GET /v2/images/a1c80cde-5df3-4115-98c9-348c108c2e97 => generated 1044 bytes in 18 msecs (HTTP/1.1 200) 4 headers in 158 bytes (1 switches on core 0)
Aug 13 20:42:51.112028 np0000007262 devstack@g-api.service[99791]: DEBUG glance.api.middleware.version_negotiation [None req-69eb8ecd-529c-49f0-aad3-bafc259436e1 tempest-TestVolumeBootPattern-1301923344 tempest-TestVolumeBootPattern-1301923344-project-member] Determining version of request: GET /v2/schemas/image Accept: */* {{(pid=99791) process_request /opt/stack/glance/glance/api/middleware/version_negotiation.py:44}}
Aug 13 20:42:51.112256 np0000007262 devstack@g-api.service[99791]: DEBUG glance.api.middleware.version_negotiation [None req-69eb8ecd-529c-49f0-aad3-bafc259436e1 tempest-TestVolumeBootPattern-1301923344 tempest-TestVolumeBootPattern-1301923344-project-member] Using url versioning {{(pid=99791) process_request /opt/stack/glance/glance/api/middleware/version_negotiation.py:57}}
Aug 13 20:42:51.112434 np0000007262 devstack@g-api.service[99791]: DEBUG glance.api.middleware.version_negotiation [None req-69eb8ecd-529c-49f0-aad3-bafc259436e1 tempest-TestVolumeBootPattern-1301923344 tempest-TestVolumeBootPattern-1301923344-project-member] Matched version: v2 {{(pid=99791) process_request /opt/stack/glance/glance/api/middleware/version_negotiation.py:69}}
Aug 13 20:42:51.112666 np0000007262 devstack@g-api.service[99791]: DEBUG glance.api.middleware.version_negotiation [None req-69eb8ecd-529c-49f0-aad3-bafc259436e1 tempest-TestVolumeBootPattern-1301923344 tempest-TestVolumeBootPattern-1301923344-project-member] new path /v2/schemas/image {{(pid=99791) process_request /opt/stack/glance/glance/api/middleware/version_negotiation.py:70}}
Aug 13 20:42:51.115014 np0000007262 devstack@g-api.service[99791]: [pid: 99791|app: 0|req: 169/479] 127.0.0.1 () {44 vars in 1047 bytes} [Thu Aug 13 20:42:51 2026] GET /v2/schemas/image => generated 6083 bytes in 3 msecs (HTTP/1.1 200) 4 headers in 158 bytes (1 switches on core 0)
Aug 13 20:42:51.128607 np0000007262 devstack@g-api.service[99792]: DEBUG glance.api.middleware.version_negotiation [None req-a2c9722e-ed4e-47fb-9dda-9e5fa4a8e506 tempest-TestVolumeBootPattern-1301923344 tempest-TestVolumeBootPattern-1301923344-project-member] Determining version of request: GET /v2/schemas/image Accept: */* {{(pid=99792) process_request /opt/stack/glance/glance/api/middleware/version_negotiation.py:44}}
Aug 13 20:42:51.128607 np0000007262 devstack@g-api.service[99792]: DEBUG glance.api.middleware.version_negotiation [None req-a2c9722e-ed4e-47fb-9dda-9e5fa4a8e506 tempest-TestVolumeBootPattern-1301923344 tempest-TestVolumeBootPattern-1301923344-project-member] Using url versioning {{(pid=99792) process_request /opt/stack/glance/glance/api/middleware/version_negotiation.py:57}}
Aug 13 20:42:51.128607 np0000007262 devstack@g-api.service[99792]: DEBUG glance.api.middleware.version_negotiation [None req-a2c9722e-ed4e-47fb-9dda-9e5fa4a8e506 tempest-TestVolumeBootPattern-1301923344 tempest-TestVolumeBootPattern-1301923344-project-member] Matched version: v2 {{(pid=99792) process_request /opt/stack/glance/glance/api/middleware/version_negotiation.py:69}}
Aug 13 20:42:51.128607 np0000007262 devstack@g-api.service[99792]: DEBUG glance.api.middleware.version_negotiation [None req-a2c9722e-ed4e-47fb-9dda-9e5fa4a8e506 tempest-TestVolumeBootPattern-1301923344 tempest-TestVolumeBootPattern-1301923344-project-member] new path /v2/schemas/image {{(pid=99792) process_request /opt/stack/glance/glance/api/middleware/version_negotiation.py:70}}
Aug 13 20:42:51.129509 np0000007262 devstack@g-api.service[99792]: [pid: 99792|app: 0|req: 158/480] 127.0.0.1 () {44 vars in 1047 bytes} [Thu Aug 13 20:42:51 2026] GET /v2/schemas/image => generated 6083 bytes in 4 msecs (HTTP/1.1 200) 4 headers in 158 bytes (1 switches on core 0)
Aug 13 20:42:51.139729 np0000007262 devstack@g-api.service[99791]: DEBUG glance.api.middleware.version_negotiation [None req-a2c9722e-ed4e-47fb-9dda-9e5fa4a8e506 tempest-TestVolumeBootPattern-1301923344 tempest-TestVolumeBootPattern-1301923344-project-member] Determining version of request: GET /v2/images/a1c80cde-5df3-4115-98c9-348c108c2e97 Accept: */* {{(pid=99791) process_request /opt/stack/glance/glance/api/middleware/version_negotiation.py:44}}
Aug 13 20:42:51.139904 np0000007262 devstack@g-api.service[99791]: DEBUG glance.api.middleware.version_negotiation [None req-a2c9722e-ed4e-47fb-9dda-9e5fa4a8e506 tempest-TestVolumeBootPattern-1301923344 tempest-TestVolumeBootPattern-1301923344-project-member] Using url versioning {{(pid=99791) process_request /opt/stack/glance/glance/api/middleware/version_negotiation.py:57}}
Aug 13 20:42:51.140027 np0000007262 devstack@g-api.service[99791]: DEBUG glance.api.middleware.version_negotiation [None req-a2c9722e-ed4e-47fb-9dda-9e5fa4a8e506 tempest-TestVolumeBootPattern-1301923344 tempest-TestVolumeBootPattern-1301923344-project-member] Matched version: v2 {{(pid=99791) process_request /opt/stack/glance/glance/api/middleware/version_negotiation.py:69}}
Aug 13 20:42:51.140325 np0000007262 devstack@g-api.service[99791]: DEBUG glance.api.middleware.version_negotiation [None req-a2c9722e-ed4e-47fb-9dda-9e5fa4a8e506 tempest-TestVolumeBootPattern-1301923344 tempest-TestVolumeBootPattern-1301923344-project-member] new path /v2/images/a1c80cde-5df3-4115-98c9-348c108c2e97 {{(pid=99791) process_request /opt/stack/glance/glance/api/middleware/version_negotiation.py:70}}
Aug 13 20:42:51.151468 np0000007262 devstack@g-api.service[99791]: [pid: 99791|app: 0|req: 170/481] 127.0.0.1 () {44 vars in 1107 bytes} [Thu Aug 13 20:42:51 2026] GET /v2/images/a1c80cde-5df3-4115-98c9-348c108c2e97 => generated 1044 bytes in 12 msecs (HTTP/1.1 200) 4 headers in 158 bytes (1 switches on core 0)
Aug 13 20:42:51.169597 np0000007262 devstack@g-api.service[99792]: DEBUG glance.api.middleware.version_negotiation [None req-a2c9722e-ed4e-47fb-9dda-9e5fa4a8e506 tempest-TestVolumeBootPattern-1301923344 tempest-TestVolumeBootPattern-1301923344-project-member] Determining version of request: GET /v2/schemas/image Accept: */* {{(pid=99792) process_request /opt/stack/glance/glance/api/middleware/version_negotiation.py:44}}
Aug 13 20:42:51.169827 np0000007262 devstack@g-api.service[99792]: DEBUG glance.api.middleware.version_negotiation [None req-a2c9722e-ed4e-47fb-9dda-9e5fa4a8e506 tempest-TestVolumeBootPattern-1301923344 tempest-TestVolumeBootPattern-1301923344-project-member] Using url versioning {{(pid=99792) process_request /opt/stack/glance/glance/api/middleware/version_negotiation.py:57}}
Aug 13 20:42:51.171978 np0000007262 devstack@g-api.service[99792]: DEBUG glance.api.middleware.version_negotiation [None req-a2c9722e-ed4e-47fb-9dda-9e5fa4a8e506 tempest-TestVolumeBootPattern-1301923344 tempest-TestVolumeBootPattern-1301923344-project-member] Matched version: v2 {{(pid=99792) process_request /opt/stack/glance/glance/api/middleware/version_negotiation.py:69}}
Aug 13 20:42:51.172151 np0000007262 devstack@g-api.service[99792]: DEBUG glance.api.middleware.version_negotiation [None req-a2c9722e-ed4e-47fb-9dda-9e5fa4a8e506 tempest-TestVolumeBootPattern-1301923344 tempest-TestVolumeBootPattern-1301923344-project-member] new path /v2/schemas/image {{(pid=99792) process_request /opt/stack/glance/glance/api/middleware/version_negotiation.py:70}}
Aug 13 20:42:51.177603 np0000007262 devstack@g-api.service[99792]: [pid: 99792|app: 0|req: 159/482] 127.0.0.1 () {44 vars in 1047 bytes} [Thu Aug 13 20:42:51 2026] GET /v2/schemas/image => generated 6083 bytes in 8 msecs (HTTP/1.1 200) 4 headers in 158 bytes (1 switches on core 0)
Aug 13 20:42:51.188368 np0000007262 devstack@g-api.service[99791]: DEBUG glance.api.middleware.version_negotiation [None req-a2c9722e-ed4e-47fb-9dda-9e5fa4a8e506 tempest-TestVolumeBootPattern-1301923344 tempest-TestVolumeBootPattern-1301923344-project-member] Determining version of request: GET /v2/schemas/image Accept: */* {{(pid=99791) process_request /opt/stack/glance/glance/api/middleware/version_negotiation.py:44}}
Aug 13 20:42:51.188760 np0000007262 devstack@g-api.service[99791]: DEBUG glance.api.middleware.version_negotiation [None req-a2c9722e-ed4e-47fb-9dda-9e5fa4a8e506 tempest-TestVolumeBootPattern-1301923344 tempest-TestVolumeBootPattern-1301923344-project-member] Using url versioning {{(pid=99791) process_request /opt/stack/glance/glance/api/middleware/version_negotiation.py:57}}
Aug 13 20:42:51.190433 np0000007262 devstack@g-api.service[99791]: DEBUG glance.api.middleware.version_negotiation [None req-a2c9722e-ed4e-47fb-9dda-9e5fa4a8e506 tempest-TestVolumeBootPattern-1301923344 tempest-TestVolumeBootPattern-1301923344-project-member] Matched version: v2 {{(pid=99791) process_request /opt/stack/glance/glance/api/middleware/version_negotiation.py:69}}
Aug 13 20:42:51.192000 np0000007262 devstack@g-api.service[99791]: DEBUG glance.api.middleware.version_negotiation [None req-a2c9722e-ed4e-47fb-9dda-9e5fa4a8e506 tempest-TestVolumeBootPattern-1301923344 tempest-TestVolumeBootPattern-1301923344-project-member] new path /v2/schemas/image {{(pid=99791) process_request /opt/stack/glance/glance/api/middleware/version_negotiation.py:70}}
Aug 13 20:42:51.193416 np0000007262 devstack@g-api.service[99791]: [pid: 99791|app: 0|req: 171/483] 127.0.0.1 () {44 vars in 1047 bytes} [Thu Aug 13 20:42:51 2026] GET /v2/schemas/image => generated 6083 bytes in 5 msecs (HTTP/1.1 200) 4 headers in 158 bytes (1 switches on core 0)
Aug 13 20:42:51.217305 np0000007262 devstack@g-api.service[99792]: DEBUG glance.api.middleware.version_negotiation [None req-a2c9722e-ed4e-47fb-9dda-9e5fa4a8e506 tempest-TestVolumeBootPattern-1301923344 tempest-TestVolumeBootPattern-1301923344-project-member] Determining version of request: GET /v2/images/a1c80cde-5df3-4115-98c9-348c108c2e97 Accept: */* {{(pid=99792) process_request /opt/stack/glance/glance/api/middleware/version_negotiation.py:44}}
Aug 13 20:42:51.217384 np0000007262 devstack@g-api.service[99792]: DEBUG glance.api.middleware.version_negotiation [None req-a2c9722e-ed4e-47fb-9dda-9e5fa4a8e506 tempest-TestVolumeBootPattern-1301923344 tempest-TestVolumeBootPattern-1301923344-project-member] Using url versioning {{(pid=99792) process_request /opt/stack/glance/glance/api/middleware/version_negotiation.py:57}}
Aug 13 20:42:51.217590 np0000007262 devstack@g-api.service[99792]: DEBUG glance.api.middleware.version_negotiation [None req-a2c9722e-ed4e-47fb-9dda-9e5fa4a8e506 tempest-TestVolumeBootPattern-1301923344 tempest-TestVolumeBootPattern-1301923344-project-member] Matched version: v2 {{(pid=99792) process_request /opt/stack/glance/glance/api/middleware/version_negotiation.py:69}}
Aug 13 20:42:51.218102 np0000007262 devstack@g-api.service[99792]: DEBUG glance.api.middleware.version_negotiation [None req-a2c9722e-ed4e-47fb-9dda-9e5fa4a8e506 tempest-TestVolumeBootPattern-1301923344 tempest-TestVolumeBootPattern-1301923344-project-member] new path /v2/images/a1c80cde-5df3-4115-98c9-348c108c2e97 {{(pid=99792) process_request /opt/stack/glance/glance/api/middleware/version_negotiation.py:70}}
Aug 13 20:42:51.233674 np0000007262 devstack@g-api.service[99792]: [pid: 99792|app: 0|req: 160/484] 127.0.0.1 () {44 vars in 1107 bytes} [Thu Aug 13 20:42:51 2026] GET /v2/images/a1c80cde-5df3-4115-98c9-348c108c2e97 => generated 1044 bytes in 16 msecs (HTTP/1.1 200) 4 headers in 158 bytes (1 switches on core 0)
Aug 13 20:42:51.241933 np0000007262 devstack@g-api.service[99791]: DEBUG glance.api.middleware.version_negotiation [None req-a2c9722e-ed4e-47fb-9dda-9e5fa4a8e506 tempest-TestVolumeBootPattern-1301923344 tempest-TestVolumeBootPattern-1301923344-project-member] Determining version of request: GET /v2/schemas/image Accept: */* {{(pid=99791) process_request /opt/stack/glance/glance/api/middleware/version_negotiation.py:44}}
Aug 13 20:42:51.242219 np0000007262 devstack@g-api.service[99791]: DEBUG glance.api.middleware.version_negotiation [None req-a2c9722e-ed4e-47fb-9dda-9e5fa4a8e506 tempest-TestVolumeBootPattern-1301923344 tempest-TestVolumeBootPattern-1301923344-project-member] Using url versioning {{(pid=99791) process_request /opt/stack/glance/glance/api/middleware/version_negotiation.py:57}}
Aug 13 20:42:51.245812 np0000007262 devstack@g-api.service[99791]: DEBUG glance.api.middleware.version_negotiation [None req-a2c9722e-ed4e-47fb-9dda-9e5fa4a8e506 tempest-TestVolumeBootPattern-1301923344 tempest-TestVolumeBootPattern-1301923344-project-member] Matched version: v2 {{(pid=99791) process_request /opt/stack/glance/glance/api/middleware/version_negotiation.py:69}}
Aug 13 20:42:51.246032 np0000007262 devstack@g-api.service[99791]: DEBUG glance.api.middleware.version_negotiation [None req-a2c9722e-ed4e-47fb-9dda-9e5fa4a8e506 tempest-TestVolumeBootPattern-1301923344 tempest-TestVolumeBootPattern-1301923344-project-member] new path /v2/schemas/image {{(pid=99791) process_request /opt/stack/glance/glance/api/middleware/version_negotiation.py:70}}
Aug 13 20:42:51.248725 np0000007262 devstack@g-api.service[99791]: [pid: 99791|app: 0|req: 172/485] 127.0.0.1 () {44 vars in 1047 bytes} [Thu Aug 13 20:42:51 2026] GET /v2/schemas/image => generated 6083 bytes in 7 msecs (HTTP/1.1 200) 4 headers in 158 bytes (1 switches on core 0)
Aug 13 20:42:51.291787 np0000007262 devstack@g-api.service[99790]: DEBUG swiftclient [None req-df7eadae-eb87-47f3-adbd-906671084bd5 tempest-ServerBootFromVolumeStableRescueTest-435848855 tempest-ServerBootFromVolumeStableRescueTest-435848855-project-member] REQ: curl -i https://10.4.3.4:8080/v1/AUTH_697cbb8ca4ec426fb0df432fcb87b1ce/glance/a3fb74b4-12e4-4ebe-aa0a-0ca55bf20475-00001 -X PUT -H "X-Auth-Token: gAAAAABqfixKlPXM..." {{(pid=99790) http_log /opt/stack/data/venv/lib/python3.12/site-packages/swiftclient/client.py:160}}
Aug 13 20:42:51.292266 np0000007262 devstack@g-api.service[99790]: DEBUG swiftclient [None req-df7eadae-eb87-47f3-adbd-906671084bd5 tempest-ServerBootFromVolumeStableRescueTest-435848855 tempest-ServerBootFromVolumeStableRescueTest-435848855-project-member] RESP STATUS: 201 Created {{(pid=99790) http_log /opt/stack/data/venv/lib/python3.12/site-packages/swiftclient/client.py:161}}
Aug 13 20:42:51.292266 np0000007262 devstack@g-api.service[99790]: DEBUG swiftclient [None req-df7eadae-eb87-47f3-adbd-906671084bd5 tempest-ServerBootFromVolumeStableRescueTest-435848855 tempest-ServerBootFromVolumeStableRescueTest-435848855-project-member] RESP HEADERS: {'Date': 'Thu, 13 Aug 2026 20:42:51 GMT', 'Server': 'Apache/2.4.58 (Ubuntu)', 'Content-Type': 'text/html; charset=UTF-8', 'Content-Length': '0', 'Etag': '4fa343ee581d8d2e78533191fd1ac3e1', 'Last-Modified': 'Thu, 13 Aug 2026 20:42:51 GMT', 'X-Trans-Id': 'tx2e04e929100f43e5b5f0c-006a7e2c4a', 'X-Openstack-Request-Id': 'tx2e04e929100f43e5b5f0c-006a7e2c4a', 'Connection': 'close'} {{(pid=99790) http_log /opt/stack/data/venv/lib/python3.12/site-packages/swiftclient/client.py:162}}
Aug 13 20:42:51.292266 np0000007262 devstack@g-api.service[99790]: DEBUG glance_store._drivers.swift.store [None req-df7eadae-eb87-47f3-adbd-906671084bd5 tempest-ServerBootFromVolumeStableRescueTest-435848855 tempest-ServerBootFromVolumeStableRescueTest-435848855-project-member] Wrote chunk a3fb74b4-12e4-4ebe-aa0a-0ca55bf20475-00001 (1/?) of length 23527424 to Swift returning MD5 of content: 4fa343ee581d8d2e78533191fd1ac3e1 {{(pid=99790) add /opt/stack/data/venv/lib/python3.12/site-packages/glance_store/_drivers/swift/store.py:1059}}
