Aug 13 20:34:35.538300 np0000007262 nova-scheduler[93497]: DEBUG cotyledon.oslo_config_glue [-] oslo_messaging_rabbit.rabbit_quorum_delivery_limit = 0 {{(pid=93497) log_opt_values /opt/stack/data/venv/lib/python3.12/site-packages/oslo_config/cfg.py:3560}}
Aug 13 20:34:35.538551 np0000007262 nova-scheduler[93497]: DEBUG cotyledon.oslo_config_glue [-] oslo_messaging_rabbit.rabbit_quorum_max_memory_bytes = 0 {{(pid=93497) log_opt_values /opt/stack/data/venv/lib/python3.12/site-packages/oslo_config/cfg.py:3560}}
Aug 13 20:34:35.538551 np0000007262 nova-scheduler[93497]: DEBUG cotyledon.oslo_config_glue [-] oslo_messaging_rabbit.rabbit_quorum_max_memory_length = 0 {{(pid=93497) log_opt_values /opt/stack/data/venv/lib/python3.12/site-packages/oslo_config/cfg.py:3560}}
Aug 13 20:34:35.538551 np0000007262 nova-scheduler[93497]: DEBUG cotyledon.oslo_config_glue [-] oslo_messaging_rabbit.rabbit_quorum_queue = False {{(pid=93497) log_opt_values /opt/stack/data/venv/lib/python3.12/site-packages/oslo_config/cfg.py:3560}}
Aug 13 20:34:35.538551 np0000007262 nova-scheduler[93497]: DEBUG cotyledon.oslo_config_glue [-] oslo_messaging_rabbit.rabbit_retry_backoff = 2 {{(pid=93497) log_opt_values /opt/stack/data/venv/lib/python3.12/site-packages/oslo_config/cfg.py:3560}}
Aug 13 20:34:35.538551 np0000007262 nova-scheduler[93497]: DEBUG cotyledon.oslo_config_glue [-] oslo_messaging_rabbit.rabbit_retry_interval = 1 {{(pid=93497) log_opt_values /opt/stack/data/venv/lib/python3.12/site-packages/oslo_config/cfg.py:3560}}
Aug 13 20:34:35.538551 np0000007262 nova-scheduler[93497]: DEBUG cotyledon.oslo_config_glue [-] oslo_messaging_rabbit.rabbit_stream_fanout = False {{(pid=93497) log_opt_values /opt/stack/data/venv/lib/python3.12/site-packages/oslo_config/cfg.py:3560}}
Aug 13 20:34:35.538551 np0000007262 nova-scheduler[93497]: DEBUG cotyledon.oslo_config_glue [-] oslo_messaging_rabbit.rabbit_transient_queues_ttl = 1800 {{(pid=93497) log_opt_values /opt/stack/data/venv/lib/python3.12/site-packages/oslo_config/cfg.py:3560}}
Aug 13 20:34:35.538551 np0000007262 nova-scheduler[93497]: DEBUG cotyledon.oslo_config_glue [-] oslo_messaging_rabbit.rabbit_transient_quorum_queue = False {{(pid=93497) log_opt_values /opt/stack/data/venv/lib/python3.12/site-packages/oslo_config/cfg.py:3560}}
Aug 13 20:34:35.538816 np0000007262 nova-scheduler[93497]: DEBUG cotyledon.oslo_config_glue [-] oslo_messaging_rabbit.rpc_conn_pool_size = 30 {{(pid=93497) log_opt_values /opt/stack/data/venv/lib/python3.12/site-packages/oslo_config/cfg.py:3560}}
Aug 13 20:34:35.538816 np0000007262 nova-scheduler[93497]: DEBUG cotyledon.oslo_config_glue [-] oslo_messaging_rabbit.ssl = False {{(pid=93497) log_opt_values /opt/stack/data/venv/lib/python3.12/site-packages/oslo_config/cfg.py:3560}}
Aug 13 20:34:35.538816 np0000007262 nova-scheduler[93497]: DEBUG cotyledon.oslo_config_glue [-] oslo_messaging_rabbit.ssl_ca_file = {{(pid=93497) log_opt_values /opt/stack/data/venv/lib/python3.12/site-packages/oslo_config/cfg.py:3560}}
Aug 13 20:34:35.538816 np0000007262 nova-scheduler[93497]: DEBUG cotyledon.oslo_config_glue [-] oslo_messaging_rabbit.ssl_cert_file = {{(pid=93497) log_opt_values /opt/stack/data/venv/lib/python3.12/site-packages/oslo_config/cfg.py:3560}}
Aug 13 20:34:35.538816 np0000007262 nova-scheduler[93497]: DEBUG cotyledon.oslo_config_glue [-] oslo_messaging_rabbit.ssl_enforce_fips_mode = False {{(pid=93497) log_opt_values /opt/stack/data/venv/lib/python3.12/site-packages/oslo_config/cfg.py:3560}}
Aug 13 20:34:35.538816 np0000007262 nova-scheduler[93497]: DEBUG cotyledon.oslo_config_glue [-] oslo_messaging_rabbit.ssl_enforce_hostname_verification = True {{(pid=93497) log_opt_values /opt/stack/data/venv/lib/python3.12/site-packages/oslo_config/cfg.py:3560}}
Aug 13 20:34:35.538816 np0000007262 nova-scheduler[93497]: DEBUG cotyledon.oslo_config_glue [-] oslo_messaging_rabbit.ssl_key_file = {{(pid=93497) log_opt_values /opt/stack/data/venv/lib/python3.12/site-packages/oslo_config/cfg.py:3560}}
Aug 13 20:34:35.538816 np0000007262 nova-scheduler[93497]: DEBUG cotyledon.oslo_config_glue [-] oslo_messaging_rabbit.ssl_version = {{(pid=93497) log_opt_values /opt/stack/data/venv/lib/python3.12/site-packages/oslo_config/cfg.py:3560}}
Aug 13 20:34:35.538816 np0000007262 nova-scheduler[93497]: DEBUG cotyledon.oslo_config_glue [-] oslo_messaging_rabbit.use_queue_manager = False {{(pid=93497) log_opt_values /opt/stack/data/venv/lib/python3.12/site-packages/oslo_config/cfg.py:3560}}
Aug 13 20:34:35.538994 np0000007262 nova-scheduler[93497]: DEBUG cotyledon.oslo_config_glue [-] oslo_messaging_notifications.driver = ['messagingv2'] {{(pid=93497) log_opt_values /opt/stack/data/venv/lib/python3.12/site-packages/oslo_config/cfg.py:3560}}
Aug 13 20:34:35.538994 np0000007262 nova-scheduler[93497]: DEBUG cotyledon.oslo_config_glue [-] oslo_messaging_notifications.retry = -1 {{(pid=93497) log_opt_values /opt/stack/data/venv/lib/python3.12/site-packages/oslo_config/cfg.py:3560}}
Aug 13 20:34:35.538994 np0000007262 nova-scheduler[93497]: DEBUG cotyledon.oslo_config_glue [-] oslo_messaging_notifications.topics = ['notifications'] {{(pid=93497) log_opt_values /opt/stack/data/venv/lib/python3.12/site-packages/oslo_config/cfg.py:3560}}
Aug 13 20:34:35.538994 np0000007262 nova-scheduler[93497]: DEBUG cotyledon.oslo_config_glue [-] oslo_messaging_notifications.transport_url = **** {{(pid=93497) log_opt_values /opt/stack/data/venv/lib/python3.12/site-packages/oslo_config/cfg.py:3560}}
Aug 13 20:34:35.538994 np0000007262 nova-scheduler[93497]: DEBUG cotyledon.oslo_config_glue [-] oslo_limit.auth_section = None {{(pid=93497) log_opt_values /opt/stack/data/venv/lib/python3.12/site-packages/oslo_config/cfg.py:3560}}
Aug 13 20:34:35.538994 np0000007262 nova-scheduler[93497]: DEBUG cotyledon.oslo_config_glue [-] oslo_limit.auth_type = None {{(pid=93497) log_opt_values /opt/stack/data/venv/lib/python3.12/site-packages/oslo_config/cfg.py:3560}}
Aug 13 20:34:35.538994 np0000007262 nova-scheduler[93497]: DEBUG cotyledon.oslo_config_glue [-] oslo_limit.cafile = None {{(pid=93497) log_opt_values /opt/stack/data/venv/lib/python3.12/site-packages/oslo_config/cfg.py:3560}}
Aug 13 20:34:35.538994 np0000007262 nova-scheduler[93497]: DEBUG cotyledon.oslo_config_glue [-] oslo_limit.certfile = None {{(pid=93497) log_opt_values /opt/stack/data/venv/lib/python3.12/site-packages/oslo_config/cfg.py:3560}}
Aug 13 20:34:35.538994 np0000007262 nova-scheduler[93497]: DEBUG cotyledon.oslo_config_glue [-] oslo_limit.collect_timing = False {{(pid=93497) log_opt_values /opt/stack/data/venv/lib/python3.12/site-packages/oslo_config/cfg.py:3560}}
Aug 13 20:34:35.539728 np0000007262 nova-scheduler[93497]: DEBUG cotyledon.oslo_config_glue [-] oslo_limit.connect_retries = None {{(pid=93497) log_opt_values /opt/stack/data/venv/lib/python3.12/site-packages/oslo_config/cfg.py:3560}}
Aug 13 20:34:35.539728 np0000007262 nova-scheduler[93497]: DEBUG cotyledon.oslo_config_glue [-] oslo_limit.connect_retry_delay = None {{(pid=93497) log_opt_values /opt/stack/data/venv/lib/python3.12/site-packages/oslo_config/cfg.py:3560}}
Aug 13 20:34:35.539728 np0000007262 nova-scheduler[93497]: DEBUG cotyledon.oslo_config_glue [-] oslo_limit.endpoint_id = None {{(pid=93497) log_opt_values /opt/stack/data/venv/lib/python3.12/site-packages/oslo_config/cfg.py:3560}}
Aug 13 20:34:35.539728 np0000007262 nova-scheduler[93497]: DEBUG cotyledon.oslo_config_glue [-] oslo_limit.endpoint_interface = public {{(pid=93497) log_opt_values /opt/stack/data/venv/lib/python3.12/site-packages/oslo_config/cfg.py:3560}}
Aug 13 20:34:35.539728 np0000007262 nova-scheduler[93497]: DEBUG cotyledon.oslo_config_glue [-] oslo_limit.endpoint_override = None {{(pid=93497) log_opt_values /opt/stack/data/venv/lib/python3.12/site-packages/oslo_config/cfg.py:3560}}
Aug 13 20:34:35.539728 np0000007262 nova-scheduler[93497]: DEBUG cotyledon.oslo_config_glue [-] oslo_limit.endpoint_region_name = None {{(pid=93497) log_opt_values /opt/stack/data/venv/lib/python3.12/site-packages/oslo_config/cfg.py:3560}}
Aug 13 20:34:35.539728 np0000007262 nova-scheduler[93497]: DEBUG cotyledon.oslo_config_glue [-] oslo_limit.endpoint_service_name = None {{(pid=93497) log_opt_values /opt/stack/data/venv/lib/python3.12/site-packages/oslo_config/cfg.py:3560}}
Aug 13 20:34:35.539728 np0000007262 nova-scheduler[93497]: DEBUG cotyledon.oslo_config_glue [-] oslo_limit.endpoint_service_type = None {{(pid=93497) log_opt_values /opt/stack/data/venv/lib/python3.12/site-packages/oslo_config/cfg.py:3560}}
Aug 13 20:34:35.539728 np0000007262 nova-scheduler[93497]: DEBUG cotyledon.oslo_config_glue [-] oslo_limit.insecure = False {{(pid=93497) log_opt_values /opt/stack/data/venv/lib/python3.12/site-packages/oslo_config/cfg.py:3560}}
Aug 13 20:34:35.540024 np0000007262 nova-scheduler[93497]: DEBUG cotyledon.oslo_config_glue [-] oslo_limit.keyfile = None {{(pid=93497) log_opt_values /opt/stack/data/venv/lib/python3.12/site-packages/oslo_config/cfg.py:3560}}
Aug 13 20:34:35.540024 np0000007262 nova-scheduler[93497]: DEBUG cotyledon.oslo_config_glue [-] oslo_limit.max_version = None {{(pid=93497) log_opt_values /opt/stack/data/venv/lib/python3.12/site-packages/oslo_config/cfg.py:3560}}
Aug 13 20:34:35.540024 np0000007262 nova-scheduler[93497]: DEBUG cotyledon.oslo_config_glue [-] oslo_limit.min_version = None {{(pid=93497) log_opt_values /opt/stack/data/venv/lib/python3.12/site-packages/oslo_config/cfg.py:3560}}
Aug 13 20:34:35.540024 np0000007262 nova-scheduler[93497]: DEBUG cotyledon.oslo_config_glue [-] oslo_limit.region_name = None {{(pid=93497) log_opt_values /opt/stack/data/venv/lib/python3.12/site-packages/oslo_config/cfg.py:3560}}
Aug 13 20:34:35.540024 np0000007262 nova-scheduler[93497]: DEBUG cotyledon.oslo_config_glue [-] oslo_limit.retriable_status_codes = None {{(pid=93497) log_opt_values /opt/stack/data/venv/lib/python3.12/site-packages/oslo_config/cfg.py:3560}}
Aug 13 20:34:35.540024 np0000007262 nova-scheduler[93497]: DEBUG cotyledon.oslo_config_glue [-] oslo_limit.service_name = None {{(pid=93497) log_opt_values /opt/stack/data/venv/lib/python3.12/site-packages/oslo_config/cfg.py:3560}}
Aug 13 20:34:35.540024 np0000007262 nova-scheduler[93497]: DEBUG cotyledon.oslo_config_glue [-] oslo_limit.service_type = None {{(pid=93497) log_opt_values /opt/stack/data/venv/lib/python3.12/site-packages/oslo_config/cfg.py:3560}}
Aug 13 20:34:35.540024 np0000007262 nova-scheduler[93497]: DEBUG cotyledon.oslo_config_glue [-] oslo_limit.split_loggers = False {{(pid=93497) log_opt_values /opt/stack/data/venv/lib/python3.12/site-packages/oslo_config/cfg.py:3560}}
Aug 13 20:34:35.540024 np0000007262 nova-scheduler[93497]: DEBUG cotyledon.oslo_config_glue [-] oslo_limit.status_code_retries = None {{(pid=93497) log_opt_values /opt/stack/data/venv/lib/python3.12/site-packages/oslo_config/cfg.py:3560}}
Aug 13 20:34:35.540287 np0000007262 nova-scheduler[93497]: DEBUG cotyledon.oslo_config_glue [-] oslo_limit.status_code_retry_delay = None {{(pid=93497) log_opt_values /opt/stack/data/venv/lib/python3.12/site-packages/oslo_config/cfg.py:3560}}
Aug 13 20:34:35.540287 np0000007262 nova-scheduler[93497]: DEBUG cotyledon.oslo_config_glue [-] oslo_limit.timeout = None {{(pid=93497) log_opt_values /opt/stack/data/venv/lib/python3.12/site-packages/oslo_config/cfg.py:3560}}
Aug 13 20:34:35.540287 np0000007262 nova-scheduler[93497]: DEBUG cotyledon.oslo_config_glue [-] oslo_limit.valid_interfaces = None {{(pid=93497) log_opt_values /opt/stack/data/venv/lib/python3.12/site-packages/oslo_config/cfg.py:3560}}
Aug 13 20:34:35.540287 np0000007262 nova-scheduler[93497]: DEBUG cotyledon.oslo_config_glue [-] oslo_limit.version = None {{(pid=93497) log_opt_values /opt/stack/data/venv/lib/python3.12/site-packages/oslo_config/cfg.py:3560}}
Aug 13 20:34:35.540287 np0000007262 nova-scheduler[93497]: DEBUG cotyledon.oslo_config_glue [-] oslo_reports.file_event_handler = None {{(pid=93497) log_opt_values /opt/stack/data/venv/lib/python3.12/site-packages/oslo_config/cfg.py:3560}}
Aug 13 20:34:35.540287 np0000007262 nova-scheduler[93497]: DEBUG cotyledon.oslo_config_glue [-] oslo_reports.file_event_handler_interval = 1 {{(pid=93497) log_opt_values /opt/stack/data/venv/lib/python3.12/site-packages/oslo_config/cfg.py:3560}}
Aug 13 20:34:35.540287 np0000007262 nova-scheduler[93497]: DEBUG cotyledon.oslo_config_glue [-] oslo_reports.log_dir = None {{(pid=93497) log_opt_values /opt/stack/data/venv/lib/python3.12/site-packages/oslo_config/cfg.py:3560}}
Aug 13 20:34:35.540287 np0000007262 nova-scheduler[93497]: DEBUG cotyledon.oslo_config_glue [-] ******************************************************************************** {{(pid=93497) log_opt_values /opt/stack/data/venv/lib/python3.12/site-packages/oslo_config/cfg.py:3567}}
Aug 13 20:34:35.540287 np0000007262 nova-scheduler[93497]: DEBUG cotyledon._service_worker [-] Run service ServiceWrapper(2) [93497] {{(pid=93497) wait_forever /opt/stack/data/venv/lib/python3.12/site-packages/cotyledon/_service_worker.py:218}}
Aug 13 20:34:35.540552 np0000007262 nova-scheduler[93497]: INFO nova.service [-] Starting scheduler node (version 33.1.0)
Aug 13 20:34:35.540617 np0000007262 nova-scheduler[93494]: INFO dbcounter [None req-01a07571-cfc4-4956-843c-d1acda6eb2c0 None None] Registered counter for database nova_cell0
Aug 13 20:34:35.540661 np0000007262 nova-scheduler[93497]: INFO dbcounter [None req-07f21bb0-0c29-47cd-983a-9833e345f51f None None] Registered counter for database nova_cell0
Aug 13 20:34:35.549862 np0000007262 nova-scheduler[93489]: DEBUG oslo_db.sqlalchemy.engines [None req-c411a3f3-0c56-4939-8d90-0dd7bd613b4c None None] MySQL server mode set to STRICT_TRANS_TABLES,STRICT_ALL_TABLES,NO_ZERO_IN_DATE,NO_ZERO_DATE,ERROR_FOR_DIVISION_BY_ZERO,TRADITIONAL,NO_ENGINE_SUBSTITUTION {{(pid=93489) _check_effective_sql_mode /opt/stack/data/venv/lib/python3.12/site-packages/oslo_db/sqlalchemy/engines.py:325}}
Aug 13 20:34:35.563174 np0000007262 nova-scheduler[93494]: DEBUG oslo_db.sqlalchemy.engines [None req-01a07571-cfc4-4956-843c-d1acda6eb2c0 None None] MySQL server mode set to STRICT_TRANS_TABLES,STRICT_ALL_TABLES,NO_ZERO_IN_DATE,NO_ZERO_DATE,ERROR_FOR_DIVISION_BY_ZERO,TRADITIONAL,NO_ENGINE_SUBSTITUTION {{(pid=93494) _check_effective_sql_mode /opt/stack/data/venv/lib/python3.12/site-packages/oslo_db/sqlalchemy/engines.py:325}}
Aug 13 20:34:35.563305 np0000007262 nova-scheduler[93489]: DEBUG dbcounter [-] [93489] Writer thread running {{(pid=93489) stat_writer /opt/stack/data/venv/lib/python3.12/site-packages/dbcounter.py:102}}
Aug 13 20:34:35.572279 np0000007262 nova-scheduler[93494]: DEBUG dbcounter [-] [93494] Writer thread running {{(pid=93494) stat_writer /opt/stack/data/venv/lib/python3.12/site-packages/dbcounter.py:102}}
Aug 13 20:34:35.572553 np0000007262 nova-scheduler[93497]: DEBUG oslo_db.sqlalchemy.engines [None req-07f21bb0-0c29-47cd-983a-9833e345f51f None None] MySQL server mode set to STRICT_TRANS_TABLES,STRICT_ALL_TABLES,NO_ZERO_IN_DATE,NO_ZERO_DATE,ERROR_FOR_DIVISION_BY_ZERO,TRADITIONAL,NO_ENGINE_SUBSTITUTION {{(pid=93497) _check_effective_sql_mode /opt/stack/data/venv/lib/python3.12/site-packages/oslo_db/sqlalchemy/engines.py:325}}
Aug 13 20:34:35.579949 np0000007262 nova-scheduler[93489]: DEBUG nova.service [None req-c411a3f3-0c56-4939-8d90-0dd7bd613b4c None None] Creating RPC server for service: nova-scheduler on topic: scheduler {{(pid=93489) start /opt/stack/nova/nova/service.py:196}}
Aug 13 20:34:35.583716 np0000007262 nova-scheduler[93497]: DEBUG dbcounter [-] [93497] Writer thread running {{(pid=93497) stat_writer /opt/stack/data/venv/lib/python3.12/site-packages/dbcounter.py:102}}
Aug 13 20:34:35.586561 np0000007262 nova-scheduler[93497]: DEBUG nova.service [None req-07f21bb0-0c29-47cd-983a-9833e345f51f None None] Creating RPC server for service: nova-scheduler on topic: scheduler {{(pid=93497) start /opt/stack/nova/nova/service.py:196}}
Aug 13 20:34:35.587063 np0000007262 nova-scheduler[93494]: DEBUG nova.service [None req-01a07571-cfc4-4956-843c-d1acda6eb2c0 None None] Creating RPC server for service: nova-scheduler on topic: scheduler {{(pid=93494) start /opt/stack/nova/nova/service.py:196}}
Aug 13 20:34:35.611646 np0000007262 nova-scheduler[93494]: DEBUG nova.service [None req-01a07571-cfc4-4956-843c-d1acda6eb2c0 None None] Join ServiceGroup membership for this service scheduler {{(pid=93494) start /opt/stack/nova/nova/service.py:222}}
Aug 13 20:34:35.611766 np0000007262 nova-scheduler[93489]: DEBUG nova.service [None req-c411a3f3-0c56-4939-8d90-0dd7bd613b4c None None] Join ServiceGroup membership for this service scheduler {{(pid=93489) start /opt/stack/nova/nova/service.py:222}}
Aug 13 20:34:35.611828 np0000007262 nova-scheduler[93489]: DEBUG nova.servicegroup.drivers.db [None req-c411a3f3-0c56-4939-8d90-0dd7bd613b4c None None] DB_Driver: join new ServiceGroup member np0000007262 to the scheduler group, service = {{(pid=93489) join /opt/stack/nova/nova/servicegroup/drivers/db.py:44}}
Aug 13 20:34:35.611877 np0000007262 nova-scheduler[93494]: DEBUG nova.servicegroup.drivers.db [None req-01a07571-cfc4-4956-843c-d1acda6eb2c0 None None] DB_Driver: join new ServiceGroup member np0000007262 to the scheduler group, service = {{(pid=93494) join /opt/stack/nova/nova/servicegroup/drivers/db.py:44}}
Aug 13 20:34:35.617842 np0000007262 nova-scheduler[93497]: DEBUG nova.service [None req-07f21bb0-0c29-47cd-983a-9833e345f51f None None] Join ServiceGroup membership for this service scheduler {{(pid=93497) start /opt/stack/nova/nova/service.py:222}}
Aug 13 20:34:35.618065 np0000007262 nova-scheduler[93497]: DEBUG nova.servicegroup.drivers.db [None req-07f21bb0-0c29-47cd-983a-9833e345f51f None None] DB_Driver: join new ServiceGroup member np0000007262 to the scheduler group, service = {{(pid=93497) join /opt/stack/nova/nova/servicegroup/drivers/db.py:44}}
Aug 13 20:34:40.614649 np0000007262 nova-scheduler[93494]: DEBUG oslo.service.backend._threading.loopingcall [None req-fd9466e3-749a-4904-93ef-333157254d1b None None] Dynamic interval looping call 'nova.service.Service.periodic_tasks' sleeping for 60.00 seconds {{(pid=93494) _run_loop /opt/stack/data/venv/lib/python3.12/site-packages/oslo_service/backend/_threading/loopingcall.py:125}}
Aug 13 20:34:40.623385 np0000007262 nova-scheduler[93494]: DEBUG oslo.service.backend._threading.loopingcall [-] Fixed interval looping call 'nova.servicegroup.drivers.db.DbDriver._report_state' sleeping for 119.99 seconds {{(pid=93494) _run_loop /opt/stack/data/venv/lib/python3.12/site-packages/oslo_service/backend/_threading/loopingcall.py:125}}
Aug 13 20:34:40.627462 np0000007262 nova-scheduler[93489]: DEBUG oslo.service.backend._threading.loopingcall [-] Fixed interval looping call 'nova.servicegroup.drivers.db.DbDriver._report_state' sleeping for 119.99 seconds {{(pid=93489) _run_loop /opt/stack/data/venv/lib/python3.12/site-packages/oslo_service/backend/_threading/loopingcall.py:125}}
Aug 13 20:34:40.629122 np0000007262 nova-scheduler[93497]: DEBUG oslo.service.backend._threading.loopingcall [-] Fixed interval looping call 'nova.servicegroup.drivers.db.DbDriver._report_state' sleeping for 119.99 seconds {{(pid=93497) _run_loop /opt/stack/data/venv/lib/python3.12/site-packages/oslo_service/backend/_threading/loopingcall.py:125}}
Aug 13 20:34:44.161375 np0000007262 nova-scheduler[92285]: DEBUG dbcounter [-] [92285] Writing DB stats nova_api:SELECT=3 {{(pid=92285) stat_writer /opt/stack/data/venv/lib/python3.12/site-packages/dbcounter.py:115}}
Aug 13 20:34:44.310775 np0000007262 nova-scheduler[92285]: DEBUG dbcounter [-] [92285] Writing DB stats nova_cell1:SELECT=1 {{(pid=92285) stat_writer /opt/stack/data/venv/lib/python3.12/site-packages/dbcounter.py:115}}
Aug 13 20:34:44.314860 np0000007262 nova-scheduler[92285]: DEBUG dbcounter [-] [92285] Writing DB stats nova_cell0:SELECT=1 {{(pid=92285) stat_writer /opt/stack/data/venv/lib/python3.12/site-packages/dbcounter.py:115}}
Aug 13 20:34:50.619969 np0000007262 nova-scheduler[93494]: DEBUG dbcounter [-] [93494] Writing DB stats nova_cell0:SELECT=5,nova_cell0:INSERT=1,nova_cell0:UPDATE=1 {{(pid=93494) stat_writer /opt/stack/data/venv/lib/python3.12/site-packages/dbcounter.py:115}}
Aug 13 20:34:50.621944 np0000007262 nova-scheduler[93489]: DEBUG dbcounter [-] [93489] Writing DB stats nova_cell0:SELECT=4,nova_cell0:INSERT=1,nova_cell0:UPDATE=1 {{(pid=93489) stat_writer /opt/stack/data/venv/lib/python3.12/site-packages/dbcounter.py:115}}
Aug 13 20:34:50.629600 np0000007262 nova-scheduler[93497]: DEBUG dbcounter [-] [93497] Writing DB stats nova_cell0:SELECT=3 {{(pid=93497) stat_writer /opt/stack/data/venv/lib/python3.12/site-packages/dbcounter.py:115}}
Aug 13 20:34:53.620452 np0000007262 nova-scheduler[93497]: DEBUG oslo.service.backend._threading.loopingcall [None req-f4755da4-b651-4945-a141-0a8c2f7cc764 None None] Dynamic interval looping call 'nova.service.Service.periodic_tasks' sleeping for 60.00 seconds {{(pid=93497) _run_loop /opt/stack/data/venv/lib/python3.12/site-packages/oslo_service/backend/_threading/loopingcall.py:125}}
Aug 13 20:35:35.614063 np0000007262 nova-scheduler[93489]: DEBUG oslo.service.backend._threading.loopingcall [None req-cc956a7e-dcfd-440c-aa43-f727893da85c None None] Dynamic interval looping call 'nova.service.Service.periodic_tasks' sleeping for 60.00 seconds {{(pid=93489) _run_loop /opt/stack/data/venv/lib/python3.12/site-packages/oslo_service/backend/_threading/loopingcall.py:125}}
Aug 13 20:35:40.614766 np0000007262 nova-scheduler[93494]: DEBUG oslo.service.backend._threading.loopingcall [None req-fd9466e3-749a-4904-93ef-333157254d1b None None] Dynamic interval looping call 'nova.service.Service.periodic_tasks' sleeping for 60.00 seconds {{(pid=93494) _run_loop /opt/stack/data/venv/lib/python3.12/site-packages/oslo_service/backend/_threading/loopingcall.py:125}}
Aug 13 20:35:53.621135 np0000007262 nova-scheduler[93497]: DEBUG oslo.service.backend._threading.loopingcall [None req-f4755da4-b651-4945-a141-0a8c2f7cc764 None None] Dynamic interval looping call 'nova.service.Service.periodic_tasks' sleeping for 60.00 seconds {{(pid=93497) _run_loop /opt/stack/data/venv/lib/python3.12/site-packages/oslo_service/backend/_threading/loopingcall.py:125}}
Aug 13 20:36:35.614451 np0000007262 nova-scheduler[93489]: DEBUG oslo.service.backend._threading.loopingcall [None req-cc956a7e-dcfd-440c-aa43-f727893da85c None None] Dynamic interval looping call 'nova.service.Service.periodic_tasks' sleeping for 60.00 seconds {{(pid=93489) _run_loop /opt/stack/data/venv/lib/python3.12/site-packages/oslo_service/backend/_threading/loopingcall.py:125}}
Aug 13 20:36:40.615284 np0000007262 nova-scheduler[93494]: DEBUG oslo.service.backend._threading.loopingcall [None req-fd9466e3-749a-4904-93ef-333157254d1b None None] Dynamic interval looping call 'nova.service.Service.periodic_tasks' sleeping for 60.00 seconds {{(pid=93494) _run_loop /opt/stack/data/venv/lib/python3.12/site-packages/oslo_service/backend/_threading/loopingcall.py:125}}
Aug 13 20:36:40.619691 np0000007262 nova-scheduler[93494]: DEBUG oslo.service.backend._threading.loopingcall [-] Fixed interval looping call 'nova.servicegroup.drivers.db.DbDriver._report_state' sleeping for 119.99 seconds {{(pid=93494) _run_loop /opt/stack/data/venv/lib/python3.12/site-packages/oslo_service/backend/_threading/loopingcall.py:125}}
Aug 13 20:36:40.623974 np0000007262 nova-scheduler[93489]: DEBUG oslo.service.backend._threading.loopingcall [-] Fixed interval looping call 'nova.servicegroup.drivers.db.DbDriver._report_state' sleeping for 119.99 seconds {{(pid=93489) _run_loop /opt/stack/data/venv/lib/python3.12/site-packages/oslo_service/backend/_threading/loopingcall.py:125}}
Aug 13 20:36:40.630255 np0000007262 nova-scheduler[93497]: DEBUG oslo.service.backend._threading.loopingcall [-] Fixed interval looping call 'nova.servicegroup.drivers.db.DbDriver._report_state' sleeping for 119.99 seconds {{(pid=93497) _run_loop /opt/stack/data/venv/lib/python3.12/site-packages/oslo_service/backend/_threading/loopingcall.py:125}}
Aug 13 20:36:50.617389 np0000007262 nova-scheduler[93494]: DEBUG dbcounter [-] [93494] Writing DB stats nova_cell0:SELECT=1,nova_cell0:UPDATE=1 {{(pid=93494) stat_writer /opt/stack/data/venv/lib/python3.12/site-packages/dbcounter.py:115}}
Aug 13 20:36:50.626058 np0000007262 nova-scheduler[93489]: DEBUG dbcounter [-] [93489] Writing DB stats nova_cell0:SELECT=1 {{(pid=93489) stat_writer /opt/stack/data/venv/lib/python3.12/site-packages/dbcounter.py:115}}
Aug 13 20:36:50.630117 np0000007262 nova-scheduler[93497]: DEBUG dbcounter [-] [93497] Writing DB stats nova_cell0:SELECT=1 {{(pid=93497) stat_writer /opt/stack/data/venv/lib/python3.12/site-packages/dbcounter.py:115}}
Aug 13 20:36:53.621629 np0000007262 nova-scheduler[93497]: DEBUG oslo.service.backend._threading.loopingcall [None req-f4755da4-b651-4945-a141-0a8c2f7cc764 None None] Dynamic interval looping call 'nova.service.Service.periodic_tasks' sleeping for 60.00 seconds {{(pid=93497) _run_loop /opt/stack/data/venv/lib/python3.12/site-packages/oslo_service/backend/_threading/loopingcall.py:125}}
Aug 13 20:37:00.498207 np0000007262 nova-scheduler[93489]: DEBUG nova.scheduler.manager [None req-76620175-b26c-4c7d-a450-c8d981a6d018 tempest-DeleteServersTestJSON-1977910235 tempest-DeleteServersTestJSON-1977910235-project-member] Starting to schedule for instances: ['8f63a632-539d-4f8e-83ab-5018642fe04d'] {{(pid=93489) select_destinations /opt/stack/nova/nova/scheduler/manager.py:209}}
Aug 13 20:37:00.498933 np0000007262 nova-scheduler[93489]: DEBUG nova.scheduler.request_filter [None req-76620175-b26c-4c7d-a450-c8d981a6d018 tempest-DeleteServersTestJSON-1977910235 tempest-DeleteServersTestJSON-1977910235-project-member] compute_status_filter request filter added forbidden trait COMPUTE_STATUS_DISABLED {{(pid=93489) compute_status_filter /opt/stack/nova/nova/scheduler/request_filter.py:253}}
Aug 13 20:37:00.499312 np0000007262 nova-scheduler[93489]: DEBUG nova.scheduler.request_filter [None req-76620175-b26c-4c7d-a450-c8d981a6d018 tempest-DeleteServersTestJSON-1977910235 tempest-DeleteServersTestJSON-1977910235-project-member] Request filter 'compute_status_filter' took 0.0 seconds {{(pid=93489) wrapper /opt/stack/nova/nova/scheduler/request_filter.py:46}}
Aug 13 20:37:00.499312 np0000007262 nova-scheduler[93489]: DEBUG nova.scheduler.request_filter [None req-76620175-b26c-4c7d-a450-c8d981a6d018 tempest-DeleteServersTestJSON-1977910235 tempest-DeleteServersTestJSON-1977910235-project-member] Request filter 'accelerators_filter' took 0.0 seconds {{(pid=93489) wrapper /opt/stack/nova/nova/scheduler/request_filter.py:46}}
Aug 13 20:37:00.499477 np0000007262 nova-scheduler[93489]: DEBUG nova.scheduler.request_filter [None req-76620175-b26c-4c7d-a450-c8d981a6d018 tempest-DeleteServersTestJSON-1977910235 tempest-DeleteServersTestJSON-1977910235-project-member] Request filter 'packed_virtqueue_filter' took 0.0 seconds {{(pid=93489) wrapper /opt/stack/nova/nova/scheduler/request_filter.py:46}}
Aug 13 20:37:00.499783 np0000007262 nova-scheduler[93489]: DEBUG nova.scheduler.request_filter [None req-76620175-b26c-4c7d-a450-c8d981a6d018 tempest-DeleteServersTestJSON-1977910235 tempest-DeleteServersTestJSON-1977910235-project-member] Request filter 'remote_managed_ports_filter' took 0.0 seconds {{(pid=93489) wrapper /opt/stack/nova/nova/scheduler/request_filter.py:46}}
Aug 13 20:37:00.499846 np0000007262 nova-scheduler[93489]: DEBUG nova.scheduler.request_filter [None req-76620175-b26c-4c7d-a450-c8d981a6d018 tempest-DeleteServersTestJSON-1977910235 tempest-DeleteServersTestJSON-1977910235-project-member] ephemeral_encryption_filter skipped {{(pid=93489) ephemeral_encryption_filter /opt/stack/nova/nova/scheduler/request_filter.py:426}}
Aug 13 20:37:00.499995 np0000007262 nova-scheduler[93489]: DEBUG nova.scheduler.request_filter [None req-76620175-b26c-4c7d-a450-c8d981a6d018 tempest-DeleteServersTestJSON-1977910235 tempest-DeleteServersTestJSON-1977910235-project-member] virtio_sound_filter skipped {{(pid=93489) virtio_sound_filter /opt/stack/nova/nova/scheduler/request_filter.py:460}}
Aug 13 20:37:00.500125 np0000007262 nova-scheduler[93489]: DEBUG nova.scheduler.request_filter [None req-76620175-b26c-4c7d-a450-c8d981a6d018 tempest-DeleteServersTestJSON-1977910235 tempest-DeleteServersTestJSON-1977910235-project-member] tpm_secret_security_filter skipped {{(pid=93489) tpm_secret_security_filter /opt/stack/nova/nova/scheduler/request_filter.py:477}}
Aug 13 20:37:01.023709 np0000007262 nova-scheduler[93489]: INFO nova.utils [None req-76620175-b26c-4c7d-a450-c8d981a6d018 tempest-DeleteServersTestJSON-1977910235 tempest-DeleteServersTestJSON-1977910235-project-member] The cell worker thread pool ForkProcess-1.cell_worker is initialized
Aug 13 20:37:01.023849 np0000007262 nova-scheduler[93489]: DEBUG oslo_concurrency.lockutils [None req-76620175-b26c-4c7d-a450-c8d981a6d018 tempest-DeleteServersTestJSON-1977910235 tempest-DeleteServersTestJSON-1977910235-project-member] Acquiring lock "9b4e780e-ea68-4611-b441-b474319c1e03" by "nova.context.set_target_cell..get_or_set_cached_cell_and_set_connections" {{(pid=93489) inner /opt/stack/data/venv/lib/python3.12/site-packages/oslo_concurrency/lockutils.py:512}}
Aug 13 20:37:01.023985 np0000007262 nova-scheduler[93489]: DEBUG oslo_concurrency.lockutils [None req-76620175-b26c-4c7d-a450-c8d981a6d018 tempest-DeleteServersTestJSON-1977910235 tempest-DeleteServersTestJSON-1977910235-project-member] Lock "9b4e780e-ea68-4611-b441-b474319c1e03" acquired by "nova.context.set_target_cell..get_or_set_cached_cell_and_set_connections" :: waited 0.000s {{(pid=93489) inner /opt/stack/data/venv/lib/python3.12/site-packages/oslo_concurrency/lockutils.py:525}}
Aug 13 20:37:01.025141 np0000007262 nova-scheduler[93489]: DEBUG oslo_concurrency.lockutils [None req-76620175-b26c-4c7d-a450-c8d981a6d018 tempest-DeleteServersTestJSON-1977910235 tempest-DeleteServersTestJSON-1977910235-project-member] Lock "9b4e780e-ea68-4611-b441-b474319c1e03" "released" by "nova.context.set_target_cell..get_or_set_cached_cell_and_set_connections" :: held 0.001s {{(pid=93489) inner /opt/stack/data/venv/lib/python3.12/site-packages/oslo_concurrency/lockutils.py:544}}
Aug 13 20:37:01.027476 np0000007262 nova-scheduler[93489]: INFO dbcounter [None req-76620175-b26c-4c7d-a450-c8d981a6d018 tempest-DeleteServersTestJSON-1977910235 tempest-DeleteServersTestJSON-1977910235-project-member] Registered counter for database nova_cell1
Aug 13 20:37:01.073483 np0000007262 nova-scheduler[93489]: DEBUG oslo_db.sqlalchemy.engines [None req-76620175-b26c-4c7d-a450-c8d981a6d018 tempest-DeleteServersTestJSON-1977910235 tempest-DeleteServersTestJSON-1977910235-project-member] MySQL server mode set to STRICT_TRANS_TABLES,STRICT_ALL_TABLES,NO_ZERO_IN_DATE,NO_ZERO_DATE,ERROR_FOR_DIVISION_BY_ZERO,TRADITIONAL,NO_ENGINE_SUBSTITUTION {{(pid=93489) _check_effective_sql_mode /opt/stack/data/venv/lib/python3.12/site-packages/oslo_db/sqlalchemy/engines.py:325}}
Aug 13 20:37:01.079619 np0000007262 nova-scheduler[93489]: DEBUG dbcounter [-] [93489] Writer thread running {{(pid=93489) stat_writer /opt/stack/data/venv/lib/python3.12/site-packages/dbcounter.py:102}}
Aug 13 20:37:01.090791 np0000007262 nova-scheduler[93489]: DEBUG oslo_db.sqlalchemy.engines [None req-76620175-b26c-4c7d-a450-c8d981a6d018 tempest-DeleteServersTestJSON-1977910235 tempest-DeleteServersTestJSON-1977910235-project-member] Parent process 92285 forked (93489) with an open database connection, which is being discarded and recreated. {{(pid=93489) checkout /opt/stack/data/venv/lib/python3.12/site-packages/oslo_db/sqlalchemy/engines.py:402}}
Aug 13 20:37:01.123406 np0000007262 nova-scheduler[93489]: DEBUG dbcounter [-] [93489] Writer thread running {{(pid=93489) stat_writer /opt/stack/data/venv/lib/python3.12/site-packages/dbcounter.py:102}}
Aug 13 20:37:01.126245 np0000007262 nova-scheduler[93489]: DEBUG oslo_concurrency.lockutils [None req-76620175-b26c-4c7d-a450-c8d981a6d018 tempest-DeleteServersTestJSON-1977910235 tempest-DeleteServersTestJSON-1977910235-project-member] Acquiring lock "9b4e780e-ea68-4611-b441-b474319c1e03" by "nova.context.set_target_cell..get_or_set_cached_cell_and_set_connections" {{(pid=93489) inner /opt/stack/data/venv/lib/python3.12/site-packages/oslo_concurrency/lockutils.py:512}}
Aug 13 20:37:01.126411 np0000007262 nova-scheduler[93489]: DEBUG oslo_concurrency.lockutils [None req-76620175-b26c-4c7d-a450-c8d981a6d018 tempest-DeleteServersTestJSON-1977910235 tempest-DeleteServersTestJSON-1977910235-project-member] Lock "9b4e780e-ea68-4611-b441-b474319c1e03" acquired by "nova.context.set_target_cell..get_or_set_cached_cell_and_set_connections" :: waited 0.000s {{(pid=93489) inner /opt/stack/data/venv/lib/python3.12/site-packages/oslo_concurrency/lockutils.py:525}}
Aug 13 20:37:01.126515 np0000007262 nova-scheduler[93489]: DEBUG oslo_concurrency.lockutils [None req-76620175-b26c-4c7d-a450-c8d981a6d018 tempest-DeleteServersTestJSON-1977910235 tempest-DeleteServersTestJSON-1977910235-project-member] Lock "9b4e780e-ea68-4611-b441-b474319c1e03" "released" by "nova.context.set_target_cell..get_or_set_cached_cell_and_set_connections" :: held 0.000s {{(pid=93489) inner /opt/stack/data/venv/lib/python3.12/site-packages/oslo_concurrency/lockutils.py:544}}
Aug 13 20:37:01.129784 np0000007262 nova-scheduler[93489]: DEBUG oslo_concurrency.lockutils [None req-76620175-b26c-4c7d-a450-c8d981a6d018 tempest-DeleteServersTestJSON-1977910235 tempest-DeleteServersTestJSON-1977910235-project-member] Acquiring lock "np0000007262-np0000007262" by "nova.scheduler.host_manager.HostState.update.._locked_update" {{(pid=93489) inner /opt/stack/data/venv/lib/python3.12/site-packages/oslo_concurrency/lockutils.py:512}}
Aug 13 20:37:01.129784 np0000007262 nova-scheduler[93489]: DEBUG oslo_concurrency.lockutils [None req-76620175-b26c-4c7d-a450-c8d981a6d018 tempest-DeleteServersTestJSON-1977910235 tempest-DeleteServersTestJSON-1977910235-project-member] Lock "np0000007262-np0000007262" acquired by "nova.scheduler.host_manager.HostState.update.._locked_update" :: waited 0.000s {{(pid=93489) inner /opt/stack/data/venv/lib/python3.12/site-packages/oslo_concurrency/lockutils.py:525}}
Aug 13 20:37:01.130112 np0000007262 nova-scheduler[93489]: DEBUG nova.scheduler.host_manager [None req-76620175-b26c-4c7d-a450-c8d981a6d018 tempest-DeleteServersTestJSON-1977910235 tempest-DeleteServersTestJSON-1977910235-project-member] Update host state from compute node: ComputeNode(cpu_allocation_ratio=4.0,cpu_info='{"arch": "x86_64", "model": "EPYC-Milan", "vendor": "AMD", "topology": {"cells": 1, "sockets": 16, "cores": 1, "threads": 1}, "maxphysaddr": {"mode": "emulate", "bits": 40}, "features": ["sse", "pfthreshold", "cmp_legacy", "smep", "pse36", "flushbyasid", "sep", "de", "pku", "pae", "mds-no", "vaes", "xsaveerptr", "cx8", "clwb", "clflushopt", "v-vmsave-vmload", "pclmuldq", "misalignsse", "pcid", "topoext", "fxsr", "perfctr_core", "mtrr", "no-nested-data-bp", "vme", "xgetbv1", "rdpid", "mmx", "adx", "x2apic", "nx", "rdrand", "abm", "syscall", "avx", "gds-no", "xsaves", "stibp", "rdtscp", "sse2", "rdctl-no", "fma", "spec-ctrl", "fsrm", "lbrv", "3dnowprefetch", "vgif", "pschange-mc-no", "npt", "pni", "wbnoinvd", "erms", "xsaveopt", "tsc-deadline", "lahf_lm", "sse4.2", "cx16", "mce", "null-sel-clr-base", "rdseed", "pause-filter", "xsave", "fxsr_opt", "osvw", "umip", "pge", "svm", "amd-stibp", "smap", "xsavec", "stibp-always-on", "clflush", "cmov", "sse4a", "movbe", "avx2", "ssbd", "aes", "arch-capabilities", "vpclmulqdq", "arat", "svme-addr-chk", "tsc_adjust", "lfence-always-serializing", "amd-ssbd", "pdpe1gb", "fpu", "amd-psfd", "bmi1", "clzero", "f16c", "sha-ni", "apic", "invpcid", "tsc", "popcnt", "vmcb-clean", "ssse3", "lm", "ibrs", "skip-l1dfl-vmentry", "hypervisor", "tsc-scale", "pse", "bmi2", "mca", "msr", "mmxext", "ibpb", "nrip-save", "fsgsbase", "virt-ssbd", "sse4.1", "pat", "cr8legacy"]}',created_at=2026-08-13T20:34:56Z,current_workload=0,deleted=False,deleted_at=None,disk_allocation_ratio=1.0,disk_available_least=73,free_disk_gb=95,free_ram_mb=62765,host='np0000007262',host_ip=10.4.3.4,hypervisor_hostname='np0000007262',hypervisor_type='QEMU',hypervisor_version=8002002,id=1,local_gb=95,local_gb_used=0,mapped=1,memory_mb=63277,memory_mb_used=512,metrics='[]',numa_topology='{"nova_object.name": "NUMATopology", "nova_object.namespace": "nova", "nova_object.version": "1.2", "nova_object.data": {"cells": [{"nova_object.name": "NUMACell", "nova_object.namespace": "nova", "nova_object.version": "1.5", "nova_object.data": {"id": 0, "cpuset": [0, 1, 2, 3, 4, 5, 6, 7, 8, 9, 10, 11, 12, 13, 14, 15], "pcpuset": [0, 1, 2, 3, 4, 5, 6, 7, 8, 9, 10, 11, 12, 13, 14, 15], "memory": 63277, "cpu_usage": 0, "memory_usage": 0, "pinned_cpus": [], "siblings": [[6], [12], [2], [15], [5], [11], [8], [14], [4], [1], [7], [10], [0], [13], [3], [9]], "mempages": [{"nova_object.name": "NUMAPagesTopology", "nova_object.namespace": "nova", "nova_object.version": "1.1", "nova_object.data": {"size_kb": 4, "total": 16177928, "used": 0, "reserved": 0}, "nova_object.changes": ["reserved", "total", "size_kb", "used"]}, {"nova_object.name": "NUMAPagesTopology", "nova_object.namespace": "nova", "nova_object.version": "1.1", "nova_object.data": {"size_kb": 2048, "total": 41, "used": 0, "reserved": 0}, "nova_object.changes": ["reserved", "total", "size_kb", "used"]}, {"nova_object.name": "NUMAPagesTopology", "nova_object.namespace": "nova", "nova_object.version": "1.1", "nova_object.data": {"size_kb": 1048576, "total": 0, "used": 0, "reserved": 0}, "nova_object.changes": ["reserved", "total", "size_kb", "used"]}], "network_metadata": {"nova_object.name": "NetworkMetadata", "nova_object.namespace": "nova", "nova_object.version": "1.0", "nova_object.data": {"physnets": [], "tunneled": false}, "nova_object.changes": ["tunneled", "physnets"]}, "socket": null}, "nova_object.changes": ["socket", "mempages", "id", "memory", "memory_usage", "siblings", "cpu_usage", "network_metadata", "pcpuset", "cpuset", "pinned_cpus"]}]}, "nova_object.changes": ["cells"]}',pci_device_pools=PciDevicePoolList,ram_allocation_ratio=1.0,running_vms=0,service_id=2,stats={failed_builds='0',uptime=' 20:36:45 up 14 min, 2 users, load average: 1.61, 1.33, 0.77
Aug 13 20:37:01.130112 np0000007262 nova-scheduler[93489]: '},supported_hv_specs=[HVSpec,HVSpec,HVSpec,HVSpec,HVSpec,HVSpec,HVSpec,HVSpec,HVSpec,HVSpec,HVSpec,HVSpec,HVSpec,HVSpec,HVSpec,HVSpec,HVSpec,HVSpec,HVSpec,HVSpec,HVSpec,HVSpec,HVSpec,HVSpec,HVSpec],updated_at=2026-08-13T20:36:46Z,uuid=39e86304-5c21-48dc-ab9f-0f3291d2c998,vcpus=16,vcpus_used=0) {{(pid=93489) _locked_update /opt/stack/nova/nova/scheduler/host_manager.py:168}}
Aug 13 20:37:01.130798 np0000007262 nova-scheduler[93489]: DEBUG nova.scheduler.host_manager [None req-76620175-b26c-4c7d-a450-c8d981a6d018 tempest-DeleteServersTestJSON-1977910235 tempest-DeleteServersTestJSON-1977910235-project-member] Update host state with aggregates: [] {{(pid=93489) _locked_update /opt/stack/nova/nova/scheduler/host_manager.py:171}}
Aug 13 20:37:01.130900 np0000007262 nova-scheduler[93489]: DEBUG nova.scheduler.host_manager [None req-76620175-b26c-4c7d-a450-c8d981a6d018 tempest-DeleteServersTestJSON-1977910235 tempest-DeleteServersTestJSON-1977910235-project-member] Update host state with service dict: {'id': 2, 'uuid': '1a3d0e18-e297-4e3b-805a-bedde921acfb', 'host': 'np0000007262', 'binary': 'nova-compute', 'topic': 'compute', 'report_count': 1, 'disabled': False, 'disabled_reason': None, 'last_seen_up': datetime.datetime(2026, 8, 13, 20, 35, 3, tzinfo=datetime.timezone.utc), 'forced_down': False, 'version': 72, 'created_at': datetime.datetime(2026, 8, 13, 20, 34, 56, tzinfo=datetime.timezone.utc), 'updated_at': datetime.datetime(2026, 8, 13, 20, 35, 3, tzinfo=datetime.timezone.utc), 'deleted_at': None, 'deleted': False} {{(pid=93489) _locked_update /opt/stack/nova/nova/scheduler/host_manager.py:174}}
Aug 13 20:37:01.131003 np0000007262 nova-scheduler[93489]: DEBUG nova.scheduler.host_manager [None req-76620175-b26c-4c7d-a450-c8d981a6d018 tempest-DeleteServersTestJSON-1977910235 tempest-DeleteServersTestJSON-1977910235-project-member] Update host state with instances: [] {{(pid=93489) _locked_update /opt/stack/nova/nova/scheduler/host_manager.py:177}}
Aug 13 20:37:01.131100 np0000007262 nova-scheduler[93489]: DEBUG oslo_concurrency.lockutils [None req-76620175-b26c-4c7d-a450-c8d981a6d018 tempest-DeleteServersTestJSON-1977910235 tempest-DeleteServersTestJSON-1977910235-project-member] Lock "np0000007262-np0000007262" "released" by "nova.scheduler.host_manager.HostState.update.._locked_update" :: held 0.002s {{(pid=93489) inner /opt/stack/data/venv/lib/python3.12/site-packages/oslo_concurrency/lockutils.py:544}}
Aug 13 20:37:01.132087 np0000007262 nova-scheduler[93489]: DEBUG nova.filters [None req-76620175-b26c-4c7d-a450-c8d981a6d018 tempest-DeleteServersTestJSON-1977910235 tempest-DeleteServersTestJSON-1977910235-project-member] Starting with 1 host(s) {{(pid=93489) get_filtered_objects /opt/stack/nova/nova/filters.py:70}}
Aug 13 20:37:01.132087 np0000007262 nova-scheduler[93489]: DEBUG nova.filters [None req-76620175-b26c-4c7d-a450-c8d981a6d018 tempest-DeleteServersTestJSON-1977910235 tempest-DeleteServersTestJSON-1977910235-project-member] Filter ComputeFilter returned 1 host(s) {{(pid=93489) get_filtered_objects /opt/stack/nova/nova/filters.py:102}}
Aug 13 20:37:01.132087 np0000007262 nova-scheduler[93489]: DEBUG nova.filters [None req-76620175-b26c-4c7d-a450-c8d981a6d018 tempest-DeleteServersTestJSON-1977910235 tempest-DeleteServersTestJSON-1977910235-project-member] Filter ComputeCapabilitiesFilter returned 1 host(s) {{(pid=93489) get_filtered_objects /opt/stack/nova/nova/filters.py:102}}
Aug 13 20:37:01.132466 np0000007262 nova-scheduler[93489]: DEBUG nova.filters [None req-76620175-b26c-4c7d-a450-c8d981a6d018 tempest-DeleteServersTestJSON-1977910235 tempest-DeleteServersTestJSON-1977910235-project-member] Filter ImagePropertiesFilter returned 1 host(s) {{(pid=93489) get_filtered_objects /opt/stack/nova/nova/filters.py:102}}
Aug 13 20:37:01.132633 np0000007262 nova-scheduler[93489]: DEBUG nova.filters [None req-76620175-b26c-4c7d-a450-c8d981a6d018 tempest-DeleteServersTestJSON-1977910235 tempest-DeleteServersTestJSON-1977910235-project-member] Filter ServerGroupAntiAffinityFilter returned 1 host(s) {{(pid=93489) get_filtered_objects /opt/stack/nova/nova/filters.py:102}}
Aug 13 20:37:01.132746 np0000007262 nova-scheduler[93489]: DEBUG nova.filters [None req-76620175-b26c-4c7d-a450-c8d981a6d018 tempest-DeleteServersTestJSON-1977910235 tempest-DeleteServersTestJSON-1977910235-project-member] Filter ServerGroupAffinityFilter returned 1 host(s) {{(pid=93489) get_filtered_objects /opt/stack/nova/nova/filters.py:102}}
Aug 13 20:37:01.132861 np0000007262 nova-scheduler[93489]: DEBUG nova.filters [None req-76620175-b26c-4c7d-a450-c8d981a6d018 tempest-DeleteServersTestJSON-1977910235 tempest-DeleteServersTestJSON-1977910235-project-member] Filter SameHostFilter returned 1 host(s) {{(pid=93489) get_filtered_objects /opt/stack/nova/nova/filters.py:102}}
Aug 13 20:37:01.132965 np0000007262 nova-scheduler[93489]: DEBUG nova.filters [None req-76620175-b26c-4c7d-a450-c8d981a6d018 tempest-DeleteServersTestJSON-1977910235 tempest-DeleteServersTestJSON-1977910235-project-member] Filter DifferentHostFilter returned 1 host(s) {{(pid=93489) get_filtered_objects /opt/stack/nova/nova/filters.py:102}}
Aug 13 20:37:01.133082 np0000007262 nova-scheduler[93489]: DEBUG nova.scheduler.manager [None req-76620175-b26c-4c7d-a450-c8d981a6d018 tempest-DeleteServersTestJSON-1977910235 tempest-DeleteServersTestJSON-1977910235-project-member] Filtered [(np0000007262, np0000007262) ram: 62765MB disk: 74752MB io_ops: 0 instances: 0, allocation_candidates: 1] {{(pid=93489) _get_sorted_hosts /opt/stack/nova/nova/scheduler/manager.py:742}}
Aug 13 20:37:01.133292 np0000007262 nova-scheduler[93489]: DEBUG nova.scheduler.manager [None req-76620175-b26c-4c7d-a450-c8d981a6d018 tempest-DeleteServersTestJSON-1977910235 tempest-DeleteServersTestJSON-1977910235-project-member] Weighed [WeighedHost [host: (np0000007262, np0000007262) ram: 62765MB disk: 74752MB io_ops: 0 instances: 0, allocation_candidates: 1, weight: 0.0]] {{(pid=93489) _get_sorted_hosts /opt/stack/nova/nova/scheduler/manager.py:764}}
Aug 13 20:37:01.133461 np0000007262 nova-scheduler[93489]: DEBUG nova.scheduler.utils [None req-76620175-b26c-4c7d-a450-c8d981a6d018 tempest-DeleteServersTestJSON-1977910235 tempest-DeleteServersTestJSON-1977910235-project-member] Attempting to claim resources in the placement API for instance 8f63a632-539d-4f8e-83ab-5018642fe04d {{(pid=93489) claim_resources /opt/stack/nova/nova/scheduler/utils.py:1345}}
Aug 13 20:37:01.287936 np0000007262 nova-scheduler[93489]: DEBUG nova.scheduler.manager [None req-76620175-b26c-4c7d-a450-c8d981a6d018 tempest-DeleteServersTestJSON-1977910235 tempest-DeleteServersTestJSON-1977910235-project-member] [instance: 8f63a632-539d-4f8e-83ab-5018642fe04d] Selected host: (np0000007262, np0000007262) ram: 62765MB disk: 74752MB io_ops: 0 instances: 0, allocation_candidates: 1 {{(pid=93489) _consume_selected_host /opt/stack/nova/nova/scheduler/manager.py:624}}
Aug 13 20:37:01.288244 np0000007262 nova-scheduler[93489]: DEBUG oslo_concurrency.lockutils [None req-76620175-b26c-4c7d-a450-c8d981a6d018 tempest-DeleteServersTestJSON-1977910235 tempest-DeleteServersTestJSON-1977910235-project-member] Acquiring lock "np0000007262-np0000007262" by "nova.scheduler.host_manager.HostState.consume_from_request.._locked" {{(pid=93489) inner /opt/stack/data/venv/lib/python3.12/site-packages/oslo_concurrency/lockutils.py:512}}
Aug 13 20:37:01.288449 np0000007262 nova-scheduler[93489]: DEBUG oslo_concurrency.lockutils [None req-76620175-b26c-4c7d-a450-c8d981a6d018 tempest-DeleteServersTestJSON-1977910235 tempest-DeleteServersTestJSON-1977910235-project-member] Lock "np0000007262-np0000007262" acquired by "nova.scheduler.host_manager.HostState.consume_from_request.._locked" :: waited 0.000s {{(pid=93489) inner /opt/stack/data/venv/lib/python3.12/site-packages/oslo_concurrency/lockutils.py:525}}
Aug 13 20:37:01.288653 np0000007262 nova-scheduler[93489]: DEBUG oslo_concurrency.lockutils [None req-76620175-b26c-4c7d-a450-c8d981a6d018 tempest-DeleteServersTestJSON-1977910235 tempest-DeleteServersTestJSON-1977910235-project-member] Lock "np0000007262-np0000007262" "released" by "nova.scheduler.host_manager.HostState.consume_from_request.._locked" :: held 0.000s {{(pid=93489) inner /opt/stack/data/venv/lib/python3.12/site-packages/oslo_concurrency/lockutils.py:544}}
Aug 13 20:37:05.460593 np0000007262 nova-scheduler[93494]: DEBUG nova.scheduler.manager [None req-9bedeaa8-d93a-43b6-a4da-4692e31a353d tempest-ServersNegativeTestJSON-894062103 tempest-ServersNegativeTestJSON-894062103-project-member] Starting to schedule for instances: ['da74ff1c-a64d-46a7-ae28-a264818e8a76'] {{(pid=93494) select_destinations /opt/stack/nova/nova/scheduler/manager.py:209}}
Aug 13 20:37:05.461634 np0000007262 nova-scheduler[93494]: DEBUG nova.scheduler.request_filter [None req-9bedeaa8-d93a-43b6-a4da-4692e31a353d tempest-ServersNegativeTestJSON-894062103 tempest-ServersNegativeTestJSON-894062103-project-member] compute_status_filter request filter added forbidden trait COMPUTE_STATUS_DISABLED {{(pid=93494) compute_status_filter /opt/stack/nova/nova/scheduler/request_filter.py:253}}
Aug 13 20:37:05.461786 np0000007262 nova-scheduler[93494]: DEBUG nova.scheduler.request_filter [None req-9bedeaa8-d93a-43b6-a4da-4692e31a353d tempest-ServersNegativeTestJSON-894062103 tempest-ServersNegativeTestJSON-894062103-project-member] Request filter 'compute_status_filter' took 0.0 seconds {{(pid=93494) wrapper /opt/stack/nova/nova/scheduler/request_filter.py:46}}
Aug 13 20:37:05.461993 np0000007262 nova-scheduler[93494]: DEBUG nova.scheduler.request_filter [None req-9bedeaa8-d93a-43b6-a4da-4692e31a353d tempest-ServersNegativeTestJSON-894062103 tempest-ServersNegativeTestJSON-894062103-project-member] Request filter 'accelerators_filter' took 0.0 seconds {{(pid=93494) wrapper /opt/stack/nova/nova/scheduler/request_filter.py:46}}
Aug 13 20:37:05.462195 np0000007262 nova-scheduler[93494]: DEBUG nova.scheduler.request_filter [None req-9bedeaa8-d93a-43b6-a4da-4692e31a353d tempest-ServersNegativeTestJSON-894062103 tempest-ServersNegativeTestJSON-894062103-project-member] Request filter 'packed_virtqueue_filter' took 0.0 seconds {{(pid=93494) wrapper /opt/stack/nova/nova/scheduler/request_filter.py:46}}
Aug 13 20:37:05.462466 np0000007262 nova-scheduler[93494]: DEBUG nova.scheduler.request_filter [None req-9bedeaa8-d93a-43b6-a4da-4692e31a353d tempest-ServersNegativeTestJSON-894062103 tempest-ServersNegativeTestJSON-894062103-project-member] Request filter 'remote_managed_ports_filter' took 0.0 seconds {{(pid=93494) wrapper /opt/stack/nova/nova/scheduler/request_filter.py:46}}
Aug 13 20:37:05.462933 np0000007262 nova-scheduler[93494]: DEBUG nova.scheduler.request_filter [None req-9bedeaa8-d93a-43b6-a4da-4692e31a353d tempest-ServersNegativeTestJSON-894062103 tempest-ServersNegativeTestJSON-894062103-project-member] ephemeral_encryption_filter skipped {{(pid=93494) ephemeral_encryption_filter /opt/stack/nova/nova/scheduler/request_filter.py:426}}
Aug 13 20:37:05.463118 np0000007262 nova-scheduler[93494]: DEBUG nova.scheduler.request_filter [None req-9bedeaa8-d93a-43b6-a4da-4692e31a353d tempest-ServersNegativeTestJSON-894062103 tempest-ServersNegativeTestJSON-894062103-project-member] virtio_sound_filter skipped {{(pid=93494) virtio_sound_filter /opt/stack/nova/nova/scheduler/request_filter.py:460}}
