May 13 15:27:58.909961 np0000000708 devstack@c-api.service[95787]: WARNING castellan.key_manager [None req-930308bc-ab58-426e-9cf5-45e197d95f3c None None] Deprecation Warning : cinder.keymgr.conf_key_mgr.ConfKeyManager is not a stevedore based driver, trying to load it as a class: stevedore.exception.NoMatches: No 'castellan.drivers' driver found, looking for 'cinder.keymgr.conf_key_mgr.ConfKeyManager'
May 13 15:27:58.910528 np0000000708 devstack@c-api.service[95788]: DEBUG cinder.api.v3.router [None req-7d7eeb63-949b-40e8-99ce-a4c2632b90c7 None None] Extended resource: os-quota-sets {{(pid=95788) _setup_ext_routes /opt/stack/cinder/cinder/api/v3/router.py:122}}
May 13 15:27:58.910823 np0000000708 devstack@c-api.service[95787]: WARNING cinder.api.contrib.hosts [None req-930308bc-ab58-426e-9cf5-45e197d95f3c None None] Deprecated: The Host API is deprecated and will be be removed in a future version.
May 13 15:27:58.911086 np0000000708 devstack@c-api.service[95787]: WARNING stevedore.named [None req-930308bc-ab58-426e-9cf5-45e197d95f3c None None] Could not load cinder.keymgr.conf_key_mgr.ConfKeyManager
May 13 15:27:58.911194 np0000000708 devstack@c-api.service[95787]: WARNING castellan.key_manager [None req-930308bc-ab58-426e-9cf5-45e197d95f3c None None] Deprecation Warning : cinder.keymgr.conf_key_mgr.ConfKeyManager is not a stevedore based driver, trying to load it as a class: stevedore.exception.NoMatches: No 'castellan.drivers' driver found, looking for 'cinder.keymgr.conf_key_mgr.ConfKeyManager'
May 13 15:27:58.911699 np0000000708 devstack@c-api.service[95787]: DEBUG cinder.api.v3.router [None req-930308bc-ab58-426e-9cf5-45e197d95f3c None None] Extended resource: extensions {{(pid=95787) _setup_ext_routes /opt/stack/cinder/cinder/api/v3/router.py:122}}
May 13 15:27:58.911749 np0000000708 devstack@c-api.service[95788]: DEBUG cinder.api.v3.router [None req-7d7eeb63-949b-40e8-99ce-a4c2632b90c7 None None] Extended resource: qos-specs {{(pid=95788) _setup_ext_routes /opt/stack/cinder/cinder/api/v3/router.py:122}}
May 13 15:27:58.912863 np0000000708 devstack@c-api.service[95787]: DEBUG cinder.api.v3.router [None req-930308bc-ab58-426e-9cf5-45e197d95f3c None None] Extended resource: consistencygroups {{(pid=95787) _setup_ext_routes /opt/stack/cinder/cinder/api/v3/router.py:122}}
May 13 15:27:58.913358 np0000000708 devstack@c-api.service[95788]: DEBUG cinder.api.v3.router [None req-7d7eeb63-949b-40e8-99ce-a4c2632b90c7 None None] Extended resource: encryption {{(pid=95788) _setup_ext_routes /opt/stack/cinder/cinder/api/v3/router.py:122}}
May 13 15:27:58.914508 np0000000708 devstack@c-api.service[95787]: DEBUG cinder.api.v3.router [None req-930308bc-ab58-426e-9cf5-45e197d95f3c None None] Extended resource: extra_specs {{(pid=95787) _setup_ext_routes /opt/stack/cinder/cinder/api/v3/router.py:122}}
May 13 15:27:58.914809 np0000000708 devstack@c-api.service[95788]: DEBUG cinder.api.v3.router [None req-7d7eeb63-949b-40e8-99ce-a4c2632b90c7 None None] Extended resource: encryption {{(pid=95788) _setup_ext_routes /opt/stack/cinder/cinder/api/v3/router.py:122}}
May 13 15:27:58.915835 np0000000708 devstack@c-api.service[95787]: DEBUG cinder.api.v3.router [None req-930308bc-ab58-426e-9cf5-45e197d95f3c None None] Extended resource: capabilities {{(pid=95787) _setup_ext_routes /opt/stack/cinder/cinder/api/v3/router.py:122}}
May 13 15:27:58.916030 np0000000708 devstack@c-api.service[95788]: DEBUG cinder.api.v3.router [None req-7d7eeb63-949b-40e8-99ce-a4c2632b90c7 None None] Extended resource: cgsnapshots {{(pid=95788) _setup_ext_routes /opt/stack/cinder/cinder/api/v3/router.py:122}}
May 13 15:27:58.916886 np0000000708 devstack@c-api.service[95787]: DEBUG cinder.api.v3.router [None req-930308bc-ab58-426e-9cf5-45e197d95f3c None None] Extended resource: backups {{(pid=95787) _setup_ext_routes /opt/stack/cinder/cinder/api/v3/router.py:122}}
May 13 15:27:58.917866 np0000000708 devstack@c-api.service[95788]: DEBUG cinder.api.v3.router [None req-7d7eeb63-949b-40e8-99ce-a4c2632b90c7 None None] Extended resource: scheduler-stats {{(pid=95788) _setup_ext_routes /opt/stack/cinder/cinder/api/v3/router.py:122}}
May 13 15:27:58.918570 np0000000708 devstack@c-api.service[95787]: DEBUG cinder.api.v3.router [None req-930308bc-ab58-426e-9cf5-45e197d95f3c None None] Extended resource: os-quota-sets {{(pid=95787) _setup_ext_routes /opt/stack/cinder/cinder/api/v3/router.py:122}}
May 13 15:27:58.919021 np0000000708 devstack@c-api.service[95788]: DEBUG cinder.api.v3.router [None req-7d7eeb63-949b-40e8-99ce-a4c2632b90c7 None None] Extended resource: os-volume-manage {{(pid=95788) _setup_ext_routes /opt/stack/cinder/cinder/api/v3/router.py:122}}
May 13 15:27:58.919771 np0000000708 devstack@c-api.service[95787]: DEBUG cinder.api.v3.router [None req-930308bc-ab58-426e-9cf5-45e197d95f3c None None] Extended resource: qos-specs {{(pid=95787) _setup_ext_routes /opt/stack/cinder/cinder/api/v3/router.py:122}}
May 13 15:27:58.920155 np0000000708 devstack@c-api.service[95788]: DEBUG cinder.api.v3.router [None req-7d7eeb63-949b-40e8-99ce-a4c2632b90c7 None None] Extended resource: os-snapshot-manage {{(pid=95788) _setup_ext_routes /opt/stack/cinder/cinder/api/v3/router.py:122}}
May 13 15:27:58.921321 np0000000708 devstack@c-api.service[95788]: DEBUG cinder.api.v3.router [None req-7d7eeb63-949b-40e8-99ce-a4c2632b90c7 None None] Extended resource: os-volume-transfer {{(pid=95788) _setup_ext_routes /opt/stack/cinder/cinder/api/v3/router.py:122}}
May 13 15:27:58.921468 np0000000708 devstack@c-api.service[95787]: DEBUG cinder.api.v3.router [None req-930308bc-ab58-426e-9cf5-45e197d95f3c None None] Extended resource: encryption {{(pid=95787) _setup_ext_routes /opt/stack/cinder/cinder/api/v3/router.py:122}}
May 13 15:27:58.922639 np0000000708 devstack@c-api.service[95788]: DEBUG cinder.api.v3.router [None req-7d7eeb63-949b-40e8-99ce-a4c2632b90c7 None None] Extended resource: os-hosts {{(pid=95788) _setup_ext_routes /opt/stack/cinder/cinder/api/v3/router.py:122}}
May 13 15:27:58.922736 np0000000708 devstack@c-api.service[95787]: DEBUG cinder.api.v3.router [None req-930308bc-ab58-426e-9cf5-45e197d95f3c None None] Extended resource: encryption {{(pid=95787) _setup_ext_routes /opt/stack/cinder/cinder/api/v3/router.py:122}}
May 13 15:27:58.923734 np0000000708 devstack@c-api.service[95788]: DEBUG cinder.api.v3.router [None req-7d7eeb63-949b-40e8-99ce-a4c2632b90c7 None None] Extended resource: os-volume-type-access {{(pid=95788) _setup_ext_routes /opt/stack/cinder/cinder/api/v3/router.py:122}}
May 13 15:27:58.923972 np0000000708 devstack@c-api.service[95787]: DEBUG cinder.api.v3.router [None req-930308bc-ab58-426e-9cf5-45e197d95f3c None None] Extended resource: cgsnapshots {{(pid=95787) _setup_ext_routes /opt/stack/cinder/cinder/api/v3/router.py:122}}
May 13 15:27:58.925032 np0000000708 devstack@c-api.service[95788]: DEBUG cinder.api.v3.router [None req-7d7eeb63-949b-40e8-99ce-a4c2632b90c7 None None] Extended resource: os-availability-zone {{(pid=95788) _setup_ext_routes /opt/stack/cinder/cinder/api/v3/router.py:122}}
May 13 15:27:58.925806 np0000000708 devstack@c-api.service[95787]: DEBUG cinder.api.v3.router [None req-930308bc-ab58-426e-9cf5-45e197d95f3c None None] Extended resource: scheduler-stats {{(pid=95787) _setup_ext_routes /opt/stack/cinder/cinder/api/v3/router.py:122}}
May 13 15:27:58.926134 np0000000708 devstack@c-api.service[95788]: DEBUG cinder.api.v3.router [None req-7d7eeb63-949b-40e8-99ce-a4c2632b90c7 None None] Extended resource: os-quota-class-sets {{(pid=95788) _setup_ext_routes /opt/stack/cinder/cinder/api/v3/router.py:122}}
May 13 15:27:58.927066 np0000000708 devstack@c-api.service[95787]: DEBUG cinder.api.v3.router [None req-930308bc-ab58-426e-9cf5-45e197d95f3c None None] Extended resource: os-volume-manage {{(pid=95787) _setup_ext_routes /opt/stack/cinder/cinder/api/v3/router.py:122}}
May 13 15:27:58.927430 np0000000708 devstack@c-api.service[95788]: WARNING stevedore.named [None req-7d7eeb63-949b-40e8-99ce-a4c2632b90c7 None None] Could not load cinder.keymgr.conf_key_mgr.ConfKeyManager
May 13 15:27:58.927594 np0000000708 devstack@c-api.service[95788]: WARNING castellan.key_manager [None req-7d7eeb63-949b-40e8-99ce-a4c2632b90c7 None None] Deprecation Warning : cinder.keymgr.conf_key_mgr.ConfKeyManager is not a stevedore based driver, trying to load it as a class: stevedore.exception.NoMatches: No 'castellan.drivers' driver found, looking for 'cinder.keymgr.conf_key_mgr.ConfKeyManager'
May 13 15:27:58.928190 np0000000708 devstack@c-api.service[95787]: DEBUG cinder.api.v3.router [None req-930308bc-ab58-426e-9cf5-45e197d95f3c None None] Extended resource: os-snapshot-manage {{(pid=95787) _setup_ext_routes /opt/stack/cinder/cinder/api/v3/router.py:122}}
May 13 15:27:58.928324 np0000000708 devstack@c-api.service[95788]: WARNING stevedore.named [None req-7d7eeb63-949b-40e8-99ce-a4c2632b90c7 None None] Could not load cinder.keymgr.conf_key_mgr.ConfKeyManager
May 13 15:27:58.928451 np0000000708 devstack@c-api.service[95788]: WARNING castellan.key_manager [None req-7d7eeb63-949b-40e8-99ce-a4c2632b90c7 None None] Deprecation Warning : cinder.keymgr.conf_key_mgr.ConfKeyManager is not a stevedore based driver, trying to load it as a class: stevedore.exception.NoMatches: No 'castellan.drivers' driver found, looking for 'cinder.keymgr.conf_key_mgr.ConfKeyManager'
May 13 15:27:58.929065 np0000000708 devstack@c-api.service[95788]: WARNING stevedore.named [None req-7d7eeb63-949b-40e8-99ce-a4c2632b90c7 None None] Could not load cinder.keymgr.conf_key_mgr.ConfKeyManager
May 13 15:27:58.929179 np0000000708 devstack@c-api.service[95788]: WARNING castellan.key_manager [None req-7d7eeb63-949b-40e8-99ce-a4c2632b90c7 None None] Deprecation Warning : cinder.keymgr.conf_key_mgr.ConfKeyManager is not a stevedore based driver, trying to load it as a class: stevedore.exception.NoMatches: No 'castellan.drivers' driver found, looking for 'cinder.keymgr.conf_key_mgr.ConfKeyManager'
May 13 15:27:58.929435 np0000000708 devstack@c-api.service[95787]: DEBUG cinder.api.v3.router [None req-930308bc-ab58-426e-9cf5-45e197d95f3c None None] Extended resource: os-volume-transfer {{(pid=95787) _setup_ext_routes /opt/stack/cinder/cinder/api/v3/router.py:122}}
May 13 15:27:58.929711 np0000000708 devstack@c-api.service[95788]: DEBUG cinder.api.contrib.snapshot_actions [None req-7d7eeb63-949b-40e8-99ce-a4c2632b90c7 None None] SnapshotActionsController initialized {{(pid=95788) __init__ /opt/stack/cinder/cinder/api/contrib/snapshot_actions.py:33}}
May 13 15:27:58.930056 np0000000708 devstack@c-api.service[95788]: WARNING stevedore.named [None req-7d7eeb63-949b-40e8-99ce-a4c2632b90c7 None None] Could not load cinder.keymgr.conf_key_mgr.ConfKeyManager
May 13 15:27:58.930171 np0000000708 devstack@c-api.service[95788]: WARNING castellan.key_manager [None req-7d7eeb63-949b-40e8-99ce-a4c2632b90c7 None None] Deprecation Warning : cinder.keymgr.conf_key_mgr.ConfKeyManager is not a stevedore based driver, trying to load it as a class: stevedore.exception.NoMatches: No 'castellan.drivers' driver found, looking for 'cinder.keymgr.conf_key_mgr.ConfKeyManager'
May 13 15:27:58.930792 np0000000708 devstack@c-api.service[95787]: DEBUG cinder.api.v3.router [None req-930308bc-ab58-426e-9cf5-45e197d95f3c None None] Extended resource: os-hosts {{(pid=95787) _setup_ext_routes /opt/stack/cinder/cinder/api/v3/router.py:122}}
May 13 15:27:58.930851 np0000000708 devstack@c-api.service[95788]: WARNING stevedore.named [None req-7d7eeb63-949b-40e8-99ce-a4c2632b90c7 None None] Could not load cinder.keymgr.conf_key_mgr.ConfKeyManager
May 13 15:27:58.930918 np0000000708 devstack@c-api.service[95788]: WARNING castellan.key_manager [None req-7d7eeb63-949b-40e8-99ce-a4c2632b90c7 None None] Deprecation Warning : cinder.keymgr.conf_key_mgr.ConfKeyManager is not a stevedore based driver, trying to load it as a class: stevedore.exception.NoMatches: No 'castellan.drivers' driver found, looking for 'cinder.keymgr.conf_key_mgr.ConfKeyManager'
May 13 15:27:58.931569 np0000000708 devstack@c-api.service[95788]: WARNING stevedore.named [None req-7d7eeb63-949b-40e8-99ce-a4c2632b90c7 None None] Could not load cinder.keymgr.conf_key_mgr.ConfKeyManager
May 13 15:27:58.931687 np0000000708 devstack@c-api.service[95788]: WARNING castellan.key_manager [None req-7d7eeb63-949b-40e8-99ce-a4c2632b90c7 None None] Deprecation Warning : cinder.keymgr.conf_key_mgr.ConfKeyManager is not a stevedore based driver, trying to load it as a class: stevedore.exception.NoMatches: No 'castellan.drivers' driver found, looking for 'cinder.keymgr.conf_key_mgr.ConfKeyManager'
May 13 15:27:58.931879 np0000000708 devstack@c-api.service[95787]: DEBUG cinder.api.v3.router [None req-930308bc-ab58-426e-9cf5-45e197d95f3c None None] Extended resource: os-volume-type-access {{(pid=95787) _setup_ext_routes /opt/stack/cinder/cinder/api/v3/router.py:122}}
May 13 15:27:58.932374 np0000000708 devstack@c-api.service[95788]: WARNING stevedore.named [None req-7d7eeb63-949b-40e8-99ce-a4c2632b90c7 None None] Could not load cinder.keymgr.conf_key_mgr.ConfKeyManager
May 13 15:27:58.932481 np0000000708 devstack@c-api.service[95788]: WARNING castellan.key_manager [None req-7d7eeb63-949b-40e8-99ce-a4c2632b90c7 None None] Deprecation Warning : cinder.keymgr.conf_key_mgr.ConfKeyManager is not a stevedore based driver, trying to load it as a class: stevedore.exception.NoMatches: No 'castellan.drivers' driver found, looking for 'cinder.keymgr.conf_key_mgr.ConfKeyManager'
May 13 15:27:58.932953 np0000000708 devstack@c-api.service[95788]: DEBUG cinder.api.v3.router [None req-7d7eeb63-949b-40e8-99ce-a4c2632b90c7 None None] Extension VolumeImageMetadata extending resource: volumes {{(pid=95788) _setup_extensions /opt/stack/cinder/cinder/api/v3/router.py:155}}
May 13 15:27:58.933092 np0000000708 devstack@c-api.service[95788]: DEBUG cinder.api.v3.router [None req-7d7eeb63-949b-40e8-99ce-a4c2632b90c7 None None] Extension SnapshotUnmanage extending resource: snapshots {{(pid=95788) _setup_extensions /opt/stack/cinder/cinder/api/v3/router.py:155}}
May 13 15:27:58.933192 np0000000708 devstack@c-api.service[95787]: DEBUG cinder.api.v3.router [None req-930308bc-ab58-426e-9cf5-45e197d95f3c None None] Extended resource: os-availability-zone {{(pid=95787) _setup_ext_routes /opt/stack/cinder/cinder/api/v3/router.py:122}}
May 13 15:27:58.933228 np0000000708 devstack@c-api.service[95788]: DEBUG cinder.api.v3.router [None req-7d7eeb63-949b-40e8-99ce-a4c2632b90c7 None None] Extension ExtendedSnapshotAttributes extending resource: snapshots {{(pid=95788) _setup_extensions /opt/stack/cinder/cinder/api/v3/router.py:155}}
May 13 15:27:58.933283 np0000000708 devstack@c-api.service[95788]: DEBUG cinder.api.v3.router [None req-7d7eeb63-949b-40e8-99ce-a4c2632b90c7 None None] Extension VolumeHostAttribute extending resource: volumes {{(pid=95788) _setup_extensions /opt/stack/cinder/cinder/api/v3/router.py:155}}
May 13 15:27:58.933399 np0000000708 devstack@c-api.service[95788]: DEBUG cinder.api.v3.router [None req-7d7eeb63-949b-40e8-99ce-a4c2632b90c7 None None] Extension VolumeTypeEncryption extending resource: types {{(pid=95788) _setup_extensions /opt/stack/cinder/cinder/api/v3/router.py:155}}
May 13 15:27:58.933517 np0000000708 devstack@c-api.service[95788]: DEBUG cinder.api.v3.router [None req-7d7eeb63-949b-40e8-99ce-a4c2632b90c7 None None] Extension VolumeUnmanage extending resource: volumes {{(pid=95788) _setup_extensions /opt/stack/cinder/cinder/api/v3/router.py:155}}
May 13 15:27:58.933623 np0000000708 devstack@c-api.service[95788]: DEBUG cinder.api.v3.router [None req-7d7eeb63-949b-40e8-99ce-a4c2632b90c7 None None] Extension UsedLimits extending resource: limits {{(pid=95788) _setup_extensions /opt/stack/cinder/cinder/api/v3/router.py:155}}
May 13 15:27:58.933722 np0000000708 devstack@c-api.service[95788]: DEBUG cinder.api.v3.router [None req-7d7eeb63-949b-40e8-99ce-a4c2632b90c7 None None] Extension SnapshotActions extending resource: snapshots {{(pid=95788) _setup_extensions /opt/stack/cinder/cinder/api/v3/router.py:155}}
May 13 15:27:58.933857 np0000000708 devstack@c-api.service[95788]: DEBUG cinder.api.v3.router [None req-7d7eeb63-949b-40e8-99ce-a4c2632b90c7 None None] Extension VolumeMigStatusAttribute extending resource: volumes {{(pid=95788) _setup_extensions /opt/stack/cinder/cinder/api/v3/router.py:155}}
May 13 15:27:58.933954 np0000000708 devstack@c-api.service[95788]: DEBUG cinder.api.v3.router [None req-7d7eeb63-949b-40e8-99ce-a4c2632b90c7 None None] Extension VolumeTypeAccess extending resource: types {{(pid=95788) _setup_extensions /opt/stack/cinder/cinder/api/v3/router.py:155}}
May 13 15:27:58.934092 np0000000708 devstack@c-api.service[95788]: DEBUG cinder.api.v3.router [None req-7d7eeb63-949b-40e8-99ce-a4c2632b90c7 None None] Extension AdminActions extending resource: volumes {{(pid=95788) _setup_extensions /opt/stack/cinder/cinder/api/v3/router.py:155}}
May 13 15:27:58.934206 np0000000708 devstack@c-api.service[95788]: DEBUG cinder.api.v3.router [None req-7d7eeb63-949b-40e8-99ce-a4c2632b90c7 None None] Extension AdminActions extending resource: snapshots {{(pid=95788) _setup_extensions /opt/stack/cinder/cinder/api/v3/router.py:155}}
May 13 15:27:58.934248 np0000000708 devstack@c-api.service[95787]: DEBUG cinder.api.v3.router [None req-930308bc-ab58-426e-9cf5-45e197d95f3c None None] Extended resource: os-quota-class-sets {{(pid=95787) _setup_ext_routes /opt/stack/cinder/cinder/api/v3/router.py:122}}
May 13 15:27:58.934296 np0000000708 devstack@c-api.service[95788]: DEBUG cinder.api.v3.router [None req-7d7eeb63-949b-40e8-99ce-a4c2632b90c7 None None] Extension AdminActions extending resource: backups {{(pid=95788) _setup_extensions /opt/stack/cinder/cinder/api/v3/router.py:155}}
May 13 15:27:58.934394 np0000000708 devstack@c-api.service[95788]: DEBUG cinder.api.v3.router [None req-7d7eeb63-949b-40e8-99ce-a4c2632b90c7 None None] Extension VolumeActions extending resource: volumes {{(pid=95788) _setup_extensions /opt/stack/cinder/cinder/api/v3/router.py:155}}
May 13 15:27:58.934512 np0000000708 devstack@c-api.service[95788]: DEBUG cinder.api.v3.router [None req-7d7eeb63-949b-40e8-99ce-a4c2632b90c7 None None] Extension VolumeTenantAttribute extending resource: volumes {{(pid=95788) _setup_extensions /opt/stack/cinder/cinder/api/v3/router.py:155}}
May 13 15:27:58.934613 np0000000708 devstack@c-api.service[95788]: DEBUG cinder.api.v3.router [None req-7d7eeb63-949b-40e8-99ce-a4c2632b90c7 None None] Extension TypesManage extending resource: types {{(pid=95788) _setup_extensions /opt/stack/cinder/cinder/api/v3/router.py:155}}
May 13 15:27:58.935552 np0000000708 devstack@c-api.service[95787]: WARNING stevedore.named [None req-930308bc-ab58-426e-9cf5-45e197d95f3c None None] Could not load cinder.keymgr.conf_key_mgr.ConfKeyManager
May 13 15:27:58.935694 np0000000708 devstack@c-api.service[95787]: WARNING castellan.key_manager [None req-930308bc-ab58-426e-9cf5-45e197d95f3c None None] Deprecation Warning : cinder.keymgr.conf_key_mgr.ConfKeyManager is not a stevedore based driver, trying to load it as a class: stevedore.exception.NoMatches: No 'castellan.drivers' driver found, looking for 'cinder.keymgr.conf_key_mgr.ConfKeyManager'
May 13 15:27:58.936447 np0000000708 devstack@c-api.service[95787]: WARNING stevedore.named [None req-930308bc-ab58-426e-9cf5-45e197d95f3c None None] Could not load cinder.keymgr.conf_key_mgr.ConfKeyManager
May 13 15:27:58.936563 np0000000708 devstack@c-api.service[95787]: WARNING castellan.key_manager [None req-930308bc-ab58-426e-9cf5-45e197d95f3c None None] Deprecation Warning : cinder.keymgr.conf_key_mgr.ConfKeyManager is not a stevedore based driver, trying to load it as a class: stevedore.exception.NoMatches: No 'castellan.drivers' driver found, looking for 'cinder.keymgr.conf_key_mgr.ConfKeyManager'
May 13 15:27:58.936716 np0000000708 devstack@c-api.service[95788]: WARNING keystonemiddleware.auth_token [None req-7d7eeb63-949b-40e8-99ce-a4c2632b90c7 None None] AuthToken middleware is set with keystone_authtoken.service_token_roles_required set to False. This is backwards compatible but deprecated behaviour. Please set this to True.
May 13 15:27:58.937224 np0000000708 devstack@c-api.service[95787]: WARNING stevedore.named [None req-930308bc-ab58-426e-9cf5-45e197d95f3c None None] Could not load cinder.keymgr.conf_key_mgr.ConfKeyManager
May 13 15:27:58.937350 np0000000708 devstack@c-api.service[95787]: WARNING castellan.key_manager [None req-930308bc-ab58-426e-9cf5-45e197d95f3c None None] Deprecation Warning : cinder.keymgr.conf_key_mgr.ConfKeyManager is not a stevedore based driver, trying to load it as a class: stevedore.exception.NoMatches: No 'castellan.drivers' driver found, looking for 'cinder.keymgr.conf_key_mgr.ConfKeyManager'
May 13 15:27:58.937851 np0000000708 devstack@c-api.service[95787]: DEBUG cinder.api.contrib.snapshot_actions [None req-930308bc-ab58-426e-9cf5-45e197d95f3c None None] SnapshotActionsController initialized {{(pid=95787) __init__ /opt/stack/cinder/cinder/api/contrib/snapshot_actions.py:33}}
May 13 15:27:58.938224 np0000000708 devstack@c-api.service[95787]: WARNING stevedore.named [None req-930308bc-ab58-426e-9cf5-45e197d95f3c None None] Could not load cinder.keymgr.conf_key_mgr.ConfKeyManager
May 13 15:27:58.938369 np0000000708 devstack@c-api.service[95787]: WARNING castellan.key_manager [None req-930308bc-ab58-426e-9cf5-45e197d95f3c None None] Deprecation Warning : cinder.keymgr.conf_key_mgr.ConfKeyManager is not a stevedore based driver, trying to load it as a class: stevedore.exception.NoMatches: No 'castellan.drivers' driver found, looking for 'cinder.keymgr.conf_key_mgr.ConfKeyManager'
May 13 15:27:58.938997 np0000000708 devstack@c-api.service[95787]: WARNING stevedore.named [None req-930308bc-ab58-426e-9cf5-45e197d95f3c None None] Could not load cinder.keymgr.conf_key_mgr.ConfKeyManager
May 13 15:27:58.939127 np0000000708 devstack@c-api.service[95787]: WARNING castellan.key_manager [None req-930308bc-ab58-426e-9cf5-45e197d95f3c None None] Deprecation Warning : cinder.keymgr.conf_key_mgr.ConfKeyManager is not a stevedore based driver, trying to load it as a class: stevedore.exception.NoMatches: No 'castellan.drivers' driver found, looking for 'cinder.keymgr.conf_key_mgr.ConfKeyManager'
May 13 15:27:58.939728 np0000000708 devstack@c-api.service[95787]: WARNING stevedore.named [None req-930308bc-ab58-426e-9cf5-45e197d95f3c None None] Could not load cinder.keymgr.conf_key_mgr.ConfKeyManager
May 13 15:27:58.939840 np0000000708 devstack@c-api.service[95787]: WARNING castellan.key_manager [None req-930308bc-ab58-426e-9cf5-45e197d95f3c None None] Deprecation Warning : cinder.keymgr.conf_key_mgr.ConfKeyManager is not a stevedore based driver, trying to load it as a class: stevedore.exception.NoMatches: No 'castellan.drivers' driver found, looking for 'cinder.keymgr.conf_key_mgr.ConfKeyManager'
May 13 15:27:58.940556 np0000000708 devstack@c-api.service[95787]: WARNING stevedore.named [None req-930308bc-ab58-426e-9cf5-45e197d95f3c None None] Could not load cinder.keymgr.conf_key_mgr.ConfKeyManager
May 13 15:27:58.940689 np0000000708 devstack@c-api.service[95787]: WARNING castellan.key_manager [None req-930308bc-ab58-426e-9cf5-45e197d95f3c None None] Deprecation Warning : cinder.keymgr.conf_key_mgr.ConfKeyManager is not a stevedore based driver, trying to load it as a class: stevedore.exception.NoMatches: No 'castellan.drivers' driver found, looking for 'cinder.keymgr.conf_key_mgr.ConfKeyManager'
May 13 15:27:58.941228 np0000000708 devstack@c-api.service[95787]: DEBUG cinder.api.v3.router [None req-930308bc-ab58-426e-9cf5-45e197d95f3c None None] Extension VolumeImageMetadata extending resource: volumes {{(pid=95787) _setup_extensions /opt/stack/cinder/cinder/api/v3/router.py:155}}
May 13 15:27:58.941361 np0000000708 devstack@c-api.service[95787]: DEBUG cinder.api.v3.router [None req-930308bc-ab58-426e-9cf5-45e197d95f3c None None] Extension SnapshotUnmanage extending resource: snapshots {{(pid=95787) _setup_extensions /opt/stack/cinder/cinder/api/v3/router.py:155}}
May 13 15:27:58.941461 np0000000708 devstack@c-api.service[95787]: DEBUG cinder.api.v3.router [None req-930308bc-ab58-426e-9cf5-45e197d95f3c None None] Extension ExtendedSnapshotAttributes extending resource: snapshots {{(pid=95787) _setup_extensions /opt/stack/cinder/cinder/api/v3/router.py:155}}
May 13 15:27:58.941556 np0000000708 devstack@c-api.service[95787]: DEBUG cinder.api.v3.router [None req-930308bc-ab58-426e-9cf5-45e197d95f3c None None] Extension VolumeHostAttribute extending resource: volumes {{(pid=95787) _setup_extensions /opt/stack/cinder/cinder/api/v3/router.py:155}}
May 13 15:27:58.941642 np0000000708 devstack@c-api.service[95787]: DEBUG cinder.api.v3.router [None req-930308bc-ab58-426e-9cf5-45e197d95f3c None None] Extension VolumeTypeEncryption extending resource: types {{(pid=95787) _setup_extensions /opt/stack/cinder/cinder/api/v3/router.py:155}}
May 13 15:27:58.941729 np0000000708 devstack@c-api.service[95787]: DEBUG cinder.api.v3.router [None req-930308bc-ab58-426e-9cf5-45e197d95f3c None None] Extension VolumeUnmanage extending resource: volumes {{(pid=95787) _setup_extensions /opt/stack/cinder/cinder/api/v3/router.py:155}}
May 13 15:27:58.941817 np0000000708 devstack@c-api.service[95787]: DEBUG cinder.api.v3.router [None req-930308bc-ab58-426e-9cf5-45e197d95f3c None None] Extension UsedLimits extending resource: limits {{(pid=95787) _setup_extensions /opt/stack/cinder/cinder/api/v3/router.py:155}}
May 13 15:27:58.941956 np0000000708 devstack@c-api.service[95787]: DEBUG cinder.api.v3.router [None req-930308bc-ab58-426e-9cf5-45e197d95f3c None None] Extension SnapshotActions extending resource: snapshots {{(pid=95787) _setup_extensions /opt/stack/cinder/cinder/api/v3/router.py:155}}
May 13 15:27:58.942080 np0000000708 devstack@c-api.service[95787]: DEBUG cinder.api.v3.router [None req-930308bc-ab58-426e-9cf5-45e197d95f3c None None] Extension VolumeMigStatusAttribute extending resource: volumes {{(pid=95787) _setup_extensions /opt/stack/cinder/cinder/api/v3/router.py:155}}
May 13 15:27:58.942174 np0000000708 devstack@c-api.service[95787]: DEBUG cinder.api.v3.router [None req-930308bc-ab58-426e-9cf5-45e197d95f3c None None] Extension VolumeTypeAccess extending resource: types {{(pid=95787) _setup_extensions /opt/stack/cinder/cinder/api/v3/router.py:155}}
May 13 15:27:58.942450 np0000000708 devstack@c-api.service[95787]: DEBUG cinder.api.v3.router [None req-930308bc-ab58-426e-9cf5-45e197d95f3c None None] Extension AdminActions extending resource: volumes {{(pid=95787) _setup_extensions /opt/stack/cinder/cinder/api/v3/router.py:155}}
May 13 15:27:58.942450 np0000000708 devstack@c-api.service[95787]: DEBUG cinder.api.v3.router [None req-930308bc-ab58-426e-9cf5-45e197d95f3c None None] Extension AdminActions extending resource: snapshots {{(pid=95787) _setup_extensions /opt/stack/cinder/cinder/api/v3/router.py:155}}
May 13 15:27:58.942500 np0000000708 devstack@c-api.service[95788]: WSGI app 0 (mountpoint='') ready in 2 seconds on interpreter 0x7625efea3668 pid: 95788 (default app)
May 13 15:27:58.942532 np0000000708 devstack@c-api.service[95787]: DEBUG cinder.api.v3.router [None req-930308bc-ab58-426e-9cf5-45e197d95f3c None None] Extension AdminActions extending resource: backups {{(pid=95787) _setup_extensions /opt/stack/cinder/cinder/api/v3/router.py:155}}
May 13 15:27:58.942617 np0000000708 devstack@c-api.service[95787]: DEBUG cinder.api.v3.router [None req-930308bc-ab58-426e-9cf5-45e197d95f3c None None] Extension VolumeActions extending resource: volumes {{(pid=95787) _setup_extensions /opt/stack/cinder/cinder/api/v3/router.py:155}}
May 13 15:27:58.942737 np0000000708 devstack@c-api.service[95787]: DEBUG cinder.api.v3.router [None req-930308bc-ab58-426e-9cf5-45e197d95f3c None None] Extension VolumeTenantAttribute extending resource: volumes {{(pid=95787) _setup_extensions /opt/stack/cinder/cinder/api/v3/router.py:155}}
May 13 15:27:58.942843 np0000000708 devstack@c-api.service[95787]: DEBUG cinder.api.v3.router [None req-930308bc-ab58-426e-9cf5-45e197d95f3c None None] Extension TypesManage extending resource: types {{(pid=95787) _setup_extensions /opt/stack/cinder/cinder/api/v3/router.py:155}}
May 13 15:27:58.942922 np0000000708 devstack@c-api.service[95788]: /opt/stack/data/venv/lib/python3.12/site-packages/oslo_policy/policy.py:505: DeprecationWarning: fallback_to_json_file is deprecated and has no effect.
May 13 15:27:58.942922 np0000000708 devstack@c-api.service[95788]: warnings.warn(
May 13 15:27:58.944884 np0000000708 devstack@c-api.service[95787]: WARNING keystonemiddleware.auth_token [None req-930308bc-ab58-426e-9cf5-45e197d95f3c None None] AuthToken middleware is set with keystone_authtoken.service_token_roles_required set to False. This is backwards compatible but deprecated behaviour. Please set this to True.
May 13 15:27:58.949215 np0000000708 devstack@c-api.service[95788]: /opt/stack/data/venv/lib/python3.12/site-packages/oslo_policy/policy.py:806: UserWarning: Policy "volume:attachment_create":"" was deprecated in X in favor of "volume:attachment_create":"rule:xena_system_admin_or_project_member". Reason: Default policies now support the three Keystone default roles, namely 'admin', 'member', and 'reader' to implement three Cinder "personas". See "Policy Personas and Permissions" in the "Cinder Service Configuration" documentation (Xena release) for details.. Either ensure your deployment is ready for the new default or copy/paste the deprecated policy into your policy file and maintain it manually.
May 13 15:27:58.949215 np0000000708 devstack@c-api.service[95788]: warnings.warn(deprecated_msg)
May 13 15:27:58.949330 np0000000708 devstack@c-api.service[95788]: /opt/stack/data/venv/lib/python3.12/site-packages/oslo_policy/policy.py:806: UserWarning: Policy "volume:attachment_update":"rule:admin_or_owner" was deprecated in X in favor of "volume:attachment_update":"rule:xena_system_admin_or_project_member". Reason: Default policies now support the three Keystone default roles, namely 'admin', 'member', and 'reader' to implement three Cinder "personas". See "Policy Personas and Permissions" in the "Cinder Service Configuration" documentation (Xena release) for details.. Either ensure your deployment is ready for the new default or copy/paste the deprecated policy into your policy file and maintain it manually.
May 13 15:27:58.949330 np0000000708 devstack@c-api.service[95788]: warnings.warn(deprecated_msg)
May 13 15:27:58.949330 np0000000708 devstack@c-api.service[95788]: /opt/stack/data/venv/lib/python3.12/site-packages/oslo_policy/policy.py:806: UserWarning: Policy "volume:attachment_delete":"rule:admin_or_owner" was deprecated in X in favor of "volume:attachment_delete":"rule:xena_system_admin_or_project_member". Reason: Default policies now support the three Keystone default roles, namely 'admin', 'member', and 'reader' to implement three Cinder "personas". See "Policy Personas and Permissions" in the "Cinder Service Configuration" documentation (Xena release) for details.. Either ensure your deployment is ready for the new default or copy/paste the deprecated policy into your policy file and maintain it manually.
May 13 15:27:58.949330 np0000000708 devstack@c-api.service[95788]: warnings.warn(deprecated_msg)
May 13 15:27:58.949330 np0000000708 devstack@c-api.service[95788]: /opt/stack/data/venv/lib/python3.12/site-packages/oslo_policy/policy.py:806: UserWarning: Policy "volume:attachment_complete":"rule:admin_or_owner" was deprecated in X in favor of "volume:attachment_complete":"rule:xena_system_admin_or_project_member". Reason: Default policies now support the three Keystone default roles, namely 'admin', 'member', and 'reader' to implement three Cinder "personas". See "Policy Personas and Permissions" in the "Cinder Service Configuration" documentation (Xena release) for details.. Either ensure your deployment is ready for the new default or copy/paste the deprecated policy into your policy file and maintain it manually.
May 13 15:27:58.949473 np0000000708 devstack@c-api.service[95788]: warnings.warn(deprecated_msg)
May 13 15:27:58.949473 np0000000708 devstack@c-api.service[95788]: /opt/stack/data/venv/lib/python3.12/site-packages/oslo_policy/policy.py:806: UserWarning: Policy "volume:multiattach_bootable_volume":"rule:admin_or_owner" was deprecated in X in favor of "volume:multiattach_bootable_volume":"rule:xena_system_admin_or_project_member". Reason: Default policies now support the three Keystone default roles, namely 'admin', 'member', and 'reader' to implement three Cinder "personas". See "Policy Personas and Permissions" in the "Cinder Service Configuration" documentation (Xena release) for details.. Either ensure your deployment is ready for the new default or copy/paste the deprecated policy into your policy file and maintain it manually.
May 13 15:27:58.949473 np0000000708 devstack@c-api.service[95788]: warnings.warn(deprecated_msg)
May 13 15:27:58.949473 np0000000708 devstack@c-api.service[95788]: /opt/stack/data/venv/lib/python3.12/site-packages/oslo_policy/policy.py:806: UserWarning: Policy "message:get_all":"rule:admin_or_owner" was deprecated in X in favor of "message:get_all":"rule:xena_system_admin_or_project_reader". Reason: Default policies now support the three Keystone default roles, namely 'admin', 'member', and 'reader' to implement three Cinder "personas". See "Policy Personas and Permissions" in the "Cinder Service Configuration" documentation (Xena release) for details.. Either ensure your deployment is ready for the new default or copy/paste the deprecated policy into your policy file and maintain it manually.
May 13 15:27:58.949473 np0000000708 devstack@c-api.service[95788]: warnings.warn(deprecated_msg)
May 13 15:27:58.949473 np0000000708 devstack@c-api.service[95788]: /opt/stack/data/venv/lib/python3.12/site-packages/oslo_policy/policy.py:806: UserWarning: Policy "message:get":"rule:admin_or_owner" was deprecated in X in favor of "message:get":"rule:xena_system_admin_or_project_reader". Reason: Default policies now support the three Keystone default roles, namely 'admin', 'member', and 'reader' to implement three Cinder "personas". See "Policy Personas and Permissions" in the "Cinder Service Configuration" documentation (Xena release) for details.. Either ensure your deployment is ready for the new default or copy/paste the deprecated policy into your policy file and maintain it manually.
May 13 15:27:58.949646 np0000000708 devstack@c-api.service[95788]: warnings.warn(deprecated_msg)
May 13 15:27:58.949646 np0000000708 devstack@c-api.service[95788]: /opt/stack/data/venv/lib/python3.12/site-packages/oslo_policy/policy.py:806: UserWarning: Policy "message:delete":"rule:admin_or_owner" was deprecated in X in favor of "message:delete":"rule:xena_system_admin_or_project_member". Reason: Default policies now support the three Keystone default roles, namely 'admin', 'member', and 'reader' to implement three Cinder "personas". See "Policy Personas and Permissions" in the "Cinder Service Configuration" documentation (Xena release) for details.. Either ensure your deployment is ready for the new default or copy/paste the deprecated policy into your policy file and maintain it manually.
May 13 15:27:58.949646 np0000000708 devstack@c-api.service[95788]: warnings.warn(deprecated_msg)
May 13 15:27:58.949646 np0000000708 devstack@c-api.service[95788]: /opt/stack/data/venv/lib/python3.12/site-packages/oslo_policy/policy.py:806: UserWarning: Policy "volume:get_snapshot_metadata":"rule:admin_or_owner" was deprecated in X in favor of "volume:get_snapshot_metadata":"rule:xena_system_admin_or_project_reader". Reason: Default policies now support the three Keystone default roles, namely 'admin', 'member', and 'reader' to implement three Cinder "personas". See "Policy Personas and Permissions" in the "Cinder Service Configuration" documentation (Xena release) for details.. Either ensure your deployment is ready for the new default or copy/paste the deprecated policy into your policy file and maintain it manually.
May 13 15:27:58.949646 np0000000708 devstack@c-api.service[95788]: warnings.warn(deprecated_msg)
May 13 15:27:58.949783 np0000000708 devstack@c-api.service[95788]: /opt/stack/data/venv/lib/python3.12/site-packages/oslo_policy/policy.py:806: UserWarning: Policy "volume:update_snapshot_metadata":"rule:admin_or_owner" was deprecated in X in favor of "volume:update_snapshot_metadata":"rule:xena_system_admin_or_project_member". Reason: Default policies now support the three Keystone default roles, namely 'admin', 'member', and 'reader' to implement three Cinder "personas". See "Policy Personas and Permissions" in the "Cinder Service Configuration" documentation (Xena release) for details.. Either ensure your deployment is ready for the new default or copy/paste the deprecated policy into your policy file and maintain it manually.
May 13 15:27:58.949783 np0000000708 devstack@c-api.service[95788]: warnings.warn(deprecated_msg)
May 13 15:27:58.949783 np0000000708 devstack@c-api.service[95788]: /opt/stack/data/venv/lib/python3.12/site-packages/oslo_policy/policy.py:806: UserWarning: Policy "volume:delete_snapshot_metadata":"rule:admin_or_owner" was deprecated in X in favor of "volume:delete_snapshot_metadata":"rule:xena_system_admin_or_project_member". Reason: Default policies now support the three Keystone default roles, namely 'admin', 'member', and 'reader' to implement three Cinder "personas". See "Policy Personas and Permissions" in the "Cinder Service Configuration" documentation (Xena release) for details.. Either ensure your deployment is ready for the new default or copy/paste the deprecated policy into your policy file and maintain it manually.
May 13 15:27:58.949783 np0000000708 devstack@c-api.service[95788]: warnings.warn(deprecated_msg)
May 13 15:27:58.949896 np0000000708 devstack@c-api.service[95788]: /opt/stack/data/venv/lib/python3.12/site-packages/oslo_policy/policy.py:806: UserWarning: Policy "volume:get_all_snapshots":"rule:admin_or_owner" was deprecated in X in favor of "volume:get_all_snapshots":"rule:xena_system_admin_or_project_reader". Reason: Default policies now support the three Keystone default roles, namely 'admin', 'member', and 'reader' to implement three Cinder "personas". See "Policy Personas and Permissions" in the "Cinder Service Configuration" documentation (Xena release) for details.. Either ensure your deployment is ready for the new default or copy/paste the deprecated policy into your policy file and maintain it manually.
May 13 15:27:58.949896 np0000000708 devstack@c-api.service[95788]: warnings.warn(deprecated_msg)
May 13 15:27:58.949896 np0000000708 devstack@c-api.service[95788]: /opt/stack/data/venv/lib/python3.12/site-packages/oslo_policy/policy.py:806: UserWarning: Policy "volume_extension:extended_snapshot_attributes":"rule:admin_or_owner" was deprecated in X in favor of "volume_extension:extended_snapshot_attributes":"rule:xena_system_admin_or_project_reader". Reason: Default policies now support the three Keystone default roles, namely 'admin', 'member', and 'reader' to implement three Cinder "personas". See "Policy Personas and Permissions" in the "Cinder Service Configuration" documentation (Xena release) for details.. Either ensure your deployment is ready for the new default or copy/paste the deprecated policy into your policy file and maintain it manually.
May 13 15:27:58.949896 np0000000708 devstack@c-api.service[95788]: warnings.warn(deprecated_msg)
May 13 15:27:58.950039 np0000000708 devstack@c-api.service[95788]: /opt/stack/data/venv/lib/python3.12/site-packages/oslo_policy/policy.py:806: UserWarning: Policy "volume:create_snapshot":"rule:admin_or_owner" was deprecated in X in favor of "volume:create_snapshot":"rule:xena_system_admin_or_project_member". Reason: Default policies now support the three Keystone default roles, namely 'admin', 'member', and 'reader' to implement three Cinder "personas". See "Policy Personas and Permissions" in the "Cinder Service Configuration" documentation (Xena release) for details.. Either ensure your deployment is ready for the new default or copy/paste the deprecated policy into your policy file and maintain it manually.
May 13 15:27:58.950039 np0000000708 devstack@c-api.service[95788]: warnings.warn(deprecated_msg)
May 13 15:27:58.950039 np0000000708 devstack@c-api.service[95788]: /opt/stack/data/venv/lib/python3.12/site-packages/oslo_policy/policy.py:806: UserWarning: Policy "volume:get_snapshot":"rule:admin_or_owner" was deprecated in X in favor of "volume:get_snapshot":"rule:xena_system_admin_or_project_reader". Reason: Default policies now support the three Keystone default roles, namely 'admin', 'member', and 'reader' to implement three Cinder "personas". See "Policy Personas and Permissions" in the "Cinder Service Configuration" documentation (Xena release) for details.. Either ensure your deployment is ready for the new default or copy/paste the deprecated policy into your policy file and maintain it manually.
May 13 15:27:58.950039 np0000000708 devstack@c-api.service[95788]: warnings.warn(deprecated_msg)
May 13 15:27:58.950039 np0000000708 devstack@c-api.service[95788]: /opt/stack/data/venv/lib/python3.12/site-packages/oslo_policy/policy.py:806: UserWarning: Policy "volume:update_snapshot":"rule:admin_or_owner" was deprecated in X in favor of "volume:update_snapshot":"rule:xena_system_admin_or_project_member". Reason: Default policies now support the three Keystone default roles, namely 'admin', 'member', and 'reader' to implement three Cinder "personas". See "Policy Personas and Permissions" in the "Cinder Service Configuration" documentation (Xena release) for details.. Either ensure your deployment is ready for the new default or copy/paste the deprecated policy into your policy file and maintain it manually.
May 13 15:27:58.950188 np0000000708 devstack@c-api.service[95788]: warnings.warn(deprecated_msg)
May 13 15:27:58.950188 np0000000708 devstack@c-api.service[95788]: /opt/stack/data/venv/lib/python3.12/site-packages/oslo_policy/policy.py:806: UserWarning: Policy "volume:delete_snapshot":"rule:admin_or_owner" was deprecated in X in favor of "volume:delete_snapshot":"rule:xena_system_admin_or_project_member". Reason: Default policies now support the three Keystone default roles, namely 'admin', 'member', and 'reader' to implement three Cinder "personas". See "Policy Personas and Permissions" in the "Cinder Service Configuration" documentation (Xena release) for details.. Either ensure your deployment is ready for the new default or copy/paste the deprecated policy into your policy file and maintain it manually.
May 13 15:27:58.950188 np0000000708 devstack@c-api.service[95788]: warnings.warn(deprecated_msg)
May 13 15:27:58.950188 np0000000708 devstack@c-api.service[95788]: /opt/stack/data/venv/lib/python3.12/site-packages/oslo_policy/policy.py:806: UserWarning: Policy "snapshot_extension:snapshot_actions:update_snapshot_status":"" was deprecated in X in favor of "snapshot_extension:snapshot_actions:update_snapshot_status":"rule:xena_system_admin_or_project_member". Reason: Default policies now support the three Keystone default roles, namely 'admin', 'member', and 'reader' to implement three Cinder "personas". See "Policy Personas and Permissions" in the "Cinder Service Configuration" documentation (Xena release) for details.. Either ensure your deployment is ready for the new default or copy/paste the deprecated policy into your policy file and maintain it manually.
May 13 15:27:58.950188 np0000000708 devstack@c-api.service[95788]: warnings.warn(deprecated_msg)
May 13 15:27:58.950314 np0000000708 devstack@c-api.service[95788]: /opt/stack/data/venv/lib/python3.12/site-packages/oslo_policy/policy.py:806: UserWarning: Policy "backup:get_all":"rule:admin_or_owner" was deprecated in X in favor of "backup:get_all":"rule:xena_system_admin_or_project_reader". Reason: Default policies now support the three Keystone default roles, namely 'admin', 'member', and 'reader' to implement three Cinder "personas". See "Policy Personas and Permissions" in the "Cinder Service Configuration" documentation (Xena release) for details.. Either ensure your deployment is ready for the new default or copy/paste the deprecated policy into your policy file and maintain it manually.
May 13 15:27:58.950314 np0000000708 devstack@c-api.service[95788]: warnings.warn(deprecated_msg)
May 13 15:27:58.950314 np0000000708 devstack@c-api.service[95788]: /opt/stack/data/venv/lib/python3.12/site-packages/oslo_policy/policy.py:806: UserWarning: Policy "backup:create":"" was deprecated in X in favor of "backup:create":"rule:xena_system_admin_or_project_member". Reason: Default policies now support the three Keystone default roles, namely 'admin', 'member', and 'reader' to implement three Cinder "personas". See "Policy Personas and Permissions" in the "Cinder Service Configuration" documentation (Xena release) for details.. Either ensure your deployment is ready for the new default or copy/paste the deprecated policy into your policy file and maintain it manually.
May 13 15:27:58.950314 np0000000708 devstack@c-api.service[95788]: warnings.warn(deprecated_msg)
May 13 15:27:58.950314 np0000000708 devstack@c-api.service[95788]: /opt/stack/data/venv/lib/python3.12/site-packages/oslo_policy/policy.py:806: UserWarning: Policy "backup:get":"rule:admin_or_owner" was deprecated in X in favor of "backup:get":"rule:xena_system_admin_or_project_reader". Reason: Default policies now support the three Keystone default roles, namely 'admin', 'member', and 'reader' to implement three Cinder "personas". See "Policy Personas and Permissions" in the "Cinder Service Configuration" documentation (Xena release) for details.. Either ensure your deployment is ready for the new default or copy/paste the deprecated policy into your policy file and maintain it manually.
May 13 15:27:58.950314 np0000000708 devstack@c-api.service[95788]: warnings.warn(deprecated_msg)
May 13 15:27:58.950472 np0000000708 devstack@c-api.service[95788]: /opt/stack/data/venv/lib/python3.12/site-packages/oslo_policy/policy.py:806: UserWarning: Policy "backup:update":"rule:admin_or_owner" was deprecated in X in favor of "backup:update":"rule:xena_system_admin_or_project_member". Reason: Default policies now support the three Keystone default roles, namely 'admin', 'member', and 'reader' to implement three Cinder "personas". See "Policy Personas and Permissions" in the "Cinder Service Configuration" documentation (Xena release) for details.. Either ensure your deployment is ready for the new default or copy/paste the deprecated policy into your policy file and maintain it manually.
May 13 15:27:58.950472 np0000000708 devstack@c-api.service[95788]: warnings.warn(deprecated_msg)
May 13 15:27:58.950472 np0000000708 devstack@c-api.service[95788]: /opt/stack/data/venv/lib/python3.12/site-packages/oslo_policy/policy.py:806: UserWarning: Policy "backup:delete":"rule:admin_or_owner" was deprecated in X in favor of "backup:delete":"rule:xena_system_admin_or_project_member". Reason: Default policies now support the three Keystone default roles, namely 'admin', 'member', and 'reader' to implement three Cinder "personas". See "Policy Personas and Permissions" in the "Cinder Service Configuration" documentation (Xena release) for details.. Either ensure your deployment is ready for the new default or copy/paste the deprecated policy into your policy file and maintain it manually.
May 13 15:27:58.950472 np0000000708 devstack@c-api.service[95788]: warnings.warn(deprecated_msg)
May 13 15:27:58.950472 np0000000708 devstack@c-api.service[95788]: /opt/stack/data/venv/lib/python3.12/site-packages/oslo_policy/policy.py:806: UserWarning: Policy "backup:restore":"rule:admin_or_owner" was deprecated in X in favor of "backup:restore":"rule:xena_system_admin_or_project_member". Reason: Default policies now support the three Keystone default roles, namely 'admin', 'member', and 'reader' to implement three Cinder "personas". See "Policy Personas and Permissions" in the "Cinder Service Configuration" documentation (Xena release) for details.. Either ensure your deployment is ready for the new default or copy/paste the deprecated policy into your policy file and maintain it manually.
May 13 15:27:58.950472 np0000000708 devstack@c-api.service[95788]: warnings.warn(deprecated_msg)
May 13 15:27:58.950658 np0000000708 devstack@c-api.service[95788]: /opt/stack/data/venv/lib/python3.12/site-packages/oslo_policy/policy.py:806: UserWarning: Policy "group:get_all":"rule:admin_or_owner" was deprecated in X in favor of "group:get_all":"rule:xena_system_admin_or_project_reader". Reason: Default policies now support the three Keystone default roles, namely 'admin', 'member', and 'reader' to implement three Cinder "personas". See "Policy Personas and Permissions" in the "Cinder Service Configuration" documentation (Xena release) for details.. Either ensure your deployment is ready for the new default or copy/paste the deprecated policy into your policy file and maintain it manually.
May 13 15:27:58.950658 np0000000708 devstack@c-api.service[95788]: warnings.warn(deprecated_msg)
