May 13 15:27:24.345534 np0000000708 neutron-periodic-workers[88539]: DEBUG cotyledon.oslo_config_glue [-] ovn.bfd_mult = 3 {{(pid=88539) log_opt_values /opt/stack/data/venv/lib/python3.12/site-packages/oslo_config/cfg.py:3006}}
May 13 15:27:24.345571 np0000000708 neutron-periodic-workers[88539]: DEBUG cotyledon.oslo_config_glue [-] ovn.broadcast_arps_to_all_routers = True {{(pid=88539) log_opt_values /opt/stack/data/venv/lib/python3.12/site-packages/oslo_config/cfg.py:3006}}
May 13 15:27:24.345610 np0000000708 neutron-periodic-workers[88539]: DEBUG cotyledon.oslo_config_glue [-] ovn.dhcp_default_lease_time = 43200 {{(pid=88539) log_opt_values /opt/stack/data/venv/lib/python3.12/site-packages/oslo_config/cfg.py:3006}}
May 13 15:27:24.345646 np0000000708 neutron-periodic-workers[88539]: DEBUG cotyledon.oslo_config_glue [-] ovn.disable_ovn_dhcp_for_baremetal_ports = False {{(pid=88539) log_opt_values /opt/stack/data/venv/lib/python3.12/site-packages/oslo_config/cfg.py:3006}}
May 13 15:27:24.345679 np0000000708 neutron-periodic-workers[88539]: DEBUG cotyledon.oslo_config_glue [-] ovn.dns_records_ovn_owned = False {{(pid=88539) log_opt_values /opt/stack/data/venv/lib/python3.12/site-packages/oslo_config/cfg.py:3006}}
May 13 15:27:24.345721 np0000000708 neutron-periodic-workers[88539]: DEBUG cotyledon.oslo_config_glue [-] ovn.dns_servers = [] {{(pid=88539) log_opt_values /opt/stack/data/venv/lib/python3.12/site-packages/oslo_config/cfg.py:3006}}
May 13 15:27:24.345757 np0000000708 neutron-periodic-workers[88539]: DEBUG cotyledon.oslo_config_glue [-] ovn.enable_distributed_floating_ip = False {{(pid=88539) log_opt_values /opt/stack/data/venv/lib/python3.12/site-packages/oslo_config/cfg.py:3006}}
May 13 15:27:24.345792 np0000000708 neutron-periodic-workers[88539]: DEBUG cotyledon.oslo_config_glue [-] ovn.fdb_age_threshold = 300 {{(pid=88539) log_opt_values /opt/stack/data/venv/lib/python3.12/site-packages/oslo_config/cfg.py:3006}}
May 13 15:27:24.345822 np0000000708 neutron-periodic-workers[88539]: DEBUG cotyledon.oslo_config_glue [-] ovn.ha_failover_strategy = normal {{(pid=88539) log_opt_values /opt/stack/data/venv/lib/python3.12/site-packages/oslo_config/cfg.py:3006}}
May 13 15:27:24.345860 np0000000708 neutron-periodic-workers[88539]: DEBUG cotyledon.oslo_config_glue [-] ovn.live_migration_activation_strategy = rarp {{(pid=88539) log_opt_values /opt/stack/data/venv/lib/python3.12/site-packages/oslo_config/cfg.py:3006}}
May 13 15:27:24.345894 np0000000708 neutron-periodic-workers[88539]: DEBUG cotyledon.oslo_config_glue [-] ovn.localnet_learn_fdb = False {{(pid=88539) log_opt_values /opt/stack/data/venv/lib/python3.12/site-packages/oslo_config/cfg.py:3006}}
May 13 15:27:24.345927 np0000000708 neutron-periodic-workers[88539]: DEBUG cotyledon.oslo_config_glue [-] ovn.mac_binding_age_threshold = 300 {{(pid=88539) log_opt_values /opt/stack/data/venv/lib/python3.12/site-packages/oslo_config/cfg.py:3006}}
May 13 15:27:24.345968 np0000000708 neutron-periodic-workers[88539]: DEBUG cotyledon.oslo_config_glue [-] ovn.neutron_sync_mode = log {{(pid=88539) log_opt_values /opt/stack/data/venv/lib/python3.12/site-packages/oslo_config/cfg.py:3006}}
May 13 15:27:24.346025 np0000000708 neutron-periodic-workers[88539]: DEBUG cotyledon.oslo_config_glue [-] ovn.ovn_dhcp4_global_options = {} {{(pid=88539) log_opt_values /opt/stack/data/venv/lib/python3.12/site-packages/oslo_config/cfg.py:3006}}
May 13 15:27:24.346063 np0000000708 neutron-periodic-workers[88539]: DEBUG cotyledon.oslo_config_glue [-] ovn.ovn_dhcp6_global_options = {} {{(pid=88539) log_opt_values /opt/stack/data/venv/lib/python3.12/site-packages/oslo_config/cfg.py:3006}}
May 13 15:27:24.346106 np0000000708 neutron-periodic-workers[88539]: DEBUG cotyledon.oslo_config_glue [-] ovn.ovn_l3_scheduler = leastloaded {{(pid=88539) log_opt_values /opt/stack/data/venv/lib/python3.12/site-packages/oslo_config/cfg.py:3006}}
May 13 15:27:24.346143 np0000000708 neutron-periodic-workers[88539]: DEBUG cotyledon.oslo_config_glue [-] ovn.ovn_metadata_enabled = True {{(pid=88539) log_opt_values /opt/stack/data/venv/lib/python3.12/site-packages/oslo_config/cfg.py:3006}}
May 13 15:27:24.346183 np0000000708 neutron-periodic-workers[88539]: DEBUG cotyledon.oslo_config_glue [-] ovn.ovn_nb_ca_cert = /opt/stack/data/CA/int-ca/ca-chain.pem {{(pid=88539) log_opt_values /opt/stack/data/venv/lib/python3.12/site-packages/oslo_config/cfg.py:3006}}
May 13 15:27:24.346218 np0000000708 neutron-periodic-workers[88539]: DEBUG cotyledon.oslo_config_glue [-] ovn.ovn_nb_certificate = /opt/stack/data/CA/int-ca/devstack-cert.crt {{(pid=88539) log_opt_values /opt/stack/data/venv/lib/python3.12/site-packages/oslo_config/cfg.py:3006}}
May 13 15:27:24.346255 np0000000708 neutron-periodic-workers[88539]: DEBUG cotyledon.oslo_config_glue [-] ovn.ovn_nb_connection = ['ssl:10.4.3.118:6641'] {{(pid=88539) log_opt_values /opt/stack/data/venv/lib/python3.12/site-packages/oslo_config/cfg.py:3006}}
May 13 15:27:24.346313 np0000000708 neutron-periodic-workers[88539]: DEBUG cotyledon.oslo_config_glue [-] ovn.ovn_nb_private_key = /opt/stack/data/CA/int-ca/private/devstack-cert.key {{(pid=88539) log_opt_values /opt/stack/data/venv/lib/python3.12/site-packages/oslo_config/cfg.py:3006}}
May 13 15:27:24.346361 np0000000708 neutron-periodic-workers[88539]: DEBUG cotyledon.oslo_config_glue [-] ovn.ovn_router_indirect_snat = False {{(pid=88539) log_opt_values /opt/stack/data/venv/lib/python3.12/site-packages/oslo_config/cfg.py:3006}}
May 13 15:27:24.346398 np0000000708 neutron-periodic-workers[88539]: DEBUG cotyledon.oslo_config_glue [-] ovn.ovn_sb_ca_cert = /opt/stack/data/CA/int-ca/ca-chain.pem {{(pid=88539) log_opt_values /opt/stack/data/venv/lib/python3.12/site-packages/oslo_config/cfg.py:3006}}
May 13 15:27:24.346433 np0000000708 neutron-periodic-workers[88539]: DEBUG cotyledon.oslo_config_glue [-] ovn.ovn_sb_certificate = /opt/stack/data/CA/int-ca/devstack-cert.crt {{(pid=88539) log_opt_values /opt/stack/data/venv/lib/python3.12/site-packages/oslo_config/cfg.py:3006}}
May 13 15:27:24.346469 np0000000708 neutron-periodic-workers[88539]: DEBUG cotyledon.oslo_config_glue [-] ovn.ovn_sb_connection = ['ssl:10.4.3.118:6642'] {{(pid=88539) log_opt_values /opt/stack/data/venv/lib/python3.12/site-packages/oslo_config/cfg.py:3006}}
May 13 15:27:24.346505 np0000000708 neutron-periodic-workers[88539]: DEBUG cotyledon.oslo_config_glue [-] ovn.ovn_sb_private_key = /opt/stack/data/CA/int-ca/private/devstack-cert.key {{(pid=88539) log_opt_values /opt/stack/data/venv/lib/python3.12/site-packages/oslo_config/cfg.py:3006}}
May 13 15:27:24.346533 np0000000708 neutron-periodic-workers[88539]: DEBUG cotyledon.oslo_config_glue [-] ovn.ovs_create_tap = False {{(pid=88539) log_opt_values /opt/stack/data/venv/lib/python3.12/site-packages/oslo_config/cfg.py:3006}}
May 13 15:27:24.346566 np0000000708 neutron-periodic-workers[88539]: DEBUG cotyledon.oslo_config_glue [-] ovn.ovsdb_connection_timeout = 180 {{(pid=88539) log_opt_values /opt/stack/data/venv/lib/python3.12/site-packages/oslo_config/cfg.py:3006}}
May 13 15:27:24.346601 np0000000708 neutron-periodic-workers[88539]: DEBUG cotyledon.oslo_config_glue [-] ovn.ovsdb_log_level = INFO {{(pid=88539) log_opt_values /opt/stack/data/venv/lib/python3.12/site-packages/oslo_config/cfg.py:3006}}
May 13 15:27:24.346632 np0000000708 neutron-periodic-workers[88539]: DEBUG cotyledon.oslo_config_glue [-] ovn.ovsdb_probe_interval = 60000 {{(pid=88539) log_opt_values /opt/stack/data/venv/lib/python3.12/site-packages/oslo_config/cfg.py:3006}}
May 13 15:27:24.346665 np0000000708 neutron-periodic-workers[88539]: DEBUG cotyledon.oslo_config_glue [-] ovn.ovsdb_retry_max_interval = 180 {{(pid=88539) log_opt_values /opt/stack/data/venv/lib/python3.12/site-packages/oslo_config/cfg.py:3006}}
May 13 15:27:24.346693 np0000000708 neutron-periodic-workers[88539]: DEBUG cotyledon.oslo_config_glue [-] ovn.stateless_nat_enabled = False {{(pid=88539) log_opt_values /opt/stack/data/venv/lib/python3.12/site-packages/oslo_config/cfg.py:3006}}
May 13 15:27:24.346740 np0000000708 neutron-periodic-workers[88539]: DEBUG cotyledon.oslo_config_glue [-] ovn.vhost_sock_dir = /var/run/openvswitch {{(pid=88539) log_opt_values /opt/stack/data/venv/lib/python3.12/site-packages/oslo_config/cfg.py:3006}}
May 13 15:27:24.346789 np0000000708 neutron-periodic-workers[88539]: DEBUG cotyledon.oslo_config_glue [-] OVS.bridge_mac_table_size = 50000 {{(pid=88539) log_opt_values /opt/stack/data/venv/lib/python3.12/site-packages/oslo_config/cfg.py:3006}}
May 13 15:27:24.346824 np0000000708 neutron-periodic-workers[88539]: DEBUG cotyledon.oslo_config_glue [-] OVS.igmp_flood = False {{(pid=88539) log_opt_values /opt/stack/data/venv/lib/python3.12/site-packages/oslo_config/cfg.py:3006}}
May 13 15:27:24.346855 np0000000708 neutron-periodic-workers[88539]: DEBUG cotyledon.oslo_config_glue [-] OVS.igmp_flood_reports = True {{(pid=88539) log_opt_values /opt/stack/data/venv/lib/python3.12/site-packages/oslo_config/cfg.py:3006}}
May 13 15:27:24.346899 np0000000708 neutron-periodic-workers[88539]: DEBUG cotyledon.oslo_config_glue [-] OVS.igmp_flood_unregistered = False {{(pid=88539) log_opt_values /opt/stack/data/venv/lib/python3.12/site-packages/oslo_config/cfg.py:3006}}
May 13 15:27:24.346940 np0000000708 neutron-periodic-workers[88539]: DEBUG cotyledon.oslo_config_glue [-] OVS.igmp_snooping_enable = False {{(pid=88539) log_opt_values /opt/stack/data/venv/lib/python3.12/site-packages/oslo_config/cfg.py:3006}}
May 13 15:27:24.346978 np0000000708 neutron-periodic-workers[88539]: DEBUG cotyledon.oslo_config_glue [-] OVS.ovsdb_timeout = 10 {{(pid=88539) log_opt_values /opt/stack/data/venv/lib/python3.12/site-packages/oslo_config/cfg.py:3006}}
May 13 15:27:24.347069 np0000000708 neutron-periodic-workers[88539]: DEBUG cotyledon.oslo_config_glue [-] ovn_nb_global.fdb_removal_limit = 0 {{(pid=88539) log_opt_values /opt/stack/data/venv/lib/python3.12/site-packages/oslo_config/cfg.py:3006}}
May 13 15:27:24.347108 np0000000708 neutron-periodic-workers[88539]: DEBUG cotyledon.oslo_config_glue [-] ovn_nb_global.ignore_lsp_down = False {{(pid=88539) log_opt_values /opt/stack/data/venv/lib/python3.12/site-packages/oslo_config/cfg.py:3006}}
May 13 15:27:24.347150 np0000000708 neutron-periodic-workers[88539]: DEBUG cotyledon.oslo_config_glue [-] ovn_nb_global.mac_binding_removal_limit = 0 {{(pid=88539) log_opt_values /opt/stack/data/venv/lib/python3.12/site-packages/oslo_config/cfg.py:3006}}
May 13 15:27:24.347186 np0000000708 neutron-periodic-workers[88539]: DEBUG cotyledon.oslo_config_glue [-] ******************************************************************************** {{(pid=88539) log_opt_values /opt/stack/data/venv/lib/python3.12/site-packages/oslo_config/cfg.py:3013}}
May 13 15:27:24.347342 np0000000708 neutron-periodic-workers[88539]: DEBUG cotyledon._service_worker [-] Run service ServiceWrapper(0) [88539] {{(pid=88539) wait_forever /opt/stack/data/venv/lib/python3.12/site-packages/cotyledon/_service_worker.py:218}}
May 13 15:27:34.016885 np0000000708 neutron-periodic-workers[87620]: DEBUG dbcounter [-] [87620] Writing DB stats neutron:SELECT=4 {{(pid=87620) stat_writer /opt/stack/data/venv/lib/python3.12/site-packages/dbcounter.py:115}}
May 13 15:28:19.324809 np0000000708 neutron-periodic-workers[88521]: DEBUG oslo_db.sqlalchemy.engines [None req-1f18b0fc-dc2b-4a75-afd8-55e54fe440fb None None] Parent process 87620 forked (88521) with an open database connection, which is being discarded and recreated. {{(pid=88521) checkout /opt/stack/data/venv/lib/python3.12/site-packages/oslo_db/sqlalchemy/engines.py:402}}
May 13 15:28:19.331414 np0000000708 neutron-periodic-workers[88521]: DEBUG dbcounter [-] [88521] Writer thread running {{(pid=88521) stat_writer /opt/stack/data/venv/lib/python3.12/site-packages/dbcounter.py:102}}
May 13 15:28:19.339065 np0000000708 neutron-periodic-workers[88521]: DEBUG oslo.service.backend._threading.loopingcall [None req-1f18b0fc-dc2b-4a75-afd8-55e54fe440fb None None] Fixed interval looping call 'neutron.plugins.ml2.plugin.DhcpAgentSchedulerDbMixin.remove_networks_from_down_agents' sleeping for 36.98 seconds {{(pid=88521) _run_loop /opt/stack/data/venv/lib/python3.12/site-packages/oslo_service/backend/_threading/loopingcall.py:125}}
May 13 15:28:25.327433 np0000000708 neutron-periodic-workers[88528]: DEBUG dbcounter [-] [88528] Writer thread running {{(pid=88528) stat_writer /opt/stack/data/venv/lib/python3.12/site-packages/dbcounter.py:102}}
May 13 15:28:25.330443 np0000000708 neutron-periodic-workers[88528]: DEBUG neutron.db.agents_db [None req-6953b748-7fd0-4b6e-ae36-53ed12bc86fa None None] Agent healthcheck: found 0 active agents {{(pid=88528) agent_health_check /opt/stack/neutron/neutron/db/agents_db.py:322}}
May 13 15:28:25.330676 np0000000708 neutron-periodic-workers[88528]: DEBUG oslo.service.backend._threading.loopingcall [None req-6953b748-7fd0-4b6e-ae36-53ed12bc86fa None None] Fixed interval looping call 'neutron.plugins.ml2.plugin.AgentDbMixin.agent_health_check' sleeping for 36.98 seconds {{(pid=88528) _run_loop /opt/stack/data/venv/lib/python3.12/site-packages/oslo_service/backend/_threading/loopingcall.py:125}}
May 13 15:28:29.338108 np0000000708 neutron-periodic-workers[88521]: DEBUG dbcounter [-] [88521] Writing DB stats neutron:SELECT=3 {{(pid=88521) stat_writer /opt/stack/data/venv/lib/python3.12/site-packages/dbcounter.py:115}}
May 13 15:28:35.327873 np0000000708 neutron-periodic-workers[88528]: DEBUG dbcounter [-] [88528] Writing DB stats neutron:SELECT=1 {{(pid=88528) stat_writer /opt/stack/data/venv/lib/python3.12/site-packages/dbcounter.py:115}}
May 13 15:28:56.325939 np0000000708 neutron-periodic-workers[88521]: DEBUG oslo.service.backend._threading.loopingcall [None req-1f18b0fc-dc2b-4a75-afd8-55e54fe440fb None None] Fixed interval looping call 'neutron.plugins.ml2.plugin.DhcpAgentSchedulerDbMixin.remove_networks_from_down_agents' sleeping for 36.99 seconds {{(pid=88521) _run_loop /opt/stack/data/venv/lib/python3.12/site-packages/oslo_service/backend/_threading/loopingcall.py:125}}
May 13 15:29:02.313897 np0000000708 neutron-periodic-workers[88528]: DEBUG neutron.db.agents_db [None req-6953b748-7fd0-4b6e-ae36-53ed12bc86fa None None] Agent healthcheck: found 0 active agents {{(pid=88528) agent_health_check /opt/stack/neutron/neutron/db/agents_db.py:322}}
May 13 15:29:02.314389 np0000000708 neutron-periodic-workers[88528]: DEBUG oslo.service.backend._threading.loopingcall [None req-6953b748-7fd0-4b6e-ae36-53ed12bc86fa None None] Fixed interval looping call 'neutron.plugins.ml2.plugin.AgentDbMixin.agent_health_check' sleeping for 37.00 seconds {{(pid=88528) _run_loop /opt/stack/data/venv/lib/python3.12/site-packages/oslo_service/backend/_threading/loopingcall.py:125}}
May 13 15:29:06.325376 np0000000708 neutron-periodic-workers[88521]: DEBUG dbcounter [-] [88521] Writing DB stats neutron:SELECT=3 {{(pid=88521) stat_writer /opt/stack/data/venv/lib/python3.12/site-packages/dbcounter.py:115}}
May 13 15:29:12.312904 np0000000708 neutron-periodic-workers[88528]: DEBUG dbcounter [-] [88528] Writing DB stats neutron:SELECT=1 {{(pid=88528) stat_writer /opt/stack/data/venv/lib/python3.12/site-packages/dbcounter.py:115}}
May 13 15:29:24.344353 np0000000708 neutron-periodic-workers[88532]: DEBUG dbcounter [-] [88532] Writer thread running {{(pid=88532) stat_writer /opt/stack/data/venv/lib/python3.12/site-packages/dbcounter.py:102}}
May 13 15:29:24.346165 np0000000708 neutron-periodic-workers[88532]: DEBUG oslo.service.backend._threading.loopingcall [None req-1b5bd6e3-6dd6-4fee-ab66-ba9410b913f0 None None] Fixed interval looping call 'neutron.db.quota.driver_nolock.DbQuotaNoLockDriver._remove_expired_reservations' sleeping for 119.99 seconds {{(pid=88532) _run_loop /opt/stack/data/venv/lib/python3.12/site-packages/oslo_service/backend/_threading/loopingcall.py:125}}
May 13 15:29:33.321736 np0000000708 neutron-periodic-workers[88521]: DEBUG oslo.service.backend._threading.loopingcall [None req-1f18b0fc-dc2b-4a75-afd8-55e54fe440fb None None] Fixed interval looping call 'neutron.plugins.ml2.plugin.DhcpAgentSchedulerDbMixin.remove_networks_from_down_agents' sleeping for 36.99 seconds {{(pid=88521) _run_loop /opt/stack/data/venv/lib/python3.12/site-packages/oslo_service/backend/_threading/loopingcall.py:125}}
May 13 15:29:39.317207 np0000000708 neutron-periodic-workers[88528]: DEBUG neutron.db.agents_db [None req-6953b748-7fd0-4b6e-ae36-53ed12bc86fa None None] Agent healthcheck: found 0 active agents {{(pid=88528) agent_health_check /opt/stack/neutron/neutron/db/agents_db.py:322}}
May 13 15:29:39.317638 np0000000708 neutron-periodic-workers[88528]: DEBUG oslo.service.backend._threading.loopingcall [None req-6953b748-7fd0-4b6e-ae36-53ed12bc86fa None None] Fixed interval looping call 'neutron.plugins.ml2.plugin.AgentDbMixin.agent_health_check' sleeping for 37.00 seconds {{(pid=88528) _run_loop /opt/stack/data/venv/lib/python3.12/site-packages/oslo_service/backend/_threading/loopingcall.py:125}}
May 13 15:29:43.320960 np0000000708 neutron-periodic-workers[88521]: DEBUG dbcounter [-] [88521] Writing DB stats neutron:SELECT=3 {{(pid=88521) stat_writer /opt/stack/data/venv/lib/python3.12/site-packages/dbcounter.py:115}}
May 13 15:29:44.345137 np0000000708 neutron-periodic-workers[88532]: DEBUG dbcounter [-] [88532] Writing DB stats neutron:DELETE=1 {{(pid=88532) stat_writer /opt/stack/data/venv/lib/python3.12/site-packages/dbcounter.py:115}}
May 13 15:29:49.316208 np0000000708 neutron-periodic-workers[88528]: DEBUG dbcounter [-] [88528] Writing DB stats neutron:SELECT=1 {{(pid=88528) stat_writer /opt/stack/data/venv/lib/python3.12/site-packages/dbcounter.py:115}}
May 13 15:30:10.321523 np0000000708 neutron-periodic-workers[88521]: DEBUG oslo.service.backend._threading.loopingcall [None req-1f18b0fc-dc2b-4a75-afd8-55e54fe440fb None None] Fixed interval looping call 'neutron.plugins.ml2.plugin.DhcpAgentSchedulerDbMixin.remove_networks_from_down_agents' sleeping for 36.99 seconds {{(pid=88521) _run_loop /opt/stack/data/venv/lib/python3.12/site-packages/oslo_service/backend/_threading/loopingcall.py:125}}
May 13 15:30:16.320414 np0000000708 neutron-periodic-workers[88528]: DEBUG neutron.db.agents_db [None req-6953b748-7fd0-4b6e-ae36-53ed12bc86fa None None] Agent healthcheck: found 0 active agents {{(pid=88528) agent_health_check /opt/stack/neutron/neutron/db/agents_db.py:322}}
May 13 15:30:16.320847 np0000000708 neutron-periodic-workers[88528]: DEBUG oslo.service.backend._threading.loopingcall [None req-6953b748-7fd0-4b6e-ae36-53ed12bc86fa None None] Fixed interval looping call 'neutron.plugins.ml2.plugin.AgentDbMixin.agent_health_check' sleeping for 37.00 seconds {{(pid=88528) _run_loop /opt/stack/data/venv/lib/python3.12/site-packages/oslo_service/backend/_threading/loopingcall.py:125}}
May 13 15:30:20.319583 np0000000708 neutron-periodic-workers[88521]: DEBUG dbcounter [-] [88521] Writing DB stats neutron:SELECT=3 {{(pid=88521) stat_writer /opt/stack/data/venv/lib/python3.12/site-packages/dbcounter.py:115}}
May 13 15:30:26.319633 np0000000708 neutron-periodic-workers[88528]: DEBUG dbcounter [-] [88528] Writing DB stats neutron:SELECT=1 {{(pid=88528) stat_writer /opt/stack/data/venv/lib/python3.12/site-packages/dbcounter.py:115}}
May 13 15:30:47.326330 np0000000708 neutron-periodic-workers[88521]: DEBUG oslo.service.backend._threading.loopingcall [None req-1f18b0fc-dc2b-4a75-afd8-55e54fe440fb None None] Fixed interval looping call 'neutron.plugins.ml2.plugin.DhcpAgentSchedulerDbMixin.remove_networks_from_down_agents' sleeping for 36.99 seconds {{(pid=88521) _run_loop /opt/stack/data/venv/lib/python3.12/site-packages/oslo_service/backend/_threading/loopingcall.py:125}}
May 13 15:30:53.324703 np0000000708 neutron-periodic-workers[88528]: DEBUG neutron.db.agents_db [None req-6953b748-7fd0-4b6e-ae36-53ed12bc86fa None None] Agent healthcheck: found 0 active agents {{(pid=88528) agent_health_check /opt/stack/neutron/neutron/db/agents_db.py:322}}
May 13 15:30:53.325176 np0000000708 neutron-periodic-workers[88528]: DEBUG oslo.service.backend._threading.loopingcall [None req-6953b748-7fd0-4b6e-ae36-53ed12bc86fa None None] Fixed interval looping call 'neutron.plugins.ml2.plugin.AgentDbMixin.agent_health_check' sleeping for 37.00 seconds {{(pid=88528) _run_loop /opt/stack/data/venv/lib/python3.12/site-packages/oslo_service/backend/_threading/loopingcall.py:125}}
May 13 15:30:56.390201 np0000000708 neutron-periodic-workers[88539]: DEBUG dbcounter [-] [88539] Writer thread running {{(pid=88539) stat_writer /opt/stack/data/venv/lib/python3.12/site-packages/dbcounter.py:102}}
May 13 15:30:56.427225 np0000000708 neutron-periodic-workers[88539]: DEBUG oslo.service.backend._threading.loopingcall [None req-114e7c6d-59a0-4bb6-9173-2747003c5c25 None None] Fixed interval looping call 'neutron.services.ovn_l3.plugin.L3_NAT_dbonly_mixin._clean_garbage' sleeping for 299.92 seconds {{(pid=88539) _run_loop /opt/stack/data/venv/lib/python3.12/site-packages/oslo_service/backend/_threading/loopingcall.py:125}}
May 13 15:30:57.325834 np0000000708 neutron-periodic-workers[88521]: DEBUG dbcounter [-] [88521] Writing DB stats neutron:SELECT=3 {{(pid=88521) stat_writer /opt/stack/data/venv/lib/python3.12/site-packages/dbcounter.py:115}}
May 13 15:31:03.325596 np0000000708 neutron-periodic-workers[88528]: DEBUG dbcounter [-] [88528] Writing DB stats neutron:SELECT=1 {{(pid=88528) stat_writer /opt/stack/data/venv/lib/python3.12/site-packages/dbcounter.py:115}}
May 13 15:31:06.427808 np0000000708 neutron-periodic-workers[88539]: DEBUG dbcounter [-] [88539] Writing DB stats neutron:SELECT=10 {{(pid=88539) stat_writer /opt/stack/data/venv/lib/python3.12/site-packages/dbcounter.py:115}}
May 13 15:31:24.324249 np0000000708 neutron-periodic-workers[88521]: DEBUG oslo.service.backend._threading.loopingcall [None req-1f18b0fc-dc2b-4a75-afd8-55e54fe440fb None None] Fixed interval looping call 'neutron.plugins.ml2.plugin.DhcpAgentSchedulerDbMixin.remove_networks_from_down_agents' sleeping for 36.99 seconds {{(pid=88521) _run_loop /opt/stack/data/venv/lib/python3.12/site-packages/oslo_service/backend/_threading/loopingcall.py:125}}
May 13 15:31:24.339751 np0000000708 neutron-periodic-workers[88532]: DEBUG oslo.service.backend._threading.loopingcall [None req-1b5bd6e3-6dd6-4fee-ab66-ba9410b913f0 None None] Fixed interval looping call 'neutron.db.quota.driver_nolock.DbQuotaNoLockDriver._remove_expired_reservations' sleeping for 120.00 seconds {{(pid=88532) _run_loop /opt/stack/data/venv/lib/python3.12/site-packages/oslo_service/backend/_threading/loopingcall.py:125}}
May 13 15:31:30.329839 np0000000708 neutron-periodic-workers[88528]: DEBUG neutron.db.agents_db [None req-6953b748-7fd0-4b6e-ae36-53ed12bc86fa None None] Agent healthcheck: found 0 active agents {{(pid=88528) agent_health_check /opt/stack/neutron/neutron/db/agents_db.py:322}}
May 13 15:31:30.330853 np0000000708 neutron-periodic-workers[88528]: DEBUG oslo.service.backend._threading.loopingcall [None req-6953b748-7fd0-4b6e-ae36-53ed12bc86fa None None] Fixed interval looping call 'neutron.plugins.ml2.plugin.AgentDbMixin.agent_health_check' sleeping for 36.99 seconds {{(pid=88528) _run_loop /opt/stack/data/venv/lib/python3.12/site-packages/oslo_service/backend/_threading/loopingcall.py:125}}
May 13 15:31:34.322289 np0000000708 neutron-periodic-workers[88521]: DEBUG dbcounter [-] [88521] Writing DB stats neutron:SELECT=3 {{(pid=88521) stat_writer /opt/stack/data/venv/lib/python3.12/site-packages/dbcounter.py:115}}
May 13 15:31:34.341617 np0000000708 neutron-periodic-workers[88532]: DEBUG dbcounter [-] [88532] Writing DB stats neutron:DELETE=1 {{(pid=88532) stat_writer /opt/stack/data/venv/lib/python3.12/site-packages/dbcounter.py:115}}
May 13 15:31:40.328367 np0000000708 neutron-periodic-workers[88528]: DEBUG dbcounter [-] [88528] Writing DB stats neutron:SELECT=1 {{(pid=88528) stat_writer /opt/stack/data/venv/lib/python3.12/site-packages/dbcounter.py:115}}
May 13 15:32:01.321670 np0000000708 neutron-periodic-workers[88521]: DEBUG oslo.service.backend._threading.loopingcall [None req-1f18b0fc-dc2b-4a75-afd8-55e54fe440fb None None] Fixed interval looping call 'neutron.plugins.ml2.plugin.DhcpAgentSchedulerDbMixin.remove_networks_from_down_agents' sleeping for 36.99 seconds {{(pid=88521) _run_loop /opt/stack/data/venv/lib/python3.12/site-packages/oslo_service/backend/_threading/loopingcall.py:125}}
May 13 15:32:07.323823 np0000000708 neutron-periodic-workers[88528]: DEBUG neutron.db.agents_db [None req-6953b748-7fd0-4b6e-ae36-53ed12bc86fa None None] Agent healthcheck: found 0 active agents {{(pid=88528) agent_health_check /opt/stack/neutron/neutron/db/agents_db.py:322}}
May 13 15:32:07.324324 np0000000708 neutron-periodic-workers[88528]: DEBUG oslo.service.backend._threading.loopingcall [None req-6953b748-7fd0-4b6e-ae36-53ed12bc86fa None None] Fixed interval looping call 'neutron.plugins.ml2.plugin.AgentDbMixin.agent_health_check' sleeping for 37.00 seconds {{(pid=88528) _run_loop /opt/stack/data/venv/lib/python3.12/site-packages/oslo_service/backend/_threading/loopingcall.py:125}}
May 13 15:32:11.320732 np0000000708 neutron-periodic-workers[88521]: DEBUG dbcounter [-] [88521] Writing DB stats neutron:SELECT=3 {{(pid=88521) stat_writer /opt/stack/data/venv/lib/python3.12/site-packages/dbcounter.py:115}}
May 13 15:32:17.325237 np0000000708 neutron-periodic-workers[88528]: DEBUG dbcounter [-] [88528] Writing DB stats neutron:SELECT=1 {{(pid=88528) stat_writer /opt/stack/data/venv/lib/python3.12/site-packages/dbcounter.py:115}}
May 13 15:32:38.325774 np0000000708 neutron-periodic-workers[88521]: DEBUG oslo.service.backend._threading.loopingcall [None req-1f18b0fc-dc2b-4a75-afd8-55e54fe440fb None None] Fixed interval looping call 'neutron.plugins.ml2.plugin.DhcpAgentSchedulerDbMixin.remove_networks_from_down_agents' sleeping for 36.99 seconds {{(pid=88521) _run_loop /opt/stack/data/venv/lib/python3.12/site-packages/oslo_service/backend/_threading/loopingcall.py:125}}
May 13 15:32:44.330879 np0000000708 neutron-periodic-workers[88528]: DEBUG neutron.db.agents_db [None req-6953b748-7fd0-4b6e-ae36-53ed12bc86fa None None] Agent healthcheck: found 0 active agents {{(pid=88528) agent_health_check /opt/stack/neutron/neutron/db/agents_db.py:322}}
May 13 15:32:44.331329 np0000000708 neutron-periodic-workers[88528]: DEBUG oslo.service.backend._threading.loopingcall [None req-6953b748-7fd0-4b6e-ae36-53ed12bc86fa None None] Fixed interval looping call 'neutron.plugins.ml2.plugin.AgentDbMixin.agent_health_check' sleeping for 36.99 seconds {{(pid=88528) _run_loop /opt/stack/data/venv/lib/python3.12/site-packages/oslo_service/backend/_threading/loopingcall.py:125}}
May 13 15:32:48.322679 np0000000708 neutron-periodic-workers[88521]: DEBUG dbcounter [-] [88521] Writing DB stats neutron:SELECT=3 {{(pid=88521) stat_writer /opt/stack/data/venv/lib/python3.12/site-packages/dbcounter.py:115}}
May 13 15:32:54.330397 np0000000708 neutron-periodic-workers[88528]: DEBUG dbcounter [-] [88528] Writing DB stats neutron:SELECT=1 {{(pid=88528) stat_writer /opt/stack/data/venv/lib/python3.12/site-packages/dbcounter.py:115}}
May 13 15:33:15.331533 np0000000708 neutron-periodic-workers[88521]: DEBUG oslo.service.backend._threading.loopingcall [None req-1f18b0fc-dc2b-4a75-afd8-55e54fe440fb None None] Fixed interval looping call 'neutron.plugins.ml2.plugin.DhcpAgentSchedulerDbMixin.remove_networks_from_down_agents' sleeping for 36.98 seconds {{(pid=88521) _run_loop /opt/stack/data/venv/lib/python3.12/site-packages/oslo_service/backend/_threading/loopingcall.py:125}}
May 13 15:33:21.324048 np0000000708 neutron-periodic-workers[88528]: DEBUG neutron.db.agents_db [None req-6953b748-7fd0-4b6e-ae36-53ed12bc86fa None None] Agent healthcheck: found 0 active agents {{(pid=88528) agent_health_check /opt/stack/neutron/neutron/db/agents_db.py:322}}
May 13 15:33:21.324833 np0000000708 neutron-periodic-workers[88528]: DEBUG oslo.service.backend._threading.loopingcall [None req-6953b748-7fd0-4b6e-ae36-53ed12bc86fa None None] Fixed interval looping call 'neutron.plugins.ml2.plugin.AgentDbMixin.agent_health_check' sleeping for 37.00 seconds {{(pid=88528) _run_loop /opt/stack/data/venv/lib/python3.12/site-packages/oslo_service/backend/_threading/loopingcall.py:125}}
May 13 15:33:24.342732 np0000000708 neutron-periodic-workers[88532]: DEBUG oslo.service.backend._threading.loopingcall [None req-1b5bd6e3-6dd6-4fee-ab66-ba9410b913f0 None None] Fixed interval looping call 'neutron.db.quota.driver_nolock.DbQuotaNoLockDriver._remove_expired_reservations' sleeping for 120.00 seconds {{(pid=88532) _run_loop /opt/stack/data/venv/lib/python3.12/site-packages/oslo_service/backend/_threading/loopingcall.py:125}}
May 13 15:33:25.329909 np0000000708 neutron-periodic-workers[88521]: DEBUG dbcounter [-] [88521] Writing DB stats neutron:SELECT=3 {{(pid=88521) stat_writer /opt/stack/data/venv/lib/python3.12/site-packages/dbcounter.py:115}}
May 13 15:33:31.324845 np0000000708 neutron-periodic-workers[88528]: DEBUG dbcounter [-] [88528] Writing DB stats neutron:SELECT=1 {{(pid=88528) stat_writer /opt/stack/data/venv/lib/python3.12/site-packages/dbcounter.py:115}}
May 13 15:33:34.341790 np0000000708 neutron-periodic-workers[88532]: DEBUG dbcounter [-] [88532] Writing DB stats neutron:DELETE=1 {{(pid=88532) stat_writer /opt/stack/data/venv/lib/python3.12/site-packages/dbcounter.py:115}}
May 13 15:33:52.324818 np0000000708 neutron-periodic-workers[88521]: DEBUG oslo.service.backend._threading.loopingcall [None req-1f18b0fc-dc2b-4a75-afd8-55e54fe440fb None None] Fixed interval looping call 'neutron.plugins.ml2.plugin.DhcpAgentSchedulerDbMixin.remove_networks_from_down_agents' sleeping for 36.99 seconds {{(pid=88521) _run_loop /opt/stack/data/venv/lib/python3.12/site-packages/oslo_service/backend/_threading/loopingcall.py:125}}
May 13 15:33:58.327230 np0000000708 neutron-periodic-workers[88528]: DEBUG neutron.db.agents_db [None req-6953b748-7fd0-4b6e-ae36-53ed12bc86fa None None] Agent healthcheck: found 0 active agents {{(pid=88528) agent_health_check /opt/stack/neutron/neutron/db/agents_db.py:322}}
May 13 15:33:58.327668 np0000000708 neutron-periodic-workers[88528]: DEBUG oslo.service.backend._threading.loopingcall [None req-6953b748-7fd0-4b6e-ae36-53ed12bc86fa None None] Fixed interval looping call 'neutron.plugins.ml2.plugin.AgentDbMixin.agent_health_check' sleeping for 37.00 seconds {{(pid=88528) _run_loop /opt/stack/data/venv/lib/python3.12/site-packages/oslo_service/backend/_threading/loopingcall.py:125}}
May 13 15:34:02.324732 np0000000708 neutron-periodic-workers[88521]: DEBUG dbcounter [-] [88521] Writing DB stats neutron:SELECT=3 {{(pid=88521) stat_writer /opt/stack/data/venv/lib/python3.12/site-packages/dbcounter.py:115}}
May 13 15:34:08.326289 np0000000708 neutron-periodic-workers[88528]: DEBUG dbcounter [-] [88528] Writing DB stats neutron:SELECT=1 {{(pid=88528) stat_writer /opt/stack/data/venv/lib/python3.12/site-packages/dbcounter.py:115}}
May 13 15:34:29.325487 np0000000708 neutron-periodic-workers[88521]: DEBUG oslo.service.backend._threading.loopingcall [None req-1f18b0fc-dc2b-4a75-afd8-55e54fe440fb None None] Fixed interval looping call 'neutron.plugins.ml2.plugin.DhcpAgentSchedulerDbMixin.remove_networks_from_down_agents' sleeping for 36.99 seconds {{(pid=88521) _run_loop /opt/stack/data/venv/lib/python3.12/site-packages/oslo_service/backend/_threading/loopingcall.py:125}}
May 13 15:34:35.330196 np0000000708 neutron-periodic-workers[88528]: DEBUG neutron.db.agents_db [None req-6953b748-7fd0-4b6e-ae36-53ed12bc86fa None None] Agent healthcheck: found 0 active agents {{(pid=88528) agent_health_check /opt/stack/neutron/neutron/db/agents_db.py:322}}
May 13 15:34:35.330623 np0000000708 neutron-periodic-workers[88528]: DEBUG oslo.service.backend._threading.loopingcall [None req-6953b748-7fd0-4b6e-ae36-53ed12bc86fa None None] Fixed interval looping call 'neutron.plugins.ml2.plugin.AgentDbMixin.agent_health_check' sleeping for 37.00 seconds {{(pid=88528) _run_loop /opt/stack/data/venv/lib/python3.12/site-packages/oslo_service/backend/_threading/loopingcall.py:125}}
May 13 15:34:39.324743 np0000000708 neutron-periodic-workers[88521]: DEBUG dbcounter [-] [88521] Writing DB stats neutron:SELECT=3 {{(pid=88521) stat_writer /opt/stack/data/venv/lib/python3.12/site-packages/dbcounter.py:115}}
May 13 15:34:45.329389 np0000000708 neutron-periodic-workers[88528]: DEBUG dbcounter [-] [88528] Writing DB stats neutron:SELECT=1 {{(pid=88528) stat_writer /opt/stack/data/venv/lib/python3.12/site-packages/dbcounter.py:115}}
May 13 15:35:06.326180 np0000000708 neutron-periodic-workers[88521]: DEBUG oslo.service.backend._threading.loopingcall [None req-1f18b0fc-dc2b-4a75-afd8-55e54fe440fb None None] Fixed interval looping call 'neutron.plugins.ml2.plugin.DhcpAgentSchedulerDbMixin.remove_networks_from_down_agents' sleeping for 36.99 seconds {{(pid=88521) _run_loop /opt/stack/data/venv/lib/python3.12/site-packages/oslo_service/backend/_threading/loopingcall.py:125}}
May 13 15:35:12.334198 np0000000708 neutron-periodic-workers[88528]: DEBUG neutron.db.agents_db [None req-6953b748-7fd0-4b6e-ae36-53ed12bc86fa None None] Agent healthcheck: found 0 active agents {{(pid=88528) agent_health_check /opt/stack/neutron/neutron/db/agents_db.py:322}}
May 13 15:35:12.334782 np0000000708 neutron-periodic-workers[88528]: DEBUG oslo.service.backend._threading.loopingcall [None req-6953b748-7fd0-4b6e-ae36-53ed12bc86fa None None] Fixed interval looping call 'neutron.plugins.ml2.plugin.AgentDbMixin.agent_health_check' sleeping for 37.00 seconds {{(pid=88528) _run_loop /opt/stack/data/venv/lib/python3.12/site-packages/oslo_service/backend/_threading/loopingcall.py:125}}
May 13 15:35:16.325112 np0000000708 neutron-periodic-workers[88521]: DEBUG dbcounter [-] [88521] Writing DB stats neutron:SELECT=3 {{(pid=88521) stat_writer /opt/stack/data/venv/lib/python3.12/site-packages/dbcounter.py:115}}
May 13 15:35:22.334176 np0000000708 neutron-periodic-workers[88528]: DEBUG dbcounter [-] [88528] Writing DB stats neutron:SELECT=1 {{(pid=88528) stat_writer /opt/stack/data/venv/lib/python3.12/site-packages/dbcounter.py:115}}
May 13 15:35:24.350158 np0000000708 neutron-periodic-workers[88532]: DEBUG oslo.service.backend._threading.loopingcall [None req-1b5bd6e3-6dd6-4fee-ab66-ba9410b913f0 None None] Fixed interval looping call 'neutron.db.quota.driver_nolock.DbQuotaNoLockDriver._remove_expired_reservations' sleeping for 119.99 seconds {{(pid=88532) _run_loop /opt/stack/data/venv/lib/python3.12/site-packages/oslo_service/backend/_threading/loopingcall.py:125}}
May 13 15:35:34.348045 np0000000708 neutron-periodic-workers[88532]: DEBUG dbcounter [-] [88532] Writing DB stats neutron:DELETE=1 {{(pid=88532) stat_writer /opt/stack/data/venv/lib/python3.12/site-packages/dbcounter.py:115}}
May 13 15:35:43.347797 np0000000708 neutron-periodic-workers[88521]: DEBUG oslo.service.backend._threading.loopingcall [None req-1f18b0fc-dc2b-4a75-afd8-55e54fe440fb None None] Fixed interval looping call 'neutron.plugins.ml2.plugin.DhcpAgentSchedulerDbMixin.remove_networks_from_down_agents' sleeping for 36.97 seconds {{(pid=88521) _run_loop /opt/stack/data/venv/lib/python3.12/site-packages/oslo_service/backend/_threading/loopingcall.py:125}}
May 13 15:35:49.339809 np0000000708 neutron-periodic-workers[88528]: DEBUG neutron.db.agents_db [None req-6953b748-7fd0-4b6e-ae36-53ed12bc86fa None None] Agent healthcheck: found 0 active agents {{(pid=88528) agent_health_check /opt/stack/neutron/neutron/db/agents_db.py:322}}
May 13 15:35:49.340965 np0000000708 neutron-periodic-workers[88528]: DEBUG oslo.service.backend._threading.loopingcall [None req-6953b748-7fd0-4b6e-ae36-53ed12bc86fa None None] Fixed interval looping call 'neutron.plugins.ml2.plugin.AgentDbMixin.agent_health_check' sleeping for 36.99 seconds {{(pid=88528) _run_loop /opt/stack/data/venv/lib/python3.12/site-packages/oslo_service/backend/_threading/loopingcall.py:125}}
May 13 15:35:53.341608 np0000000708 neutron-periodic-workers[88521]: DEBUG dbcounter [-] [88521] Writing DB stats neutron:SELECT=3 {{(pid=88521) stat_writer /opt/stack/data/venv/lib/python3.12/site-packages/dbcounter.py:115}}
May 13 15:35:56.367051 np0000000708 neutron-periodic-workers[88539]: DEBUG oslo.service.backend._threading.loopingcall [None req-114e7c6d-59a0-4bb6-9173-2747003c5c25 None None] Fixed interval looping call 'neutron.services.ovn_l3.plugin.L3_NAT_dbonly_mixin._clean_garbage' sleeping for 299.98 seconds {{(pid=88539) _run_loop /opt/stack/data/venv/lib/python3.12/site-packages/oslo_service/backend/_threading/loopingcall.py:125}}
May 13 15:35:59.339837 np0000000708 neutron-periodic-workers[88528]: DEBUG dbcounter [-] [88528] Writing DB stats neutron:SELECT=1 {{(pid=88528) stat_writer /opt/stack/data/venv/lib/python3.12/site-packages/dbcounter.py:115}}
May 13 15:36:06.357812 np0000000708 neutron-periodic-workers[88539]: DEBUG dbcounter [-] [88539] Writing DB stats neutron:SELECT=1 {{(pid=88539) stat_writer /opt/stack/data/venv/lib/python3.12/site-packages/dbcounter.py:115}}
May 13 15:36:20.340575 np0000000708 neutron-periodic-workers[88521]: DEBUG oslo.service.backend._threading.loopingcall [None req-1f18b0fc-dc2b-4a75-afd8-55e54fe440fb None None] Fixed interval looping call 'neutron.plugins.ml2.plugin.DhcpAgentSchedulerDbMixin.remove_networks_from_down_agents' sleeping for 36.98 seconds {{(pid=88521) _run_loop /opt/stack/data/venv/lib/python3.12/site-packages/oslo_service/backend/_threading/loopingcall.py:125}}
May 13 15:36:26.341735 np0000000708 neutron-periodic-workers[88528]: DEBUG neutron.db.agents_db [None req-6953b748-7fd0-4b6e-ae36-53ed12bc86fa None None] Agent healthcheck: found 0 active agents {{(pid=88528) agent_health_check /opt/stack/neutron/neutron/db/agents_db.py:322}}
May 13 15:36:26.342194 np0000000708 neutron-periodic-workers[88528]: DEBUG oslo.service.backend._threading.loopingcall [None req-6953b748-7fd0-4b6e-ae36-53ed12bc86fa None None] Fixed interval looping call 'neutron.plugins.ml2.plugin.AgentDbMixin.agent_health_check' sleeping for 36.99 seconds {{(pid=88528) _run_loop /opt/stack/data/venv/lib/python3.12/site-packages/oslo_service/backend/_threading/loopingcall.py:125}}
May 13 15:36:30.337726 np0000000708 neutron-periodic-workers[88521]: DEBUG dbcounter [-] [88521] Writing DB stats neutron:SELECT=3 {{(pid=88521) stat_writer /opt/stack/data/venv/lib/python3.12/site-packages/dbcounter.py:115}}
May 13 15:36:36.340416 np0000000708 neutron-periodic-workers[88528]: DEBUG dbcounter [-] [88528] Writing DB stats neutron:SELECT=1 {{(pid=88528) stat_writer /opt/stack/data/venv/lib/python3.12/site-packages/dbcounter.py:115}}
May 13 15:36:57.450245 np0000000708 neutron-periodic-workers[88521]: DEBUG oslo.service.backend._threading.loopingcall [None req-1f18b0fc-dc2b-4a75-afd8-55e54fe440fb None None] Fixed interval looping call 'neutron.plugins.ml2.plugin.DhcpAgentSchedulerDbMixin.remove_networks_from_down_agents' sleeping for 36.88 seconds {{(pid=88521) _run_loop /opt/stack/data/venv/lib/python3.12/site-packages/oslo_service/backend/_threading/loopingcall.py:125}}
May 13 15:37:03.342114 np0000000708 neutron-periodic-workers[88528]: DEBUG neutron.db.agents_db [None req-6953b748-7fd0-4b6e-ae36-53ed12bc86fa None None] Agent healthcheck: found 0 active agents {{(pid=88528) agent_health_check /opt/stack/neutron/neutron/db/agents_db.py:322}}
May 13 15:37:03.342114 np0000000708 neutron-periodic-workers[88528]: DEBUG oslo.service.backend._threading.loopingcall [None req-6953b748-7fd0-4b6e-ae36-53ed12bc86fa None None] Fixed interval looping call 'neutron.plugins.ml2.plugin.AgentDbMixin.agent_health_check' sleeping for 37.00 seconds {{(pid=88528) _run_loop /opt/stack/data/venv/lib/python3.12/site-packages/oslo_service/backend/_threading/loopingcall.py:125}}
May 13 15:37:07.337392 np0000000708 neutron-periodic-workers[88521]: DEBUG dbcounter [-] [88521] Writing DB stats neutron:SELECT=3 {{(pid=88521) stat_writer /opt/stack/data/venv/lib/python3.12/site-packages/dbcounter.py:115}}
May 13 15:37:13.340857 np0000000708 neutron-periodic-workers[88528]: DEBUG dbcounter [-] [88528] Writing DB stats neutron:SELECT=1 {{(pid=88528) stat_writer /opt/stack/data/venv/lib/python3.12/site-packages/dbcounter.py:115}}
May 13 15:37:24.345729 np0000000708 neutron-periodic-workers[88532]: DEBUG oslo.service.backend._threading.loopingcall [None req-1b5bd6e3-6dd6-4fee-ab66-ba9410b913f0 None None] Fixed interval looping call 'neutron.db.quota.driver_nolock.DbQuotaNoLockDriver._remove_expired_reservations' sleeping for 119.99 seconds {{(pid=88532) _run_loop /opt/stack/data/venv/lib/python3.12/site-packages/oslo_service/backend/_threading/loopingcall.py:125}}
May 13 15:37:34.330032 np0000000708 neutron-periodic-workers[88521]: DEBUG oslo.service.backend._threading.loopingcall [None req-1f18b0fc-dc2b-4a75-afd8-55e54fe440fb None None] Fixed interval looping call 'neutron.plugins.ml2.plugin.DhcpAgentSchedulerDbMixin.remove_networks_from_down_agents' sleeping for 36.99 seconds {{(pid=88521) _run_loop /opt/stack/data/venv/lib/python3.12/site-packages/oslo_service/backend/_threading/loopingcall.py:125}}
May 13 15:37:34.345504 np0000000708 neutron-periodic-workers[88532]: DEBUG dbcounter [-] [88532] Writing DB stats neutron:DELETE=1 {{(pid=88532) stat_writer /opt/stack/data/venv/lib/python3.12/site-packages/dbcounter.py:115}}
May 13 15:37:40.346089 np0000000708 neutron-periodic-workers[88528]: DEBUG neutron.db.agents_db [None req-6953b748-7fd0-4b6e-ae36-53ed12bc86fa None None] Agent healthcheck: found 0 active agents {{(pid=88528) agent_health_check /opt/stack/neutron/neutron/db/agents_db.py:322}}
May 13 15:37:40.346642 np0000000708 neutron-periodic-workers[88528]: DEBUG oslo.service.backend._threading.loopingcall [None req-6953b748-7fd0-4b6e-ae36-53ed12bc86fa None None] Fixed interval looping call 'neutron.plugins.ml2.plugin.AgentDbMixin.agent_health_check' sleeping for 37.00 seconds {{(pid=88528) _run_loop /opt/stack/data/venv/lib/python3.12/site-packages/oslo_service/backend/_threading/loopingcall.py:125}}
May 13 15:37:44.329552 np0000000708 neutron-periodic-workers[88521]: DEBUG dbcounter [-] [88521] Writing DB stats neutron:SELECT=3 {{(pid=88521) stat_writer /opt/stack/data/venv/lib/python3.12/site-packages/dbcounter.py:115}}
May 13 15:37:50.346050 np0000000708 neutron-periodic-workers[88528]: DEBUG dbcounter [-] [88528] Writing DB stats neutron:SELECT=1 {{(pid=88528) stat_writer /opt/stack/data/venv/lib/python3.12/site-packages/dbcounter.py:115}}
May 13 15:38:11.331135 np0000000708 neutron-periodic-workers[88521]: DEBUG oslo.service.backend._threading.loopingcall [None req-1f18b0fc-dc2b-4a75-afd8-55e54fe440fb None None] Fixed interval looping call 'neutron.plugins.ml2.plugin.DhcpAgentSchedulerDbMixin.remove_networks_from_down_agents' sleeping for 36.99 seconds {{(pid=88521) _run_loop /opt/stack/data/venv/lib/python3.12/site-packages/oslo_service/backend/_threading/loopingcall.py:125}}
May 13 15:38:17.351293 np0000000708 neutron-periodic-workers[88528]: DEBUG neutron.db.agents_db [None req-6953b748-7fd0-4b6e-ae36-53ed12bc86fa None None] Agent healthcheck: found 0 active agents {{(pid=88528) agent_health_check /opt/stack/neutron/neutron/db/agents_db.py:322}}
May 13 15:38:17.352080 np0000000708 neutron-periodic-workers[88528]: DEBUG oslo.service.backend._threading.loopingcall [None req-6953b748-7fd0-4b6e-ae36-53ed12bc86fa None None] Fixed interval looping call 'neutron.plugins.ml2.plugin.AgentDbMixin.agent_health_check' sleeping for 36.99 seconds {{(pid=88528) _run_loop /opt/stack/data/venv/lib/python3.12/site-packages/oslo_service/backend/_threading/loopingcall.py:125}}
May 13 15:38:21.329125 np0000000708 neutron-periodic-workers[88521]: DEBUG dbcounter [-] [88521] Writing DB stats neutron:SELECT=3 {{(pid=88521) stat_writer /opt/stack/data/venv/lib/python3.12/site-packages/dbcounter.py:115}}
May 13 15:38:27.350278 np0000000708 neutron-periodic-workers[88528]: DEBUG dbcounter [-] [88528] Writing DB stats neutron:SELECT=1 {{(pid=88528) stat_writer /opt/stack/data/venv/lib/python3.12/site-packages/dbcounter.py:115}}
May 13 15:38:48.340833 np0000000708 neutron-periodic-workers[88521]: DEBUG oslo.service.backend._threading.loopingcall [None req-1f18b0fc-dc2b-4a75-afd8-55e54fe440fb None None] Fixed interval looping call 'neutron.plugins.ml2.plugin.DhcpAgentSchedulerDbMixin.remove_networks_from_down_agents' sleeping for 36.98 seconds {{(pid=88521) _run_loop /opt/stack/data/venv/lib/python3.12/site-packages/oslo_service/backend/_threading/loopingcall.py:125}}
May 13 15:38:54.346203 np0000000708 neutron-periodic-workers[88528]: DEBUG neutron.db.agents_db [None req-6953b748-7fd0-4b6e-ae36-53ed12bc86fa None None] Agent healthcheck: found 0 active agents {{(pid=88528) agent_health_check /opt/stack/neutron/neutron/db/agents_db.py:322}}
May 13 15:38:54.346644 np0000000708 neutron-periodic-workers[88528]: DEBUG oslo.service.backend._threading.loopingcall [None req-6953b748-7fd0-4b6e-ae36-53ed12bc86fa None None] Fixed interval looping call 'neutron.plugins.ml2.plugin.AgentDbMixin.agent_health_check' sleeping for 37.00 seconds {{(pid=88528) _run_loop /opt/stack/data/venv/lib/python3.12/site-packages/oslo_service/backend/_threading/loopingcall.py:125}}
May 13 15:38:58.337644 np0000000708 neutron-periodic-workers[88521]: DEBUG dbcounter [-] [88521] Writing DB stats neutron:SELECT=3 {{(pid=88521) stat_writer /opt/stack/data/venv/lib/python3.12/site-packages/dbcounter.py:115}}
May 13 15:39:04.346088 np0000000708 neutron-periodic-workers[88528]: DEBUG dbcounter [-] [88528] Writing DB stats neutron:SELECT=1 {{(pid=88528) stat_writer /opt/stack/data/venv/lib/python3.12/site-packages/dbcounter.py:115}}
May 13 15:39:24.339010 np0000000708 neutron-periodic-workers[88532]: DEBUG oslo.service.backend._threading.loopingcall [None req-1b5bd6e3-6dd6-4fee-ab66-ba9410b913f0 None None] Fixed interval looping call 'neutron.db.quota.driver_nolock.DbQuotaNoLockDriver._remove_expired_reservations' sleeping for 120.00 seconds {{(pid=88532) _run_loop /opt/stack/data/venv/lib/python3.12/site-packages/oslo_service/backend/_threading/loopingcall.py:125}}
May 13 15:39:25.327805 np0000000708 neutron-periodic-workers[88521]: DEBUG oslo.service.backend._threading.loopingcall [None req-1f18b0fc-dc2b-4a75-afd8-55e54fe440fb None None] Fixed interval looping call 'neutron.plugins.ml2.plugin.DhcpAgentSchedulerDbMixin.remove_networks_from_down_agents' sleeping for 36.99 seconds {{(pid=88521) _run_loop /opt/stack/data/venv/lib/python3.12/site-packages/oslo_service/backend/_threading/loopingcall.py:125}}
May 13 15:39:31.349697 np0000000708 neutron-periodic-workers[88528]: DEBUG neutron.db.agents_db [None req-6953b748-7fd0-4b6e-ae36-53ed12bc86fa None None] Agent healthcheck: found 0 active agents {{(pid=88528) agent_health_check /opt/stack/neutron/neutron/db/agents_db.py:322}}
May 13 15:39:31.350120 np0000000708 neutron-periodic-workers[88528]: DEBUG oslo.service.backend._threading.loopingcall [None req-6953b748-7fd0-4b6e-ae36-53ed12bc86fa None None] Fixed interval looping call 'neutron.plugins.ml2.plugin.AgentDbMixin.agent_health_check' sleeping for 37.00 seconds {{(pid=88528) _run_loop /opt/stack/data/venv/lib/python3.12/site-packages/oslo_service/backend/_threading/loopingcall.py:125}}
May 13 15:39:34.338283 np0000000708 neutron-periodic-workers[88532]: DEBUG dbcounter [-] [88532] Writing DB stats neutron:DELETE=1 {{(pid=88532) stat_writer /opt/stack/data/venv/lib/python3.12/site-packages/dbcounter.py:115}}
May 13 15:39:35.327278 np0000000708 neutron-periodic-workers[88521]: DEBUG dbcounter [-] [88521] Writing DB stats neutron:SELECT=3 {{(pid=88521) stat_writer /opt/stack/data/venv/lib/python3.12/site-packages/dbcounter.py:115}}
May 13 15:39:41.348947 np0000000708 neutron-periodic-workers[88528]: DEBUG dbcounter [-] [88528] Writing DB stats neutron:SELECT=1 {{(pid=88528) stat_writer /opt/stack/data/venv/lib/python3.12/site-packages/dbcounter.py:115}}
May 13 15:40:02.331132 np0000000708 neutron-periodic-workers[88521]: DEBUG oslo.service.backend._threading.loopingcall [None req-1f18b0fc-dc2b-4a75-afd8-55e54fe440fb None None] Fixed interval looping call 'neutron.plugins.ml2.plugin.DhcpAgentSchedulerDbMixin.remove_networks_from_down_agents' sleeping for 36.99 seconds {{(pid=88521) _run_loop /opt/stack/data/venv/lib/python3.12/site-packages/oslo_service/backend/_threading/loopingcall.py:125}}
May 13 15:40:08.354406 np0000000708 neutron-periodic-workers[88528]: DEBUG neutron.db.agents_db [None req-6953b748-7fd0-4b6e-ae36-53ed12bc86fa None None] Agent healthcheck: found 0 active agents {{(pid=88528) agent_health_check /opt/stack/neutron/neutron/db/agents_db.py:322}}
May 13 15:40:08.355002 np0000000708 neutron-periodic-workers[88528]: DEBUG oslo.service.backend._threading.loopingcall [None req-6953b748-7fd0-4b6e-ae36-53ed12bc86fa None None] Fixed interval looping call 'neutron.plugins.ml2.plugin.AgentDbMixin.agent_health_check' sleeping for 37.00 seconds {{(pid=88528) _run_loop /opt/stack/data/venv/lib/python3.12/site-packages/oslo_service/backend/_threading/loopingcall.py:125}}
May 13 15:40:12.329499 np0000000708 neutron-periodic-workers[88521]: DEBUG dbcounter [-] [88521] Writing DB stats neutron:SELECT=3 {{(pid=88521) stat_writer /opt/stack/data/venv/lib/python3.12/site-packages/dbcounter.py:115}}
May 13 15:40:18.354532 np0000000708 neutron-periodic-workers[88528]: DEBUG dbcounter [-] [88528] Writing DB stats neutron:SELECT=1 {{(pid=88528) stat_writer /opt/stack/data/venv/lib/python3.12/site-packages/dbcounter.py:115}}
