May 26 10:10:11.223945 np0000001403 neutron-periodic-workers[88916]: DEBUG cotyledon.oslo_config_glue [-] database.synchronous_reader = True {{(pid=88916) log_opt_values /opt/stack/data/venv/lib/python3.12/site-packages/oslo_config/cfg.py:3256}}
May 26 10:10:11.223945 np0000001403 neutron-periodic-workers[88916]: DEBUG cotyledon.oslo_config_glue [-] database.use_db_reconnect = False {{(pid=88916) log_opt_values /opt/stack/data/venv/lib/python3.12/site-packages/oslo_config/cfg.py:3256}}
May 26 10:10:11.223945 np0000001403 neutron-periodic-workers[88916]: DEBUG cotyledon.oslo_config_glue [-] ovn.bfd_min_rx = 1000 {{(pid=88916) log_opt_values /opt/stack/data/venv/lib/python3.12/site-packages/oslo_config/cfg.py:3256}}
May 26 10:10:11.223945 np0000001403 neutron-periodic-workers[88916]: DEBUG cotyledon.oslo_config_glue [-] ovn.bfd_min_tx = 100 {{(pid=88916) log_opt_values /opt/stack/data/venv/lib/python3.12/site-packages/oslo_config/cfg.py:3256}}
May 26 10:10:11.223945 np0000001403 neutron-periodic-workers[88916]: DEBUG cotyledon.oslo_config_glue [-] ovn.bfd_mult = 3 {{(pid=88916) log_opt_values /opt/stack/data/venv/lib/python3.12/site-packages/oslo_config/cfg.py:3256}}
May 26 10:10:11.223945 np0000001403 neutron-periodic-workers[88916]: DEBUG cotyledon.oslo_config_glue [-] ovn.broadcast_arps_to_all_routers = True {{(pid=88916) log_opt_values /opt/stack/data/venv/lib/python3.12/site-packages/oslo_config/cfg.py:3256}}
May 26 10:10:11.224136 np0000001403 neutron-periodic-workers[88916]: DEBUG cotyledon.oslo_config_glue [-] ovn.dhcp_default_lease_time = 43200 {{(pid=88916) log_opt_values /opt/stack/data/venv/lib/python3.12/site-packages/oslo_config/cfg.py:3256}}
May 26 10:10:11.224136 np0000001403 neutron-periodic-workers[88916]: DEBUG cotyledon.oslo_config_glue [-] ovn.disable_ovn_dhcp_for_baremetal_ports = False {{(pid=88916) log_opt_values /opt/stack/data/venv/lib/python3.12/site-packages/oslo_config/cfg.py:3256}}
May 26 10:10:11.224136 np0000001403 neutron-periodic-workers[88916]: DEBUG cotyledon.oslo_config_glue [-] ovn.dns_records_ovn_owned = False {{(pid=88916) log_opt_values /opt/stack/data/venv/lib/python3.12/site-packages/oslo_config/cfg.py:3256}}
May 26 10:10:11.224136 np0000001403 neutron-periodic-workers[88916]: DEBUG cotyledon.oslo_config_glue [-] ovn.dns_servers = [] {{(pid=88916) log_opt_values /opt/stack/data/venv/lib/python3.12/site-packages/oslo_config/cfg.py:3256}}
May 26 10:10:11.224136 np0000001403 neutron-periodic-workers[88916]: DEBUG cotyledon.oslo_config_glue [-] ovn.enable_distributed_floating_ip = False {{(pid=88916) log_opt_values /opt/stack/data/venv/lib/python3.12/site-packages/oslo_config/cfg.py:3256}}
May 26 10:10:11.224136 np0000001403 neutron-periodic-workers[88916]: DEBUG cotyledon.oslo_config_glue [-] ovn.fdb_age_threshold = 300 {{(pid=88916) log_opt_values /opt/stack/data/venv/lib/python3.12/site-packages/oslo_config/cfg.py:3256}}
May 26 10:10:11.224278 np0000001403 neutron-periodic-workers[88916]: DEBUG cotyledon.oslo_config_glue [-] ovn.ha_failover_strategy = normal {{(pid=88916) log_opt_values /opt/stack/data/venv/lib/python3.12/site-packages/oslo_config/cfg.py:3256}}
May 26 10:10:11.224278 np0000001403 neutron-periodic-workers[88916]: DEBUG cotyledon.oslo_config_glue [-] ovn.live_migration_activation_strategy = rarp {{(pid=88916) log_opt_values /opt/stack/data/venv/lib/python3.12/site-packages/oslo_config/cfg.py:3256}}
May 26 10:10:11.224278 np0000001403 neutron-periodic-workers[88916]: DEBUG cotyledon.oslo_config_glue [-] ovn.localnet_learn_fdb = False {{(pid=88916) log_opt_values /opt/stack/data/venv/lib/python3.12/site-packages/oslo_config/cfg.py:3256}}
May 26 10:10:11.224740 np0000001403 neutron-periodic-workers[88916]: DEBUG cotyledon.oslo_config_glue [-] ovn.mac_binding_age_threshold = 300 {{(pid=88916) log_opt_values /opt/stack/data/venv/lib/python3.12/site-packages/oslo_config/cfg.py:3256}}
May 26 10:10:11.224740 np0000001403 neutron-periodic-workers[88916]: DEBUG cotyledon.oslo_config_glue [-] ovn.neutron_sync_mode = log {{(pid=88916) log_opt_values /opt/stack/data/venv/lib/python3.12/site-packages/oslo_config/cfg.py:3256}}
May 26 10:10:11.224740 np0000001403 neutron-periodic-workers[88916]: DEBUG cotyledon.oslo_config_glue [-] ovn.ovn_dhcp4_global_options = {} {{(pid=88916) log_opt_values /opt/stack/data/venv/lib/python3.12/site-packages/oslo_config/cfg.py:3256}}
May 26 10:10:11.224740 np0000001403 neutron-periodic-workers[88916]: DEBUG cotyledon.oslo_config_glue [-] ovn.ovn_dhcp6_global_options = {} {{(pid=88916) log_opt_values /opt/stack/data/venv/lib/python3.12/site-packages/oslo_config/cfg.py:3256}}
May 26 10:10:11.224740 np0000001403 neutron-periodic-workers[88916]: DEBUG cotyledon.oslo_config_glue [-] ovn.ovn_l3_scheduler = leastloaded {{(pid=88916) log_opt_values /opt/stack/data/venv/lib/python3.12/site-packages/oslo_config/cfg.py:3256}}
May 26 10:10:11.224740 np0000001403 neutron-periodic-workers[88916]: DEBUG cotyledon.oslo_config_glue [-] ovn.ovn_metadata_enabled = True {{(pid=88916) log_opt_values /opt/stack/data/venv/lib/python3.12/site-packages/oslo_config/cfg.py:3256}}
May 26 10:10:11.224740 np0000001403 neutron-periodic-workers[88916]: DEBUG cotyledon.oslo_config_glue [-] ovn.ovn_nb_ca_cert = /opt/stack/data/CA/int-ca/ca-chain.pem {{(pid=88916) log_opt_values /opt/stack/data/venv/lib/python3.12/site-packages/oslo_config/cfg.py:3256}}
May 26 10:10:11.224740 np0000001403 neutron-periodic-workers[88916]: DEBUG cotyledon.oslo_config_glue [-] ovn.ovn_nb_certificate = /opt/stack/data/CA/int-ca/devstack-cert.crt {{(pid=88916) log_opt_values /opt/stack/data/venv/lib/python3.12/site-packages/oslo_config/cfg.py:3256}}
May 26 10:10:11.224740 np0000001403 neutron-periodic-workers[88916]: DEBUG cotyledon.oslo_config_glue [-] ovn.ovn_nb_connection = ['ssl:10.4.3.228:6641'] {{(pid=88916) log_opt_values /opt/stack/data/venv/lib/python3.12/site-packages/oslo_config/cfg.py:3256}}
May 26 10:10:11.224923 np0000001403 neutron-periodic-workers[88916]: DEBUG cotyledon.oslo_config_glue [-] ovn.ovn_nb_private_key = /opt/stack/data/CA/int-ca/private/devstack-cert.key {{(pid=88916) log_opt_values /opt/stack/data/venv/lib/python3.12/site-packages/oslo_config/cfg.py:3256}}
May 26 10:10:11.224923 np0000001403 neutron-periodic-workers[88916]: DEBUG cotyledon.oslo_config_glue [-] ovn.ovn_router_indirect_snat = False {{(pid=88916) log_opt_values /opt/stack/data/venv/lib/python3.12/site-packages/oslo_config/cfg.py:3256}}
May 26 10:10:11.224923 np0000001403 neutron-periodic-workers[88916]: DEBUG cotyledon.oslo_config_glue [-] ovn.ovn_sb_ca_cert = /opt/stack/data/CA/int-ca/ca-chain.pem {{(pid=88916) log_opt_values /opt/stack/data/venv/lib/python3.12/site-packages/oslo_config/cfg.py:3256}}
May 26 10:10:11.224923 np0000001403 neutron-periodic-workers[88916]: DEBUG cotyledon.oslo_config_glue [-] ovn.ovn_sb_certificate = /opt/stack/data/CA/int-ca/devstack-cert.crt {{(pid=88916) log_opt_values /opt/stack/data/venv/lib/python3.12/site-packages/oslo_config/cfg.py:3256}}
May 26 10:10:11.224923 np0000001403 neutron-periodic-workers[88916]: DEBUG cotyledon.oslo_config_glue [-] ovn.ovn_sb_connection = ['ssl:10.4.3.228:6642'] {{(pid=88916) log_opt_values /opt/stack/data/venv/lib/python3.12/site-packages/oslo_config/cfg.py:3256}}
May 26 10:10:11.224923 np0000001403 neutron-periodic-workers[88916]: DEBUG cotyledon.oslo_config_glue [-] ovn.ovn_sb_private_key = /opt/stack/data/CA/int-ca/private/devstack-cert.key {{(pid=88916) log_opt_values /opt/stack/data/venv/lib/python3.12/site-packages/oslo_config/cfg.py:3256}}
May 26 10:10:11.224923 np0000001403 neutron-periodic-workers[88916]: DEBUG cotyledon.oslo_config_glue [-] ovn.ovs_create_tap = False {{(pid=88916) log_opt_values /opt/stack/data/venv/lib/python3.12/site-packages/oslo_config/cfg.py:3256}}
May 26 10:10:11.225057 np0000001403 neutron-periodic-workers[88916]: DEBUG cotyledon.oslo_config_glue [-] ovn.ovsdb_connection_timeout = 180 {{(pid=88916) log_opt_values /opt/stack/data/venv/lib/python3.12/site-packages/oslo_config/cfg.py:3256}}
May 26 10:10:11.225057 np0000001403 neutron-periodic-workers[88916]: DEBUG cotyledon.oslo_config_glue [-] ovn.ovsdb_log_level = INFO {{(pid=88916) log_opt_values /opt/stack/data/venv/lib/python3.12/site-packages/oslo_config/cfg.py:3256}}
May 26 10:10:11.225057 np0000001403 neutron-periodic-workers[88916]: DEBUG cotyledon.oslo_config_glue [-] ovn.ovsdb_probe_interval = 60000 {{(pid=88916) log_opt_values /opt/stack/data/venv/lib/python3.12/site-packages/oslo_config/cfg.py:3256}}
May 26 10:10:11.225057 np0000001403 neutron-periodic-workers[88916]: DEBUG cotyledon.oslo_config_glue [-] ovn.ovsdb_retry_max_interval = 180 {{(pid=88916) log_opt_values /opt/stack/data/venv/lib/python3.12/site-packages/oslo_config/cfg.py:3256}}
May 26 10:10:11.225147 np0000001403 neutron-periodic-workers[88916]: DEBUG cotyledon.oslo_config_glue [-] ovn.stateless_nat_enabled = False {{(pid=88916) log_opt_values /opt/stack/data/venv/lib/python3.12/site-packages/oslo_config/cfg.py:3256}}
May 26 10:10:11.225147 np0000001403 neutron-periodic-workers[88916]: DEBUG cotyledon.oslo_config_glue [-] ovn.vhost_sock_dir = /var/run/openvswitch {{(pid=88916) log_opt_values /opt/stack/data/venv/lib/python3.12/site-packages/oslo_config/cfg.py:3256}}
May 26 10:10:11.225215 np0000001403 neutron-periodic-workers[88916]: DEBUG cotyledon.oslo_config_glue [-] OVS.bridge_mac_table_size = 50000 {{(pid=88916) log_opt_values /opt/stack/data/venv/lib/python3.12/site-packages/oslo_config/cfg.py:3256}}
May 26 10:10:11.225276 np0000001403 neutron-periodic-workers[88916]: DEBUG cotyledon.oslo_config_glue [-] OVS.igmp_flood = False {{(pid=88916) log_opt_values /opt/stack/data/venv/lib/python3.12/site-packages/oslo_config/cfg.py:3256}}
May 26 10:10:11.225318 np0000001403 neutron-periodic-workers[88916]: DEBUG cotyledon.oslo_config_glue [-] OVS.igmp_flood_reports = True {{(pid=88916) log_opt_values /opt/stack/data/venv/lib/python3.12/site-packages/oslo_config/cfg.py:3256}}
May 26 10:10:11.225365 np0000001403 neutron-periodic-workers[88916]: DEBUG cotyledon.oslo_config_glue [-] OVS.igmp_flood_unregistered = False {{(pid=88916) log_opt_values /opt/stack/data/venv/lib/python3.12/site-packages/oslo_config/cfg.py:3256}}
May 26 10:10:11.225410 np0000001403 neutron-periodic-workers[88916]: DEBUG cotyledon.oslo_config_glue [-] OVS.igmp_snooping_enable = False {{(pid=88916) log_opt_values /opt/stack/data/venv/lib/python3.12/site-packages/oslo_config/cfg.py:3256}}
May 26 10:10:11.225449 np0000001403 neutron-periodic-workers[88916]: DEBUG cotyledon.oslo_config_glue [-] OVS.ovsdb_timeout = 10 {{(pid=88916) log_opt_values /opt/stack/data/venv/lib/python3.12/site-packages/oslo_config/cfg.py:3256}}
May 26 10:10:11.225502 np0000001403 neutron-periodic-workers[88916]: DEBUG cotyledon.oslo_config_glue [-] ovn_nb_global.fdb_removal_limit = 0 {{(pid=88916) log_opt_values /opt/stack/data/venv/lib/python3.12/site-packages/oslo_config/cfg.py:3256}}
May 26 10:10:11.225562 np0000001403 neutron-periodic-workers[88916]: DEBUG cotyledon.oslo_config_glue [-] ovn_nb_global.ignore_lsp_down = False {{(pid=88916) log_opt_values /opt/stack/data/venv/lib/python3.12/site-packages/oslo_config/cfg.py:3256}}
May 26 10:10:11.225603 np0000001403 neutron-periodic-workers[88916]: DEBUG cotyledon.oslo_config_glue [-] ovn_nb_global.mac_binding_removal_limit = 0 {{(pid=88916) log_opt_values /opt/stack/data/venv/lib/python3.12/site-packages/oslo_config/cfg.py:3256}}
May 26 10:10:11.225651 np0000001403 neutron-periodic-workers[88916]: DEBUG cotyledon.oslo_config_glue [-] ******************************************************************************** {{(pid=88916) log_opt_values /opt/stack/data/venv/lib/python3.12/site-packages/oslo_config/cfg.py:3263}}
May 26 10:10:11.225824 np0000001403 neutron-periodic-workers[88916]: DEBUG cotyledon._service_worker [-] Run service ServiceWrapper(0) [88916] {{(pid=88916) wait_forever /opt/stack/data/venv/lib/python3.12/site-packages/cotyledon/_service_worker.py:218}}
May 26 10:10:20.878049 np0000001403 neutron-periodic-workers[88067]: DEBUG dbcounter [-] [88067] Writing DB stats neutron:SELECT=4 {{(pid=88067) stat_writer /opt/stack/data/venv/lib/python3.12/site-packages/dbcounter.py:115}}
May 26 10:11:03.199739 np0000001403 neutron-periodic-workers[88926]: DEBUG oslo_db.sqlalchemy.engines [None req-4628cb57-9cc7-4d24-8a7e-00998a224e22 None None] Parent process 88067 forked (88926) with an open database connection, which is being discarded and recreated. {{(pid=88926) checkout /opt/stack/data/venv/lib/python3.12/site-packages/oslo_db/sqlalchemy/engines.py:402}}
May 26 10:11:03.261222 np0000001403 neutron-periodic-workers[88926]: DEBUG dbcounter [-] [88926] Writer thread running {{(pid=88926) stat_writer /opt/stack/data/venv/lib/python3.12/site-packages/dbcounter.py:102}}
May 26 10:11:03.265357 np0000001403 neutron-periodic-workers[88926]: DEBUG neutron.db.agents_db [None req-4628cb57-9cc7-4d24-8a7e-00998a224e22 None None] Agent healthcheck: found 0 active agents {{(pid=88926) agent_health_check /opt/stack/neutron/neutron/db/agents_db.py:322}}
May 26 10:11:03.265873 np0000001403 neutron-periodic-workers[88926]: DEBUG oslo.service.backend._threading.loopingcall [None req-4628cb57-9cc7-4d24-8a7e-00998a224e22 None None] Fixed interval looping call 'neutron.plugins.ml2.plugin.AgentDbMixin.agent_health_check' sleeping for 36.93 seconds {{(pid=88926) _run_loop /opt/stack/data/venv/lib/python3.12/site-packages/oslo_service/backend/_threading/loopingcall.py:125}}
May 26 10:11:04.241181 np0000001403 neutron-periodic-workers[88912]: DEBUG dbcounter [-] [88912] Writer thread running {{(pid=88912) stat_writer /opt/stack/data/venv/lib/python3.12/site-packages/dbcounter.py:102}}
May 26 10:11:04.249755 np0000001403 neutron-periodic-workers[88912]: DEBUG oslo.service.backend._threading.loopingcall [None req-952a9e1c-27d6-4afd-b912-57dd10d0cccd None None] Fixed interval looping call 'neutron.services.ovn_l3.plugin.L3_NAT_dbonly_mixin._clean_garbage' sleeping for 299.92 seconds {{(pid=88912) _run_loop /opt/stack/data/venv/lib/python3.12/site-packages/oslo_service/backend/_threading/loopingcall.py:125}}
May 26 10:11:14.241704 np0000001403 neutron-periodic-workers[88912]: DEBUG dbcounter [-] [88912] Writing DB stats neutron:SELECT=1 {{(pid=88912) stat_writer /opt/stack/data/venv/lib/python3.12/site-packages/dbcounter.py:115}}
May 26 10:11:22.293092 np0000001403 neutron-periodic-workers[88916]: DEBUG dbcounter [-] [88916] Writer thread running {{(pid=88916) stat_writer /opt/stack/data/venv/lib/python3.12/site-packages/dbcounter.py:102}}
May 26 10:11:22.301608 np0000001403 neutron-periodic-workers[88916]: DEBUG oslo.service.backend._threading.loopingcall [None req-913703b3-7fac-491f-bb9c-cc44a35925ef None None] Fixed interval looping call 'neutron.plugins.ml2.plugin.DhcpAgentSchedulerDbMixin.remove_networks_from_down_agents' sleeping for 36.93 seconds {{(pid=88916) _run_loop /opt/stack/data/venv/lib/python3.12/site-packages/oslo_service/backend/_threading/loopingcall.py:125}}
May 26 10:11:23.261658 np0000001403 neutron-periodic-workers[88926]: DEBUG dbcounter [-] [88926] Writing DB stats neutron:SELECT=1 {{(pid=88926) stat_writer /opt/stack/data/venv/lib/python3.12/site-packages/dbcounter.py:115}}
May 26 10:11:32.300494 np0000001403 neutron-periodic-workers[88916]: DEBUG dbcounter [-] [88916] Writing DB stats neutron:SELECT=3 {{(pid=88916) stat_writer /opt/stack/data/venv/lib/python3.12/site-packages/dbcounter.py:115}}
May 26 10:11:40.199384 np0000001403 neutron-periodic-workers[88926]: DEBUG neutron.db.agents_db [None req-4628cb57-9cc7-4d24-8a7e-00998a224e22 None None] Agent healthcheck: found 0 active agents {{(pid=88926) agent_health_check /opt/stack/neutron/neutron/db/agents_db.py:322}}
May 26 10:11:40.199384 np0000001403 neutron-periodic-workers[88926]: DEBUG oslo.service.backend._threading.loopingcall [None req-4628cb57-9cc7-4d24-8a7e-00998a224e22 None None] Fixed interval looping call 'neutron.plugins.ml2.plugin.AgentDbMixin.agent_health_check' sleeping for 37.00 seconds {{(pid=88926) _run_loop /opt/stack/data/venv/lib/python3.12/site-packages/oslo_service/backend/_threading/loopingcall.py:125}}
May 26 10:11:50.198203 np0000001403 neutron-periodic-workers[88926]: DEBUG dbcounter [-] [88926] Writing DB stats neutron:SELECT=1 {{(pid=88926) stat_writer /opt/stack/data/venv/lib/python3.12/site-packages/dbcounter.py:115}}
May 26 10:11:59.237434 np0000001403 neutron-periodic-workers[88916]: DEBUG oslo.service.backend._threading.loopingcall [None req-913703b3-7fac-491f-bb9c-cc44a35925ef None None] Fixed interval looping call 'neutron.plugins.ml2.plugin.DhcpAgentSchedulerDbMixin.remove_networks_from_down_agents' sleeping for 36.99 seconds {{(pid=88916) _run_loop /opt/stack/data/venv/lib/python3.12/site-packages/oslo_service/backend/_threading/loopingcall.py:125}}
May 26 10:12:09.236663 np0000001403 neutron-periodic-workers[88916]: DEBUG dbcounter [-] [88916] Writing DB stats neutron:SELECT=3 {{(pid=88916) stat_writer /opt/stack/data/venv/lib/python3.12/site-packages/dbcounter.py:115}}
May 26 10:12:11.257697 np0000001403 neutron-periodic-workers[88941]: DEBUG dbcounter [-] [88941] Writer thread running {{(pid=88941) stat_writer /opt/stack/data/venv/lib/python3.12/site-packages/dbcounter.py:102}}
May 26 10:12:11.259181 np0000001403 neutron-periodic-workers[88941]: DEBUG oslo.service.backend._threading.loopingcall [None req-f3af5214-44cb-4320-a49b-1d1e404a73d6 None None] Fixed interval looping call 'neutron.db.quota.driver_nolock.DbQuotaNoLockDriver._remove_expired_reservations' sleeping for 119.95 seconds {{(pid=88941) _run_loop /opt/stack/data/venv/lib/python3.12/site-packages/oslo_service/backend/_threading/loopingcall.py:125}}
May 26 10:12:17.202795 np0000001403 neutron-periodic-workers[88926]: DEBUG neutron.db.agents_db [None req-4628cb57-9cc7-4d24-8a7e-00998a224e22 None None] Agent healthcheck: found 0 active agents {{(pid=88926) agent_health_check /opt/stack/neutron/neutron/db/agents_db.py:322}}
May 26 10:12:17.203235 np0000001403 neutron-periodic-workers[88926]: DEBUG oslo.service.backend._threading.loopingcall [None req-4628cb57-9cc7-4d24-8a7e-00998a224e22 None None] Fixed interval looping call 'neutron.plugins.ml2.plugin.AgentDbMixin.agent_health_check' sleeping for 37.00 seconds {{(pid=88926) _run_loop /opt/stack/data/venv/lib/python3.12/site-packages/oslo_service/backend/_threading/loopingcall.py:125}}
May 26 10:12:27.201629 np0000001403 neutron-periodic-workers[88926]: DEBUG dbcounter [-] [88926] Writing DB stats neutron:SELECT=1 {{(pid=88926) stat_writer /opt/stack/data/venv/lib/python3.12/site-packages/dbcounter.py:115}}
May 26 10:12:31.258099 np0000001403 neutron-periodic-workers[88941]: DEBUG dbcounter [-] [88941] Writing DB stats neutron:DELETE=1 {{(pid=88941) stat_writer /opt/stack/data/venv/lib/python3.12/site-packages/dbcounter.py:115}}
May 26 10:12:36.236852 np0000001403 neutron-periodic-workers[88916]: DEBUG oslo.service.backend._threading.loopingcall [None req-913703b3-7fac-491f-bb9c-cc44a35925ef None None] Fixed interval looping call 'neutron.plugins.ml2.plugin.DhcpAgentSchedulerDbMixin.remove_networks_from_down_agents' sleeping for 36.99 seconds {{(pid=88916) _run_loop /opt/stack/data/venv/lib/python3.12/site-packages/oslo_service/backend/_threading/loopingcall.py:125}}
May 26 10:12:46.235930 np0000001403 neutron-periodic-workers[88916]: DEBUG dbcounter [-] [88916] Writing DB stats neutron:SELECT=3 {{(pid=88916) stat_writer /opt/stack/data/venv/lib/python3.12/site-packages/dbcounter.py:115}}
May 26 10:12:54.206630 np0000001403 neutron-periodic-workers[88926]: DEBUG neutron.db.agents_db [None req-4628cb57-9cc7-4d24-8a7e-00998a224e22 None None] Agent healthcheck: found 0 active agents {{(pid=88926) agent_health_check /opt/stack/neutron/neutron/db/agents_db.py:322}}
May 26 10:12:54.207022 np0000001403 neutron-periodic-workers[88926]: DEBUG oslo.service.backend._threading.loopingcall [None req-4628cb57-9cc7-4d24-8a7e-00998a224e22 None None] Fixed interval looping call 'neutron.plugins.ml2.plugin.AgentDbMixin.agent_health_check' sleeping for 37.00 seconds {{(pid=88926) _run_loop /opt/stack/data/venv/lib/python3.12/site-packages/oslo_service/backend/_threading/loopingcall.py:125}}
May 26 10:13:04.205361 np0000001403 neutron-periodic-workers[88926]: DEBUG dbcounter [-] [88926] Writing DB stats neutron:SELECT=1 {{(pid=88926) stat_writer /opt/stack/data/venv/lib/python3.12/site-packages/dbcounter.py:115}}
May 26 10:13:13.234953 np0000001403 neutron-periodic-workers[88916]: DEBUG oslo.service.backend._threading.loopingcall [None req-913703b3-7fac-491f-bb9c-cc44a35925ef None None] Fixed interval looping call 'neutron.plugins.ml2.plugin.DhcpAgentSchedulerDbMixin.remove_networks_from_down_agents' sleeping for 36.99 seconds {{(pid=88916) _run_loop /opt/stack/data/venv/lib/python3.12/site-packages/oslo_service/backend/_threading/loopingcall.py:125}}
May 26 10:13:23.234742 np0000001403 neutron-periodic-workers[88916]: DEBUG dbcounter [-] [88916] Writing DB stats neutron:SELECT=3 {{(pid=88916) stat_writer /opt/stack/data/venv/lib/python3.12/site-packages/dbcounter.py:115}}
May 26 10:13:31.211043 np0000001403 neutron-periodic-workers[88926]: DEBUG neutron.db.agents_db [None req-4628cb57-9cc7-4d24-8a7e-00998a224e22 None None] Agent healthcheck: found 0 active agents {{(pid=88926) agent_health_check /opt/stack/neutron/neutron/db/agents_db.py:322}}
May 26 10:13:31.211418 np0000001403 neutron-periodic-workers[88926]: DEBUG oslo.service.backend._threading.loopingcall [None req-4628cb57-9cc7-4d24-8a7e-00998a224e22 None None] Fixed interval looping call 'neutron.plugins.ml2.plugin.AgentDbMixin.agent_health_check' sleeping for 37.00 seconds {{(pid=88926) _run_loop /opt/stack/data/venv/lib/python3.12/site-packages/oslo_service/backend/_threading/loopingcall.py:125}}
May 26 10:13:41.209420 np0000001403 neutron-periodic-workers[88926]: DEBUG dbcounter [-] [88926] Writing DB stats neutron:SELECT=1 {{(pid=88926) stat_writer /opt/stack/data/venv/lib/python3.12/site-packages/dbcounter.py:115}}
May 26 10:13:50.231980 np0000001403 neutron-periodic-workers[88916]: DEBUG oslo.service.backend._threading.loopingcall [None req-913703b3-7fac-491f-bb9c-cc44a35925ef None None] Fixed interval looping call 'neutron.plugins.ml2.plugin.DhcpAgentSchedulerDbMixin.remove_networks_from_down_agents' sleeping for 36.99 seconds {{(pid=88916) _run_loop /opt/stack/data/venv/lib/python3.12/site-packages/oslo_service/backend/_threading/loopingcall.py:125}}
May 26 10:14:00.230980 np0000001403 neutron-periodic-workers[88916]: DEBUG dbcounter [-] [88916] Writing DB stats neutron:SELECT=3 {{(pid=88916) stat_writer /opt/stack/data/venv/lib/python3.12/site-packages/dbcounter.py:115}}
May 26 10:14:08.221872 np0000001403 neutron-periodic-workers[88926]: DEBUG neutron.db.agents_db [None req-4628cb57-9cc7-4d24-8a7e-00998a224e22 None None] Agent healthcheck: found 0 active agents {{(pid=88926) agent_health_check /opt/stack/neutron/neutron/db/agents_db.py:322}}
May 26 10:14:08.222689 np0000001403 neutron-periodic-workers[88926]: DEBUG oslo.service.backend._threading.loopingcall [None req-4628cb57-9cc7-4d24-8a7e-00998a224e22 None None] Fixed interval looping call 'neutron.plugins.ml2.plugin.AgentDbMixin.agent_health_check' sleeping for 36.99 seconds {{(pid=88926) _run_loop /opt/stack/data/venv/lib/python3.12/site-packages/oslo_service/backend/_threading/loopingcall.py:125}}
May 26 10:14:11.229520 np0000001403 neutron-periodic-workers[88941]: DEBUG oslo.service.backend._threading.loopingcall [None req-f3af5214-44cb-4320-a49b-1d1e404a73d6 None None] Fixed interval looping call 'neutron.db.quota.driver_nolock.DbQuotaNoLockDriver._remove_expired_reservations' sleeping for 119.98 seconds {{(pid=88941) _run_loop /opt/stack/data/venv/lib/python3.12/site-packages/oslo_service/backend/_threading/loopingcall.py:125}}
May 26 10:14:18.216977 np0000001403 neutron-periodic-workers[88926]: DEBUG dbcounter [-] [88926] Writing DB stats neutron:SELECT=1 {{(pid=88926) stat_writer /opt/stack/data/venv/lib/python3.12/site-packages/dbcounter.py:115}}
May 26 10:14:21.226701 np0000001403 neutron-periodic-workers[88941]: DEBUG dbcounter [-] [88941] Writing DB stats neutron:DELETE=1 {{(pid=88941) stat_writer /opt/stack/data/venv/lib/python3.12/site-packages/dbcounter.py:115}}
May 26 10:14:27.237874 np0000001403 neutron-periodic-workers[88916]: DEBUG oslo.service.backend._threading.loopingcall [None req-913703b3-7fac-491f-bb9c-cc44a35925ef None None] Fixed interval looping call 'neutron.plugins.ml2.plugin.DhcpAgentSchedulerDbMixin.remove_networks_from_down_agents' sleeping for 36.98 seconds {{(pid=88916) _run_loop /opt/stack/data/venv/lib/python3.12/site-packages/oslo_service/backend/_threading/loopingcall.py:125}}
May 26 10:14:37.235729 np0000001403 neutron-periodic-workers[88916]: DEBUG dbcounter [-] [88916] Writing DB stats neutron:SELECT=3 {{(pid=88916) stat_writer /opt/stack/data/venv/lib/python3.12/site-packages/dbcounter.py:115}}
May 26 10:14:45.217291 np0000001403 neutron-periodic-workers[88926]: DEBUG neutron.db.agents_db [None req-4628cb57-9cc7-4d24-8a7e-00998a224e22 None None] Agent healthcheck: found 0 active agents {{(pid=88926) agent_health_check /opt/stack/neutron/neutron/db/agents_db.py:322}}
May 26 10:14:45.218013 np0000001403 neutron-periodic-workers[88926]: DEBUG oslo.service.backend._threading.loopingcall [None req-4628cb57-9cc7-4d24-8a7e-00998a224e22 None None] Fixed interval looping call 'neutron.plugins.ml2.plugin.AgentDbMixin.agent_health_check' sleeping for 37.00 seconds {{(pid=88926) _run_loop /opt/stack/data/venv/lib/python3.12/site-packages/oslo_service/backend/_threading/loopingcall.py:125}}
May 26 10:14:55.216080 np0000001403 neutron-periodic-workers[88926]: DEBUG dbcounter [-] [88926] Writing DB stats neutron:SELECT=1 {{(pid=88926) stat_writer /opt/stack/data/venv/lib/python3.12/site-packages/dbcounter.py:115}}
May 26 10:15:04.231031 np0000001403 neutron-periodic-workers[88916]: DEBUG oslo.service.backend._threading.loopingcall [None req-913703b3-7fac-491f-bb9c-cc44a35925ef None None] Fixed interval looping call 'neutron.plugins.ml2.plugin.DhcpAgentSchedulerDbMixin.remove_networks_from_down_agents' sleeping for 36.99 seconds {{(pid=88916) _run_loop /opt/stack/data/venv/lib/python3.12/site-packages/oslo_service/backend/_threading/loopingcall.py:125}}
May 26 10:15:14.231664 np0000001403 neutron-periodic-workers[88916]: DEBUG dbcounter [-] [88916] Writing DB stats neutron:SELECT=3 {{(pid=88916) stat_writer /opt/stack/data/venv/lib/python3.12/site-packages/dbcounter.py:115}}
May 26 10:15:22.231004 np0000001403 neutron-periodic-workers[88926]: DEBUG neutron.db.agents_db [None req-4628cb57-9cc7-4d24-8a7e-00998a224e22 None None] Agent healthcheck: found 0 active agents {{(pid=88926) agent_health_check /opt/stack/neutron/neutron/db/agents_db.py:322}}
May 26 10:15:22.233223 np0000001403 neutron-periodic-workers[88926]: DEBUG oslo.service.backend._threading.loopingcall [None req-4628cb57-9cc7-4d24-8a7e-00998a224e22 None None] Fixed interval looping call 'neutron.plugins.ml2.plugin.AgentDbMixin.agent_health_check' sleeping for 36.99 seconds {{(pid=88926) _run_loop /opt/stack/data/venv/lib/python3.12/site-packages/oslo_service/backend/_threading/loopingcall.py:125}}
May 26 10:15:32.228095 np0000001403 neutron-periodic-workers[88926]: DEBUG dbcounter [-] [88926] Writing DB stats neutron:SELECT=1 {{(pid=88926) stat_writer /opt/stack/data/venv/lib/python3.12/site-packages/dbcounter.py:115}}
May 26 10:15:41.228546 np0000001403 neutron-periodic-workers[88916]: DEBUG oslo.service.backend._threading.loopingcall [None req-913703b3-7fac-491f-bb9c-cc44a35925ef None None] Fixed interval looping call 'neutron.plugins.ml2.plugin.DhcpAgentSchedulerDbMixin.remove_networks_from_down_agents' sleeping for 36.99 seconds {{(pid=88916) _run_loop /opt/stack/data/venv/lib/python3.12/site-packages/oslo_service/backend/_threading/loopingcall.py:125}}
May 26 10:15:51.226177 np0000001403 neutron-periodic-workers[88916]: DEBUG dbcounter [-] [88916] Writing DB stats neutron:SELECT=3 {{(pid=88916) stat_writer /opt/stack/data/venv/lib/python3.12/site-packages/dbcounter.py:115}}
May 26 10:15:59.225685 np0000001403 neutron-periodic-workers[88926]: DEBUG neutron.db.agents_db [None req-4628cb57-9cc7-4d24-8a7e-00998a224e22 None None] Agent healthcheck: found 0 active agents {{(pid=88926) agent_health_check /opt/stack/neutron/neutron/db/agents_db.py:322}}
May 26 10:15:59.226101 np0000001403 neutron-periodic-workers[88926]: DEBUG oslo.service.backend._threading.loopingcall [None req-4628cb57-9cc7-4d24-8a7e-00998a224e22 None None] Fixed interval looping call 'neutron.plugins.ml2.plugin.AgentDbMixin.agent_health_check' sleeping for 37.00 seconds {{(pid=88926) _run_loop /opt/stack/data/venv/lib/python3.12/site-packages/oslo_service/backend/_threading/loopingcall.py:125}}
May 26 10:16:04.184616 np0000001403 neutron-periodic-workers[88912]: DEBUG oslo.service.backend._threading.loopingcall [None req-952a9e1c-27d6-4afd-b912-57dd10d0cccd None None] Fixed interval looping call 'neutron.services.ovn_l3.plugin.L3_NAT_dbonly_mixin._clean_garbage' sleeping for 299.99 seconds {{(pid=88912) _run_loop /opt/stack/data/venv/lib/python3.12/site-packages/oslo_service/backend/_threading/loopingcall.py:125}}
May 26 10:16:09.224098 np0000001403 neutron-periodic-workers[88926]: DEBUG dbcounter [-] [88926] Writing DB stats neutron:SELECT=1 {{(pid=88926) stat_writer /opt/stack/data/venv/lib/python3.12/site-packages/dbcounter.py:115}}
May 26 10:16:11.218606 np0000001403 neutron-periodic-workers[88941]: DEBUG oslo.service.backend._threading.loopingcall [None req-f3af5214-44cb-4320-a49b-1d1e404a73d6 None None] Fixed interval looping call 'neutron.db.quota.driver_nolock.DbQuotaNoLockDriver._remove_expired_reservations' sleeping for 119.99 seconds {{(pid=88941) _run_loop /opt/stack/data/venv/lib/python3.12/site-packages/oslo_service/backend/_threading/loopingcall.py:125}}
May 26 10:16:14.177339 np0000001403 neutron-periodic-workers[88912]: DEBUG dbcounter [-] [88912] Writing DB stats neutron:SELECT=1 {{(pid=88912) stat_writer /opt/stack/data/venv/lib/python3.12/site-packages/dbcounter.py:115}}
May 26 10:16:18.228753 np0000001403 neutron-periodic-workers[88916]: DEBUG oslo.service.backend._threading.loopingcall [None req-913703b3-7fac-491f-bb9c-cc44a35925ef None None] Fixed interval looping call 'neutron.plugins.ml2.plugin.DhcpAgentSchedulerDbMixin.remove_networks_from_down_agents' sleeping for 36.99 seconds {{(pid=88916) _run_loop /opt/stack/data/venv/lib/python3.12/site-packages/oslo_service/backend/_threading/loopingcall.py:125}}
May 26 10:16:21.216399 np0000001403 neutron-periodic-workers[88941]: DEBUG dbcounter [-] [88941] Writing DB stats neutron:DELETE=1 {{(pid=88941) stat_writer /opt/stack/data/venv/lib/python3.12/site-packages/dbcounter.py:115}}
May 26 10:16:28.226872 np0000001403 neutron-periodic-workers[88916]: DEBUG dbcounter [-] [88916] Writing DB stats neutron:SELECT=3 {{(pid=88916) stat_writer /opt/stack/data/venv/lib/python3.12/site-packages/dbcounter.py:115}}
May 26 10:16:36.234305 np0000001403 neutron-periodic-workers[88926]: DEBUG neutron.db.agents_db [None req-4628cb57-9cc7-4d24-8a7e-00998a224e22 None None] Agent healthcheck: found 0 active agents {{(pid=88926) agent_health_check /opt/stack/neutron/neutron/db/agents_db.py:322}}
May 26 10:16:36.235867 np0000001403 neutron-periodic-workers[88926]: DEBUG oslo.service.backend._threading.loopingcall [None req-4628cb57-9cc7-4d24-8a7e-00998a224e22 None None] Fixed interval looping call 'neutron.plugins.ml2.plugin.AgentDbMixin.agent_health_check' sleeping for 36.99 seconds {{(pid=88926) _run_loop /opt/stack/data/venv/lib/python3.12/site-packages/oslo_service/backend/_threading/loopingcall.py:125}}
May 26 10:16:46.232481 np0000001403 neutron-periodic-workers[88926]: DEBUG dbcounter [-] [88926] Writing DB stats neutron:SELECT=1 {{(pid=88926) stat_writer /opt/stack/data/venv/lib/python3.12/site-packages/dbcounter.py:115}}
May 26 10:16:55.234544 np0000001403 neutron-periodic-workers[88916]: DEBUG oslo.service.backend._threading.loopingcall [None req-913703b3-7fac-491f-bb9c-cc44a35925ef None None] Fixed interval looping call 'neutron.plugins.ml2.plugin.DhcpAgentSchedulerDbMixin.remove_networks_from_down_agents' sleeping for 36.99 seconds {{(pid=88916) _run_loop /opt/stack/data/venv/lib/python3.12/site-packages/oslo_service/backend/_threading/loopingcall.py:125}}
May 26 10:17:05.230757 np0000001403 neutron-periodic-workers[88916]: DEBUG dbcounter [-] [88916] Writing DB stats neutron:SELECT=3 {{(pid=88916) stat_writer /opt/stack/data/venv/lib/python3.12/site-packages/dbcounter.py:115}}
May 26 10:17:13.229507 np0000001403 neutron-periodic-workers[88926]: DEBUG neutron.db.agents_db [None req-4628cb57-9cc7-4d24-8a7e-00998a224e22 None None] Agent healthcheck: found 0 active agents {{(pid=88926) agent_health_check /opt/stack/neutron/neutron/db/agents_db.py:322}}
May 26 10:17:13.230119 np0000001403 neutron-periodic-workers[88926]: DEBUG oslo.service.backend._threading.loopingcall [None req-4628cb57-9cc7-4d24-8a7e-00998a224e22 None None] Fixed interval looping call 'neutron.plugins.ml2.plugin.AgentDbMixin.agent_health_check' sleeping for 37.00 seconds {{(pid=88926) _run_loop /opt/stack/data/venv/lib/python3.12/site-packages/oslo_service/backend/_threading/loopingcall.py:125}}
May 26 10:17:23.228024 np0000001403 neutron-periodic-workers[88926]: DEBUG dbcounter [-] [88926] Writing DB stats neutron:SELECT=1 {{(pid=88926) stat_writer /opt/stack/data/venv/lib/python3.12/site-packages/dbcounter.py:115}}
May 26 10:17:32.236092 np0000001403 neutron-periodic-workers[88916]: DEBUG oslo.service.backend._threading.loopingcall [None req-913703b3-7fac-491f-bb9c-cc44a35925ef None None] Fixed interval looping call 'neutron.plugins.ml2.plugin.DhcpAgentSchedulerDbMixin.remove_networks_from_down_agents' sleeping for 36.99 seconds {{(pid=88916) _run_loop /opt/stack/data/venv/lib/python3.12/site-packages/oslo_service/backend/_threading/loopingcall.py:125}}
May 26 10:17:42.234977 np0000001403 neutron-periodic-workers[88916]: DEBUG dbcounter [-] [88916] Writing DB stats neutron:SELECT=3 {{(pid=88916) stat_writer /opt/stack/data/venv/lib/python3.12/site-packages/dbcounter.py:115}}
May 26 10:17:50.239062 np0000001403 neutron-periodic-workers[88926]: DEBUG neutron.db.agents_db [None req-4628cb57-9cc7-4d24-8a7e-00998a224e22 None None] Agent healthcheck: found 0 active agents {{(pid=88926) agent_health_check /opt/stack/neutron/neutron/db/agents_db.py:322}}
May 26 10:17:50.239705 np0000001403 neutron-periodic-workers[88926]: DEBUG oslo.service.backend._threading.loopingcall [None req-4628cb57-9cc7-4d24-8a7e-00998a224e22 None None] Fixed interval looping call 'neutron.plugins.ml2.plugin.AgentDbMixin.agent_health_check' sleeping for 36.99 seconds {{(pid=88926) _run_loop /opt/stack/data/venv/lib/python3.12/site-packages/oslo_service/backend/_threading/loopingcall.py:125}}
May 26 10:18:00.236622 np0000001403 neutron-periodic-workers[88926]: DEBUG dbcounter [-] [88926] Writing DB stats neutron:SELECT=1 {{(pid=88926) stat_writer /opt/stack/data/venv/lib/python3.12/site-packages/dbcounter.py:115}}
May 26 10:18:09.236905 np0000001403 neutron-periodic-workers[88916]: DEBUG oslo.service.backend._threading.loopingcall [None req-913703b3-7fac-491f-bb9c-cc44a35925ef None None] Fixed interval looping call 'neutron.plugins.ml2.plugin.DhcpAgentSchedulerDbMixin.remove_networks_from_down_agents' sleeping for 36.99 seconds {{(pid=88916) _run_loop /opt/stack/data/venv/lib/python3.12/site-packages/oslo_service/backend/_threading/loopingcall.py:125}}
May 26 10:18:11.211755 np0000001403 neutron-periodic-workers[88941]: DEBUG oslo.service.backend._threading.loopingcall [None req-f3af5214-44cb-4320-a49b-1d1e404a73d6 None None] Fixed interval looping call 'neutron.db.quota.driver_nolock.DbQuotaNoLockDriver._remove_expired_reservations' sleeping for 120.00 seconds {{(pid=88941) _run_loop /opt/stack/data/venv/lib/python3.12/site-packages/oslo_service/backend/_threading/loopingcall.py:125}}
May 26 10:18:19.235295 np0000001403 neutron-periodic-workers[88916]: DEBUG dbcounter [-] [88916] Writing DB stats neutron:SELECT=3 {{(pid=88916) stat_writer /opt/stack/data/venv/lib/python3.12/site-packages/dbcounter.py:115}}
May 26 10:18:21.211394 np0000001403 neutron-periodic-workers[88941]: DEBUG dbcounter [-] [88941] Writing DB stats neutron:DELETE=1 {{(pid=88941) stat_writer /opt/stack/data/venv/lib/python3.12/site-packages/dbcounter.py:115}}
May 26 10:18:27.234560 np0000001403 neutron-periodic-workers[88926]: DEBUG neutron.db.agents_db [None req-4628cb57-9cc7-4d24-8a7e-00998a224e22 None None] Agent healthcheck: found 0 active agents {{(pid=88926) agent_health_check /opt/stack/neutron/neutron/db/agents_db.py:322}}
May 26 10:18:27.235072 np0000001403 neutron-periodic-workers[88926]: DEBUG oslo.service.backend._threading.loopingcall [None req-4628cb57-9cc7-4d24-8a7e-00998a224e22 None None] Fixed interval looping call 'neutron.plugins.ml2.plugin.AgentDbMixin.agent_health_check' sleeping for 36.99 seconds {{(pid=88926) _run_loop /opt/stack/data/venv/lib/python3.12/site-packages/oslo_service/backend/_threading/loopingcall.py:125}}
May 26 10:18:37.231610 np0000001403 neutron-periodic-workers[88926]: DEBUG dbcounter [-] [88926] Writing DB stats neutron:SELECT=1 {{(pid=88926) stat_writer /opt/stack/data/venv/lib/python3.12/site-packages/dbcounter.py:115}}
May 26 10:18:46.240635 np0000001403 neutron-periodic-workers[88916]: DEBUG oslo.service.backend._threading.loopingcall [None req-913703b3-7fac-491f-bb9c-cc44a35925ef None None] Fixed interval looping call 'neutron.plugins.ml2.plugin.DhcpAgentSchedulerDbMixin.remove_networks_from_down_agents' sleeping for 36.99 seconds {{(pid=88916) _run_loop /opt/stack/data/venv/lib/python3.12/site-packages/oslo_service/backend/_threading/loopingcall.py:125}}
May 26 10:18:56.240089 np0000001403 neutron-periodic-workers[88916]: DEBUG dbcounter [-] [88916] Writing DB stats neutron:SELECT=3 {{(pid=88916) stat_writer /opt/stack/data/venv/lib/python3.12/site-packages/dbcounter.py:115}}
May 26 10:19:04.231706 np0000001403 neutron-periodic-workers[88926]: DEBUG neutron.db.agents_db [None req-4628cb57-9cc7-4d24-8a7e-00998a224e22 None None] Agent healthcheck: found 0 active agents {{(pid=88926) agent_health_check /opt/stack/neutron/neutron/db/agents_db.py:322}}
May 26 10:19:04.231706 np0000001403 neutron-periodic-workers[88926]: DEBUG oslo.service.backend._threading.loopingcall [None req-4628cb57-9cc7-4d24-8a7e-00998a224e22 None None] Fixed interval looping call 'neutron.plugins.ml2.plugin.AgentDbMixin.agent_health_check' sleeping for 37.00 seconds {{(pid=88926) _run_loop /opt/stack/data/venv/lib/python3.12/site-packages/oslo_service/backend/_threading/loopingcall.py:125}}
May 26 10:19:14.230371 np0000001403 neutron-periodic-workers[88926]: DEBUG dbcounter [-] [88926] Writing DB stats neutron:SELECT=1 {{(pid=88926) stat_writer /opt/stack/data/venv/lib/python3.12/site-packages/dbcounter.py:115}}
May 26 10:19:23.247432 np0000001403 neutron-periodic-workers[88916]: DEBUG oslo.service.backend._threading.loopingcall [None req-913703b3-7fac-491f-bb9c-cc44a35925ef None None] Fixed interval looping call 'neutron.plugins.ml2.plugin.DhcpAgentSchedulerDbMixin.remove_networks_from_down_agents' sleeping for 36.98 seconds {{(pid=88916) _run_loop /opt/stack/data/venv/lib/python3.12/site-packages/oslo_service/backend/_threading/loopingcall.py:125}}
May 26 10:19:33.245922 np0000001403 neutron-periodic-workers[88916]: DEBUG dbcounter [-] [88916] Writing DB stats neutron:SELECT=3 {{(pid=88916) stat_writer /opt/stack/data/venv/lib/python3.12/site-packages/dbcounter.py:115}}
May 26 10:19:41.238174 np0000001403 neutron-periodic-workers[88926]: DEBUG neutron.db.agents_db [None req-4628cb57-9cc7-4d24-8a7e-00998a224e22 None None] Agent healthcheck: found 0 active agents {{(pid=88926) agent_health_check /opt/stack/neutron/neutron/db/agents_db.py:322}}
May 26 10:19:41.238583 np0000001403 neutron-periodic-workers[88926]: DEBUG oslo.service.backend._threading.loopingcall [None req-4628cb57-9cc7-4d24-8a7e-00998a224e22 None None] Fixed interval looping call 'neutron.plugins.ml2.plugin.AgentDbMixin.agent_health_check' sleeping for 36.99 seconds {{(pid=88926) _run_loop /opt/stack/data/venv/lib/python3.12/site-packages/oslo_service/backend/_threading/loopingcall.py:125}}
May 26 10:19:52.193268 np0000001403 neutron-periodic-workers[88926]: DEBUG dbcounter [-] [88926] Writing DB stats neutron:SELECT=1 {{(pid=88926) stat_writer /opt/stack/data/venv/lib/python3.12/site-packages/dbcounter.py:115}}
May 26 10:20:00.234445 np0000001403 neutron-periodic-workers[88916]: DEBUG oslo.service.backend._threading.loopingcall [None req-913703b3-7fac-491f-bb9c-cc44a35925ef None None] Fixed interval looping call 'neutron.plugins.ml2.plugin.DhcpAgentSchedulerDbMixin.remove_networks_from_down_agents' sleeping for 36.99 seconds {{(pid=88916) _run_loop /opt/stack/data/venv/lib/python3.12/site-packages/oslo_service/backend/_threading/loopingcall.py:125}}
May 26 10:20:10.233466 np0000001403 neutron-periodic-workers[88916]: DEBUG dbcounter [-] [88916] Writing DB stats neutron:SELECT=3 {{(pid=88916) stat_writer /opt/stack/data/venv/lib/python3.12/site-packages/dbcounter.py:115}}
May 26 10:20:11.215096 np0000001403 neutron-periodic-workers[88941]: DEBUG oslo.service.backend._threading.loopingcall [None req-f3af5214-44cb-4320-a49b-1d1e404a73d6 None None] Fixed interval looping call 'neutron.db.quota.driver_nolock.DbQuotaNoLockDriver._remove_expired_reservations' sleeping for 120.00 seconds {{(pid=88941) _run_loop /opt/stack/data/venv/lib/python3.12/site-packages/oslo_service/backend/_threading/loopingcall.py:125}}
May 26 10:20:18.238398 np0000001403 neutron-periodic-workers[88926]: DEBUG neutron.db.agents_db [None req-4628cb57-9cc7-4d24-8a7e-00998a224e22 None None] Agent healthcheck: found 0 active agents {{(pid=88926) agent_health_check /opt/stack/neutron/neutron/db/agents_db.py:322}}
May 26 10:20:18.238398 np0000001403 neutron-periodic-workers[88926]: DEBUG oslo.service.backend._threading.loopingcall [None req-4628cb57-9cc7-4d24-8a7e-00998a224e22 None None] Fixed interval looping call 'neutron.plugins.ml2.plugin.AgentDbMixin.agent_health_check' sleeping for 36.99 seconds {{(pid=88926) _run_loop /opt/stack/data/venv/lib/python3.12/site-packages/oslo_service/backend/_threading/loopingcall.py:125}}
May 26 10:20:21.216612 np0000001403 neutron-periodic-workers[88941]: DEBUG dbcounter [-] [88941] Writing DB stats neutron:DELETE=1 {{(pid=88941) stat_writer /opt/stack/data/venv/lib/python3.12/site-packages/dbcounter.py:115}}
May 26 10:20:28.231151 np0000001403 neutron-periodic-workers[88926]: DEBUG dbcounter [-] [88926] Writing DB stats neutron:SELECT=1 {{(pid=88926) stat_writer /opt/stack/data/venv/lib/python3.12/site-packages/dbcounter.py:115}}
May 26 10:20:37.238821 np0000001403 neutron-periodic-workers[88916]: DEBUG oslo.service.backend._threading.loopingcall [None req-913703b3-7fac-491f-bb9c-cc44a35925ef None None] Fixed interval looping call 'neutron.plugins.ml2.plugin.DhcpAgentSchedulerDbMixin.remove_networks_from_down_agents' sleeping for 36.99 seconds {{(pid=88916) _run_loop /opt/stack/data/venv/lib/python3.12/site-packages/oslo_service/backend/_threading/loopingcall.py:125}}
May 26 10:20:47.235961 np0000001403 neutron-periodic-workers[88916]: DEBUG dbcounter [-] [88916] Writing DB stats neutron:SELECT=3 {{(pid=88916) stat_writer /opt/stack/data/venv/lib/python3.12/site-packages/dbcounter.py:115}}
May 26 10:20:55.232309 np0000001403 neutron-periodic-workers[88926]: DEBUG neutron.db.agents_db [None req-4628cb57-9cc7-4d24-8a7e-00998a224e22 None None] Agent healthcheck: found 0 active agents {{(pid=88926) agent_health_check /opt/stack/neutron/neutron/db/agents_db.py:322}}
May 26 10:20:55.232639 np0000001403 neutron-periodic-workers[88926]: DEBUG oslo.service.backend._threading.loopingcall [None req-4628cb57-9cc7-4d24-8a7e-00998a224e22 None None] Fixed interval looping call 'neutron.plugins.ml2.plugin.AgentDbMixin.agent_health_check' sleeping for 37.00 seconds {{(pid=88926) _run_loop /opt/stack/data/venv/lib/python3.12/site-packages/oslo_service/backend/_threading/loopingcall.py:125}}
May 26 10:21:04.189738 np0000001403 neutron-periodic-workers[88912]: DEBUG oslo.service.backend._threading.loopingcall [None req-952a9e1c-27d6-4afd-b912-57dd10d0cccd None None] Fixed interval looping call 'neutron.services.ovn_l3.plugin.L3_NAT_dbonly_mixin._clean_garbage' sleeping for 299.99 seconds {{(pid=88912) _run_loop /opt/stack/data/venv/lib/python3.12/site-packages/oslo_service/backend/_threading/loopingcall.py:125}}
May 26 10:21:05.230968 np0000001403 neutron-periodic-workers[88926]: DEBUG dbcounter [-] [88926] Writing DB stats neutron:SELECT=1 {{(pid=88926) stat_writer /opt/stack/data/venv/lib/python3.12/site-packages/dbcounter.py:115}}
May 26 10:21:14.181854 np0000001403 neutron-periodic-workers[88912]: DEBUG dbcounter [-] [88912] Writing DB stats neutron:SELECT=1 {{(pid=88912) stat_writer /opt/stack/data/venv/lib/python3.12/site-packages/dbcounter.py:115}}
May 26 10:21:14.245043 np0000001403 neutron-periodic-workers[88916]: DEBUG oslo.service.backend._threading.loopingcall [None req-913703b3-7fac-491f-bb9c-cc44a35925ef None None] Fixed interval looping call 'neutron.plugins.ml2.plugin.DhcpAgentSchedulerDbMixin.remove_networks_from_down_agents' sleeping for 36.98 seconds {{(pid=88916) _run_loop /opt/stack/data/venv/lib/python3.12/site-packages/oslo_service/backend/_threading/loopingcall.py:125}}
May 26 10:21:24.243822 np0000001403 neutron-periodic-workers[88916]: DEBUG dbcounter [-] [88916] Writing DB stats neutron:SELECT=3 {{(pid=88916) stat_writer /opt/stack/data/venv/lib/python3.12/site-packages/dbcounter.py:115}}
May 26 10:21:32.235785 np0000001403 neutron-periodic-workers[88926]: DEBUG neutron.db.agents_db [None req-4628cb57-9cc7-4d24-8a7e-00998a224e22 None None] Agent healthcheck: found 0 active agents {{(pid=88926) agent_health_check /opt/stack/neutron/neutron/db/agents_db.py:322}}
May 26 10:21:32.236176 np0000001403 neutron-periodic-workers[88926]: DEBUG oslo.service.backend._threading.loopingcall [None req-4628cb57-9cc7-4d24-8a7e-00998a224e22 None None] Fixed interval looping call 'neutron.plugins.ml2.plugin.AgentDbMixin.agent_health_check' sleeping for 37.00 seconds {{(pid=88926) _run_loop /opt/stack/data/venv/lib/python3.12/site-packages/oslo_service/backend/_threading/loopingcall.py:125}}
May 26 10:21:42.235647 np0000001403 neutron-periodic-workers[88926]: DEBUG dbcounter [-] [88926] Writing DB stats neutron:SELECT=1 {{(pid=88926) stat_writer /opt/stack/data/venv/lib/python3.12/site-packages/dbcounter.py:115}}
May 26 10:21:51.235817 np0000001403 neutron-periodic-workers[88916]: DEBUG oslo.service.backend._threading.loopingcall [None req-913703b3-7fac-491f-bb9c-cc44a35925ef None None] Fixed interval looping call 'neutron.plugins.ml2.plugin.DhcpAgentSchedulerDbMixin.remove_networks_from_down_agents' sleeping for 36.99 seconds {{(pid=88916) _run_loop /opt/stack/data/venv/lib/python3.12/site-packages/oslo_service/backend/_threading/loopingcall.py:125}}
May 26 10:22:01.234270 np0000001403 neutron-periodic-workers[88916]: DEBUG dbcounter [-] [88916] Writing DB stats neutron:SELECT=3 {{(pid=88916) stat_writer /opt/stack/data/venv/lib/python3.12/site-packages/dbcounter.py:115}}
May 26 10:22:09.241359 np0000001403 neutron-periodic-workers[88926]: DEBUG neutron.db.agents_db [None req-4628cb57-9cc7-4d24-8a7e-00998a224e22 None None] Agent healthcheck: found 0 active agents {{(pid=88926) agent_health_check /opt/stack/neutron/neutron/db/agents_db.py:322}}
May 26 10:22:09.242393 np0000001403 neutron-periodic-workers[88926]: DEBUG oslo.service.backend._threading.loopingcall [None req-4628cb57-9cc7-4d24-8a7e-00998a224e22 None None] Fixed interval looping call 'neutron.plugins.ml2.plugin.AgentDbMixin.agent_health_check' sleeping for 37.00 seconds {{(pid=88926) _run_loop /opt/stack/data/venv/lib/python3.12/site-packages/oslo_service/backend/_threading/loopingcall.py:125}}
May 26 10:22:11.224484 np0000001403 neutron-periodic-workers[88941]: DEBUG oslo.service.backend._threading.loopingcall [None req-f3af5214-44cb-4320-a49b-1d1e404a73d6 None None] Fixed interval looping call 'neutron.db.quota.driver_nolock.DbQuotaNoLockDriver._remove_expired_reservations' sleeping for 119.99 seconds {{(pid=88941) _run_loop /opt/stack/data/venv/lib/python3.12/site-packages/oslo_service/backend/_threading/loopingcall.py:125}}
May 26 10:22:19.240224 np0000001403 neutron-periodic-workers[88926]: DEBUG dbcounter [-] [88926] Writing DB stats neutron:SELECT=1 {{(pid=88926) stat_writer /opt/stack/data/venv/lib/python3.12/site-packages/dbcounter.py:115}}
May 26 10:22:21.222577 np0000001403 neutron-periodic-workers[88941]: DEBUG dbcounter [-] [88941] Writing DB stats neutron:DELETE=1 {{(pid=88941) stat_writer /opt/stack/data/venv/lib/python3.12/site-packages/dbcounter.py:115}}
May 26 10:22:28.236412 np0000001403 neutron-periodic-workers[88916]: DEBUG oslo.service.backend._threading.loopingcall [None req-913703b3-7fac-491f-bb9c-cc44a35925ef None None] Fixed interval looping call 'neutron.plugins.ml2.plugin.DhcpAgentSchedulerDbMixin.remove_networks_from_down_agents' sleeping for 36.99 seconds {{(pid=88916) _run_loop /opt/stack/data/venv/lib/python3.12/site-packages/oslo_service/backend/_threading/loopingcall.py:125}}
May 26 10:22:38.234468 np0000001403 neutron-periodic-workers[88916]: DEBUG dbcounter [-] [88916] Writing DB stats neutron:SELECT=3 {{(pid=88916) stat_writer /opt/stack/data/venv/lib/python3.12/site-packages/dbcounter.py:115}}
