Jul 07 01:26:02.186043 np0000004694 systemd[1]: Starting devstack@n-api-meta.service - Devstack devstack@n-api-meta.service...
Jul 07 01:26:02.191359 np0000004694 devstack@n-api-meta.service[95665]: [uWSGI] getting INI configuration from /etc/nova/nova-metadata-uwsgi.ini
Jul 07 01:26:02.193562 np0000004694 devstack@n-api-meta.service[95665]: *** Starting uWSGI 2.0.24-debian (64bit) on [Tue Jul 7 01:26:02 2026] ***
Jul 07 01:26:02.193562 np0000004694 devstack@n-api-meta.service[95665]: compiled with version: 13.2.0 on 17 April 2024 16:23:48
Jul 07 01:26:02.193562 np0000004694 devstack@n-api-meta.service[95665]: os: Linux-6.8.0-100-generic #100-Ubuntu SMP PREEMPT_DYNAMIC Tue Jan 13 16:40:06 UTC 2026
Jul 07 01:26:02.193562 np0000004694 devstack@n-api-meta.service[95665]: nodename: np0000004694
Jul 07 01:26:02.193562 np0000004694 devstack@n-api-meta.service[95665]: machine: x86_64
Jul 07 01:26:02.193562 np0000004694 devstack@n-api-meta.service[95665]: clock source: unix
Jul 07 01:26:02.193562 np0000004694 devstack@n-api-meta.service[95665]: pcre jit disabled
Jul 07 01:26:02.193562 np0000004694 devstack@n-api-meta.service[95665]: detected number of CPU cores: 16
Jul 07 01:26:02.193562 np0000004694 devstack@n-api-meta.service[95665]: current working directory: /
Jul 07 01:26:02.193562 np0000004694 devstack@n-api-meta.service[95665]: detected binary path: /usr/bin/uwsgi-core
Jul 07 01:26:02.193562 np0000004694 devstack@n-api-meta.service[95665]: your processes number limit is 257052
Jul 07 01:26:02.193562 np0000004694 devstack@n-api-meta.service[95665]: your memory page size is 4096 bytes
Jul 07 01:26:02.193971 np0000004694 devstack@n-api-meta.service[95665]: detected max file descriptor number: 2048
Jul 07 01:26:02.193971 np0000004694 devstack@n-api-meta.service[95665]: lock engine: pthread robust mutexes
Jul 07 01:26:02.193971 np0000004694 devstack@n-api-meta.service[95665]: thunder lock: enabled
Jul 07 01:26:02.193971 np0000004694 devstack@n-api-meta.service[95665]: uWSGI http bound on 0.0.0.0:8775 fd 5
Jul 07 01:26:02.194136 np0000004694 devstack@n-api-meta.service[95665]: uwsgi socket 0 bound to TCP address 127.0.0.1:37155 (port auto-assigned) fd 4
Jul 07 01:26:02.194136 np0000004694 devstack@n-api-meta.service[95665]: Python version: 3.12.3 (main, Jun 19 2026, 12:46:00) [GCC 13.3.0]
Jul 07 01:26:02.194136 np0000004694 devstack@n-api-meta.service[95665]: PEP 405 virtualenv detected: /opt/stack/data/venv
Jul 07 01:26:02.194136 np0000004694 devstack@n-api-meta.service[95665]: Set PythonHome to /opt/stack/data/venv
Jul 07 01:26:02.228448 np0000004694 devstack@n-api-meta.service[95665]: Python main interpreter initialized at 0x72586c2a4668
Jul 07 01:26:02.228448 np0000004694 devstack@n-api-meta.service[95665]: python threads support enabled
Jul 07 01:26:02.228448 np0000004694 devstack@n-api-meta.service[95665]: your server socket listen backlog is limited to 100 connections
Jul 07 01:26:02.228448 np0000004694 devstack@n-api-meta.service[95665]: your mercy for graceful operations on workers is 80 seconds
Jul 07 01:26:02.229154 np0000004694 devstack@n-api-meta.service[95665]: mapped 671795 bytes (656 KB) for 4 cores
Jul 07 01:26:02.229311 np0000004694 devstack@n-api-meta.service[95665]: *** Operational MODE: preforking ***
Jul 07 01:26:02.229540 np0000004694 devstack@n-api-meta.service[95665]: *** uWSGI is running in multiple interpreter mode ***
Jul 07 01:26:02.229540 np0000004694 devstack@n-api-meta.service[95665]: spawned uWSGI master process (pid: 95665)
Jul 07 01:26:02.229697 np0000004694 systemd[1]: Started devstack@n-api-meta.service - Devstack devstack@n-api-meta.service.
Jul 07 01:26:02.230252 np0000004694 devstack@n-api-meta.service[95665]: spawned uWSGI worker 1 (pid: 95666, cores: 1)
Jul 07 01:26:02.230822 np0000004694 devstack@n-api-meta.service[95665]: spawned uWSGI worker 2 (pid: 95667, cores: 1)
Jul 07 01:26:02.231343 np0000004694 devstack@n-api-meta.service[95665]: spawned uWSGI worker 3 (pid: 95668, cores: 1)
Jul 07 01:26:02.231961 np0000004694 devstack@n-api-meta.service[95665]: spawned uWSGI worker 4 (pid: 95669, cores: 1)
Jul 07 01:26:02.232386 np0000004694 devstack@n-api-meta.service[95665]: spawned uWSGI http 1 (pid: 95670)
Jul 07 01:26:02.232386 np0000004694 devstack@n-api-meta.service[95665]: running "unix_signal:15 gracefully_kill_them_all" (master-start)...
Jul 07 01:26:03.805421 np0000004694 devstack@n-api-meta.service[95668]: INFO dbcounter [None req-b8a50b3c-ad55-4a4c-b221-aeea050777f6 None None] Registered counter for database nova_api
Jul 07 01:26:03.828677 np0000004694 devstack@n-api-meta.service[95667]: INFO dbcounter [None req-db822b70-0ec9-4d58-b9b2-1a53140e464c None None] Registered counter for database nova_api
Jul 07 01:26:03.839727 np0000004694 devstack@n-api-meta.service[95666]: INFO dbcounter [None req-5d24c2d1-641c-46fa-af47-693d69eef5eb None None] Registered counter for database nova_api
Jul 07 01:26:03.845674 np0000004694 devstack@n-api-meta.service[95668]: DEBUG oslo_db.sqlalchemy.engines [None req-b8a50b3c-ad55-4a4c-b221-aeea050777f6 None None] MySQL server mode set to STRICT_TRANS_TABLES,STRICT_ALL_TABLES,NO_ZERO_IN_DATE,NO_ZERO_DATE,ERROR_FOR_DIVISION_BY_ZERO,TRADITIONAL,NO_ENGINE_SUBSTITUTION {{(pid=95668) _check_effective_sql_mode /opt/stack/data/venv/lib/python3.12/site-packages/oslo_db/sqlalchemy/engines.py:325}}
Jul 07 01:26:03.871475 np0000004694 devstack@n-api-meta.service[95667]: DEBUG oslo_db.sqlalchemy.engines [None req-db822b70-0ec9-4d58-b9b2-1a53140e464c None None] MySQL server mode set to STRICT_TRANS_TABLES,STRICT_ALL_TABLES,NO_ZERO_IN_DATE,NO_ZERO_DATE,ERROR_FOR_DIVISION_BY_ZERO,TRADITIONAL,NO_ENGINE_SUBSTITUTION {{(pid=95667) _check_effective_sql_mode /opt/stack/data/venv/lib/python3.12/site-packages/oslo_db/sqlalchemy/engines.py:325}}
Jul 07 01:26:03.874075 np0000004694 devstack@n-api-meta.service[95668]: DEBUG dbcounter [-] [95668] Writer thread running {{(pid=95668) stat_writer /opt/stack/data/venv/lib/python3.12/site-packages/dbcounter.py:102}}
Jul 07 01:26:03.876040 np0000004694 devstack@n-api-meta.service[95668]: DEBUG nova.context [None req-b8a50b3c-ad55-4a4c-b221-aeea050777f6 None None] Found 2 cells: 00000000-0000-0000-0000-000000000000(cell0),fdf7155c-0784-4c6d-8cb2-f51667bd96e6(cell1) {{(pid=95668) load_cells /opt/stack/nova/nova/context.py:509}}
Jul 07 01:26:03.876389 np0000004694 devstack@n-api-meta.service[95668]: INFO nova.utils [None req-b8a50b3c-ad55-4a4c-b221-aeea050777f6 None None] The cell worker thread pool MainProcess.cell_worker is initialized
Jul 07 01:26:03.877847 np0000004694 devstack@n-api-meta.service[95668]: DEBUG oslo_concurrency.lockutils [None req-b8a50b3c-ad55-4a4c-b221-aeea050777f6 None None] Acquiring lock "00000000-0000-0000-0000-000000000000" by "nova.context.set_target_cell..get_or_set_cached_cell_and_set_connections" {{(pid=95668) inner /opt/stack/data/venv/lib/python3.12/site-packages/oslo_concurrency/lockutils.py:511}}
Jul 07 01:26:03.878034 np0000004694 devstack@n-api-meta.service[95668]: DEBUG oslo_concurrency.lockutils [None req-b8a50b3c-ad55-4a4c-b221-aeea050777f6 None None] Lock "00000000-0000-0000-0000-000000000000" acquired by "nova.context.set_target_cell..get_or_set_cached_cell_and_set_connections" :: waited 0.000s {{(pid=95668) inner /opt/stack/data/venv/lib/python3.12/site-packages/oslo_concurrency/lockutils.py:524}}
Jul 07 01:26:03.878397 np0000004694 devstack@n-api-meta.service[95668]: DEBUG oslo_concurrency.lockutils [None req-b8a50b3c-ad55-4a4c-b221-aeea050777f6 None None] Lock "00000000-0000-0000-0000-000000000000" "released" by "nova.context.set_target_cell..get_or_set_cached_cell_and_set_connections" :: held 0.000s {{(pid=95668) inner /opt/stack/data/venv/lib/python3.12/site-packages/oslo_concurrency/lockutils.py:543}}
Jul 07 01:26:03.879010 np0000004694 devstack@n-api-meta.service[95668]: DEBUG oslo_concurrency.lockutils [None req-b8a50b3c-ad55-4a4c-b221-aeea050777f6 None None] Acquiring lock "fdf7155c-0784-4c6d-8cb2-f51667bd96e6" by "nova.context.set_target_cell..get_or_set_cached_cell_and_set_connections" {{(pid=95668) inner /opt/stack/data/venv/lib/python3.12/site-packages/oslo_concurrency/lockutils.py:511}}
Jul 07 01:26:03.880644 np0000004694 devstack@n-api-meta.service[95668]: INFO dbcounter [None req-b8a50b3c-ad55-4a4c-b221-aeea050777f6 None None] Registered counter for database nova_cell0
Jul 07 01:26:03.881111 np0000004694 devstack@n-api-meta.service[95669]: INFO dbcounter [None req-0c19db44-bf63-471c-99dc-43983a6b1acf None None] Registered counter for database nova_api
Jul 07 01:26:03.881723 np0000004694 devstack@n-api-meta.service[95668]: DEBUG oslo_concurrency.lockutils [None req-b8a50b3c-ad55-4a4c-b221-aeea050777f6 None None] Lock "fdf7155c-0784-4c6d-8cb2-f51667bd96e6" acquired by "nova.context.set_target_cell..get_or_set_cached_cell_and_set_connections" :: waited 0.001s {{(pid=95668) inner /opt/stack/data/venv/lib/python3.12/site-packages/oslo_concurrency/lockutils.py:524}}
Jul 07 01:26:03.882827 np0000004694 devstack@n-api-meta.service[95666]: DEBUG oslo_db.sqlalchemy.engines [None req-5d24c2d1-641c-46fa-af47-693d69eef5eb None None] MySQL server mode set to STRICT_TRANS_TABLES,STRICT_ALL_TABLES,NO_ZERO_IN_DATE,NO_ZERO_DATE,ERROR_FOR_DIVISION_BY_ZERO,TRADITIONAL,NO_ENGINE_SUBSTITUTION {{(pid=95666) _check_effective_sql_mode /opt/stack/data/venv/lib/python3.12/site-packages/oslo_db/sqlalchemy/engines.py:325}}
Jul 07 01:26:03.882888 np0000004694 devstack@n-api-meta.service[95668]: DEBUG oslo_concurrency.lockutils [None req-b8a50b3c-ad55-4a4c-b221-aeea050777f6 None None] Lock "fdf7155c-0784-4c6d-8cb2-f51667bd96e6" "released" by "nova.context.set_target_cell..get_or_set_cached_cell_and_set_connections" :: held 0.002s {{(pid=95668) inner /opt/stack/data/venv/lib/python3.12/site-packages/oslo_concurrency/lockutils.py:543}}
Jul 07 01:26:03.887506 np0000004694 devstack@n-api-meta.service[95668]: INFO dbcounter [None req-b8a50b3c-ad55-4a4c-b221-aeea050777f6 None None] Registered counter for database nova_cell1
Jul 07 01:26:03.900869 np0000004694 devstack@n-api-meta.service[95667]: DEBUG dbcounter [-] [95667] Writer thread running {{(pid=95667) stat_writer /opt/stack/data/venv/lib/python3.12/site-packages/dbcounter.py:102}}
Jul 07 01:26:03.903382 np0000004694 devstack@n-api-meta.service[95667]: DEBUG nova.context [None req-db822b70-0ec9-4d58-b9b2-1a53140e464c None None] Found 2 cells: 00000000-0000-0000-0000-000000000000(cell0),fdf7155c-0784-4c6d-8cb2-f51667bd96e6(cell1) {{(pid=95667) load_cells /opt/stack/nova/nova/context.py:509}}
Jul 07 01:26:03.904516 np0000004694 devstack@n-api-meta.service[95667]: INFO nova.utils [None req-db822b70-0ec9-4d58-b9b2-1a53140e464c None None] The cell worker thread pool MainProcess.cell_worker is initialized
Jul 07 01:26:03.905390 np0000004694 devstack@n-api-meta.service[95667]: DEBUG oslo_concurrency.lockutils [None req-db822b70-0ec9-4d58-b9b2-1a53140e464c None None] Acquiring lock "00000000-0000-0000-0000-000000000000" by "nova.context.set_target_cell..get_or_set_cached_cell_and_set_connections" {{(pid=95667) inner /opt/stack/data/venv/lib/python3.12/site-packages/oslo_concurrency/lockutils.py:511}}
Jul 07 01:26:03.905572 np0000004694 devstack@n-api-meta.service[95667]: DEBUG oslo_concurrency.lockutils [None req-db822b70-0ec9-4d58-b9b2-1a53140e464c None None] Lock "00000000-0000-0000-0000-000000000000" acquired by "nova.context.set_target_cell..get_or_set_cached_cell_and_set_connections" :: waited 0.000s {{(pid=95667) inner /opt/stack/data/venv/lib/python3.12/site-packages/oslo_concurrency/lockutils.py:524}}
Jul 07 01:26:03.906870 np0000004694 devstack@n-api-meta.service[95667]: DEBUG oslo_concurrency.lockutils [None req-db822b70-0ec9-4d58-b9b2-1a53140e464c None None] Lock "00000000-0000-0000-0000-000000000000" "released" by "nova.context.set_target_cell..get_or_set_cached_cell_and_set_connections" :: held 0.000s {{(pid=95667) inner /opt/stack/data/venv/lib/python3.12/site-packages/oslo_concurrency/lockutils.py:543}}
Jul 07 01:26:03.906870 np0000004694 devstack@n-api-meta.service[95667]: DEBUG oslo_concurrency.lockutils [None req-db822b70-0ec9-4d58-b9b2-1a53140e464c None None] Acquiring lock "fdf7155c-0784-4c6d-8cb2-f51667bd96e6" by "nova.context.set_target_cell..get_or_set_cached_cell_and_set_connections" {{(pid=95667) inner /opt/stack/data/venv/lib/python3.12/site-packages/oslo_concurrency/lockutils.py:511}}
Jul 07 01:26:03.906870 np0000004694 devstack@n-api-meta.service[95667]: DEBUG oslo_concurrency.lockutils [None req-db822b70-0ec9-4d58-b9b2-1a53140e464c None None] Lock "fdf7155c-0784-4c6d-8cb2-f51667bd96e6" acquired by "nova.context.set_target_cell..get_or_set_cached_cell_and_set_connections" :: waited 0.000s {{(pid=95667) inner /opt/stack/data/venv/lib/python3.12/site-packages/oslo_concurrency/lockutils.py:524}}
Jul 07 01:26:03.907558 np0000004694 devstack@n-api-meta.service[95667]: DEBUG oslo_concurrency.lockutils [None req-db822b70-0ec9-4d58-b9b2-1a53140e464c None None] Lock "fdf7155c-0784-4c6d-8cb2-f51667bd96e6" "released" by "nova.context.set_target_cell..get_or_set_cached_cell_and_set_connections" :: held 0.001s {{(pid=95667) inner /opt/stack/data/venv/lib/python3.12/site-packages/oslo_concurrency/lockutils.py:543}}
Jul 07 01:26:03.909794 np0000004694 devstack@n-api-meta.service[95667]: INFO dbcounter [None req-db822b70-0ec9-4d58-b9b2-1a53140e464c None None] Registered counter for database nova_cell0
Jul 07 01:26:03.911532 np0000004694 devstack@n-api-meta.service[95666]: DEBUG dbcounter [-] [95666] Writer thread running {{(pid=95666) stat_writer /opt/stack/data/venv/lib/python3.12/site-packages/dbcounter.py:102}}
Jul 07 01:26:03.912429 np0000004694 devstack@n-api-meta.service[95667]: INFO dbcounter [None req-db822b70-0ec9-4d58-b9b2-1a53140e464c None None] Registered counter for database nova_cell1
Jul 07 01:26:03.914370 np0000004694 devstack@n-api-meta.service[95666]: DEBUG nova.context [None req-5d24c2d1-641c-46fa-af47-693d69eef5eb None None] Found 2 cells: 00000000-0000-0000-0000-000000000000(cell0),fdf7155c-0784-4c6d-8cb2-f51667bd96e6(cell1) {{(pid=95666) load_cells /opt/stack/nova/nova/context.py:509}}
Jul 07 01:26:03.914683 np0000004694 devstack@n-api-meta.service[95666]: INFO nova.utils [None req-5d24c2d1-641c-46fa-af47-693d69eef5eb None None] The cell worker thread pool MainProcess.cell_worker is initialized
Jul 07 01:26:03.916812 np0000004694 devstack@n-api-meta.service[95666]: DEBUG oslo_concurrency.lockutils [None req-5d24c2d1-641c-46fa-af47-693d69eef5eb None None] Acquiring lock "00000000-0000-0000-0000-000000000000" by "nova.context.set_target_cell..get_or_set_cached_cell_and_set_connections" {{(pid=95666) inner /opt/stack/data/venv/lib/python3.12/site-packages/oslo_concurrency/lockutils.py:511}}
Jul 07 01:26:03.917015 np0000004694 devstack@n-api-meta.service[95666]: DEBUG oslo_concurrency.lockutils [None req-5d24c2d1-641c-46fa-af47-693d69eef5eb None None] Lock "00000000-0000-0000-0000-000000000000" acquired by "nova.context.set_target_cell..get_or_set_cached_cell_and_set_connections" :: waited 0.000s {{(pid=95666) inner /opt/stack/data/venv/lib/python3.12/site-packages/oslo_concurrency/lockutils.py:524}}
Jul 07 01:26:03.917475 np0000004694 devstack@n-api-meta.service[95666]: DEBUG oslo_concurrency.lockutils [None req-5d24c2d1-641c-46fa-af47-693d69eef5eb None None] Lock "00000000-0000-0000-0000-000000000000" "released" by "nova.context.set_target_cell..get_or_set_cached_cell_and_set_connections" :: held 0.000s {{(pid=95666) inner /opt/stack/data/venv/lib/python3.12/site-packages/oslo_concurrency/lockutils.py:543}}
Jul 07 01:26:03.918234 np0000004694 devstack@n-api-meta.service[95666]: DEBUG oslo_concurrency.lockutils [None req-5d24c2d1-641c-46fa-af47-693d69eef5eb None None] Acquiring lock "fdf7155c-0784-4c6d-8cb2-f51667bd96e6" by "nova.context.set_target_cell..get_or_set_cached_cell_and_set_connections" {{(pid=95666) inner /opt/stack/data/venv/lib/python3.12/site-packages/oslo_concurrency/lockutils.py:511}}
Jul 07 01:26:03.920013 np0000004694 devstack@n-api-meta.service[95666]: INFO dbcounter [None req-5d24c2d1-641c-46fa-af47-693d69eef5eb None None] Registered counter for database nova_cell0
Jul 07 01:26:03.921542 np0000004694 devstack@n-api-meta.service[95666]: DEBUG oslo_concurrency.lockutils [None req-5d24c2d1-641c-46fa-af47-693d69eef5eb None None] Lock "fdf7155c-0784-4c6d-8cb2-f51667bd96e6" acquired by "nova.context.set_target_cell..get_or_set_cached_cell_and_set_connections" :: waited 0.002s {{(pid=95666) inner /opt/stack/data/venv/lib/python3.12/site-packages/oslo_concurrency/lockutils.py:524}}
Jul 07 01:26:03.924197 np0000004694 devstack@n-api-meta.service[95666]: DEBUG oslo_concurrency.lockutils [None req-5d24c2d1-641c-46fa-af47-693d69eef5eb None None] Lock "fdf7155c-0784-4c6d-8cb2-f51667bd96e6" "released" by "nova.context.set_target_cell..get_or_set_cached_cell_and_set_connections" :: held 0.003s {{(pid=95666) inner /opt/stack/data/venv/lib/python3.12/site-packages/oslo_concurrency/lockutils.py:543}}
Jul 07 01:26:03.925962 np0000004694 devstack@n-api-meta.service[95666]: INFO dbcounter [None req-5d24c2d1-641c-46fa-af47-693d69eef5eb None None] Registered counter for database nova_cell1
Jul 07 01:26:03.926063 np0000004694 devstack@n-api-meta.service[95669]: DEBUG oslo_db.sqlalchemy.engines [None req-0c19db44-bf63-471c-99dc-43983a6b1acf None None] MySQL server mode set to STRICT_TRANS_TABLES,STRICT_ALL_TABLES,NO_ZERO_IN_DATE,NO_ZERO_DATE,ERROR_FOR_DIVISION_BY_ZERO,TRADITIONAL,NO_ENGINE_SUBSTITUTION {{(pid=95669) _check_effective_sql_mode /opt/stack/data/venv/lib/python3.12/site-packages/oslo_db/sqlalchemy/engines.py:325}}
Jul 07 01:26:03.929063 np0000004694 devstack@n-api-meta.service[95668]: DEBUG oslo_db.sqlalchemy.engines [None req-b8a50b3c-ad55-4a4c-b221-aeea050777f6 None None] MySQL server mode set to STRICT_TRANS_TABLES,STRICT_ALL_TABLES,NO_ZERO_IN_DATE,NO_ZERO_DATE,ERROR_FOR_DIVISION_BY_ZERO,TRADITIONAL,NO_ENGINE_SUBSTITUTION {{(pid=95668) _check_effective_sql_mode /opt/stack/data/venv/lib/python3.12/site-packages/oslo_db/sqlalchemy/engines.py:325}}
Jul 07 01:26:03.957960 np0000004694 devstack@n-api-meta.service[95669]: DEBUG dbcounter [-] [95669] Writer thread running {{(pid=95669) stat_writer /opt/stack/data/venv/lib/python3.12/site-packages/dbcounter.py:102}}
Jul 07 01:26:03.960993 np0000004694 devstack@n-api-meta.service[95669]: DEBUG nova.context [None req-0c19db44-bf63-471c-99dc-43983a6b1acf None None] Found 2 cells: 00000000-0000-0000-0000-000000000000(cell0),fdf7155c-0784-4c6d-8cb2-f51667bd96e6(cell1) {{(pid=95669) load_cells /opt/stack/nova/nova/context.py:509}}
Jul 07 01:26:03.961224 np0000004694 devstack@n-api-meta.service[95669]: INFO nova.utils [None req-0c19db44-bf63-471c-99dc-43983a6b1acf None None] The cell worker thread pool MainProcess.cell_worker is initialized
Jul 07 01:26:03.962931 np0000004694 devstack@n-api-meta.service[95669]: DEBUG oslo_concurrency.lockutils [None req-0c19db44-bf63-471c-99dc-43983a6b1acf None None] Acquiring lock "00000000-0000-0000-0000-000000000000" by "nova.context.set_target_cell..get_or_set_cached_cell_and_set_connections" {{(pid=95669) inner /opt/stack/data/venv/lib/python3.12/site-packages/oslo_concurrency/lockutils.py:511}}
Jul 07 01:26:03.963134 np0000004694 devstack@n-api-meta.service[95669]: DEBUG oslo_concurrency.lockutils [None req-0c19db44-bf63-471c-99dc-43983a6b1acf None None] Lock "00000000-0000-0000-0000-000000000000" acquired by "nova.context.set_target_cell..get_or_set_cached_cell_and_set_connections" :: waited 0.000s {{(pid=95669) inner /opt/stack/data/venv/lib/python3.12/site-packages/oslo_concurrency/lockutils.py:524}}
Jul 07 01:26:03.963460 np0000004694 devstack@n-api-meta.service[95669]: DEBUG oslo_concurrency.lockutils [None req-0c19db44-bf63-471c-99dc-43983a6b1acf None None] Lock "00000000-0000-0000-0000-000000000000" "released" by "nova.context.set_target_cell..get_or_set_cached_cell_and_set_connections" :: held 0.000s {{(pid=95669) inner /opt/stack/data/venv/lib/python3.12/site-packages/oslo_concurrency/lockutils.py:543}}
Jul 07 01:26:03.964577 np0000004694 devstack@n-api-meta.service[95669]: DEBUG oslo_concurrency.lockutils [None req-0c19db44-bf63-471c-99dc-43983a6b1acf None None] Acquiring lock "fdf7155c-0784-4c6d-8cb2-f51667bd96e6" by "nova.context.set_target_cell..get_or_set_cached_cell_and_set_connections" {{(pid=95669) inner /opt/stack/data/venv/lib/python3.12/site-packages/oslo_concurrency/lockutils.py:511}}
Jul 07 01:26:03.964577 np0000004694 devstack@n-api-meta.service[95669]: DEBUG oslo_concurrency.lockutils [None req-0c19db44-bf63-471c-99dc-43983a6b1acf None None] Lock "fdf7155c-0784-4c6d-8cb2-f51667bd96e6" acquired by "nova.context.set_target_cell..get_or_set_cached_cell_and_set_connections" :: waited 0.000s {{(pid=95669) inner /opt/stack/data/venv/lib/python3.12/site-packages/oslo_concurrency/lockutils.py:524}}
Jul 07 01:26:03.965092 np0000004694 devstack@n-api-meta.service[95669]: DEBUG oslo_concurrency.lockutils [None req-0c19db44-bf63-471c-99dc-43983a6b1acf None None] Lock "fdf7155c-0784-4c6d-8cb2-f51667bd96e6" "released" by "nova.context.set_target_cell..get_or_set_cached_cell_and_set_connections" :: held 0.001s {{(pid=95669) inner /opt/stack/data/venv/lib/python3.12/site-packages/oslo_concurrency/lockutils.py:543}}
Jul 07 01:26:03.965893 np0000004694 devstack@n-api-meta.service[95667]: DEBUG oslo_db.sqlalchemy.engines [None req-db822b70-0ec9-4d58-b9b2-1a53140e464c None None] MySQL server mode set to STRICT_TRANS_TABLES,STRICT_ALL_TABLES,NO_ZERO_IN_DATE,NO_ZERO_DATE,ERROR_FOR_DIVISION_BY_ZERO,TRADITIONAL,NO_ENGINE_SUBSTITUTION {{(pid=95667) _check_effective_sql_mode /opt/stack/data/venv/lib/python3.12/site-packages/oslo_db/sqlalchemy/engines.py:325}}
Jul 07 01:26:03.966928 np0000004694 devstack@n-api-meta.service[95669]: INFO dbcounter [None req-0c19db44-bf63-471c-99dc-43983a6b1acf None None] Registered counter for database nova_cell0
Jul 07 01:26:03.971639 np0000004694 devstack@n-api-meta.service[95669]: INFO dbcounter [None req-0c19db44-bf63-471c-99dc-43983a6b1acf None None] Registered counter for database nova_cell1
Jul 07 01:26:03.977940 np0000004694 devstack@n-api-meta.service[95667]: DEBUG oslo_db.sqlalchemy.engines [None req-db822b70-0ec9-4d58-b9b2-1a53140e464c None None] MySQL server mode set to STRICT_TRANS_TABLES,STRICT_ALL_TABLES,NO_ZERO_IN_DATE,NO_ZERO_DATE,ERROR_FOR_DIVISION_BY_ZERO,TRADITIONAL,NO_ENGINE_SUBSTITUTION {{(pid=95667) _check_effective_sql_mode /opt/stack/data/venv/lib/python3.12/site-packages/oslo_db/sqlalchemy/engines.py:325}}
Jul 07 01:26:03.979438 np0000004694 devstack@n-api-meta.service[95666]: DEBUG oslo_db.sqlalchemy.engines [None req-5d24c2d1-641c-46fa-af47-693d69eef5eb None None] MySQL server mode set to STRICT_TRANS_TABLES,STRICT_ALL_TABLES,NO_ZERO_IN_DATE,NO_ZERO_DATE,ERROR_FOR_DIVISION_BY_ZERO,TRADITIONAL,NO_ENGINE_SUBSTITUTION {{(pid=95666) _check_effective_sql_mode /opt/stack/data/venv/lib/python3.12/site-packages/oslo_db/sqlalchemy/engines.py:325}}
Jul 07 01:26:03.980328 np0000004694 devstack@n-api-meta.service[95666]: DEBUG oslo_db.sqlalchemy.engines [None req-5d24c2d1-641c-46fa-af47-693d69eef5eb None None] MySQL server mode set to STRICT_TRANS_TABLES,STRICT_ALL_TABLES,NO_ZERO_IN_DATE,NO_ZERO_DATE,ERROR_FOR_DIVISION_BY_ZERO,TRADITIONAL,NO_ENGINE_SUBSTITUTION {{(pid=95666) _check_effective_sql_mode /opt/stack/data/venv/lib/python3.12/site-packages/oslo_db/sqlalchemy/engines.py:325}}
Jul 07 01:26:04.017414 np0000004694 devstack@n-api-meta.service[95668]: DEBUG dbcounter [-] [95668] Writer thread running {{(pid=95668) stat_writer /opt/stack/data/venv/lib/python3.12/site-packages/dbcounter.py:102}}
Jul 07 01:26:04.021201 np0000004694 devstack@n-api-meta.service[95669]: DEBUG oslo_db.sqlalchemy.engines [None req-0c19db44-bf63-471c-99dc-43983a6b1acf None None] MySQL server mode set to STRICT_TRANS_TABLES,STRICT_ALL_TABLES,NO_ZERO_IN_DATE,NO_ZERO_DATE,ERROR_FOR_DIVISION_BY_ZERO,TRADITIONAL,NO_ENGINE_SUBSTITUTION {{(pid=95669) _check_effective_sql_mode /opt/stack/data/venv/lib/python3.12/site-packages/oslo_db/sqlalchemy/engines.py:325}}
Jul 07 01:26:04.025772 np0000004694 devstack@n-api-meta.service[95668]: DEBUG oslo_db.sqlalchemy.engines [None req-b8a50b3c-ad55-4a4c-b221-aeea050777f6 None None] MySQL server mode set to STRICT_TRANS_TABLES,STRICT_ALL_TABLES,NO_ZERO_IN_DATE,NO_ZERO_DATE,ERROR_FOR_DIVISION_BY_ZERO,TRADITIONAL,NO_ENGINE_SUBSTITUTION {{(pid=95668) _check_effective_sql_mode /opt/stack/data/venv/lib/python3.12/site-packages/oslo_db/sqlalchemy/engines.py:325}}
Jul 07 01:26:04.030012 np0000004694 devstack@n-api-meta.service[95668]: DEBUG dbcounter [-] [95668] Writer thread running {{(pid=95668) stat_writer /opt/stack/data/venv/lib/python3.12/site-packages/dbcounter.py:102}}
Jul 07 01:26:04.035035 np0000004694 devstack@n-api-meta.service[95668]: INFO dbcounter [None req-b8a50b3c-ad55-4a4c-b221-aeea050777f6 None None] Registered counter for database nova_cell0
Jul 07 01:26:04.052996 np0000004694 devstack@n-api-meta.service[95667]: DEBUG dbcounter [-] [95667] Writer thread running {{(pid=95667) stat_writer /opt/stack/data/venv/lib/python3.12/site-packages/dbcounter.py:102}}
Jul 07 01:26:04.058006 np0000004694 devstack@n-api-meta.service[95667]: DEBUG dbcounter [-] [95667] Writer thread running {{(pid=95667) stat_writer /opt/stack/data/venv/lib/python3.12/site-packages/dbcounter.py:102}}
Jul 07 01:26:04.060879 np0000004694 devstack@n-api-meta.service[95667]: INFO dbcounter [None req-db822b70-0ec9-4d58-b9b2-1a53140e464c None None] Registered counter for database nova_cell0
Jul 07 01:26:04.062719 np0000004694 devstack@n-api-meta.service[95669]: DEBUG oslo_db.sqlalchemy.engines [None req-0c19db44-bf63-471c-99dc-43983a6b1acf None None] MySQL server mode set to STRICT_TRANS_TABLES,STRICT_ALL_TABLES,NO_ZERO_IN_DATE,NO_ZERO_DATE,ERROR_FOR_DIVISION_BY_ZERO,TRADITIONAL,NO_ENGINE_SUBSTITUTION {{(pid=95669) _check_effective_sql_mode /opt/stack/data/venv/lib/python3.12/site-packages/oslo_db/sqlalchemy/engines.py:325}}
Jul 07 01:26:04.065898 np0000004694 devstack@n-api-meta.service[95666]: DEBUG dbcounter [-] [95666] Writer thread running {{(pid=95666) stat_writer /opt/stack/data/venv/lib/python3.12/site-packages/dbcounter.py:102}}
Jul 07 01:26:04.066464 np0000004694 devstack@n-api-meta.service[95666]: DEBUG dbcounter [-] [95666] Writer thread running {{(pid=95666) stat_writer /opt/stack/data/venv/lib/python3.12/site-packages/dbcounter.py:102}}
Jul 07 01:26:04.070446 np0000004694 devstack@n-api-meta.service[95668]: DEBUG oslo_db.sqlalchemy.engines [None req-b8a50b3c-ad55-4a4c-b221-aeea050777f6 None None] MySQL server mode set to STRICT_TRANS_TABLES,STRICT_ALL_TABLES,NO_ZERO_IN_DATE,NO_ZERO_DATE,ERROR_FOR_DIVISION_BY_ZERO,TRADITIONAL,NO_ENGINE_SUBSTITUTION {{(pid=95668) _check_effective_sql_mode /opt/stack/data/venv/lib/python3.12/site-packages/oslo_db/sqlalchemy/engines.py:325}}
Jul 07 01:26:04.073154 np0000004694 devstack@n-api-meta.service[95666]: INFO dbcounter [None req-5d24c2d1-641c-46fa-af47-693d69eef5eb None None] Registered counter for database nova_cell0
Jul 07 01:26:04.076439 np0000004694 devstack@n-api-meta.service[95668]: DEBUG dbcounter [-] [95668] Writer thread running {{(pid=95668) stat_writer /opt/stack/data/venv/lib/python3.12/site-packages/dbcounter.py:102}}
Jul 07 01:26:04.095514 np0000004694 devstack@n-api-meta.service[95667]: DEBUG oslo_db.sqlalchemy.engines [None req-db822b70-0ec9-4d58-b9b2-1a53140e464c None None] MySQL server mode set to STRICT_TRANS_TABLES,STRICT_ALL_TABLES,NO_ZERO_IN_DATE,NO_ZERO_DATE,ERROR_FOR_DIVISION_BY_ZERO,TRADITIONAL,NO_ENGINE_SUBSTITUTION {{(pid=95667) _check_effective_sql_mode /opt/stack/data/venv/lib/python3.12/site-packages/oslo_db/sqlalchemy/engines.py:325}}
Jul 07 01:26:04.101185 np0000004694 devstack@n-api-meta.service[95667]: DEBUG dbcounter [-] [95667] Writer thread running {{(pid=95667) stat_writer /opt/stack/data/venv/lib/python3.12/site-packages/dbcounter.py:102}}
Jul 07 01:26:04.109783 np0000004694 devstack@n-api-meta.service[95669]: DEBUG dbcounter [-] [95669] Writer thread running {{(pid=95669) stat_writer /opt/stack/data/venv/lib/python3.12/site-packages/dbcounter.py:102}}
Jul 07 01:26:04.112725 np0000004694 devstack@n-api-meta.service[95668]: WARNING nova.api.metadata.handler [None req-b8a50b3c-ad55-4a4c-b221-aeea050777f6 None None] metadata_proxy_shared_secret is not configured, the metadata information returned by the proxy cannot be trusted
Jul 07 01:26:04.114788 np0000004694 devstack@n-api-meta.service[95668]: DEBUG nova.api.openstack.wsgi_app [None req-b8a50b3c-ad55-4a4c-b221-aeea050777f6 None None] ******************************************************************************** {{(pid=95668) log_opt_values /opt/stack/data/venv/lib/python3.12/site-packages/oslo_config/cfg.py:3226}}
Jul 07 01:26:04.114941 np0000004694 devstack@n-api-meta.service[95668]: DEBUG nova.api.openstack.wsgi_app [None req-b8a50b3c-ad55-4a4c-b221-aeea050777f6 None None] Configuration options gathered from: {{(pid=95668) log_opt_values /opt/stack/data/venv/lib/python3.12/site-packages/oslo_config/cfg.py:3227}}
Jul 07 01:26:04.115099 np0000004694 devstack@n-api-meta.service[95668]: DEBUG nova.api.openstack.wsgi_app [None req-b8a50b3c-ad55-4a4c-b221-aeea050777f6 None None] command line args: [] {{(pid=95668) log_opt_values /opt/stack/data/venv/lib/python3.12/site-packages/oslo_config/cfg.py:3228}}
Jul 07 01:26:04.115277 np0000004694 devstack@n-api-meta.service[95668]: DEBUG nova.api.openstack.wsgi_app [None req-b8a50b3c-ad55-4a4c-b221-aeea050777f6 None None] config files: ['/etc/nova/api-paste.ini', '/etc/nova/nova.conf'] {{(pid=95668) log_opt_values /opt/stack/data/venv/lib/python3.12/site-packages/oslo_config/cfg.py:3229}}
Jul 07 01:26:04.115403 np0000004694 devstack@n-api-meta.service[95668]: DEBUG nova.api.openstack.wsgi_app [None req-b8a50b3c-ad55-4a4c-b221-aeea050777f6 None None] ================================================================================ {{(pid=95668) log_opt_values /opt/stack/data/venv/lib/python3.12/site-packages/oslo_config/cfg.py:3234}}
Jul 07 01:26:04.115456 np0000004694 devstack@n-api-meta.service[95669]: DEBUG dbcounter [-] [95669] Writer thread running {{(pid=95669) stat_writer /opt/stack/data/venv/lib/python3.12/site-packages/dbcounter.py:102}}
Jul 07 01:26:04.115632 np0000004694 devstack@n-api-meta.service[95668]: DEBUG nova.api.openstack.wsgi_app [None req-b8a50b3c-ad55-4a4c-b221-aeea050777f6 None None] allow_resize_to_same_host = True {{(pid=95668) log_opt_values /opt/stack/data/venv/lib/python3.12/site-packages/oslo_config/cfg.py:3242}}
Jul 07 01:26:04.115802 np0000004694 devstack@n-api-meta.service[95668]: DEBUG nova.api.openstack.wsgi_app [None req-b8a50b3c-ad55-4a4c-b221-aeea050777f6 None None] arq_binding_timeout = 300 {{(pid=95668) log_opt_values /opt/stack/data/venv/lib/python3.12/site-packages/oslo_config/cfg.py:3242}}
Jul 07 01:26:04.115968 np0000004694 devstack@n-api-meta.service[95668]: DEBUG nova.api.openstack.wsgi_app [None req-b8a50b3c-ad55-4a4c-b221-aeea050777f6 None None] block_device_allocate_retries = 60 {{(pid=95668) log_opt_values /opt/stack/data/venv/lib/python3.12/site-packages/oslo_config/cfg.py:3242}}
Jul 07 01:26:04.116145 np0000004694 devstack@n-api-meta.service[95668]: DEBUG nova.api.openstack.wsgi_app [None req-b8a50b3c-ad55-4a4c-b221-aeea050777f6 None None] block_device_allocate_retries_interval = 3 {{(pid=95668) log_opt_values /opt/stack/data/venv/lib/python3.12/site-packages/oslo_config/cfg.py:3242}}
Jul 07 01:26:04.116304 np0000004694 devstack@n-api-meta.service[95668]: DEBUG nova.api.openstack.wsgi_app [None req-b8a50b3c-ad55-4a4c-b221-aeea050777f6 None None] cell_worker_thread_pool_size = 5 {{(pid=95668) log_opt_values /opt/stack/data/venv/lib/python3.12/site-packages/oslo_config/cfg.py:3242}}
Jul 07 01:26:04.117384 np0000004694 devstack@n-api-meta.service[95668]: DEBUG nova.api.openstack.wsgi_app [None req-b8a50b3c-ad55-4a4c-b221-aeea050777f6 None None] cert = self.pem {{(pid=95668) log_opt_values /opt/stack/data/venv/lib/python3.12/site-packages/oslo_config/cfg.py:3242}}
Jul 07 01:26:04.117384 np0000004694 devstack@n-api-meta.service[95668]: DEBUG nova.api.openstack.wsgi_app [None req-b8a50b3c-ad55-4a4c-b221-aeea050777f6 None None] compute_driver = libvirt.LibvirtDriver {{(pid=95668) log_opt_values /opt/stack/data/venv/lib/python3.12/site-packages/oslo_config/cfg.py:3242}}
Jul 07 01:26:04.117384 np0000004694 devstack@n-api-meta.service[95668]: DEBUG nova.api.openstack.wsgi_app [None req-b8a50b3c-ad55-4a4c-b221-aeea050777f6 None None] compute_monitors = [] {{(pid=95668) log_opt_values /opt/stack/data/venv/lib/python3.12/site-packages/oslo_config/cfg.py:3242}}
Jul 07 01:26:04.117384 np0000004694 devstack@n-api-meta.service[95668]: DEBUG nova.api.openstack.wsgi_app [None req-b8a50b3c-ad55-4a4c-b221-aeea050777f6 None None] concurrency_backend = auto {{(pid=95668) log_opt_values /opt/stack/data/venv/lib/python3.12/site-packages/oslo_config/cfg.py:3242}}
Jul 07 01:26:04.117384 np0000004694 devstack@n-api-meta.service[95668]: DEBUG nova.api.openstack.wsgi_app [None req-b8a50b3c-ad55-4a4c-b221-aeea050777f6 None None] config_dir = [] {{(pid=95668) log_opt_values /opt/stack/data/venv/lib/python3.12/site-packages/oslo_config/cfg.py:3242}}
Jul 07 01:26:04.117384 np0000004694 devstack@n-api-meta.service[95668]: DEBUG nova.api.openstack.wsgi_app [None req-b8a50b3c-ad55-4a4c-b221-aeea050777f6 None None] config_drive_format = iso9660 {{(pid=95668) log_opt_values /opt/stack/data/venv/lib/python3.12/site-packages/oslo_config/cfg.py:3242}}
Jul 07 01:26:04.117384 np0000004694 devstack@n-api-meta.service[95668]: DEBUG nova.api.openstack.wsgi_app [None req-b8a50b3c-ad55-4a4c-b221-aeea050777f6 None None] config_file = ['/etc/nova/api-paste.ini', '/etc/nova/nova.conf'] {{(pid=95668) log_opt_values /opt/stack/data/venv/lib/python3.12/site-packages/oslo_config/cfg.py:3242}}
Jul 07 01:26:04.117566 np0000004694 devstack@n-api-meta.service[95668]: DEBUG nova.api.openstack.wsgi_app [None req-b8a50b3c-ad55-4a4c-b221-aeea050777f6 None None] config_source = [] {{(pid=95668) log_opt_values /opt/stack/data/venv/lib/python3.12/site-packages/oslo_config/cfg.py:3242}}
Jul 07 01:26:04.117566 np0000004694 devstack@n-api-meta.service[95668]: DEBUG nova.api.openstack.wsgi_app [None req-b8a50b3c-ad55-4a4c-b221-aeea050777f6 None None] console_host = np0000004694 {{(pid=95668) log_opt_values /opt/stack/data/venv/lib/python3.12/site-packages/oslo_config/cfg.py:3242}}
Jul 07 01:26:04.117566 np0000004694 devstack@n-api-meta.service[95668]: DEBUG nova.api.openstack.wsgi_app [None req-b8a50b3c-ad55-4a4c-b221-aeea050777f6 None None] control_exchange = nova {{(pid=95668) log_opt_values /opt/stack/data/venv/lib/python3.12/site-packages/oslo_config/cfg.py:3242}}
Jul 07 01:26:04.117812 np0000004694 devstack@n-api-meta.service[95668]: DEBUG nova.api.openstack.wsgi_app [None req-b8a50b3c-ad55-4a4c-b221-aeea050777f6 None None] cpu_allocation_ratio = None {{(pid=95668) log_opt_values /opt/stack/data/venv/lib/python3.12/site-packages/oslo_config/cfg.py:3242}}
Jul 07 01:26:04.117964 np0000004694 devstack@n-api-meta.service[95668]: DEBUG nova.api.openstack.wsgi_app [None req-b8a50b3c-ad55-4a4c-b221-aeea050777f6 None None] daemon = False {{(pid=95668) log_opt_values /opt/stack/data/venv/lib/python3.12/site-packages/oslo_config/cfg.py:3242}}
Jul 07 01:26:04.118144 np0000004694 devstack@n-api-meta.service[95668]: DEBUG nova.api.openstack.wsgi_app [None req-b8a50b3c-ad55-4a4c-b221-aeea050777f6 None None] debug = True {{(pid=95668) log_opt_values /opt/stack/data/venv/lib/python3.12/site-packages/oslo_config/cfg.py:3242}}
Jul 07 01:26:04.118191 np0000004694 devstack@n-api-meta.service[95669]: INFO dbcounter [None req-0c19db44-bf63-471c-99dc-43983a6b1acf None None] Registered counter for database nova_cell0
Jul 07 01:26:04.118301 np0000004694 devstack@n-api-meta.service[95668]: DEBUG nova.api.openstack.wsgi_app [None req-b8a50b3c-ad55-4a4c-b221-aeea050777f6 None None] default_access_ip_network_name = None {{(pid=95668) log_opt_values /opt/stack/data/venv/lib/python3.12/site-packages/oslo_config/cfg.py:3242}}
Jul 07 01:26:04.118474 np0000004694 devstack@n-api-meta.service[95668]: DEBUG nova.api.openstack.wsgi_app [None req-b8a50b3c-ad55-4a4c-b221-aeea050777f6 None None] default_availability_zone = nova {{(pid=95668) log_opt_values /opt/stack/data/venv/lib/python3.12/site-packages/oslo_config/cfg.py:3242}}
Jul 07 01:26:04.119319 np0000004694 devstack@n-api-meta.service[95668]: DEBUG nova.api.openstack.wsgi_app [None req-b8a50b3c-ad55-4a4c-b221-aeea050777f6 None None] default_ephemeral_format = ext4 {{(pid=95668) log_opt_values /opt/stack/data/venv/lib/python3.12/site-packages/oslo_config/cfg.py:3242}}
Jul 07 01:26:04.119319 np0000004694 devstack@n-api-meta.service[95668]: DEBUG nova.api.openstack.wsgi_app [None req-b8a50b3c-ad55-4a4c-b221-aeea050777f6 None None] default_green_pool_size = 1000 {{(pid=95668) log_opt_values /opt/stack/data/venv/lib/python3.12/site-packages/oslo_config/cfg.py:3242}}
Jul 07 01:26:04.119319 np0000004694 devstack@n-api-meta.service[95668]: DEBUG nova.api.openstack.wsgi_app [None req-b8a50b3c-ad55-4a4c-b221-aeea050777f6 None None] default_log_levels = ['amqp=WARN', 'boto=WARN', 'sqlalchemy=WARN', 'suds=INFO', 'oslo.messaging=INFO', 'oslo_messaging=INFO', 'iso8601=WARN', 'requests.packages.urllib3.connectionpool=WARN', 'urllib3.connectionpool=WARN', 'websocket=WARN', 'requests.packages.urllib3.util.retry=WARN', 'urllib3.util.retry=WARN', 'keystonemiddleware=WARN', 'routes.middleware=WARN', 'stevedore=WARN', 'taskflow=WARN', 'keystoneauth=WARN', 'oslo.cache=INFO', 'oslo_policy=INFO', 'dogpile.core.dogpile=INFO', 'glanceclient=WARN', 'oslo.privsep.daemon=INFO'] {{(pid=95668) log_opt_values /opt/stack/data/venv/lib/python3.12/site-packages/oslo_config/cfg.py:3242}}
Jul 07 01:26:04.119319 np0000004694 devstack@n-api-meta.service[95668]: DEBUG nova.api.openstack.wsgi_app [None req-b8a50b3c-ad55-4a4c-b221-aeea050777f6 None None] default_schedule_zone = None {{(pid=95668) log_opt_values /opt/stack/data/venv/lib/python3.12/site-packages/oslo_config/cfg.py:3242}}
Jul 07 01:26:04.119319 np0000004694 devstack@n-api-meta.service[95668]: DEBUG nova.api.openstack.wsgi_app [None req-b8a50b3c-ad55-4a4c-b221-aeea050777f6 None None] default_thread_pool_size = 10 {{(pid=95668) log_opt_values /opt/stack/data/venv/lib/python3.12/site-packages/oslo_config/cfg.py:3242}}
Jul 07 01:26:04.119490 np0000004694 devstack@n-api-meta.service[95668]: DEBUG nova.api.openstack.wsgi_app [None req-b8a50b3c-ad55-4a4c-b221-aeea050777f6 None None] disk_allocation_ratio = None {{(pid=95668) log_opt_values /opt/stack/data/venv/lib/python3.12/site-packages/oslo_config/cfg.py:3242}}
Jul 07 01:26:04.119490 np0000004694 devstack@n-api-meta.service[95668]: DEBUG nova.api.openstack.wsgi_app [None req-b8a50b3c-ad55-4a4c-b221-aeea050777f6 None None] enable_new_services = True {{(pid=95668) log_opt_values /opt/stack/data/venv/lib/python3.12/site-packages/oslo_config/cfg.py:3242}}
Jul 07 01:26:04.119642 np0000004694 devstack@n-api-meta.service[95668]: DEBUG nova.api.openstack.wsgi_app [None req-b8a50b3c-ad55-4a4c-b221-aeea050777f6 None None] flat_injected = False {{(pid=95668) log_opt_values /opt/stack/data/venv/lib/python3.12/site-packages/oslo_config/cfg.py:3242}}
Jul 07 01:26:04.119798 np0000004694 devstack@n-api-meta.service[95668]: DEBUG nova.api.openstack.wsgi_app [None req-b8a50b3c-ad55-4a4c-b221-aeea050777f6 None None] force_config_drive = True {{(pid=95668) log_opt_values /opt/stack/data/venv/lib/python3.12/site-packages/oslo_config/cfg.py:3242}}
Jul 07 01:26:04.119960 np0000004694 devstack@n-api-meta.service[95668]: DEBUG nova.api.openstack.wsgi_app [None req-b8a50b3c-ad55-4a4c-b221-aeea050777f6 None None] force_raw_images = True {{(pid=95668) log_opt_values /opt/stack/data/venv/lib/python3.12/site-packages/oslo_config/cfg.py:3242}}
Jul 07 01:26:04.120146 np0000004694 devstack@n-api-meta.service[95668]: DEBUG nova.api.openstack.wsgi_app [None req-b8a50b3c-ad55-4a4c-b221-aeea050777f6 None None] graceful_shutdown_timeout = 5 {{(pid=95668) log_opt_values /opt/stack/data/venv/lib/python3.12/site-packages/oslo_config/cfg.py:3242}}
Jul 07 01:26:04.120307 np0000004694 devstack@n-api-meta.service[95668]: DEBUG nova.api.openstack.wsgi_app [None req-b8a50b3c-ad55-4a4c-b221-aeea050777f6 None None] heal_instance_info_cache_interval = -1 {{(pid=95668) log_opt_values /opt/stack/data/venv/lib/python3.12/site-packages/oslo_config/cfg.py:3242}}
Jul 07 01:26:04.120513 np0000004694 devstack@n-api-meta.service[95668]: DEBUG nova.api.openstack.wsgi_app [None req-b8a50b3c-ad55-4a4c-b221-aeea050777f6 None None] host = np0000004694 {{(pid=95668) log_opt_values /opt/stack/data/venv/lib/python3.12/site-packages/oslo_config/cfg.py:3242}}
Jul 07 01:26:04.120701 np0000004694 devstack@n-api-meta.service[95668]: DEBUG nova.api.openstack.wsgi_app [None req-b8a50b3c-ad55-4a4c-b221-aeea050777f6 None None] initial_cpu_allocation_ratio = 4.0 {{(pid=95668) log_opt_values /opt/stack/data/venv/lib/python3.12/site-packages/oslo_config/cfg.py:3242}}
Jul 07 01:26:04.120870 np0000004694 devstack@n-api-meta.service[95668]: DEBUG nova.api.openstack.wsgi_app [None req-b8a50b3c-ad55-4a4c-b221-aeea050777f6 None None] initial_disk_allocation_ratio = 1.0 {{(pid=95668) log_opt_values /opt/stack/data/venv/lib/python3.12/site-packages/oslo_config/cfg.py:3242}}
Jul 07 01:26:04.121052 np0000004694 devstack@n-api-meta.service[95668]: DEBUG nova.api.openstack.wsgi_app [None req-b8a50b3c-ad55-4a4c-b221-aeea050777f6 None None] initial_ram_allocation_ratio = 1.0 {{(pid=95668) log_opt_values /opt/stack/data/venv/lib/python3.12/site-packages/oslo_config/cfg.py:3242}}
Jul 07 01:26:04.121289 np0000004694 devstack@n-api-meta.service[95668]: DEBUG nova.api.openstack.wsgi_app [None req-b8a50b3c-ad55-4a4c-b221-aeea050777f6 None None] injected_network_template = /opt/stack/nova/nova/virt/interfaces.template {{(pid=95668) log_opt_values /opt/stack/data/venv/lib/python3.12/site-packages/oslo_config/cfg.py:3242}}
Jul 07 01:26:04.121423 np0000004694 devstack@n-api-meta.service[95666]: DEBUG oslo_db.sqlalchemy.engines [None req-5d24c2d1-641c-46fa-af47-693d69eef5eb None None] MySQL server mode set to STRICT_TRANS_TABLES,STRICT_ALL_TABLES,NO_ZERO_IN_DATE,NO_ZERO_DATE,ERROR_FOR_DIVISION_BY_ZERO,TRADITIONAL,NO_ENGINE_SUBSTITUTION {{(pid=95666) _check_effective_sql_mode /opt/stack/data/venv/lib/python3.12/site-packages/oslo_db/sqlalchemy/engines.py:325}}
Jul 07 01:26:04.121454 np0000004694 devstack@n-api-meta.service[95668]: DEBUG nova.api.openstack.wsgi_app [None req-b8a50b3c-ad55-4a4c-b221-aeea050777f6 None None] instance_build_timeout = 0 {{(pid=95668) log_opt_values /opt/stack/data/venv/lib/python3.12/site-packages/oslo_config/cfg.py:3242}}
Jul 07 01:26:04.121618 np0000004694 devstack@n-api-meta.service[95668]: DEBUG nova.api.openstack.wsgi_app [None req-b8a50b3c-ad55-4a4c-b221-aeea050777f6 None None] instance_delete_interval = 300 {{(pid=95668) log_opt_values /opt/stack/data/venv/lib/python3.12/site-packages/oslo_config/cfg.py:3242}}
Jul 07 01:26:04.121756 np0000004694 devstack@n-api-meta.service[95668]: DEBUG nova.api.openstack.wsgi_app [None req-b8a50b3c-ad55-4a4c-b221-aeea050777f6 None None] instance_format = [instance: %(uuid)s] {{(pid=95668) log_opt_values /opt/stack/data/venv/lib/python3.12/site-packages/oslo_config/cfg.py:3242}}
Jul 07 01:26:04.121920 np0000004694 devstack@n-api-meta.service[95668]: DEBUG nova.api.openstack.wsgi_app [None req-b8a50b3c-ad55-4a4c-b221-aeea050777f6 None None] instance_name_template = instance-%08x {{(pid=95668) log_opt_values /opt/stack/data/venv/lib/python3.12/site-packages/oslo_config/cfg.py:3242}}
Jul 07 01:26:04.122101 np0000004694 devstack@n-api-meta.service[95668]: DEBUG nova.api.openstack.wsgi_app [None req-b8a50b3c-ad55-4a4c-b221-aeea050777f6 None None] instance_usage_audit = False {{(pid=95668) log_opt_values /opt/stack/data/venv/lib/python3.12/site-packages/oslo_config/cfg.py:3242}}
Jul 07 01:26:04.122271 np0000004694 devstack@n-api-meta.service[95668]: DEBUG nova.api.openstack.wsgi_app [None req-b8a50b3c-ad55-4a4c-b221-aeea050777f6 None None] instance_usage_audit_period = month {{(pid=95668) log_opt_values /opt/stack/data/venv/lib/python3.12/site-packages/oslo_config/cfg.py:3242}}
Jul 07 01:26:04.122434 np0000004694 devstack@n-api-meta.service[95668]: DEBUG nova.api.openstack.wsgi_app [None req-b8a50b3c-ad55-4a4c-b221-aeea050777f6 None None] instance_uuid_format = [instance: %(uuid)s] {{(pid=95668) log_opt_values /opt/stack/data/venv/lib/python3.12/site-packages/oslo_config/cfg.py:3242}}
Jul 07 01:26:04.122597 np0000004694 devstack@n-api-meta.service[95668]: DEBUG nova.api.openstack.wsgi_app [None req-b8a50b3c-ad55-4a4c-b221-aeea050777f6 None None] instances_path = /opt/stack/data/nova/instances {{(pid=95668) log_opt_values /opt/stack/data/venv/lib/python3.12/site-packages/oslo_config/cfg.py:3242}}
Jul 07 01:26:04.122785 np0000004694 devstack@n-api-meta.service[95668]: DEBUG nova.api.openstack.wsgi_app [None req-b8a50b3c-ad55-4a4c-b221-aeea050777f6 None None] internal_service_availability_zone = internal {{(pid=95668) log_opt_values /opt/stack/data/venv/lib/python3.12/site-packages/oslo_config/cfg.py:3242}}
Jul 07 01:26:04.122938 np0000004694 devstack@n-api-meta.service[95668]: DEBUG nova.api.openstack.wsgi_app [None req-b8a50b3c-ad55-4a4c-b221-aeea050777f6 None None] key = None {{(pid=95668) log_opt_values /opt/stack/data/venv/lib/python3.12/site-packages/oslo_config/cfg.py:3242}}
Jul 07 01:26:04.123104 np0000004694 devstack@n-api-meta.service[95668]: DEBUG nova.api.openstack.wsgi_app [None req-b8a50b3c-ad55-4a4c-b221-aeea050777f6 None None] live_migration_retry_count = 30 {{(pid=95668) log_opt_values /opt/stack/data/venv/lib/python3.12/site-packages/oslo_config/cfg.py:3242}}
Jul 07 01:26:04.123272 np0000004694 devstack@n-api-meta.service[95668]: DEBUG nova.api.openstack.wsgi_app [None req-b8a50b3c-ad55-4a4c-b221-aeea050777f6 None None] log_color = False {{(pid=95668) log_opt_values /opt/stack/data/venv/lib/python3.12/site-packages/oslo_config/cfg.py:3242}}
Jul 07 01:26:04.123443 np0000004694 devstack@n-api-meta.service[95668]: DEBUG nova.api.openstack.wsgi_app [None req-b8a50b3c-ad55-4a4c-b221-aeea050777f6 None None] log_config_append = None {{(pid=95668) log_opt_values /opt/stack/data/venv/lib/python3.12/site-packages/oslo_config/cfg.py:3242}}
Jul 07 01:26:04.123625 np0000004694 devstack@n-api-meta.service[95668]: DEBUG nova.api.openstack.wsgi_app [None req-b8a50b3c-ad55-4a4c-b221-aeea050777f6 None None] log_date_format = %Y-%m-%d %H:%M:%S {{(pid=95668) log_opt_values /opt/stack/data/venv/lib/python3.12/site-packages/oslo_config/cfg.py:3242}}
Jul 07 01:26:04.123785 np0000004694 devstack@n-api-meta.service[95668]: DEBUG nova.api.openstack.wsgi_app [None req-b8a50b3c-ad55-4a4c-b221-aeea050777f6 None None] log_dir = None {{(pid=95668) log_opt_values /opt/stack/data/venv/lib/python3.12/site-packages/oslo_config/cfg.py:3242}}
Jul 07 01:26:04.123940 np0000004694 devstack@n-api-meta.service[95668]: DEBUG nova.api.openstack.wsgi_app [None req-b8a50b3c-ad55-4a4c-b221-aeea050777f6 None None] log_file = None {{(pid=95668) log_opt_values /opt/stack/data/venv/lib/python3.12/site-packages/oslo_config/cfg.py:3242}}
Jul 07 01:26:04.124080 np0000004694 devstack@n-api-meta.service[95668]: DEBUG nova.api.openstack.wsgi_app [None req-b8a50b3c-ad55-4a4c-b221-aeea050777f6 None None] log_options = True {{(pid=95668) log_opt_values /opt/stack/data/venv/lib/python3.12/site-packages/oslo_config/cfg.py:3242}}
Jul 07 01:26:04.124240 np0000004694 devstack@n-api-meta.service[95668]: DEBUG nova.api.openstack.wsgi_app [None req-b8a50b3c-ad55-4a4c-b221-aeea050777f6 None None] log_rotate_interval = 1 {{(pid=95668) log_opt_values /opt/stack/data/venv/lib/python3.12/site-packages/oslo_config/cfg.py:3242}}
Jul 07 01:26:04.124406 np0000004694 devstack@n-api-meta.service[95668]: DEBUG nova.api.openstack.wsgi_app [None req-b8a50b3c-ad55-4a4c-b221-aeea050777f6 None None] log_rotate_interval_type = days {{(pid=95668) log_opt_values /opt/stack/data/venv/lib/python3.12/site-packages/oslo_config/cfg.py:3242}}
Jul 07 01:26:04.124566 np0000004694 devstack@n-api-meta.service[95668]: DEBUG nova.api.openstack.wsgi_app [None req-b8a50b3c-ad55-4a4c-b221-aeea050777f6 None None] log_rotation_type = none {{(pid=95668) log_opt_values /opt/stack/data/venv/lib/python3.12/site-packages/oslo_config/cfg.py:3242}}
Jul 07 01:26:04.124712 np0000004694 devstack@n-api-meta.service[95668]: DEBUG nova.api.openstack.wsgi_app [None req-b8a50b3c-ad55-4a4c-b221-aeea050777f6 None None] logging_context_format_string = %(color)s%(levelname)s %(name)s [%(global_request_id)s %(request_id)s %(project_name)s %(user_name)s%(color)s] %(instance)s%(color)s%(message)s {{(pid=95668) log_opt_values /opt/stack/data/venv/lib/python3.12/site-packages/oslo_config/cfg.py:3242}}
Jul 07 01:26:04.124848 np0000004694 devstack@n-api-meta.service[95668]: DEBUG nova.api.openstack.wsgi_app [None req-b8a50b3c-ad55-4a4c-b221-aeea050777f6 None None] logging_debug_format_suffix = {{(pid=%(process)d) %(funcName)s %(pathname)s:%(lineno)d}} {{(pid=95668) log_opt_values /opt/stack/data/venv/lib/python3.12/site-packages/oslo_config/cfg.py:3242}}
Jul 07 01:26:04.125016 np0000004694 devstack@n-api-meta.service[95668]: DEBUG nova.api.openstack.wsgi_app [None req-b8a50b3c-ad55-4a4c-b221-aeea050777f6 None None] logging_default_format_string = %(color)s%(levelname)s %(name)s [-%(color)s] %(instance)s%(color)s%(message)s {{(pid=95668) log_opt_values /opt/stack/data/venv/lib/python3.12/site-packages/oslo_config/cfg.py:3242}}
