Jul 07 01:26:03.638902 np0000004694 nova-scheduler[96252]: DEBUG cotyledon.oslo_config_glue [-] profiler.connection_string = messaging:// {{(pid=96252) log_opt_values /opt/stack/data/venv/lib/python3.12/site-packages/oslo_config/cfg.py:3253}}
Jul 07 01:26:03.639134 np0000004694 nova-scheduler[96252]: DEBUG cotyledon.oslo_config_glue [-] profiler.enabled = False {{(pid=96252) log_opt_values /opt/stack/data/venv/lib/python3.12/site-packages/oslo_config/cfg.py:3253}}
Jul 07 01:26:03.639134 np0000004694 nova-scheduler[96252]: DEBUG cotyledon.oslo_config_glue [-] profiler.es_doc_type = notification {{(pid=96252) log_opt_values /opt/stack/data/venv/lib/python3.12/site-packages/oslo_config/cfg.py:3253}}
Jul 07 01:26:03.639134 np0000004694 nova-scheduler[96252]: DEBUG cotyledon.oslo_config_glue [-] profiler.es_scroll_size = 10000 {{(pid=96252) log_opt_values /opt/stack/data/venv/lib/python3.12/site-packages/oslo_config/cfg.py:3253}}
Jul 07 01:26:03.639134 np0000004694 nova-scheduler[96252]: DEBUG cotyledon.oslo_config_glue [-] profiler.es_scroll_time = 2m {{(pid=96252) log_opt_values /opt/stack/data/venv/lib/python3.12/site-packages/oslo_config/cfg.py:3253}}
Jul 07 01:26:03.639134 np0000004694 nova-scheduler[96252]: DEBUG cotyledon.oslo_config_glue [-] profiler.filter_error_trace = False {{(pid=96252) log_opt_values /opt/stack/data/venv/lib/python3.12/site-packages/oslo_config/cfg.py:3253}}
Jul 07 01:26:03.639134 np0000004694 nova-scheduler[96252]: DEBUG cotyledon.oslo_config_glue [-] profiler.hmac_keys = **** {{(pid=96252) log_opt_values /opt/stack/data/venv/lib/python3.12/site-packages/oslo_config/cfg.py:3253}}
Jul 07 01:26:03.639134 np0000004694 nova-scheduler[96252]: DEBUG cotyledon.oslo_config_glue [-] profiler.sentinel_service_name = mymaster {{(pid=96252) log_opt_values /opt/stack/data/venv/lib/python3.12/site-packages/oslo_config/cfg.py:3253}}
Jul 07 01:26:03.639134 np0000004694 nova-scheduler[96252]: DEBUG cotyledon.oslo_config_glue [-] profiler.socket_timeout = 0.1 {{(pid=96252) log_opt_values /opt/stack/data/venv/lib/python3.12/site-packages/oslo_config/cfg.py:3253}}
Jul 07 01:26:03.639134 np0000004694 nova-scheduler[96252]: DEBUG cotyledon.oslo_config_glue [-] profiler.trace_requests = False {{(pid=96252) log_opt_values /opt/stack/data/venv/lib/python3.12/site-packages/oslo_config/cfg.py:3253}}
Jul 07 01:26:03.639368 np0000004694 nova-scheduler[96252]: DEBUG cotyledon.oslo_config_glue [-] profiler.trace_sqlalchemy = False {{(pid=96252) log_opt_values /opt/stack/data/venv/lib/python3.12/site-packages/oslo_config/cfg.py:3253}}
Jul 07 01:26:03.639368 np0000004694 nova-scheduler[96252]: DEBUG cotyledon.oslo_config_glue [-] profiler_jaeger.process_tags = {} {{(pid=96252) log_opt_values /opt/stack/data/venv/lib/python3.12/site-packages/oslo_config/cfg.py:3253}}
Jul 07 01:26:03.639368 np0000004694 nova-scheduler[96252]: DEBUG cotyledon.oslo_config_glue [-] profiler_jaeger.service_name_prefix = None {{(pid=96252) log_opt_values /opt/stack/data/venv/lib/python3.12/site-packages/oslo_config/cfg.py:3253}}
Jul 07 01:26:03.639368 np0000004694 nova-scheduler[96252]: DEBUG cotyledon.oslo_config_glue [-] profiler_otlp.service_name_prefix = None {{(pid=96252) log_opt_values /opt/stack/data/venv/lib/python3.12/site-packages/oslo_config/cfg.py:3253}}
Jul 07 01:26:03.639368 np0000004694 nova-scheduler[96252]: DEBUG cotyledon.oslo_config_glue [-] oslo_messaging_rabbit.amqp_auto_delete = False {{(pid=96252) log_opt_values /opt/stack/data/venv/lib/python3.12/site-packages/oslo_config/cfg.py:3253}}
Jul 07 01:26:03.639368 np0000004694 nova-scheduler[96252]: DEBUG cotyledon.oslo_config_glue [-] oslo_messaging_rabbit.amqp_durable_queues = False {{(pid=96252) log_opt_values /opt/stack/data/venv/lib/python3.12/site-packages/oslo_config/cfg.py:3253}}
Jul 07 01:26:03.639368 np0000004694 nova-scheduler[96252]: DEBUG cotyledon.oslo_config_glue [-] oslo_messaging_rabbit.conn_pool_min_size = 2 {{(pid=96252) log_opt_values /opt/stack/data/venv/lib/python3.12/site-packages/oslo_config/cfg.py:3253}}
Jul 07 01:26:03.639368 np0000004694 nova-scheduler[96252]: DEBUG cotyledon.oslo_config_glue [-] oslo_messaging_rabbit.conn_pool_ttl = 1200 {{(pid=96252) log_opt_values /opt/stack/data/venv/lib/python3.12/site-packages/oslo_config/cfg.py:3253}}
Jul 07 01:26:03.639368 np0000004694 nova-scheduler[96252]: DEBUG cotyledon.oslo_config_glue [-] oslo_messaging_rabbit.direct_mandatory_flag = True {{(pid=96252) log_opt_values /opt/stack/data/venv/lib/python3.12/site-packages/oslo_config/cfg.py:3253}}
Jul 07 01:26:03.639623 np0000004694 nova-scheduler[96252]: DEBUG cotyledon.oslo_config_glue [-] oslo_messaging_rabbit.enable_cancel_on_failover = False {{(pid=96252) log_opt_values /opt/stack/data/venv/lib/python3.12/site-packages/oslo_config/cfg.py:3253}}
Jul 07 01:26:03.639623 np0000004694 nova-scheduler[96252]: DEBUG cotyledon.oslo_config_glue [-] oslo_messaging_rabbit.heartbeat_rate = 3 {{(pid=96252) log_opt_values /opt/stack/data/venv/lib/python3.12/site-packages/oslo_config/cfg.py:3253}}
Jul 07 01:26:03.639623 np0000004694 nova-scheduler[96252]: DEBUG cotyledon.oslo_config_glue [-] oslo_messaging_rabbit.heartbeat_timeout_threshold = 60 {{(pid=96252) log_opt_values /opt/stack/data/venv/lib/python3.12/site-packages/oslo_config/cfg.py:3253}}
Jul 07 01:26:03.639623 np0000004694 nova-scheduler[96252]: DEBUG cotyledon.oslo_config_glue [-] oslo_messaging_rabbit.hostname = np0000004694 {{(pid=96252) log_opt_values /opt/stack/data/venv/lib/python3.12/site-packages/oslo_config/cfg.py:3253}}
Jul 07 01:26:03.639623 np0000004694 nova-scheduler[96252]: DEBUG cotyledon.oslo_config_glue [-] oslo_messaging_rabbit.kombu_compression = None {{(pid=96252) log_opt_values /opt/stack/data/venv/lib/python3.12/site-packages/oslo_config/cfg.py:3253}}
Jul 07 01:26:03.639623 np0000004694 nova-scheduler[96252]: DEBUG cotyledon.oslo_config_glue [-] oslo_messaging_rabbit.kombu_failover_strategy = round-robin {{(pid=96252) log_opt_values /opt/stack/data/venv/lib/python3.12/site-packages/oslo_config/cfg.py:3253}}
Jul 07 01:26:03.639623 np0000004694 nova-scheduler[96252]: DEBUG cotyledon.oslo_config_glue [-] oslo_messaging_rabbit.kombu_missing_consumer_retry_timeout = 60 {{(pid=96252) log_opt_values /opt/stack/data/venv/lib/python3.12/site-packages/oslo_config/cfg.py:3253}}
Jul 07 01:26:03.639623 np0000004694 nova-scheduler[96252]: DEBUG cotyledon.oslo_config_glue [-] oslo_messaging_rabbit.kombu_reconnect_delay = 1.0 {{(pid=96252) log_opt_values /opt/stack/data/venv/lib/python3.12/site-packages/oslo_config/cfg.py:3253}}
Jul 07 01:26:03.639623 np0000004694 nova-scheduler[96252]: DEBUG cotyledon.oslo_config_glue [-] oslo_messaging_rabbit.kombu_reconnect_splay = 0.0 {{(pid=96252) log_opt_values /opt/stack/data/venv/lib/python3.12/site-packages/oslo_config/cfg.py:3253}}
Jul 07 01:26:03.639875 np0000004694 nova-scheduler[96252]: DEBUG cotyledon.oslo_config_glue [-] oslo_messaging_rabbit.processname = nova-scheduler {{(pid=96252) log_opt_values /opt/stack/data/venv/lib/python3.12/site-packages/oslo_config/cfg.py:3253}}
Jul 07 01:26:03.639875 np0000004694 nova-scheduler[96252]: DEBUG cotyledon.oslo_config_glue [-] oslo_messaging_rabbit.rabbit_ha_queues = False {{(pid=96252) log_opt_values /opt/stack/data/venv/lib/python3.12/site-packages/oslo_config/cfg.py:3253}}
Jul 07 01:26:03.639875 np0000004694 nova-scheduler[96252]: DEBUG cotyledon.oslo_config_glue [-] oslo_messaging_rabbit.rabbit_interval_max = 30 {{(pid=96252) log_opt_values /opt/stack/data/venv/lib/python3.12/site-packages/oslo_config/cfg.py:3253}}
Jul 07 01:26:03.639875 np0000004694 nova-scheduler[96252]: DEBUG cotyledon.oslo_config_glue [-] oslo_messaging_rabbit.rabbit_login_method = AMQPLAIN {{(pid=96252) log_opt_values /opt/stack/data/venv/lib/python3.12/site-packages/oslo_config/cfg.py:3253}}
Jul 07 01:26:03.639875 np0000004694 nova-scheduler[96252]: DEBUG cotyledon.oslo_config_glue [-] oslo_messaging_rabbit.rabbit_qos_prefetch_count = 0 {{(pid=96252) log_opt_values /opt/stack/data/venv/lib/python3.12/site-packages/oslo_config/cfg.py:3253}}
Jul 07 01:26:03.639875 np0000004694 nova-scheduler[96252]: DEBUG cotyledon.oslo_config_glue [-] oslo_messaging_rabbit.rabbit_quorum_delivery_limit = 0 {{(pid=96252) log_opt_values /opt/stack/data/venv/lib/python3.12/site-packages/oslo_config/cfg.py:3253}}
Jul 07 01:26:03.639875 np0000004694 nova-scheduler[96252]: DEBUG cotyledon.oslo_config_glue [-] oslo_messaging_rabbit.rabbit_quorum_max_memory_bytes = 0 {{(pid=96252) log_opt_values /opt/stack/data/venv/lib/python3.12/site-packages/oslo_config/cfg.py:3253}}
Jul 07 01:26:03.639875 np0000004694 nova-scheduler[96252]: DEBUG cotyledon.oslo_config_glue [-] oslo_messaging_rabbit.rabbit_quorum_max_memory_length = 0 {{(pid=96252) log_opt_values /opt/stack/data/venv/lib/python3.12/site-packages/oslo_config/cfg.py:3253}}
Jul 07 01:26:03.639875 np0000004694 nova-scheduler[96252]: DEBUG cotyledon.oslo_config_glue [-] oslo_messaging_rabbit.rabbit_quorum_queue = False {{(pid=96252) log_opt_values /opt/stack/data/venv/lib/python3.12/site-packages/oslo_config/cfg.py:3253}}
Jul 07 01:26:03.640133 np0000004694 nova-scheduler[96252]: DEBUG cotyledon.oslo_config_glue [-] oslo_messaging_rabbit.rabbit_retry_backoff = 2 {{(pid=96252) log_opt_values /opt/stack/data/venv/lib/python3.12/site-packages/oslo_config/cfg.py:3253}}
Jul 07 01:26:03.640133 np0000004694 nova-scheduler[96252]: DEBUG cotyledon.oslo_config_glue [-] oslo_messaging_rabbit.rabbit_retry_interval = 1 {{(pid=96252) log_opt_values /opt/stack/data/venv/lib/python3.12/site-packages/oslo_config/cfg.py:3253}}
Jul 07 01:26:03.640133 np0000004694 nova-scheduler[96252]: DEBUG cotyledon.oslo_config_glue [-] oslo_messaging_rabbit.rabbit_stream_fanout = False {{(pid=96252) log_opt_values /opt/stack/data/venv/lib/python3.12/site-packages/oslo_config/cfg.py:3253}}
Jul 07 01:26:03.640133 np0000004694 nova-scheduler[96252]: DEBUG cotyledon.oslo_config_glue [-] oslo_messaging_rabbit.rabbit_transient_queues_ttl = 1800 {{(pid=96252) log_opt_values /opt/stack/data/venv/lib/python3.12/site-packages/oslo_config/cfg.py:3253}}
Jul 07 01:26:03.640247 np0000004694 nova-scheduler[96247]: INFO dbcounter [None req-73e33288-76bd-494a-85bd-1a4b49ea3af9 None None] Registered counter for database nova_cell0
Jul 07 01:26:03.640284 np0000004694 nova-scheduler[96252]: DEBUG cotyledon.oslo_config_glue [-] oslo_messaging_rabbit.rabbit_transient_quorum_queue = False {{(pid=96252) log_opt_values /opt/stack/data/venv/lib/python3.12/site-packages/oslo_config/cfg.py:3253}}
Jul 07 01:26:03.640284 np0000004694 nova-scheduler[96252]: DEBUG cotyledon.oslo_config_glue [-] oslo_messaging_rabbit.rpc_conn_pool_size = 30 {{(pid=96252) log_opt_values /opt/stack/data/venv/lib/python3.12/site-packages/oslo_config/cfg.py:3253}}
Jul 07 01:26:03.640284 np0000004694 nova-scheduler[96252]: DEBUG cotyledon.oslo_config_glue [-] oslo_messaging_rabbit.ssl = False {{(pid=96252) log_opt_values /opt/stack/data/venv/lib/python3.12/site-packages/oslo_config/cfg.py:3253}}
Jul 07 01:26:03.640284 np0000004694 nova-scheduler[96252]: DEBUG cotyledon.oslo_config_glue [-] oslo_messaging_rabbit.ssl_ca_file = {{(pid=96252) log_opt_values /opt/stack/data/venv/lib/python3.12/site-packages/oslo_config/cfg.py:3253}}
Jul 07 01:26:03.640284 np0000004694 nova-scheduler[96252]: DEBUG cotyledon.oslo_config_glue [-] oslo_messaging_rabbit.ssl_cert_file = {{(pid=96252) log_opt_values /opt/stack/data/venv/lib/python3.12/site-packages/oslo_config/cfg.py:3253}}
Jul 07 01:26:03.640284 np0000004694 nova-scheduler[96252]: DEBUG cotyledon.oslo_config_glue [-] oslo_messaging_rabbit.ssl_enforce_fips_mode = False {{(pid=96252) log_opt_values /opt/stack/data/venv/lib/python3.12/site-packages/oslo_config/cfg.py:3253}}
Jul 07 01:26:03.640284 np0000004694 nova-scheduler[96252]: DEBUG cotyledon.oslo_config_glue [-] oslo_messaging_rabbit.ssl_enforce_hostname_verification = True {{(pid=96252) log_opt_values /opt/stack/data/venv/lib/python3.12/site-packages/oslo_config/cfg.py:3253}}
Jul 07 01:26:03.640284 np0000004694 nova-scheduler[96252]: DEBUG cotyledon.oslo_config_glue [-] oslo_messaging_rabbit.ssl_key_file = {{(pid=96252) log_opt_values /opt/stack/data/venv/lib/python3.12/site-packages/oslo_config/cfg.py:3253}}
Jul 07 01:26:03.640284 np0000004694 nova-scheduler[96252]: DEBUG cotyledon.oslo_config_glue [-] oslo_messaging_rabbit.ssl_version = {{(pid=96252) log_opt_values /opt/stack/data/venv/lib/python3.12/site-packages/oslo_config/cfg.py:3253}}
Jul 07 01:26:03.640543 np0000004694 nova-scheduler[96252]: DEBUG cotyledon.oslo_config_glue [-] oslo_messaging_rabbit.use_queue_manager = False {{(pid=96252) log_opt_values /opt/stack/data/venv/lib/python3.12/site-packages/oslo_config/cfg.py:3253}}
Jul 07 01:26:03.640543 np0000004694 nova-scheduler[96252]: DEBUG cotyledon.oslo_config_glue [-] oslo_messaging_notifications.driver = ['messagingv2'] {{(pid=96252) log_opt_values /opt/stack/data/venv/lib/python3.12/site-packages/oslo_config/cfg.py:3253}}
Jul 07 01:26:03.640543 np0000004694 nova-scheduler[96252]: DEBUG cotyledon.oslo_config_glue [-] oslo_messaging_notifications.retry = -1 {{(pid=96252) log_opt_values /opt/stack/data/venv/lib/python3.12/site-packages/oslo_config/cfg.py:3253}}
Jul 07 01:26:03.640543 np0000004694 nova-scheduler[96252]: DEBUG cotyledon.oslo_config_glue [-] oslo_messaging_notifications.topics = ['notifications'] {{(pid=96252) log_opt_values /opt/stack/data/venv/lib/python3.12/site-packages/oslo_config/cfg.py:3253}}
Jul 07 01:26:03.640543 np0000004694 nova-scheduler[96252]: DEBUG cotyledon.oslo_config_glue [-] oslo_messaging_notifications.transport_url = **** {{(pid=96252) log_opt_values /opt/stack/data/venv/lib/python3.12/site-packages/oslo_config/cfg.py:3253}}
Jul 07 01:26:03.640543 np0000004694 nova-scheduler[96252]: DEBUG cotyledon.oslo_config_glue [-] oslo_limit.auth_section = None {{(pid=96252) log_opt_values /opt/stack/data/venv/lib/python3.12/site-packages/oslo_config/cfg.py:3253}}
Jul 07 01:26:03.640543 np0000004694 nova-scheduler[96252]: DEBUG cotyledon.oslo_config_glue [-] oslo_limit.auth_type = None {{(pid=96252) log_opt_values /opt/stack/data/venv/lib/python3.12/site-packages/oslo_config/cfg.py:3253}}
Jul 07 01:26:03.640543 np0000004694 nova-scheduler[96252]: DEBUG cotyledon.oslo_config_glue [-] oslo_limit.cafile = None {{(pid=96252) log_opt_values /opt/stack/data/venv/lib/python3.12/site-packages/oslo_config/cfg.py:3253}}
Jul 07 01:26:03.640543 np0000004694 nova-scheduler[96252]: DEBUG cotyledon.oslo_config_glue [-] oslo_limit.certfile = None {{(pid=96252) log_opt_values /opt/stack/data/venv/lib/python3.12/site-packages/oslo_config/cfg.py:3253}}
Jul 07 01:26:03.640858 np0000004694 nova-scheduler[96252]: DEBUG cotyledon.oslo_config_glue [-] oslo_limit.collect_timing = False {{(pid=96252) log_opt_values /opt/stack/data/venv/lib/python3.12/site-packages/oslo_config/cfg.py:3253}}
Jul 07 01:26:03.640858 np0000004694 nova-scheduler[96252]: DEBUG cotyledon.oslo_config_glue [-] oslo_limit.connect_retries = None {{(pid=96252) log_opt_values /opt/stack/data/venv/lib/python3.12/site-packages/oslo_config/cfg.py:3253}}
Jul 07 01:26:03.640858 np0000004694 nova-scheduler[96252]: DEBUG cotyledon.oslo_config_glue [-] oslo_limit.connect_retry_delay = None {{(pid=96252) log_opt_values /opt/stack/data/venv/lib/python3.12/site-packages/oslo_config/cfg.py:3253}}
Jul 07 01:26:03.640858 np0000004694 nova-scheduler[96252]: DEBUG cotyledon.oslo_config_glue [-] oslo_limit.endpoint_id = None {{(pid=96252) log_opt_values /opt/stack/data/venv/lib/python3.12/site-packages/oslo_config/cfg.py:3253}}
Jul 07 01:26:03.640858 np0000004694 nova-scheduler[96252]: DEBUG cotyledon.oslo_config_glue [-] oslo_limit.endpoint_interface = public {{(pid=96252) log_opt_values /opt/stack/data/venv/lib/python3.12/site-packages/oslo_config/cfg.py:3253}}
Jul 07 01:26:03.640858 np0000004694 nova-scheduler[96252]: DEBUG cotyledon.oslo_config_glue [-] oslo_limit.endpoint_override = None {{(pid=96252) log_opt_values /opt/stack/data/venv/lib/python3.12/site-packages/oslo_config/cfg.py:3253}}
Jul 07 01:26:03.640858 np0000004694 nova-scheduler[96252]: DEBUG cotyledon.oslo_config_glue [-] oslo_limit.endpoint_region_name = None {{(pid=96252) log_opt_values /opt/stack/data/venv/lib/python3.12/site-packages/oslo_config/cfg.py:3253}}
Jul 07 01:26:03.640858 np0000004694 nova-scheduler[96252]: DEBUG cotyledon.oslo_config_glue [-] oslo_limit.endpoint_service_name = None {{(pid=96252) log_opt_values /opt/stack/data/venv/lib/python3.12/site-packages/oslo_config/cfg.py:3253}}
Jul 07 01:26:03.640858 np0000004694 nova-scheduler[96252]: DEBUG cotyledon.oslo_config_glue [-] oslo_limit.endpoint_service_type = None {{(pid=96252) log_opt_values /opt/stack/data/venv/lib/python3.12/site-packages/oslo_config/cfg.py:3253}}
Jul 07 01:26:03.641101 np0000004694 nova-scheduler[96252]: DEBUG cotyledon.oslo_config_glue [-] oslo_limit.insecure = False {{(pid=96252) log_opt_values /opt/stack/data/venv/lib/python3.12/site-packages/oslo_config/cfg.py:3253}}
Jul 07 01:26:03.641101 np0000004694 nova-scheduler[96252]: DEBUG cotyledon.oslo_config_glue [-] oslo_limit.keyfile = None {{(pid=96252) log_opt_values /opt/stack/data/venv/lib/python3.12/site-packages/oslo_config/cfg.py:3253}}
Jul 07 01:26:03.641101 np0000004694 nova-scheduler[96252]: DEBUG cotyledon.oslo_config_glue [-] oslo_limit.max_version = None {{(pid=96252) log_opt_values /opt/stack/data/venv/lib/python3.12/site-packages/oslo_config/cfg.py:3253}}
Jul 07 01:26:03.641101 np0000004694 nova-scheduler[96252]: DEBUG cotyledon.oslo_config_glue [-] oslo_limit.min_version = None {{(pid=96252) log_opt_values /opt/stack/data/venv/lib/python3.12/site-packages/oslo_config/cfg.py:3253}}
Jul 07 01:26:03.641101 np0000004694 nova-scheduler[96252]: DEBUG cotyledon.oslo_config_glue [-] oslo_limit.region_name = None {{(pid=96252) log_opt_values /opt/stack/data/venv/lib/python3.12/site-packages/oslo_config/cfg.py:3253}}
Jul 07 01:26:03.641101 np0000004694 nova-scheduler[96252]: DEBUG cotyledon.oslo_config_glue [-] oslo_limit.retriable_status_codes = None {{(pid=96252) log_opt_values /opt/stack/data/venv/lib/python3.12/site-packages/oslo_config/cfg.py:3253}}
Jul 07 01:26:03.641101 np0000004694 nova-scheduler[96252]: DEBUG cotyledon.oslo_config_glue [-] oslo_limit.service_name = None {{(pid=96252) log_opt_values /opt/stack/data/venv/lib/python3.12/site-packages/oslo_config/cfg.py:3253}}
Jul 07 01:26:03.641101 np0000004694 nova-scheduler[96252]: DEBUG cotyledon.oslo_config_glue [-] oslo_limit.service_type = None {{(pid=96252) log_opt_values /opt/stack/data/venv/lib/python3.12/site-packages/oslo_config/cfg.py:3253}}
Jul 07 01:26:03.641101 np0000004694 nova-scheduler[96252]: DEBUG cotyledon.oslo_config_glue [-] oslo_limit.split_loggers = False {{(pid=96252) log_opt_values /opt/stack/data/venv/lib/python3.12/site-packages/oslo_config/cfg.py:3253}}
Jul 07 01:26:03.641349 np0000004694 nova-scheduler[96252]: DEBUG cotyledon.oslo_config_glue [-] oslo_limit.status_code_retries = None {{(pid=96252) log_opt_values /opt/stack/data/venv/lib/python3.12/site-packages/oslo_config/cfg.py:3253}}
Jul 07 01:26:03.641349 np0000004694 nova-scheduler[96252]: DEBUG cotyledon.oslo_config_glue [-] oslo_limit.status_code_retry_delay = None {{(pid=96252) log_opt_values /opt/stack/data/venv/lib/python3.12/site-packages/oslo_config/cfg.py:3253}}
Jul 07 01:26:03.641349 np0000004694 nova-scheduler[96252]: DEBUG cotyledon.oslo_config_glue [-] oslo_limit.timeout = None {{(pid=96252) log_opt_values /opt/stack/data/venv/lib/python3.12/site-packages/oslo_config/cfg.py:3253}}
Jul 07 01:26:03.641349 np0000004694 nova-scheduler[96252]: DEBUG cotyledon.oslo_config_glue [-] oslo_limit.valid_interfaces = None {{(pid=96252) log_opt_values /opt/stack/data/venv/lib/python3.12/site-packages/oslo_config/cfg.py:3253}}
Jul 07 01:26:03.641349 np0000004694 nova-scheduler[96252]: DEBUG cotyledon.oslo_config_glue [-] oslo_limit.version = None {{(pid=96252) log_opt_values /opt/stack/data/venv/lib/python3.12/site-packages/oslo_config/cfg.py:3253}}
Jul 07 01:26:03.641349 np0000004694 nova-scheduler[96252]: DEBUG cotyledon.oslo_config_glue [-] oslo_reports.file_event_handler = None {{(pid=96252) log_opt_values /opt/stack/data/venv/lib/python3.12/site-packages/oslo_config/cfg.py:3253}}
Jul 07 01:26:03.641349 np0000004694 nova-scheduler[96252]: DEBUG cotyledon.oslo_config_glue [-] oslo_reports.file_event_handler_interval = 1 {{(pid=96252) log_opt_values /opt/stack/data/venv/lib/python3.12/site-packages/oslo_config/cfg.py:3253}}
Jul 07 01:26:03.641349 np0000004694 nova-scheduler[96252]: DEBUG cotyledon.oslo_config_glue [-] oslo_reports.log_dir = None {{(pid=96252) log_opt_values /opt/stack/data/venv/lib/python3.12/site-packages/oslo_config/cfg.py:3253}}
Jul 07 01:26:03.641349 np0000004694 nova-scheduler[96252]: DEBUG cotyledon.oslo_config_glue [-] ******************************************************************************** {{(pid=96252) log_opt_values /opt/stack/data/venv/lib/python3.12/site-packages/oslo_config/cfg.py:3260}}
Jul 07 01:26:03.641618 np0000004694 nova-scheduler[96252]: DEBUG cotyledon._service_worker [-] Run service ServiceWrapper(3) [96252] {{(pid=96252) wait_forever /opt/stack/data/venv/lib/python3.12/site-packages/cotyledon/_service_worker.py:218}}
Jul 07 01:26:03.641618 np0000004694 nova-scheduler[96252]: INFO nova.service [-] Starting scheduler node (version 33.1.0)
Jul 07 01:26:03.641618 np0000004694 nova-scheduler[96252]: INFO dbcounter [None req-b785ef78-10f9-4984-8cab-abe76845eb2e None None] Registered counter for database nova_cell0
Jul 07 01:26:03.641699 np0000004694 nova-scheduler[96238]: DEBUG oslo_db.sqlalchemy.engines [None req-a1269dc2-8b49-4e17-9a34-43d0ca24f716 None None] MySQL server mode set to STRICT_TRANS_TABLES,STRICT_ALL_TABLES,NO_ZERO_IN_DATE,NO_ZERO_DATE,ERROR_FOR_DIVISION_BY_ZERO,TRADITIONAL,NO_ENGINE_SUBSTITUTION {{(pid=96238) _check_effective_sql_mode /opt/stack/data/venv/lib/python3.12/site-packages/oslo_db/sqlalchemy/engines.py:325}}
Jul 07 01:26:03.641699 np0000004694 nova-scheduler[96238]: DEBUG dbcounter [-] [96238] Writer thread running {{(pid=96238) stat_writer /opt/stack/data/venv/lib/python3.12/site-packages/dbcounter.py:102}}
Jul 07 01:26:03.646737 np0000004694 nova-scheduler[96240]: DEBUG oslo_db.sqlalchemy.engines [None req-313c8518-ad98-42b8-a724-380c0b46b9a2 None None] MySQL server mode set to STRICT_TRANS_TABLES,STRICT_ALL_TABLES,NO_ZERO_IN_DATE,NO_ZERO_DATE,ERROR_FOR_DIVISION_BY_ZERO,TRADITIONAL,NO_ENGINE_SUBSTITUTION {{(pid=96240) _check_effective_sql_mode /opt/stack/data/venv/lib/python3.12/site-packages/oslo_db/sqlalchemy/engines.py:325}}
Jul 07 01:26:03.655298 np0000004694 nova-scheduler[96238]: DEBUG nova.service [None req-a1269dc2-8b49-4e17-9a34-43d0ca24f716 None None] Creating RPC server for service: nova-scheduler on topic: scheduler {{(pid=96238) start /opt/stack/nova/nova/service.py:196}}
Jul 07 01:26:03.656268 np0000004694 nova-scheduler[96240]: DEBUG dbcounter [-] [96240] Writer thread running {{(pid=96240) stat_writer /opt/stack/data/venv/lib/python3.12/site-packages/dbcounter.py:102}}
Jul 07 01:26:03.659723 np0000004694 nova-scheduler[96240]: DEBUG nova.service [None req-313c8518-ad98-42b8-a724-380c0b46b9a2 None None] Creating RPC server for service: nova-scheduler on topic: scheduler {{(pid=96240) start /opt/stack/nova/nova/service.py:196}}
Jul 07 01:26:03.662736 np0000004694 nova-scheduler[96247]: DEBUG oslo_db.sqlalchemy.engines [None req-73e33288-76bd-494a-85bd-1a4b49ea3af9 None None] MySQL server mode set to STRICT_TRANS_TABLES,STRICT_ALL_TABLES,NO_ZERO_IN_DATE,NO_ZERO_DATE,ERROR_FOR_DIVISION_BY_ZERO,TRADITIONAL,NO_ENGINE_SUBSTITUTION {{(pid=96247) _check_effective_sql_mode /opt/stack/data/venv/lib/python3.12/site-packages/oslo_db/sqlalchemy/engines.py:325}}
Jul 07 01:26:03.665985 np0000004694 nova-scheduler[96252]: DEBUG oslo_db.sqlalchemy.engines [None req-b785ef78-10f9-4984-8cab-abe76845eb2e None None] MySQL server mode set to STRICT_TRANS_TABLES,STRICT_ALL_TABLES,NO_ZERO_IN_DATE,NO_ZERO_DATE,ERROR_FOR_DIVISION_BY_ZERO,TRADITIONAL,NO_ENGINE_SUBSTITUTION {{(pid=96252) _check_effective_sql_mode /opt/stack/data/venv/lib/python3.12/site-packages/oslo_db/sqlalchemy/engines.py:325}}
Jul 07 01:26:03.674708 np0000004694 nova-scheduler[96247]: DEBUG dbcounter [-] [96247] Writer thread running {{(pid=96247) stat_writer /opt/stack/data/venv/lib/python3.12/site-packages/dbcounter.py:102}}
Jul 07 01:26:03.676154 np0000004694 nova-scheduler[96252]: DEBUG dbcounter [-] [96252] Writer thread running {{(pid=96252) stat_writer /opt/stack/data/venv/lib/python3.12/site-packages/dbcounter.py:102}}
Jul 07 01:26:03.678590 np0000004694 nova-scheduler[96247]: DEBUG nova.service [None req-73e33288-76bd-494a-85bd-1a4b49ea3af9 None None] Creating RPC server for service: nova-scheduler on topic: scheduler {{(pid=96247) start /opt/stack/nova/nova/service.py:196}}
Jul 07 01:26:03.679245 np0000004694 nova-scheduler[96252]: DEBUG nova.service [None req-b785ef78-10f9-4984-8cab-abe76845eb2e None None] Creating RPC server for service: nova-scheduler on topic: scheduler {{(pid=96252) start /opt/stack/nova/nova/service.py:196}}
Jul 07 01:26:03.679431 np0000004694 nova-scheduler[96238]: DEBUG nova.service [None req-a1269dc2-8b49-4e17-9a34-43d0ca24f716 None None] Join ServiceGroup membership for this service scheduler {{(pid=96238) start /opt/stack/nova/nova/service.py:222}}
Jul 07 01:26:03.679514 np0000004694 nova-scheduler[96240]: DEBUG nova.service [None req-313c8518-ad98-42b8-a724-380c0b46b9a2 None None] Join ServiceGroup membership for this service scheduler {{(pid=96240) start /opt/stack/nova/nova/service.py:222}}
Jul 07 01:26:03.679657 np0000004694 nova-scheduler[96238]: DEBUG nova.servicegroup.drivers.db [None req-a1269dc2-8b49-4e17-9a34-43d0ca24f716 None None] DB_Driver: join new ServiceGroup member np0000004694 to the scheduler group, service = {{(pid=96238) join /opt/stack/nova/nova/servicegroup/drivers/db.py:44}}
Jul 07 01:26:03.679722 np0000004694 nova-scheduler[96240]: DEBUG nova.servicegroup.drivers.db [None req-313c8518-ad98-42b8-a724-380c0b46b9a2 None None] DB_Driver: join new ServiceGroup member np0000004694 to the scheduler group, service = {{(pid=96240) join /opt/stack/nova/nova/servicegroup/drivers/db.py:44}}
Jul 07 01:26:03.697755 np0000004694 nova-scheduler[96247]: DEBUG nova.service [None req-73e33288-76bd-494a-85bd-1a4b49ea3af9 None None] Join ServiceGroup membership for this service scheduler {{(pid=96247) start /opt/stack/nova/nova/service.py:222}}
Jul 07 01:26:03.698171 np0000004694 nova-scheduler[96247]: DEBUG nova.servicegroup.drivers.db [None req-73e33288-76bd-494a-85bd-1a4b49ea3af9 None None] DB_Driver: join new ServiceGroup member np0000004694 to the scheduler group, service = {{(pid=96247) join /opt/stack/nova/nova/servicegroup/drivers/db.py:44}}
Jul 07 01:26:03.698240 np0000004694 nova-scheduler[96252]: DEBUG nova.service [None req-b785ef78-10f9-4984-8cab-abe76845eb2e None None] Join ServiceGroup membership for this service scheduler {{(pid=96252) start /opt/stack/nova/nova/service.py:222}}
Jul 07 01:26:03.698407 np0000004694 nova-scheduler[96252]: DEBUG nova.servicegroup.drivers.db [None req-b785ef78-10f9-4984-8cab-abe76845eb2e None None] DB_Driver: join new ServiceGroup member np0000004694 to the scheduler group, service = {{(pid=96252) join /opt/stack/nova/nova/servicegroup/drivers/db.py:44}}
Jul 07 01:26:08.694889 np0000004694 nova-scheduler[96238]: DEBUG oslo.service.backend._threading.loopingcall [-] Fixed interval looping call 'nova.servicegroup.drivers.db.DbDriver._report_state' sleeping for 119.99 seconds {{(pid=96238) _run_loop /opt/stack/data/venv/lib/python3.12/site-packages/oslo_service/backend/_threading/loopingcall.py:125}}
Jul 07 01:26:08.696203 np0000004694 nova-scheduler[96240]: DEBUG oslo.service.backend._threading.loopingcall [-] Fixed interval looping call 'nova.servicegroup.drivers.db.DbDriver._report_state' sleeping for 119.99 seconds {{(pid=96240) _run_loop /opt/stack/data/venv/lib/python3.12/site-packages/oslo_service/backend/_threading/loopingcall.py:125}}
Jul 07 01:26:08.708305 np0000004694 nova-scheduler[96247]: DEBUG oslo.service.backend._threading.loopingcall [-] Fixed interval looping call 'nova.servicegroup.drivers.db.DbDriver._report_state' sleeping for 119.99 seconds {{(pid=96247) _run_loop /opt/stack/data/venv/lib/python3.12/site-packages/oslo_service/backend/_threading/loopingcall.py:125}}
Jul 07 01:26:08.710854 np0000004694 nova-scheduler[96252]: DEBUG oslo.service.backend._threading.loopingcall [-] Fixed interval looping call 'nova.servicegroup.drivers.db.DbDriver._report_state' sleeping for 119.99 seconds {{(pid=96252) _run_loop /opt/stack/data/venv/lib/python3.12/site-packages/oslo_service/backend/_threading/loopingcall.py:125}}
Jul 07 01:26:09.681928 np0000004694 nova-scheduler[96238]: DEBUG oslo.service.backend._threading.loopingcall [None req-d9463680-a410-4558-97e0-d001c204f0b0 None None] Dynamic interval looping call 'nova.service.Service.periodic_tasks' sleeping for 60.00 seconds {{(pid=96238) _run_loop /opt/stack/data/venv/lib/python3.12/site-packages/oslo_service/backend/_threading/loopingcall.py:125}}
Jul 07 01:26:12.238406 np0000004694 nova-scheduler[95046]: DEBUG dbcounter [-] [95046] Writing DB stats nova_api:SELECT=3 {{(pid=95046) stat_writer /opt/stack/data/venv/lib/python3.12/site-packages/dbcounter.py:115}}
Jul 07 01:26:12.369029 np0000004694 nova-scheduler[95046]: DEBUG dbcounter [-] [95046] Writing DB stats nova_cell1:SELECT=1 {{(pid=95046) stat_writer /opt/stack/data/venv/lib/python3.12/site-packages/dbcounter.py:115}}
Jul 07 01:26:12.373457 np0000004694 nova-scheduler[95046]: DEBUG dbcounter [-] [95046] Writing DB stats nova_cell0:SELECT=1 {{(pid=95046) stat_writer /opt/stack/data/venv/lib/python3.12/site-packages/dbcounter.py:115}}
Jul 07 01:26:18.691142 np0000004694 nova-scheduler[96238]: DEBUG dbcounter [-] [96238] Writing DB stats nova_cell0:SELECT=4,nova_cell0:INSERT=1,nova_cell0:UPDATE=1 {{(pid=96238) stat_writer /opt/stack/data/venv/lib/python3.12/site-packages/dbcounter.py:115}}
Jul 07 01:26:18.693808 np0000004694 nova-scheduler[96240]: DEBUG dbcounter [-] [96240] Writing DB stats nova_cell0:SELECT=3,nova_cell0:UPDATE=1 {{(pid=96240) stat_writer /opt/stack/data/venv/lib/python3.12/site-packages/dbcounter.py:115}}
Jul 07 01:26:18.706863 np0000004694 nova-scheduler[96247]: DEBUG dbcounter [-] [96247] Writing DB stats nova_cell0:SELECT=3 {{(pid=96247) stat_writer /opt/stack/data/venv/lib/python3.12/site-packages/dbcounter.py:115}}
Jul 07 01:26:18.707261 np0000004694 nova-scheduler[96252]: DEBUG dbcounter [-] [96252] Writing DB stats nova_cell0:SELECT=3 {{(pid=96252) stat_writer /opt/stack/data/venv/lib/python3.12/site-packages/dbcounter.py:115}}
Jul 07 01:26:22.681792 np0000004694 nova-scheduler[96240]: DEBUG oslo.service.backend._threading.loopingcall [None req-96d79541-4709-4854-b2dd-c27ff4fc806b None None] Dynamic interval looping call 'nova.service.Service.periodic_tasks' sleeping for 60.00 seconds {{(pid=96240) _run_loop /opt/stack/data/venv/lib/python3.12/site-packages/oslo_service/backend/_threading/loopingcall.py:125}}
Jul 07 01:26:39.700058 np0000004694 nova-scheduler[96247]: DEBUG oslo.service.backend._threading.loopingcall [None req-acb06506-7bf0-4224-a560-e2180f1f39eb None None] Dynamic interval looping call 'nova.service.Service.periodic_tasks' sleeping for 60.00 seconds {{(pid=96247) _run_loop /opt/stack/data/venv/lib/python3.12/site-packages/oslo_service/backend/_threading/loopingcall.py:125}}
Jul 07 01:26:49.700414 np0000004694 nova-scheduler[96252]: DEBUG oslo.service.backend._threading.loopingcall [None req-859387e1-e83b-4324-a006-ba844ffa38c7 None None] Dynamic interval looping call 'nova.service.Service.periodic_tasks' sleeping for 60.00 seconds {{(pid=96252) _run_loop /opt/stack/data/venv/lib/python3.12/site-packages/oslo_service/backend/_threading/loopingcall.py:125}}
Jul 07 01:27:09.682597 np0000004694 nova-scheduler[96238]: DEBUG oslo.service.backend._threading.loopingcall [None req-d9463680-a410-4558-97e0-d001c204f0b0 None None] Dynamic interval looping call 'nova.service.Service.periodic_tasks' sleeping for 60.00 seconds {{(pid=96238) _run_loop /opt/stack/data/venv/lib/python3.12/site-packages/oslo_service/backend/_threading/loopingcall.py:125}}
Jul 07 01:27:22.682247 np0000004694 nova-scheduler[96240]: DEBUG oslo.service.backend._threading.loopingcall [None req-96d79541-4709-4854-b2dd-c27ff4fc806b None None] Dynamic interval looping call 'nova.service.Service.periodic_tasks' sleeping for 60.00 seconds {{(pid=96240) _run_loop /opt/stack/data/venv/lib/python3.12/site-packages/oslo_service/backend/_threading/loopingcall.py:125}}
Jul 07 01:27:39.701167 np0000004694 nova-scheduler[96247]: DEBUG oslo.service.backend._threading.loopingcall [None req-acb06506-7bf0-4224-a560-e2180f1f39eb None None] Dynamic interval looping call 'nova.service.Service.periodic_tasks' sleeping for 60.00 seconds {{(pid=96247) _run_loop /opt/stack/data/venv/lib/python3.12/site-packages/oslo_service/backend/_threading/loopingcall.py:125}}
Jul 07 01:27:49.701005 np0000004694 nova-scheduler[96252]: DEBUG oslo.service.backend._threading.loopingcall [None req-859387e1-e83b-4324-a006-ba844ffa38c7 None None] Dynamic interval looping call 'nova.service.Service.periodic_tasks' sleeping for 60.00 seconds {{(pid=96252) _run_loop /opt/stack/data/venv/lib/python3.12/site-packages/oslo_service/backend/_threading/loopingcall.py:125}}
Jul 07 01:28:08.693970 np0000004694 nova-scheduler[96238]: DEBUG oslo.service.backend._threading.loopingcall [-] Fixed interval looping call 'nova.servicegroup.drivers.db.DbDriver._report_state' sleeping for 119.99 seconds {{(pid=96238) _run_loop /opt/stack/data/venv/lib/python3.12/site-packages/oslo_service/backend/_threading/loopingcall.py:125}}
Jul 07 01:28:08.694670 np0000004694 nova-scheduler[96240]: DEBUG oslo.service.backend._threading.loopingcall [-] Fixed interval looping call 'nova.servicegroup.drivers.db.DbDriver._report_state' sleeping for 119.99 seconds {{(pid=96240) _run_loop /opt/stack/data/venv/lib/python3.12/site-packages/oslo_service/backend/_threading/loopingcall.py:125}}
Jul 07 01:28:08.702244 np0000004694 nova-scheduler[96247]: DEBUG oslo.service.backend._threading.loopingcall [-] Fixed interval looping call 'nova.servicegroup.drivers.db.DbDriver._report_state' sleeping for 120.00 seconds {{(pid=96247) _run_loop /opt/stack/data/venv/lib/python3.12/site-packages/oslo_service/backend/_threading/loopingcall.py:125}}
Jul 07 01:28:08.705093 np0000004694 nova-scheduler[96252]: DEBUG oslo.service.backend._threading.loopingcall [-] Fixed interval looping call 'nova.servicegroup.drivers.db.DbDriver._report_state' sleeping for 120.00 seconds {{(pid=96252) _run_loop /opt/stack/data/venv/lib/python3.12/site-packages/oslo_service/backend/_threading/loopingcall.py:125}}
Jul 07 01:28:09.683173 np0000004694 nova-scheduler[96238]: DEBUG oslo.service.backend._threading.loopingcall [None req-d9463680-a410-4558-97e0-d001c204f0b0 None None] Dynamic interval looping call 'nova.service.Service.periodic_tasks' sleeping for 60.00 seconds {{(pid=96238) _run_loop /opt/stack/data/venv/lib/python3.12/site-packages/oslo_service/backend/_threading/loopingcall.py:125}}
Jul 07 01:28:18.689407 np0000004694 nova-scheduler[96238]: DEBUG dbcounter [-] [96238] Writing DB stats nova_cell0:SELECT=1,nova_cell0:UPDATE=1 {{(pid=96238) stat_writer /opt/stack/data/venv/lib/python3.12/site-packages/dbcounter.py:115}}
Jul 07 01:28:18.690023 np0000004694 nova-scheduler[96240]: DEBUG dbcounter [-] [96240] Writing DB stats nova_cell0:SELECT=1,nova_cell0:UPDATE=1 {{(pid=96240) stat_writer /opt/stack/data/venv/lib/python3.12/site-packages/dbcounter.py:115}}
Jul 07 01:28:18.702018 np0000004694 nova-scheduler[96247]: DEBUG dbcounter [-] [96247] Writing DB stats nova_cell0:SELECT=1 {{(pid=96247) stat_writer /opt/stack/data/venv/lib/python3.12/site-packages/dbcounter.py:115}}
Jul 07 01:28:18.703077 np0000004694 nova-scheduler[96252]: DEBUG dbcounter [-] [96252] Writing DB stats nova_cell0:SELECT=1 {{(pid=96252) stat_writer /opt/stack/data/venv/lib/python3.12/site-packages/dbcounter.py:115}}
Jul 07 01:28:22.682806 np0000004694 nova-scheduler[96240]: DEBUG oslo.service.backend._threading.loopingcall [None req-96d79541-4709-4854-b2dd-c27ff4fc806b None None] Dynamic interval looping call 'nova.service.Service.periodic_tasks' sleeping for 60.00 seconds {{(pid=96240) _run_loop /opt/stack/data/venv/lib/python3.12/site-packages/oslo_service/backend/_threading/loopingcall.py:125}}
Jul 07 01:28:37.901474 np0000004694 nova-scheduler[96240]: DEBUG nova.scheduler.manager [None req-5c965868-f964-4259-827e-737f14301f25 tempest-DeleteServersTestJSON-876482483 tempest-DeleteServersTestJSON-876482483-project-member] Starting to schedule for instances: ['584caf02-71bc-4114-b289-d2cb12e7bd86'] {{(pid=96240) select_destinations /opt/stack/nova/nova/scheduler/manager.py:209}}
Jul 07 01:28:37.903646 np0000004694 nova-scheduler[96240]: DEBUG nova.scheduler.request_filter [None req-5c965868-f964-4259-827e-737f14301f25 tempest-DeleteServersTestJSON-876482483 tempest-DeleteServersTestJSON-876482483-project-member] compute_status_filter request filter added forbidden trait COMPUTE_STATUS_DISABLED {{(pid=96240) compute_status_filter /opt/stack/nova/nova/scheduler/request_filter.py:253}}
Jul 07 01:28:37.903646 np0000004694 nova-scheduler[96240]: DEBUG nova.scheduler.request_filter [None req-5c965868-f964-4259-827e-737f14301f25 tempest-DeleteServersTestJSON-876482483 tempest-DeleteServersTestJSON-876482483-project-member] Request filter 'compute_status_filter' took 0.0 seconds {{(pid=96240) wrapper /opt/stack/nova/nova/scheduler/request_filter.py:46}}
Jul 07 01:28:37.903646 np0000004694 nova-scheduler[96240]: DEBUG nova.scheduler.request_filter [None req-5c965868-f964-4259-827e-737f14301f25 tempest-DeleteServersTestJSON-876482483 tempest-DeleteServersTestJSON-876482483-project-member] Request filter 'accelerators_filter' took 0.0 seconds {{(pid=96240) wrapper /opt/stack/nova/nova/scheduler/request_filter.py:46}}
Jul 07 01:28:37.903646 np0000004694 nova-scheduler[96240]: DEBUG nova.scheduler.request_filter [None req-5c965868-f964-4259-827e-737f14301f25 tempest-DeleteServersTestJSON-876482483 tempest-DeleteServersTestJSON-876482483-project-member] Request filter 'packed_virtqueue_filter' took 0.0 seconds {{(pid=96240) wrapper /opt/stack/nova/nova/scheduler/request_filter.py:46}}
Jul 07 01:28:37.903646 np0000004694 nova-scheduler[96240]: DEBUG nova.scheduler.request_filter [None req-5c965868-f964-4259-827e-737f14301f25 tempest-DeleteServersTestJSON-876482483 tempest-DeleteServersTestJSON-876482483-project-member] Request filter 'remote_managed_ports_filter' took 0.0 seconds {{(pid=96240) wrapper /opt/stack/nova/nova/scheduler/request_filter.py:46}}
Jul 07 01:28:37.903953 np0000004694 nova-scheduler[96240]: DEBUG nova.scheduler.request_filter [None req-5c965868-f964-4259-827e-737f14301f25 tempest-DeleteServersTestJSON-876482483 tempest-DeleteServersTestJSON-876482483-project-member] ephemeral_encryption_filter skipped {{(pid=96240) ephemeral_encryption_filter /opt/stack/nova/nova/scheduler/request_filter.py:426}}
Jul 07 01:28:37.903953 np0000004694 nova-scheduler[96240]: DEBUG nova.scheduler.request_filter [None req-5c965868-f964-4259-827e-737f14301f25 tempest-DeleteServersTestJSON-876482483 tempest-DeleteServersTestJSON-876482483-project-member] virtio_sound_filter skipped {{(pid=96240) virtio_sound_filter /opt/stack/nova/nova/scheduler/request_filter.py:460}}
Jul 07 01:28:37.903953 np0000004694 nova-scheduler[96240]: DEBUG nova.scheduler.request_filter [None req-5c965868-f964-4259-827e-737f14301f25 tempest-DeleteServersTestJSON-876482483 tempest-DeleteServersTestJSON-876482483-project-member] tpm_secret_security_filter skipped {{(pid=96240) tpm_secret_security_filter /opt/stack/nova/nova/scheduler/request_filter.py:477}}
Jul 07 01:28:38.566683 np0000004694 nova-scheduler[96240]: INFO nova.utils [None req-5c965868-f964-4259-827e-737f14301f25 tempest-DeleteServersTestJSON-876482483 tempest-DeleteServersTestJSON-876482483-project-member] The cell worker thread pool ForkProcess-2.cell_worker is initialized
Jul 07 01:28:38.568151 np0000004694 nova-scheduler[96240]: DEBUG oslo_concurrency.lockutils [None req-5c965868-f964-4259-827e-737f14301f25 tempest-DeleteServersTestJSON-876482483 tempest-DeleteServersTestJSON-876482483-project-member] Acquiring lock "fdf7155c-0784-4c6d-8cb2-f51667bd96e6" by "nova.context.set_target_cell..get_or_set_cached_cell_and_set_connections" {{(pid=96240) inner /opt/stack/data/venv/lib/python3.12/site-packages/oslo_concurrency/lockutils.py:511}}
Jul 07 01:28:38.568151 np0000004694 nova-scheduler[96240]: DEBUG oslo_concurrency.lockutils [None req-5c965868-f964-4259-827e-737f14301f25 tempest-DeleteServersTestJSON-876482483 tempest-DeleteServersTestJSON-876482483-project-member] Lock "fdf7155c-0784-4c6d-8cb2-f51667bd96e6" acquired by "nova.context.set_target_cell..get_or_set_cached_cell_and_set_connections" :: waited 0.000s {{(pid=96240) inner /opt/stack/data/venv/lib/python3.12/site-packages/oslo_concurrency/lockutils.py:524}}
Jul 07 01:28:38.570275 np0000004694 nova-scheduler[96240]: DEBUG oslo_concurrency.lockutils [None req-5c965868-f964-4259-827e-737f14301f25 tempest-DeleteServersTestJSON-876482483 tempest-DeleteServersTestJSON-876482483-project-member] Lock "fdf7155c-0784-4c6d-8cb2-f51667bd96e6" "released" by "nova.context.set_target_cell..get_or_set_cached_cell_and_set_connections" :: held 0.002s {{(pid=96240) inner /opt/stack/data/venv/lib/python3.12/site-packages/oslo_concurrency/lockutils.py:543}}
Jul 07 01:28:38.573089 np0000004694 nova-scheduler[96240]: INFO dbcounter [None req-5c965868-f964-4259-827e-737f14301f25 tempest-DeleteServersTestJSON-876482483 tempest-DeleteServersTestJSON-876482483-project-member] Registered counter for database nova_cell1
Jul 07 01:28:38.619200 np0000004694 nova-scheduler[96240]: DEBUG oslo_db.sqlalchemy.engines [None req-5c965868-f964-4259-827e-737f14301f25 tempest-DeleteServersTestJSON-876482483 tempest-DeleteServersTestJSON-876482483-project-member] MySQL server mode set to STRICT_TRANS_TABLES,STRICT_ALL_TABLES,NO_ZERO_IN_DATE,NO_ZERO_DATE,ERROR_FOR_DIVISION_BY_ZERO,TRADITIONAL,NO_ENGINE_SUBSTITUTION {{(pid=96240) _check_effective_sql_mode /opt/stack/data/venv/lib/python3.12/site-packages/oslo_db/sqlalchemy/engines.py:325}}
Jul 07 01:28:38.627371 np0000004694 nova-scheduler[96240]: DEBUG dbcounter [-] [96240] Writer thread running {{(pid=96240) stat_writer /opt/stack/data/venv/lib/python3.12/site-packages/dbcounter.py:102}}
Jul 07 01:28:38.640773 np0000004694 nova-scheduler[96240]: DEBUG oslo_db.sqlalchemy.engines [None req-5c965868-f964-4259-827e-737f14301f25 tempest-DeleteServersTestJSON-876482483 tempest-DeleteServersTestJSON-876482483-project-member] Parent process 95046 forked (96240) with an open database connection, which is being discarded and recreated. {{(pid=96240) checkout /opt/stack/data/venv/lib/python3.12/site-packages/oslo_db/sqlalchemy/engines.py:402}}
Jul 07 01:28:38.698087 np0000004694 nova-scheduler[96240]: DEBUG dbcounter [-] [96240] Writer thread running {{(pid=96240) stat_writer /opt/stack/data/venv/lib/python3.12/site-packages/dbcounter.py:102}}
Jul 07 01:28:38.706865 np0000004694 nova-scheduler[96240]: DEBUG oslo_concurrency.lockutils [None req-5c965868-f964-4259-827e-737f14301f25 tempest-DeleteServersTestJSON-876482483 tempest-DeleteServersTestJSON-876482483-project-member] Acquiring lock "fdf7155c-0784-4c6d-8cb2-f51667bd96e6" by "nova.context.set_target_cell..get_or_set_cached_cell_and_set_connections" {{(pid=96240) inner /opt/stack/data/venv/lib/python3.12/site-packages/oslo_concurrency/lockutils.py:511}}
Jul 07 01:28:38.706961 np0000004694 nova-scheduler[96240]: DEBUG oslo_concurrency.lockutils [None req-5c965868-f964-4259-827e-737f14301f25 tempest-DeleteServersTestJSON-876482483 tempest-DeleteServersTestJSON-876482483-project-member] Lock "fdf7155c-0784-4c6d-8cb2-f51667bd96e6" acquired by "nova.context.set_target_cell..get_or_set_cached_cell_and_set_connections" :: waited 0.000s {{(pid=96240) inner /opt/stack/data/venv/lib/python3.12/site-packages/oslo_concurrency/lockutils.py:524}}
Jul 07 01:28:38.707122 np0000004694 nova-scheduler[96240]: DEBUG oslo_concurrency.lockutils [None req-5c965868-f964-4259-827e-737f14301f25 tempest-DeleteServersTestJSON-876482483 tempest-DeleteServersTestJSON-876482483-project-member] Lock "fdf7155c-0784-4c6d-8cb2-f51667bd96e6" "released" by "nova.context.set_target_cell..get_or_set_cached_cell_and_set_connections" :: held 0.000s {{(pid=96240) inner /opt/stack/data/venv/lib/python3.12/site-packages/oslo_concurrency/lockutils.py:543}}
Jul 07 01:28:38.714533 np0000004694 nova-scheduler[96240]: DEBUG oslo_concurrency.lockutils [None req-5c965868-f964-4259-827e-737f14301f25 tempest-DeleteServersTestJSON-876482483 tempest-DeleteServersTestJSON-876482483-project-member] Acquiring lock "np0000004694-np0000004694" by "nova.scheduler.host_manager.HostState.update.._locked_update" {{(pid=96240) inner /opt/stack/data/venv/lib/python3.12/site-packages/oslo_concurrency/lockutils.py:511}}
Jul 07 01:28:38.714533 np0000004694 nova-scheduler[96240]: DEBUG oslo_concurrency.lockutils [None req-5c965868-f964-4259-827e-737f14301f25 tempest-DeleteServersTestJSON-876482483 tempest-DeleteServersTestJSON-876482483-project-member] Lock "np0000004694-np0000004694" acquired by "nova.scheduler.host_manager.HostState.update.._locked_update" :: waited 0.000s {{(pid=96240) inner /opt/stack/data/venv/lib/python3.12/site-packages/oslo_concurrency/lockutils.py:524}}
Jul 07 01:28:38.716028 np0000004694 nova-scheduler[96240]: DEBUG nova.scheduler.host_manager [None req-5c965868-f964-4259-827e-737f14301f25 tempest-DeleteServersTestJSON-876482483 tempest-DeleteServersTestJSON-876482483-project-member] Update host state from compute node: ComputeNode(cpu_allocation_ratio=4.0,cpu_info='{"arch": "x86_64", "model": "EPYC-Milan", "vendor": "AMD", "topology": {"cells": 1, "sockets": 16, "cores": 1, "threads": 1}, "maxphysaddr": {"mode": "emulate", "bits": 40}, "features": ["pge", "npt", "sse4a", "no-nested-data-bp", "popcnt", "lm", "pschange-mc-no", "rdtscp", "svme-addr-chk", "pku", "aes", "mds-no", "rdrand", "sep", "mmxext", "perfctr_core", "sse", "spec-ctrl", "movbe", "xsaveopt", "v-vmsave-vmload", "cmov", "msr", "lfence-always-serializing", "vaes", "xsavec", "clzero", "osvw", "smep", "amd-stibp", "fsrm", "arat", "pdpe1gb", "umip", "tsc-scale", "fsgsbase", "null-sel-clr-base", "vmcb-clean", "xsaves", "cr8legacy", "xgetbv1", "pat", "sse2", "sse4.1", "xsaveerptr", "xsave", "mtrr", "cx16", "amd-ssbd", "vgif", "ssbd", "fxsr_opt", "pni", "vme", "virt-ssbd", "arch-capabilities", "flushbyasid", "misalignsse", "smap", "pse", "wbnoinvd", "clwb", "amd-psfd", "avx2", "pfthreshold", "fma", "bmi1", "skip-l1dfl-vmentry", "ssse3", "invpcid", "rdseed", "pause-filter", "de", "rdpid", "stibp-always-on", "pclmuldq", "gds-no", "cmp_legacy", "x2apic", "sse4.2", "clflush", "hypervisor", "avx", "f16c", "tsc-deadline", "svm", "vpclmulqdq", "sha-ni", "pse36", "mce", "topoext", "cx8", "ibpb", "lbrv", "nx", "lahf_lm", "mmx", "clflushopt", "abm", "tsc", "pae", "tsc_adjust", "bmi2", "stibp", "mca", "nrip-save", "pcid", "erms", "ibrs", "3dnowprefetch", "apic", "fxsr", "fpu", "adx", "syscall", "rdctl-no"]}',created_at=2026-07-07T01:26:28Z,current_workload=0,deleted=False,deleted_at=None,disk_allocation_ratio=1.0,disk_available_least=75,free_disk_gb=95,free_ram_mb=63789,host='np0000004694',host_ip=10.4.3.9,hypervisor_hostname='np0000004694',hypervisor_type='QEMU',hypervisor_version=8002002,id=1,local_gb=95,local_gb_used=0,mapped=1,memory_mb=64301,memory_mb_used=512,metrics='[]',numa_topology='{"nova_object.name": "NUMATopology", "nova_object.namespace": "nova", "nova_object.version": "1.2", "nova_object.data": {"cells": [{"nova_object.name": "NUMACell", "nova_object.namespace": "nova", "nova_object.version": "1.5", "nova_object.data": {"id": 0, "cpuset": [0, 1, 2, 3, 4, 5, 6, 7, 8, 9, 10, 11, 12, 13, 14, 15], "pcpuset": [0, 1, 2, 3, 4, 5, 6, 7, 8, 9, 10, 11, 12, 13, 14, 15], "memory": 64301, "cpu_usage": 0, "memory_usage": 0, "pinned_cpus": [], "siblings": [[6], [12], [2], [15], [5], [11], [8], [14], [4], [1], [7], [10], [0], [13], [3], [9]], "mempages": [{"nova_object.name": "NUMAPagesTopology", "nova_object.namespace": "nova", "nova_object.version": "1.1", "nova_object.data": {"size_kb": 4, "total": 16461069, "used": 0, "reserved": 0}, "nova_object.changes": ["size_kb", "total", "used", "reserved"]}, {"nova_object.name": "NUMAPagesTopology", "nova_object.namespace": "nova", "nova_object.version": "1.1", "nova_object.data": {"size_kb": 2048, "total": 0, "used": 0, "reserved": 0}, "nova_object.changes": ["size_kb", "total", "used", "reserved"]}, {"nova_object.name": "NUMAPagesTopology", "nova_object.namespace": "nova", "nova_object.version": "1.1", "nova_object.data": {"size_kb": 1048576, "total": 0, "used": 0, "reserved": 0}, "nova_object.changes": ["size_kb", "total", "used", "reserved"]}], "network_metadata": {"nova_object.name": "NetworkMetadata", "nova_object.namespace": "nova", "nova_object.version": "1.0", "nova_object.data": {"physnets": [], "tunneled": false}, "nova_object.changes": ["tunneled", "physnets"]}, "socket": null}, "nova_object.changes": ["pinned_cpus", "cpuset", "socket", "id", "siblings", "memory_usage", "cpu_usage", "mempages", "memory", "network_metadata", "pcpuset"]}]}, "nova_object.changes": ["cells"]}',pci_device_pools=PciDevicePoolList,ram_allocation_ratio=1.0,running_vms=0,service_id=5,stats={failed_builds='0',uptime=' 01:28:14 up 27 min, 2 users, load average: 1.29, 1.55, 0.88
