Aug 06 00:42:33.806847 np0000006599 devstack@c-api.service[100196]: DEBUG cinder.api.openstack.wsgi [None req-e616680b-08b6-43ff-9d83-f72ac6426c86 tempest-ExtraSpecsNegativeTest-1532982654 tempest-ExtraSpecsNegativeTest-1532982654-project-admin] Calling method 'delete' {{(pid=100196) _process_stack /opt/stack/cinder/cinder/api/openstack/wsgi.py:878}}
Aug 06 00:42:33.812745 np0000006599 devstack@c-api.service[100196]: INFO cinder.api.openstack.wsgi [None req-e616680b-08b6-43ff-9d83-f72ac6426c86 tempest-ExtraSpecsNegativeTest-1532982654 tempest-ExtraSpecsNegativeTest-1532982654-project-admin] https://10.4.3.21/volume/v3/types/80548d33-0b62-44bc-b9c8-55ba3324ef84/extra_specs/spec1 returned with HTTP 404
Aug 06 00:42:33.813383 np0000006599 devstack@c-api.service[100196]: [pid: 100196|app: 0|req: 51/200] 10.4.3.21 () {66 vars in 1392 bytes} [Thu Aug 6 00:42:33 2026] DELETE /volume/v3/types/80548d33-0b62-44bc-b9c8-55ba3324ef84/extra_specs/spec1 => generated 114 bytes in 10 msecs (HTTP/1.1 404) 7 headers in 292 bytes (1 switches on core 0)
Aug 06 00:42:33.829398 np0000006599 devstack@c-api.service[100195]: DEBUG cinder.api.middleware.request_id [None req-6498444d-bb25-4d75-a6ba-a32a94ce82ad None None] RequestId filter calling following filter/app {{(pid=100195) _context_setter /opt/stack/cinder/cinder/api/middleware/request_id.py:62}}
Aug 06 00:42:33.831734 np0000006599 devstack@c-api.service[100195]: INFO cinder.api.openstack.wsgi [None req-6498444d-bb25-4d75-a6ba-a32a94ce82ad tempest-ExtraSpecsNegativeTest-1532982654 tempest-ExtraSpecsNegativeTest-1532982654-project-admin] GET https://10.4.3.21/volume/v3/types/62ba79af-5d8f-4b06-9631-54d55a33e336/extra_specs/nonexistent_extra_spec_name
Aug 06 00:42:33.832035 np0000006599 devstack@c-api.service[100195]: DEBUG cinder.api.openstack.wsgi [None req-6498444d-bb25-4d75-a6ba-a32a94ce82ad tempest-ExtraSpecsNegativeTest-1532982654 tempest-ExtraSpecsNegativeTest-1532982654-project-admin] Empty body provided in request {{(pid=100195) get_body /opt/stack/cinder/cinder/api/openstack/wsgi.py:725}}
Aug 06 00:42:33.832581 np0000006599 devstack@c-api.service[100195]: DEBUG cinder.api.openstack.wsgi [None req-6498444d-bb25-4d75-a6ba-a32a94ce82ad tempest-ExtraSpecsNegativeTest-1532982654 tempest-ExtraSpecsNegativeTest-1532982654-project-admin] Calling method 'show' {{(pid=100195) _process_stack /opt/stack/cinder/cinder/api/openstack/wsgi.py:878}}
Aug 06 00:42:33.849797 np0000006599 devstack@c-api.service[100195]: INFO cinder.api.openstack.wsgi [None req-6498444d-bb25-4d75-a6ba-a32a94ce82ad tempest-ExtraSpecsNegativeTest-1532982654 tempest-ExtraSpecsNegativeTest-1532982654-project-admin] https://10.4.3.21/volume/v3/types/62ba79af-5d8f-4b06-9631-54d55a33e336/extra_specs/nonexistent_extra_spec_name returned with HTTP 404
Aug 06 00:42:33.850315 np0000006599 devstack@c-api.service[100195]: [pid: 100195|app: 0|req: 49/201] 10.4.3.21 () {66 vars in 1455 bytes} [Thu Aug 6 00:42:33 2026] GET /volume/v3/types/62ba79af-5d8f-4b06-9631-54d55a33e336/extra_specs/nonexistent_extra_spec_name => generated 151 bytes in 21 msecs (HTTP/1.1 404) 7 headers in 292 bytes (1 switches on core 0)
Aug 06 00:42:33.859468 np0000006599 devstack@c-api.service[100197]: DEBUG cinder.api.middleware.request_id [None req-651bbaf0-a86a-454e-ac11-4a7c219359e9 None None] RequestId filter calling following filter/app {{(pid=100197) _context_setter /opt/stack/cinder/cinder/api/middleware/request_id.py:62}}
Aug 06 00:42:33.861489 np0000006599 devstack@c-api.service[100197]: INFO cinder.api.openstack.wsgi [None req-651bbaf0-a86a-454e-ac11-4a7c219359e9 tempest-ExtraSpecsNegativeTest-1532982654 tempest-ExtraSpecsNegativeTest-1532982654-project-admin] GET https://10.4.3.21/volume/v3/types/f2eb302e-9bc1-4241-897c-0d6d999492e3/extra_specs/spec1
Aug 06 00:42:33.861955 np0000006599 devstack@c-api.service[100197]: DEBUG cinder.api.openstack.wsgi [None req-651bbaf0-a86a-454e-ac11-4a7c219359e9 tempest-ExtraSpecsNegativeTest-1532982654 tempest-ExtraSpecsNegativeTest-1532982654-project-admin] Empty body provided in request {{(pid=100197) get_body /opt/stack/cinder/cinder/api/openstack/wsgi.py:725}}
Aug 06 00:42:33.861955 np0000006599 devstack@c-api.service[100197]: DEBUG cinder.api.openstack.wsgi [None req-651bbaf0-a86a-454e-ac11-4a7c219359e9 tempest-ExtraSpecsNegativeTest-1532982654 tempest-ExtraSpecsNegativeTest-1532982654-project-admin] Calling method 'show' {{(pid=100197) _process_stack /opt/stack/cinder/cinder/api/openstack/wsgi.py:878}}
Aug 06 00:42:33.865853 np0000006599 devstack@c-api.service[100197]: INFO cinder.api.openstack.wsgi [None req-651bbaf0-a86a-454e-ac11-4a7c219359e9 tempest-ExtraSpecsNegativeTest-1532982654 tempest-ExtraSpecsNegativeTest-1532982654-project-admin] https://10.4.3.21/volume/v3/types/f2eb302e-9bc1-4241-897c-0d6d999492e3/extra_specs/spec1 returned with HTTP 404
Aug 06 00:42:33.866665 np0000006599 devstack@c-api.service[100197]: [pid: 100197|app: 0|req: 51/202] 10.4.3.21 () {66 vars in 1389 bytes} [Thu Aug 6 00:42:33 2026] GET /volume/v3/types/f2eb302e-9bc1-4241-897c-0d6d999492e3/extra_specs/spec1 => generated 114 bytes in 7 msecs (HTTP/1.1 404) 7 headers in 292 bytes (1 switches on core 0)
Aug 06 00:42:33.880228 np0000006599 devstack@c-api.service[100198]: DEBUG cinder.api.middleware.request_id [None req-4cb3b8ba-30fd-4dc6-ac9a-8908255dbf0b None None] RequestId filter calling following filter/app {{(pid=100198) _context_setter /opt/stack/cinder/cinder/api/middleware/request_id.py:62}}
Aug 06 00:42:33.882647 np0000006599 devstack@c-api.service[100198]: INFO cinder.api.openstack.wsgi [None req-4cb3b8ba-30fd-4dc6-ac9a-8908255dbf0b tempest-ExtraSpecsNegativeTest-1532982654 tempest-ExtraSpecsNegativeTest-1532982654-project-admin] GET https://10.4.3.21/volume/v3/types/b2ae87c4-8d8f-4eff-966e-a9ddfa12e288/extra_specs
Aug 06 00:42:33.883016 np0000006599 devstack@c-api.service[100198]: DEBUG cinder.api.openstack.wsgi [None req-4cb3b8ba-30fd-4dc6-ac9a-8908255dbf0b tempest-ExtraSpecsNegativeTest-1532982654 tempest-ExtraSpecsNegativeTest-1532982654-project-admin] Empty body provided in request {{(pid=100198) get_body /opt/stack/cinder/cinder/api/openstack/wsgi.py:725}}
Aug 06 00:42:33.883291 np0000006599 devstack@c-api.service[100198]: DEBUG cinder.api.openstack.wsgi [None req-4cb3b8ba-30fd-4dc6-ac9a-8908255dbf0b tempest-ExtraSpecsNegativeTest-1532982654 tempest-ExtraSpecsNegativeTest-1532982654-project-admin] Calling method 'index' {{(pid=100198) _process_stack /opt/stack/cinder/cinder/api/openstack/wsgi.py:878}}
Aug 06 00:42:33.887463 np0000006599 devstack@c-api.service[100198]: INFO cinder.api.openstack.wsgi [None req-4cb3b8ba-30fd-4dc6-ac9a-8908255dbf0b tempest-ExtraSpecsNegativeTest-1532982654 tempest-ExtraSpecsNegativeTest-1532982654-project-admin] https://10.4.3.21/volume/v3/types/b2ae87c4-8d8f-4eff-966e-a9ddfa12e288/extra_specs returned with HTTP 404
Aug 06 00:42:33.888008 np0000006599 devstack@c-api.service[100198]: [pid: 100198|app: 0|req: 52/203] 10.4.3.21 () {66 vars in 1371 bytes} [Thu Aug 6 00:42:33 2026] GET /volume/v3/types/b2ae87c4-8d8f-4eff-966e-a9ddfa12e288/extra_specs => generated 114 bytes in 9 msecs (HTTP/1.1 404) 7 headers in 292 bytes (1 switches on core 0)
Aug 06 00:42:33.890427 np0000006599 devstack@c-api.service[100196]: DEBUG cinder.api.middleware.request_id [req-5d8c4a24-3f95-4b65-8a0c-76ae3172d36b req-f030146c-8907-48a0-9cbe-41a09c957fb3 None None] RequestId filter calling following filter/app {{(pid=100196) _context_setter /opt/stack/cinder/cinder/api/middleware/request_id.py:62}}
Aug 06 00:42:33.892743 np0000006599 devstack@c-api.service[100196]: INFO cinder.api.openstack.wsgi [req-5d8c4a24-3f95-4b65-8a0c-76ae3172d36b req-f030146c-8907-48a0-9cbe-41a09c957fb3 tempest-VolumesAssistedSnapshotsTest-1488748898 tempest-VolumesAssistedSnapshotsTest-1488748898-project-admin] PUT https://10.4.3.21/volume/v3/attachments/ec0277be-5ded-4acc-9abc-2716e67f5967
Aug 06 00:42:33.893220 np0000006599 devstack@c-api.service[100196]: DEBUG cinder.api.openstack.wsgi [req-5d8c4a24-3f95-4b65-8a0c-76ae3172d36b req-f030146c-8907-48a0-9cbe-41a09c957fb3 tempest-VolumesAssistedSnapshotsTest-1488748898 tempest-VolumesAssistedSnapshotsTest-1488748898-project-admin] Action: 'update', calling method: version_select, body: {"attachment": {"connector": {"platform": "x86_64", "os_type": "linux", "ip": "10.4.3.21", "host": "np0000006599", "multipath": true, "enforce_multipath": true, "initiator": "iqn.2016-04.com.open-iscsi:883f16d4a24f", "do_local_attach": false, "uuid": "8515de1c-ba7e-467b-adde-6d9f8a8dbc1f", "system uuid": "04d7dbeb-5934-4287-89a2-54b1d7f10ce7", "nvme_native_multipath": false, "mountpoint": "/dev/vdb"}}} {{(pid=100196) _process_stack /opt/stack/cinder/cinder/api/openstack/wsgi.py:876}}
Aug 06 00:42:33.898178 np0000006599 devstack@c-api.service[100195]: DEBUG cinder.api.middleware.request_id [None req-2d43503f-d854-4862-8cef-b05b2b3945e9 None None] RequestId filter calling following filter/app {{(pid=100195) _context_setter /opt/stack/cinder/cinder/api/middleware/request_id.py:62}}
Aug 06 00:42:33.900984 np0000006599 devstack@c-api.service[100195]: INFO cinder.api.openstack.wsgi [None req-2d43503f-d854-4862-8cef-b05b2b3945e9 tempest-ExtraSpecsNegativeTest-1532982654 tempest-ExtraSpecsNegativeTest-1532982654-project-admin] PUT https://10.4.3.21/volume/v3/types/62ba79af-5d8f-4b06-9631-54d55a33e336/extra_specs/spec1
Aug 06 00:42:33.901374 np0000006599 devstack@c-api.service[100195]: DEBUG cinder.api.openstack.wsgi [None req-2d43503f-d854-4862-8cef-b05b2b3945e9 tempest-ExtraSpecsNegativeTest-1532982654 tempest-ExtraSpecsNegativeTest-1532982654-project-admin] Action: 'update', calling method: update, body: {"spec1": "val2", "spec2": "val1"} {{(pid=100195) _process_stack /opt/stack/cinder/cinder/api/openstack/wsgi.py:876}}
Aug 06 00:42:33.903315 np0000006599 devstack@c-api.service[100196]: DEBUG cinder.coordination [req-5d8c4a24-3f95-4b65-8a0c-76ae3172d36b req-f030146c-8907-48a0-9cbe-41a09c957fb3 tempest-VolumesAssistedSnapshotsTest-1488748898 tempest-VolumesAssistedSnapshotsTest-1488748898-project-admin] Acquiring lock "cinder-attachment_update-520cdf88-578d-4b4f-9809-502f6a91470b-np0000006599" by "attachment_update" {{(pid=100196) __acquire /opt/stack/cinder/cinder/coordination.py:138}}
Aug 06 00:42:33.906889 np0000006599 devstack@c-api.service[100195]: INFO cinder.api.openstack.wsgi [None req-2d43503f-d854-4862-8cef-b05b2b3945e9 tempest-ExtraSpecsNegativeTest-1532982654 tempest-ExtraSpecsNegativeTest-1532982654-project-admin] https://10.4.3.21/volume/v3/types/62ba79af-5d8f-4b06-9631-54d55a33e336/extra_specs/spec1 returned with HTTP 400
Aug 06 00:42:33.907347 np0000006599 devstack@c-api.service[100195]: [pid: 100195|app: 0|req: 50/204] 10.4.3.21 () {68 vars in 1409 bytes} [Thu Aug 6 00:42:33 2026] PUT /volume/v3/types/62ba79af-5d8f-4b06-9631-54d55a33e336/extra_specs/spec1 => generated 102 bytes in 10 msecs (HTTP/1.1 400) 7 headers in 294 bytes (1 switches on core 0)
Aug 06 00:42:33.909302 np0000006599 devstack@c-api.service[100196]: DEBUG cinder.coordination [req-5d8c4a24-3f95-4b65-8a0c-76ae3172d36b req-f030146c-8907-48a0-9cbe-41a09c957fb3 tempest-VolumesAssistedSnapshotsTest-1488748898 tempest-VolumesAssistedSnapshotsTest-1488748898-project-admin] Lock "cinder-attachment_update-520cdf88-578d-4b4f-9809-502f6a91470b-np0000006599" acquired by "attachment_update" :: waited 0.006s {{(pid=100196) __acquire /opt/stack/cinder/cinder/coordination.py:141}}
Aug 06 00:42:33.910080 np0000006599 devstack@c-api.service[100196]: /opt/stack/data/venv/lib/python3.12/site-packages/oslo_context/context.py:102: DeprecationWarning: Policy enforcement is depending on the value of is_admin. This key is deprecated. Please update your policy file to use the standard policy values.
Aug 06 00:42:33.910080 np0000006599 devstack@c-api.service[100196]: warnings.warn(
Aug 06 00:42:33.916759 np0000006599 devstack@c-api.service[100197]: DEBUG cinder.api.middleware.request_id [None req-33c83b26-3e6f-482a-b7dc-2c443ab9cbc9 None None] RequestId filter calling following filter/app {{(pid=100197) _context_setter /opt/stack/cinder/cinder/api/middleware/request_id.py:62}}
Aug 06 00:42:33.920053 np0000006599 devstack@c-api.service[100197]: INFO cinder.api.openstack.wsgi [None req-33c83b26-3e6f-482a-b7dc-2c443ab9cbc9 tempest-ExtraSpecsNegativeTest-1532982654 tempest-ExtraSpecsNegativeTest-1532982654-project-admin] PUT https://10.4.3.21/volume/v3/types/62ba79af-5d8f-4b06-9631-54d55a33e336/extra_specs/spec1
Aug 06 00:42:33.920705 np0000006599 devstack@c-api.service[100197]: DEBUG cinder.api.openstack.wsgi [None req-33c83b26-3e6f-482a-b7dc-2c443ab9cbc9 tempest-ExtraSpecsNegativeTest-1532982654 tempest-ExtraSpecsNegativeTest-1532982654-project-admin] Action: 'update', calling method: update, body: null {{(pid=100197) _process_stack /opt/stack/cinder/cinder/api/openstack/wsgi.py:876}}
Aug 06 00:42:33.922826 np0000006599 devstack@c-api.service[100197]: INFO cinder.api.openstack.wsgi [None req-33c83b26-3e6f-482a-b7dc-2c443ab9cbc9 tempest-ExtraSpecsNegativeTest-1532982654 tempest-ExtraSpecsNegativeTest-1532982654-project-admin] https://10.4.3.21/volume/v3/types/62ba79af-5d8f-4b06-9631-54d55a33e336/extra_specs/spec1 returned with HTTP 400
Aug 06 00:42:33.927174 np0000006599 devstack@c-api.service[100197]: [pid: 100197|app: 0|req: 52/205] 10.4.3.21 () {68 vars in 1408 bytes} [Thu Aug 6 00:42:33 2026] PUT /volume/v3/types/62ba79af-5d8f-4b06-9631-54d55a33e336/extra_specs/spec1 => generated 72 bytes in 11 msecs (HTTP/1.1 400) 7 headers in 293 bytes (1 switches on core 0)
Aug 06 00:42:33.941991 np0000006599 devstack@c-api.service[100198]: DEBUG cinder.api.middleware.request_id [None req-b7c468ad-211b-4c5a-a241-680f4bb94cde None None] RequestId filter calling following filter/app {{(pid=100198) _context_setter /opt/stack/cinder/cinder/api/middleware/request_id.py:62}}
Aug 06 00:42:33.944696 np0000006599 devstack@c-api.service[100198]: INFO cinder.api.openstack.wsgi [None req-b7c468ad-211b-4c5a-a241-680f4bb94cde tempest-ExtraSpecsNegativeTest-1532982654 tempest-ExtraSpecsNegativeTest-1532982654-project-admin] PUT https://10.4.3.21/volume/v3/types/62ba79af-5d8f-4b06-9631-54d55a33e336/extra_specs/None
Aug 06 00:42:33.945284 np0000006599 devstack@c-api.service[100198]: DEBUG cinder.api.openstack.wsgi [None req-b7c468ad-211b-4c5a-a241-680f4bb94cde tempest-ExtraSpecsNegativeTest-1532982654 tempest-ExtraSpecsNegativeTest-1532982654-project-admin] Action: 'update', calling method: update, body: {"spec1": "val2"} {{(pid=100198) _process_stack /opt/stack/cinder/cinder/api/openstack/wsgi.py:876}}
Aug 06 00:42:33.961248 np0000006599 devstack@c-api.service[100198]: INFO cinder.api.openstack.wsgi [None req-b7c468ad-211b-4c5a-a241-680f4bb94cde tempest-ExtraSpecsNegativeTest-1532982654 tempest-ExtraSpecsNegativeTest-1532982654-project-admin] HTTP exception thrown: Request body and URI mismatch
Aug 06 00:42:33.961529 np0000006599 devstack@c-api.service[100198]: INFO cinder.api.openstack.wsgi [None req-b7c468ad-211b-4c5a-a241-680f4bb94cde tempest-ExtraSpecsNegativeTest-1532982654 tempest-ExtraSpecsNegativeTest-1532982654-project-admin] https://10.4.3.21/volume/v3/types/62ba79af-5d8f-4b06-9631-54d55a33e336/extra_specs/None returned with HTTP 400
Aug 06 00:42:33.962188 np0000006599 devstack@c-api.service[100198]: [pid: 100198|app: 0|req: 53/206] 10.4.3.21 () {68 vars in 1406 bytes} [Thu Aug 6 00:42:33 2026] PUT /volume/v3/types/62ba79af-5d8f-4b06-9631-54d55a33e336/extra_specs/None => generated 73 bytes in 21 msecs (HTTP/1.1 400) 7 headers in 293 bytes (1 switches on core 0)
Aug 06 00:42:33.973307 np0000006599 devstack@c-api.service[100195]: DEBUG cinder.api.middleware.request_id [None req-2a553a81-2425-471f-8316-75ab2525bdf6 None None] RequestId filter calling following filter/app {{(pid=100195) _context_setter /opt/stack/cinder/cinder/api/middleware/request_id.py:62}}
Aug 06 00:42:33.975502 np0000006599 devstack@c-api.service[100195]: INFO cinder.api.openstack.wsgi [None req-2a553a81-2425-471f-8316-75ab2525bdf6 tempest-ExtraSpecsNegativeTest-1532982654 tempest-ExtraSpecsNegativeTest-1532982654-project-admin] PUT https://10.4.3.21/volume/v3/types/62ba79af-5d8f-4b06-9631-54d55a33e336/extra_specs/01738572-5596-4c6b-a701-4e7d9670e3d2
Aug 06 00:42:33.975944 np0000006599 devstack@c-api.service[100195]: DEBUG cinder.api.openstack.wsgi [None req-2a553a81-2425-471f-8316-75ab2525bdf6 tempest-ExtraSpecsNegativeTest-1532982654 tempest-ExtraSpecsNegativeTest-1532982654-project-admin] Action: 'update', calling method: update, body: {"spec1": "val2"} {{(pid=100195) _process_stack /opt/stack/cinder/cinder/api/openstack/wsgi.py:876}}
Aug 06 00:42:34.013447 np0000006599 devstack@c-api.service[100195]: INFO cinder.api.openstack.wsgi [None req-2a553a81-2425-471f-8316-75ab2525bdf6 tempest-ExtraSpecsNegativeTest-1532982654 tempest-ExtraSpecsNegativeTest-1532982654-project-admin] HTTP exception thrown: Request body and URI mismatch
Aug 06 00:42:34.013671 np0000006599 devstack@c-api.service[100195]: INFO cinder.api.openstack.wsgi [None req-2a553a81-2425-471f-8316-75ab2525bdf6 tempest-ExtraSpecsNegativeTest-1532982654 tempest-ExtraSpecsNegativeTest-1532982654-project-admin] https://10.4.3.21/volume/v3/types/62ba79af-5d8f-4b06-9631-54d55a33e336/extra_specs/01738572-5596-4c6b-a701-4e7d9670e3d2 returned with HTTP 400
Aug 06 00:42:34.014260 np0000006599 devstack@c-api.service[100195]: [pid: 100195|app: 0|req: 51/207] 10.4.3.21 () {68 vars in 1502 bytes} [Thu Aug 6 00:42:33 2026] PUT /volume/v3/types/62ba79af-5d8f-4b06-9631-54d55a33e336/extra_specs/01738572-5596-4c6b-a701-4e7d9670e3d2 => generated 73 bytes in 42 msecs (HTTP/1.1 400) 7 headers in 293 bytes (1 switches on core 0)
Aug 06 00:42:34.024979 np0000006599 devstack@c-api.service[100197]: DEBUG cinder.api.middleware.request_id [None req-f28930f4-918b-42d5-9ee1-75b0db5c4044 None None] RequestId filter calling following filter/app {{(pid=100197) _context_setter /opt/stack/cinder/cinder/api/middleware/request_id.py:62}}
Aug 06 00:42:34.028287 np0000006599 devstack@c-api.service[100197]: INFO cinder.api.openstack.wsgi [None req-f28930f4-918b-42d5-9ee1-75b0db5c4044 tempest-ExtraSpecsNegativeTest-1532982654 tempest-ExtraSpecsNegativeTest-1532982654-project-admin] PUT https://10.4.3.21/volume/v3/types/5ed79d2c-90d2-4944-9000-a3dd23567159/extra_specs/spec1
Aug 06 00:42:34.029097 np0000006599 devstack@c-api.service[100197]: DEBUG cinder.api.openstack.wsgi [None req-f28930f4-918b-42d5-9ee1-75b0db5c4044 tempest-ExtraSpecsNegativeTest-1532982654 tempest-ExtraSpecsNegativeTest-1532982654-project-admin] Action: 'update', calling method: update, body: {"spec1": "val5"} {{(pid=100197) _process_stack /opt/stack/cinder/cinder/api/openstack/wsgi.py:876}}
Aug 06 00:42:34.037327 np0000006599 devstack@c-api.service[100196]: DEBUG cinder.coordination [req-5d8c4a24-3f95-4b65-8a0c-76ae3172d36b req-f030146c-8907-48a0-9cbe-41a09c957fb3 tempest-VolumesAssistedSnapshotsTest-1488748898 tempest-VolumesAssistedSnapshotsTest-1488748898-project-admin] Lock "cinder-attachment_update-520cdf88-578d-4b4f-9809-502f6a91470b-np0000006599" released by "attachment_update" :: held 0.128s {{(pid=100196) __release /opt/stack/cinder/cinder/coordination.py:152}}
Aug 06 00:42:34.037757 np0000006599 devstack@c-api.service[100196]: INFO cinder.api.openstack.wsgi [req-5d8c4a24-3f95-4b65-8a0c-76ae3172d36b req-f030146c-8907-48a0-9cbe-41a09c957fb3 tempest-VolumesAssistedSnapshotsTest-1488748898 tempest-VolumesAssistedSnapshotsTest-1488748898-project-admin] https://10.4.3.21/volume/v3/attachments/ec0277be-5ded-4acc-9abc-2716e67f5967 returned with HTTP 200
Aug 06 00:42:34.038409 np0000006599 devstack@c-api.service[100196]: [pid: 100196|app: 0|req: 52/208] 10.4.3.21 () {74 vars in 1697 bytes} [Thu Aug 6 00:42:33 2026] PUT /volume/v3/attachments/ec0277be-5ded-4acc-9abc-2716e67f5967 => generated 969 bytes in 149 msecs (HTTP/1.1 200) 7 headers in 286 bytes (1 switches on core 0)
Aug 06 00:42:34.067742 np0000006599 devstack@c-api.service[100197]: INFO cinder.api.openstack.wsgi [None req-f28930f4-918b-42d5-9ee1-75b0db5c4044 tempest-ExtraSpecsNegativeTest-1532982654 tempest-ExtraSpecsNegativeTest-1532982654-project-admin] https://10.4.3.21/volume/v3/types/5ed79d2c-90d2-4944-9000-a3dd23567159/extra_specs/spec1 returned with HTTP 404
Aug 06 00:42:34.068622 np0000006599 devstack@c-api.service[100197]: [pid: 100197|app: 0|req: 53/209] 10.4.3.21 () {68 vars in 1409 bytes} [Thu Aug 6 00:42:34 2026] PUT /volume/v3/types/5ed79d2c-90d2-4944-9000-a3dd23567159/extra_specs/spec1 => generated 114 bytes in 44 msecs (HTTP/1.1 404) 7 headers in 292 bytes (1 switches on core 0)
Aug 06 00:42:34.080490 np0000006599 devstack@c-api.service[100198]: DEBUG cinder.api.middleware.request_id [None req-36723dac-427a-45fc-b7e4-d4d6888340a5 None None] RequestId filter calling following filter/app {{(pid=100198) _context_setter /opt/stack/cinder/cinder/api/middleware/request_id.py:62}}
Aug 06 00:42:34.082542 np0000006599 devstack@c-api.service[100198]: INFO cinder.api.openstack.wsgi [None req-36723dac-427a-45fc-b7e4-d4d6888340a5 tempest-ExtraSpecsNegativeTest-1532982654 tempest-ExtraSpecsNegativeTest-1532982654-project-admin] DELETE https://10.4.3.21/volume/v3/types/62ba79af-5d8f-4b06-9631-54d55a33e336
Aug 06 00:42:34.082786 np0000006599 devstack@c-api.service[100198]: DEBUG cinder.api.openstack.wsgi [None req-36723dac-427a-45fc-b7e4-d4d6888340a5 tempest-ExtraSpecsNegativeTest-1532982654 tempest-ExtraSpecsNegativeTest-1532982654-project-admin] Empty body provided in request {{(pid=100198) get_body /opt/stack/cinder/cinder/api/openstack/wsgi.py:725}}
Aug 06 00:42:34.083030 np0000006599 devstack@c-api.service[100198]: DEBUG cinder.api.openstack.wsgi [None req-36723dac-427a-45fc-b7e4-d4d6888340a5 tempest-ExtraSpecsNegativeTest-1532982654 tempest-ExtraSpecsNegativeTest-1532982654-project-admin] Calling method '_delete' {{(pid=100198) _process_stack /opt/stack/cinder/cinder/api/openstack/wsgi.py:878}}
Aug 06 00:42:34.111485 np0000006599 devstack@c-api.service[100198]: INFO cinder.api.openstack.wsgi [None req-36723dac-427a-45fc-b7e4-d4d6888340a5 tempest-ExtraSpecsNegativeTest-1532982654 tempest-ExtraSpecsNegativeTest-1532982654-project-admin] https://10.4.3.21/volume/v3/types/62ba79af-5d8f-4b06-9631-54d55a33e336 returned with HTTP 202
Aug 06 00:42:34.111964 np0000006599 devstack@c-api.service[100198]: [pid: 100198|app: 0|req: 54/210] 10.4.3.21 () {66 vars in 1338 bytes} [Thu Aug 6 00:42:34 2026] DELETE /volume/v3/types/62ba79af-5d8f-4b06-9631-54d55a33e336 => generated 0 bytes in 32 msecs (HTTP/1.1 202) 6 headers in 233 bytes (1 switches on core 0)
Aug 06 00:42:34.119554 np0000006599 devstack@c-api.service[100195]: DEBUG cinder.api.middleware.request_id [None req-dbfc0e56-7ed0-4a9b-8fe8-c79f5d581693 None None] RequestId filter calling following filter/app {{(pid=100195) _context_setter /opt/stack/cinder/cinder/api/middleware/request_id.py:62}}
Aug 06 00:42:34.122192 np0000006599 devstack@c-api.service[100195]: INFO cinder.api.openstack.wsgi [None req-dbfc0e56-7ed0-4a9b-8fe8-c79f5d581693 tempest-ExtraSpecsNegativeTest-1532982654 tempest-ExtraSpecsNegativeTest-1532982654-project-admin] GET https://10.4.3.21/volume/v3/types/62ba79af-5d8f-4b06-9631-54d55a33e336
Aug 06 00:42:34.122554 np0000006599 devstack@c-api.service[100195]: DEBUG cinder.api.openstack.wsgi [None req-dbfc0e56-7ed0-4a9b-8fe8-c79f5d581693 tempest-ExtraSpecsNegativeTest-1532982654 tempest-ExtraSpecsNegativeTest-1532982654-project-admin] Empty body provided in request {{(pid=100195) get_body /opt/stack/cinder/cinder/api/openstack/wsgi.py:725}}
Aug 06 00:42:34.122859 np0000006599 devstack@c-api.service[100195]: DEBUG cinder.api.openstack.wsgi [None req-dbfc0e56-7ed0-4a9b-8fe8-c79f5d581693 tempest-ExtraSpecsNegativeTest-1532982654 tempest-ExtraSpecsNegativeTest-1532982654-project-admin] Calling method 'show' {{(pid=100195) _process_stack /opt/stack/cinder/cinder/api/openstack/wsgi.py:878}}
Aug 06 00:42:34.126554 np0000006599 devstack@c-api.service[100195]: INFO cinder.api.openstack.wsgi [None req-dbfc0e56-7ed0-4a9b-8fe8-c79f5d581693 tempest-ExtraSpecsNegativeTest-1532982654 tempest-ExtraSpecsNegativeTest-1532982654-project-admin] https://10.4.3.21/volume/v3/types/62ba79af-5d8f-4b06-9631-54d55a33e336 returned with HTTP 404
Aug 06 00:42:34.127185 np0000006599 devstack@c-api.service[100195]: [pid: 100195|app: 0|req: 52/211] 10.4.3.21 () {66 vars in 1335 bytes} [Thu Aug 6 00:42:34 2026] GET /volume/v3/types/62ba79af-5d8f-4b06-9631-54d55a33e336 => generated 114 bytes in 8 msecs (HTTP/1.1 404) 7 headers in 292 bytes (1 switches on core 0)
Aug 06 00:42:34.728749 np0000006599 devstack@c-api.service[100196]: DEBUG cinder.api.middleware.request_id [None req-c055a5d5-7776-4ca7-9b18-e2f058f41dd4 None None] RequestId filter calling following filter/app {{(pid=100196) _context_setter /opt/stack/cinder/cinder/api/middleware/request_id.py:62}}
Aug 06 00:42:34.731087 np0000006599 devstack@c-api.service[100196]: INFO cinder.api.openstack.wsgi [None req-c055a5d5-7776-4ca7-9b18-e2f058f41dd4 tempest-VolumesAssistedSnapshotsTest-1488748898 tempest-VolumesAssistedSnapshotsTest-1488748898-project-admin] GET https://10.4.3.21/volume/v3/volumes/520cdf88-578d-4b4f-9809-502f6a91470b
Aug 06 00:42:34.731347 np0000006599 devstack@c-api.service[100196]: DEBUG cinder.api.openstack.wsgi [None req-c055a5d5-7776-4ca7-9b18-e2f058f41dd4 tempest-VolumesAssistedSnapshotsTest-1488748898 tempest-VolumesAssistedSnapshotsTest-1488748898-project-admin] Empty body provided in request {{(pid=100196) get_body /opt/stack/cinder/cinder/api/openstack/wsgi.py:725}}
Aug 06 00:42:34.731594 np0000006599 devstack@c-api.service[100196]: DEBUG cinder.api.openstack.wsgi [None req-c055a5d5-7776-4ca7-9b18-e2f058f41dd4 tempest-VolumesAssistedSnapshotsTest-1488748898 tempest-VolumesAssistedSnapshotsTest-1488748898-project-admin] Calling method 'show' {{(pid=100196) _process_stack /opt/stack/cinder/cinder/api/openstack/wsgi.py:878}}
Aug 06 00:42:34.743150 np0000006599 devstack@c-api.service[100196]: /opt/stack/data/venv/lib/python3.12/site-packages/oslo_context/context.py:102: DeprecationWarning: Policy enforcement is depending on the value of is_admin. This key is deprecated. Please update your policy file to use the standard policy values.
Aug 06 00:42:34.743150 np0000006599 devstack@c-api.service[100196]: warnings.warn(
Aug 06 00:42:34.746841 np0000006599 devstack@c-api.service[100197]: DEBUG cinder.api.middleware.request_id [None req-e5ae5b4d-e1de-4b56-8427-64ce14f61df7 None None] RequestId filter calling following filter/app {{(pid=100197) _context_setter /opt/stack/cinder/cinder/api/middleware/request_id.py:62}}
Aug 06 00:42:34.748932 np0000006599 devstack@c-api.service[100197]: INFO cinder.api.openstack.wsgi [None req-e5ae5b4d-e1de-4b56-8427-64ce14f61df7 tempest-AttachVolumeMultiAttachTest-812477145 tempest-AttachVolumeMultiAttachTest-812477145-project-member] GET https://10.4.3.21/volume/v3/volumes/8fa7a610-d81a-450f-b965-8bb4cc5d08a5
Aug 06 00:42:34.749385 np0000006599 devstack@c-api.service[100197]: DEBUG cinder.api.openstack.wsgi [None req-e5ae5b4d-e1de-4b56-8427-64ce14f61df7 tempest-AttachVolumeMultiAttachTest-812477145 tempest-AttachVolumeMultiAttachTest-812477145-project-member] Empty body provided in request {{(pid=100197) get_body /opt/stack/cinder/cinder/api/openstack/wsgi.py:725}}
Aug 06 00:42:34.749484 np0000006599 devstack@c-api.service[100197]: DEBUG cinder.api.openstack.wsgi [None req-e5ae5b4d-e1de-4b56-8427-64ce14f61df7 tempest-AttachVolumeMultiAttachTest-812477145 tempest-AttachVolumeMultiAttachTest-812477145-project-member] Calling method 'show' {{(pid=100197) _process_stack /opt/stack/cinder/cinder/api/openstack/wsgi.py:878}}
Aug 06 00:42:34.753580 np0000006599 devstack@c-api.service[100196]: INFO cinder.volume.api [None req-c055a5d5-7776-4ca7-9b18-e2f058f41dd4 tempest-VolumesAssistedSnapshotsTest-1488748898 tempest-VolumesAssistedSnapshotsTest-1488748898-project-admin] Volume info retrieved successfully.
Aug 06 00:42:34.760025 np0000006599 devstack@c-api.service[100197]: /opt/stack/data/venv/lib/python3.12/site-packages/oslo_context/context.py:102: DeprecationWarning: Policy enforcement is depending on the value of is_admin. This key is deprecated. Please update your policy file to use the standard policy values.
Aug 06 00:42:34.760025 np0000006599 devstack@c-api.service[100197]: warnings.warn(
Aug 06 00:42:34.764081 np0000006599 devstack@c-api.service[100197]: INFO cinder.volume.api [None req-e5ae5b4d-e1de-4b56-8427-64ce14f61df7 tempest-AttachVolumeMultiAttachTest-812477145 tempest-AttachVolumeMultiAttachTest-812477145-project-member] Volume info retrieved successfully.
Aug 06 00:42:34.765349 np0000006599 devstack@c-api.service[100196]: INFO cinder.api.openstack.wsgi [None req-c055a5d5-7776-4ca7-9b18-e2f058f41dd4 tempest-VolumesAssistedSnapshotsTest-1488748898 tempest-VolumesAssistedSnapshotsTest-1488748898-project-admin] https://10.4.3.21/volume/v3/volumes/520cdf88-578d-4b4f-9809-502f6a91470b returned with HTTP 200
Aug 06 00:42:34.765893 np0000006599 devstack@c-api.service[100196]: [pid: 100196|app: 0|req: 53/212] 10.4.3.21 () {66 vars in 1341 bytes} [Thu Aug 6 00:42:34 2026] GET /volume/v3/volumes/520cdf88-578d-4b4f-9809-502f6a91470b => generated 1022 bytes in 38 msecs (HTTP/1.1 200) 7 headers in 286 bytes (1 switches on core 0)
Aug 06 00:42:34.769830 np0000006599 devstack@c-api.service[100197]: INFO cinder.api.openstack.wsgi [None req-e5ae5b4d-e1de-4b56-8427-64ce14f61df7 tempest-AttachVolumeMultiAttachTest-812477145 tempest-AttachVolumeMultiAttachTest-812477145-project-member] https://10.4.3.21/volume/v3/volumes/8fa7a610-d81a-450f-b965-8bb4cc5d08a5 returned with HTTP 200
Aug 06 00:42:34.769830 np0000006599 devstack@c-api.service[100197]: [pid: 100197|app: 0|req: 54/213] 10.4.3.21 () {66 vars in 1341 bytes} [Thu Aug 6 00:42:34 2026] GET /volume/v3/volumes/8fa7a610-d81a-450f-b965-8bb4cc5d08a5 => generated 1146 bytes in 23 msecs (HTTP/1.1 200) 7 headers in 286 bytes (1 switches on core 0)
Aug 06 00:42:35.779914 np0000006599 devstack@c-api.service[100198]: DEBUG cinder.api.middleware.request_id [None req-dfad7b5e-ea67-4d09-8864-0dcee4d323f8 None None] RequestId filter calling following filter/app {{(pid=100198) _context_setter /opt/stack/cinder/cinder/api/middleware/request_id.py:62}}
Aug 06 00:42:35.782042 np0000006599 devstack@c-api.service[100198]: INFO cinder.api.openstack.wsgi [None req-dfad7b5e-ea67-4d09-8864-0dcee4d323f8 tempest-VolumesAssistedSnapshotsTest-1488748898 tempest-VolumesAssistedSnapshotsTest-1488748898-project-admin] GET https://10.4.3.21/volume/v3/volumes/520cdf88-578d-4b4f-9809-502f6a91470b
Aug 06 00:42:35.782496 np0000006599 devstack@c-api.service[100198]: DEBUG cinder.api.openstack.wsgi [None req-dfad7b5e-ea67-4d09-8864-0dcee4d323f8 tempest-VolumesAssistedSnapshotsTest-1488748898 tempest-VolumesAssistedSnapshotsTest-1488748898-project-admin] Empty body provided in request {{(pid=100198) get_body /opt/stack/cinder/cinder/api/openstack/wsgi.py:725}}
Aug 06 00:42:35.782744 np0000006599 devstack@c-api.service[100198]: DEBUG cinder.api.openstack.wsgi [None req-dfad7b5e-ea67-4d09-8864-0dcee4d323f8 tempest-VolumesAssistedSnapshotsTest-1488748898 tempest-VolumesAssistedSnapshotsTest-1488748898-project-admin] Calling method 'show' {{(pid=100198) _process_stack /opt/stack/cinder/cinder/api/openstack/wsgi.py:878}}
Aug 06 00:42:35.783483 np0000006599 devstack@c-api.service[100195]: DEBUG cinder.api.middleware.request_id [None req-1242183d-7d4e-4885-8346-5f95f4027f5b None None] RequestId filter calling following filter/app {{(pid=100195) _context_setter /opt/stack/cinder/cinder/api/middleware/request_id.py:62}}
Aug 06 00:42:35.786258 np0000006599 devstack@c-api.service[100195]: INFO cinder.api.openstack.wsgi [None req-1242183d-7d4e-4885-8346-5f95f4027f5b tempest-AttachVolumeMultiAttachTest-812477145 tempest-AttachVolumeMultiAttachTest-812477145-project-member] GET https://10.4.3.21/volume/v3/volumes/8fa7a610-d81a-450f-b965-8bb4cc5d08a5
Aug 06 00:42:35.786647 np0000006599 devstack@c-api.service[100195]: DEBUG cinder.api.openstack.wsgi [None req-1242183d-7d4e-4885-8346-5f95f4027f5b tempest-AttachVolumeMultiAttachTest-812477145 tempest-AttachVolumeMultiAttachTest-812477145-project-member] Empty body provided in request {{(pid=100195) get_body /opt/stack/cinder/cinder/api/openstack/wsgi.py:725}}
Aug 06 00:42:35.786940 np0000006599 devstack@c-api.service[100195]: DEBUG cinder.api.openstack.wsgi [None req-1242183d-7d4e-4885-8346-5f95f4027f5b tempest-AttachVolumeMultiAttachTest-812477145 tempest-AttachVolumeMultiAttachTest-812477145-project-member] Calling method 'show' {{(pid=100195) _process_stack /opt/stack/cinder/cinder/api/openstack/wsgi.py:878}}
Aug 06 00:42:35.794219 np0000006599 devstack@c-api.service[100198]: /opt/stack/data/venv/lib/python3.12/site-packages/oslo_context/context.py:102: DeprecationWarning: Policy enforcement is depending on the value of is_admin. This key is deprecated. Please update your policy file to use the standard policy values.
Aug 06 00:42:35.794219 np0000006599 devstack@c-api.service[100198]: warnings.warn(
Aug 06 00:42:35.801381 np0000006599 devstack@c-api.service[100195]: /opt/stack/data/venv/lib/python3.12/site-packages/oslo_context/context.py:102: DeprecationWarning: Policy enforcement is depending on the value of is_admin. This key is deprecated. Please update your policy file to use the standard policy values.
Aug 06 00:42:35.801381 np0000006599 devstack@c-api.service[100195]: warnings.warn(
Aug 06 00:42:35.801517 np0000006599 devstack@c-api.service[100198]: INFO cinder.volume.api [None req-dfad7b5e-ea67-4d09-8864-0dcee4d323f8 tempest-VolumesAssistedSnapshotsTest-1488748898 tempest-VolumesAssistedSnapshotsTest-1488748898-project-admin] Volume info retrieved successfully.
Aug 06 00:42:35.805428 np0000006599 devstack@c-api.service[100195]: INFO cinder.volume.api [None req-1242183d-7d4e-4885-8346-5f95f4027f5b tempest-AttachVolumeMultiAttachTest-812477145 tempest-AttachVolumeMultiAttachTest-812477145-project-member] Volume info retrieved successfully.
Aug 06 00:42:35.806062 np0000006599 devstack@c-api.service[100198]: INFO cinder.api.openstack.wsgi [None req-dfad7b5e-ea67-4d09-8864-0dcee4d323f8 tempest-VolumesAssistedSnapshotsTest-1488748898 tempest-VolumesAssistedSnapshotsTest-1488748898-project-admin] https://10.4.3.21/volume/v3/volumes/520cdf88-578d-4b4f-9809-502f6a91470b returned with HTTP 200
Aug 06 00:42:35.806458 np0000006599 devstack@c-api.service[100198]: [pid: 100198|app: 0|req: 55/214] 10.4.3.21 () {66 vars in 1341 bytes} [Thu Aug 6 00:42:35 2026] GET /volume/v3/volumes/520cdf88-578d-4b4f-9809-502f6a91470b => generated 1022 bytes in 27 msecs (HTTP/1.1 200) 7 headers in 286 bytes (1 switches on core 0)
Aug 06 00:42:35.810839 np0000006599 devstack@c-api.service[100195]: INFO cinder.api.openstack.wsgi [None req-1242183d-7d4e-4885-8346-5f95f4027f5b tempest-AttachVolumeMultiAttachTest-812477145 tempest-AttachVolumeMultiAttachTest-812477145-project-member] https://10.4.3.21/volume/v3/volumes/8fa7a610-d81a-450f-b965-8bb4cc5d08a5 returned with HTTP 200
Aug 06 00:42:35.811513 np0000006599 devstack@c-api.service[100195]: [pid: 100195|app: 0|req: 53/215] 10.4.3.21 () {66 vars in 1341 bytes} [Thu Aug 6 00:42:35 2026] GET /volume/v3/volumes/8fa7a610-d81a-450f-b965-8bb4cc5d08a5 => generated 1146 bytes in 28 msecs (HTTP/1.1 200) 7 headers in 286 bytes (1 switches on core 0)
Aug 06 00:42:36.469667 np0000006599 devstack@c-api.service[100196]: DEBUG cinder.api.middleware.request_id [None req-3a031c40-5aa2-4019-8e1d-fcf1cae9a413 None None] RequestId filter calling following filter/app {{(pid=100196) _context_setter /opt/stack/cinder/cinder/api/middleware/request_id.py:62}}
Aug 06 00:42:36.472664 np0000006599 devstack@c-api.service[100196]: INFO cinder.api.openstack.wsgi [None req-3a031c40-5aa2-4019-8e1d-fcf1cae9a413 tempest-AttachSCSIVolumeTestJSON-648823263 tempest-AttachSCSIVolumeTestJSON-648823263-project-member] POST https://10.4.3.21/volume/v3/volumes
Aug 06 00:42:36.472664 np0000006599 devstack@c-api.service[100196]: DEBUG cinder.api.openstack.wsgi [None req-3a031c40-5aa2-4019-8e1d-fcf1cae9a413 tempest-AttachSCSIVolumeTestJSON-648823263 tempest-AttachSCSIVolumeTestJSON-648823263-project-member] Action: 'create', calling method: create, body: {"volume": {"size": 1, "display_name": "tempest-AttachSCSIVolumeTestJSON-volume-1192453166"}} {{(pid=100196) _process_stack /opt/stack/cinder/cinder/api/openstack/wsgi.py:876}}
Aug 06 00:42:36.474260 np0000006599 devstack@c-api.service[100196]: DEBUG cinder.api.v3.volumes [None req-3a031c40-5aa2-4019-8e1d-fcf1cae9a413 tempest-AttachSCSIVolumeTestJSON-648823263 tempest-AttachSCSIVolumeTestJSON-648823263-project-member] Create volume request body: {'volume': {'size': 1, 'display_name': 'tempest-AttachSCSIVolumeTestJSON-volume-1192453166'}} {{(pid=100196) create /opt/stack/cinder/cinder/api/v3/volumes.py:368}}
Aug 06 00:42:36.474976 np0000006599 devstack@c-api.service[100196]: INFO cinder.api.v3.volumes [None req-3a031c40-5aa2-4019-8e1d-fcf1cae9a413 tempest-AttachSCSIVolumeTestJSON-648823263 tempest-AttachSCSIVolumeTestJSON-648823263-project-member] Create volume of 1 GB
Aug 06 00:42:36.481168 np0000006599 devstack@c-api.service[100196]: INFO cinder.volume.api [None req-3a031c40-5aa2-4019-8e1d-fcf1cae9a413 tempest-AttachSCSIVolumeTestJSON-648823263 tempest-AttachSCSIVolumeTestJSON-648823263-project-member] Availability Zones retrieved successfully.
Aug 06 00:42:36.488377 np0000006599 devstack@c-api.service[100196]: DEBUG cinder.volume.api [None req-3a031c40-5aa2-4019-8e1d-fcf1cae9a413 tempest-AttachSCSIVolumeTestJSON-648823263 tempest-AttachSCSIVolumeTestJSON-648823263-project-member] Flow 'volume_create_api' (e740147a-3f64-4715-b74c-f0c043dab2c3) transitioned into state 'RUNNING' from state 'PENDING' {{(pid=100196) _flow_receiver /opt/stack/data/venv/lib/python3.12/site-packages/taskflow/listeners/logging.py:160}}
Aug 06 00:42:36.489626 np0000006599 devstack@c-api.service[100196]: DEBUG cinder.volume.api [None req-3a031c40-5aa2-4019-8e1d-fcf1cae9a413 tempest-AttachSCSIVolumeTestJSON-648823263 tempest-AttachSCSIVolumeTestJSON-648823263-project-member] Task 'cinder.volume.flows.api.create_volume.ExtractVolumeRequestTask;volume:create' (667d2b94-64b0-49a8-ab29-47942c7c2630) transitioned into state 'RUNNING' from state 'PENDING' {{(pid=100196) _task_receiver /opt/stack/data/venv/lib/python3.12/site-packages/taskflow/listeners/logging.py:242}}
Aug 06 00:42:36.490871 np0000006599 devstack@c-api.service[100196]: DEBUG cinder.volume.flows.api.create_volume [None req-3a031c40-5aa2-4019-8e1d-fcf1cae9a413 tempest-AttachSCSIVolumeTestJSON-648823263 tempest-AttachSCSIVolumeTestJSON-648823263-project-member] Validating volume size '1' using validate_int {{(pid=100196) _extract_size /opt/stack/cinder/cinder/volume/flows/api/create_volume.py:226}}
Aug 06 00:42:36.530628 np0000006599 devstack@c-api.service[100196]: DEBUG cinder.volume.api [None req-3a031c40-5aa2-4019-8e1d-fcf1cae9a413 tempest-AttachSCSIVolumeTestJSON-648823263 tempest-AttachSCSIVolumeTestJSON-648823263-project-member] Task 'cinder.volume.flows.api.create_volume.ExtractVolumeRequestTask;volume:create' (667d2b94-64b0-49a8-ab29-47942c7c2630) transitioned into state 'SUCCESS' from state 'RUNNING' with result '{'size': 1, 'snapshot_id': None, 'source_volid': None, 'volume_type': VolumeType(created_at=2026-08-06T00:39:36Z,deleted=False,deleted_at=None,description=None,extra_specs={volume_backend_name='storpool'},id=33c74fc5-60a7-4c5f-81a5-160d6f076f86,is_public=True,name='storpool',projects=[],qos_specs=,qos_specs_id=None,updated_at=None), 'volume_type_id': '33c74fc5-60a7-4c5f-81a5-160d6f076f86', 'encryption_key_id': None, 'qos_specs': None, 'consistencygroup_id': None, 'cgsnapshot_id': None, 'group_id': None, 'replication_status': 'disabled', 'refresh_az': False, 'backup_id': None, 'multiattach': False, 'availability_zones': ['nova']}' {{(pid=100196) _task_receiver /opt/stack/data/venv/lib/python3.12/site-packages/taskflow/listeners/logging.py:218}}
Aug 06 00:42:36.531841 np0000006599 devstack@c-api.service[100196]: DEBUG cinder.volume.api [None req-3a031c40-5aa2-4019-8e1d-fcf1cae9a413 tempest-AttachSCSIVolumeTestJSON-648823263 tempest-AttachSCSIVolumeTestJSON-648823263-project-member] Task 'cinder.volume.flows.api.create_volume.QuotaReserveTask;volume:create' (73061ef4-b55d-4e6e-9015-7333f928164b) transitioned into state 'RUNNING' from state 'PENDING' {{(pid=100196) _task_receiver /opt/stack/data/venv/lib/python3.12/site-packages/taskflow/listeners/logging.py:242}}
Aug 06 00:42:36.636494 np0000006599 devstack@c-api.service[100196]: DEBUG cinder.quota [None req-3a031c40-5aa2-4019-8e1d-fcf1cae9a413 tempest-AttachSCSIVolumeTestJSON-648823263 tempest-AttachSCSIVolumeTestJSON-648823263-project-member] Created reservations ['7560f682-1eaa-4089-a2ec-4d3b6941028b', '203e78a7-cbb6-41fe-9e45-5067fb27a99e', '1a19845a-a2f8-45ce-bec4-78276f18ec13', '7b501ec4-99a8-4d06-814f-c76b751e52b0'] {{(pid=100196) reserve /opt/stack/cinder/cinder/quota.py:752}}
Aug 06 00:42:36.637560 np0000006599 devstack@c-api.service[100196]: DEBUG cinder.volume.api [None req-3a031c40-5aa2-4019-8e1d-fcf1cae9a413 tempest-AttachSCSIVolumeTestJSON-648823263 tempest-AttachSCSIVolumeTestJSON-648823263-project-member] Task 'cinder.volume.flows.api.create_volume.QuotaReserveTask;volume:create' (73061ef4-b55d-4e6e-9015-7333f928164b) transitioned into state 'SUCCESS' from state 'RUNNING' with result '{'reservations': ['7560f682-1eaa-4089-a2ec-4d3b6941028b', '203e78a7-cbb6-41fe-9e45-5067fb27a99e', '1a19845a-a2f8-45ce-bec4-78276f18ec13', '7b501ec4-99a8-4d06-814f-c76b751e52b0']}' {{(pid=100196) _task_receiver /opt/stack/data/venv/lib/python3.12/site-packages/taskflow/listeners/logging.py:218}}
Aug 06 00:42:36.639832 np0000006599 devstack@c-api.service[100196]: DEBUG cinder.volume.api [None req-3a031c40-5aa2-4019-8e1d-fcf1cae9a413 tempest-AttachSCSIVolumeTestJSON-648823263 tempest-AttachSCSIVolumeTestJSON-648823263-project-member] Task 'cinder.volume.flows.api.create_volume.EntryCreateTask;volume:create' (f8d41dc9-f8ef-47d5-b41a-96663b011c5a) transitioned into state 'RUNNING' from state 'PENDING' {{(pid=100196) _task_receiver /opt/stack/data/venv/lib/python3.12/site-packages/taskflow/listeners/logging.py:242}}
Aug 06 00:42:36.668442 np0000006599 devstack@c-api.service[100196]: DEBUG cinder.volume.api [None req-3a031c40-5aa2-4019-8e1d-fcf1cae9a413 tempest-AttachSCSIVolumeTestJSON-648823263 tempest-AttachSCSIVolumeTestJSON-648823263-project-member] Task 'cinder.volume.flows.api.create_volume.EntryCreateTask;volume:create' (f8d41dc9-f8ef-47d5-b41a-96663b011c5a) transitioned into state 'SUCCESS' from state 'RUNNING' with result '{'volume_id': '7b4b1830-be8e-46ed-9666-181943378aa4', 'volume_properties': VolumeProperties(attach_status='detached',availability_zone='nova',cgsnapshot_id=None,consistencygroup_id=None,display_description=None,display_name='tempest-AttachSCSIVolumeTestJSON-volume-1192453166',encryption_key_id=None,group_id=None,group_type_id=,metadata={},multiattach=False,project_id='856294b312c64c15b212273de2df0cfe',qos_specs=None,replication_status=,reservations=['7560f682-1eaa-4089-a2ec-4d3b6941028b','203e78a7-cbb6-41fe-9e45-5067fb27a99e','1a19845a-a2f8-45ce-bec4-78276f18ec13','7b501ec4-99a8-4d06-814f-c76b751e52b0'],size=1,snapshot_id=None,source_replicaid=,source_volid=None,status='creating',user_id='5a2b200eb920434cbe38814770031b66',volume_type_id=33c74fc5-60a7-4c5f-81a5-160d6f076f86), 'volume': Volume(_name_id=None,admin_metadata=,attach_status='detached',availability_zone='nova',bootable=False,cluster=,cluster_name=None,consistencygroup=,consistencygroup_id=None,created_at=2026-08-06T00:42:36Z,deleted=False,deleted_at=None,display_description=None,display_name='tempest-AttachSCSIVolumeTestJSON-volume-1192453166',ec2_id=None,encryption_key_id=None,glance_metadata=,group=,group_id=None,host=None,id=7b4b1830-be8e-46ed-9666-181943378aa4,launched_at=None,metadata={},migration_status=None,multiattach=False,previous_status=None,project_id='856294b312c64c15b212273de2df0cfe',provider_auth=None,provider_geometry=None,provider_id=None,provider_location=None,replication_driver_data=None,replication_extended_status=None,replication_status=None,scheduled_at=None,service_uuid=None,shared_targets=True,size=1,snapshot_id=None,snapshots=,source_volid=None,status='creating',terminated_at=None,updated_at=None,use_quota=True,user_id='5a2b200eb920434cbe38814770031b66',volume_attachment=VolumeAttachmentList,volume_type=VolumeType(33c74fc5-60a7-4c5f-81a5-160d6f076f86),volume_type_id=33c74fc5-60a7-4c5f-81a5-160d6f076f86)}' {{(pid=100196) _task_receiver /opt/stack/data/venv/lib/python3.12/site-packages/taskflow/listeners/logging.py:218}}
Aug 06 00:42:36.670996 np0000006599 devstack@c-api.service[100196]: DEBUG cinder.volume.api [None req-3a031c40-5aa2-4019-8e1d-fcf1cae9a413 tempest-AttachSCSIVolumeTestJSON-648823263 tempest-AttachSCSIVolumeTestJSON-648823263-project-member] Task 'cinder.volume.flows.api.create_volume.QuotaCommitTask;volume:create' (91d8b1c9-5599-4aa3-8076-8356133de9f7) transitioned into state 'RUNNING' from state 'PENDING' {{(pid=100196) _task_receiver /opt/stack/data/venv/lib/python3.12/site-packages/taskflow/listeners/logging.py:242}}
Aug 06 00:42:36.707875 np0000006599 devstack@c-api.service[100196]: DEBUG cinder.volume.api [None req-3a031c40-5aa2-4019-8e1d-fcf1cae9a413 tempest-AttachSCSIVolumeTestJSON-648823263 tempest-AttachSCSIVolumeTestJSON-648823263-project-member] Task 'cinder.volume.flows.api.create_volume.QuotaCommitTask;volume:create' (91d8b1c9-5599-4aa3-8076-8356133de9f7) transitioned into state 'SUCCESS' from state 'RUNNING' with result '{'volume_properties': VolumeProperties(attach_status='detached',availability_zone='nova',cgsnapshot_id=None,consistencygroup_id=None,display_description=None,display_name='tempest-AttachSCSIVolumeTestJSON-volume-1192453166',encryption_key_id=None,group_id=None,group_type_id=,metadata={},multiattach=False,project_id='856294b312c64c15b212273de2df0cfe',qos_specs=None,replication_status=,reservations=['7560f682-1eaa-4089-a2ec-4d3b6941028b','203e78a7-cbb6-41fe-9e45-5067fb27a99e','1a19845a-a2f8-45ce-bec4-78276f18ec13','7b501ec4-99a8-4d06-814f-c76b751e52b0'],size=1,snapshot_id=None,source_replicaid=,source_volid=None,status='creating',user_id='5a2b200eb920434cbe38814770031b66',volume_type_id=33c74fc5-60a7-4c5f-81a5-160d6f076f86)}' {{(pid=100196) _task_receiver /opt/stack/data/venv/lib/python3.12/site-packages/taskflow/listeners/logging.py:218}}
Aug 06 00:42:36.707875 np0000006599 devstack@c-api.service[100196]: DEBUG cinder.volume.api [None req-3a031c40-5aa2-4019-8e1d-fcf1cae9a413 tempest-AttachSCSIVolumeTestJSON-648823263 tempest-AttachSCSIVolumeTestJSON-648823263-project-member] Task 'cinder.volume.flows.api.create_volume.VolumeCastTask;volume:create' (cbca09c6-1201-4b25-853b-5cd9ccc222b9) transitioned into state 'RUNNING' from state 'PENDING' {{(pid=100196) _task_receiver /opt/stack/data/venv/lib/python3.12/site-packages/taskflow/listeners/logging.py:242}}
Aug 06 00:42:36.727865 np0000006599 devstack@c-api.service[100196]: DEBUG cinder.volume.api [None req-3a031c40-5aa2-4019-8e1d-fcf1cae9a413 tempest-AttachSCSIVolumeTestJSON-648823263 tempest-AttachSCSIVolumeTestJSON-648823263-project-member] Task 'cinder.volume.flows.api.create_volume.VolumeCastTask;volume:create' (cbca09c6-1201-4b25-853b-5cd9ccc222b9) transitioned into state 'SUCCESS' from state 'RUNNING' with result 'None' {{(pid=100196) _task_receiver /opt/stack/data/venv/lib/python3.12/site-packages/taskflow/listeners/logging.py:218}}
Aug 06 00:42:36.727865 np0000006599 devstack@c-api.service[100196]: DEBUG cinder.volume.api [None req-3a031c40-5aa2-4019-8e1d-fcf1cae9a413 tempest-AttachSCSIVolumeTestJSON-648823263 tempest-AttachSCSIVolumeTestJSON-648823263-project-member] Flow 'volume_create_api' (e740147a-3f64-4715-b74c-f0c043dab2c3) transitioned into state 'SUCCESS' from state 'RUNNING' {{(pid=100196) _flow_receiver /opt/stack/data/venv/lib/python3.12/site-packages/taskflow/listeners/logging.py:160}}
Aug 06 00:42:36.727865 np0000006599 devstack@c-api.service[100196]: INFO cinder.volume.api [None req-3a031c40-5aa2-4019-8e1d-fcf1cae9a413 tempest-AttachSCSIVolumeTestJSON-648823263 tempest-AttachSCSIVolumeTestJSON-648823263-project-member] Create volume request issued successfully.
Aug 06 00:42:36.727865 np0000006599 devstack@c-api.service[100196]: INFO cinder.api.openstack.wsgi [None req-3a031c40-5aa2-4019-8e1d-fcf1cae9a413 tempest-AttachSCSIVolumeTestJSON-648823263 tempest-AttachSCSIVolumeTestJSON-648823263-project-member] https://10.4.3.21/volume/v3/volumes returned with HTTP 202
Aug 06 00:42:36.727865 np0000006599 devstack@c-api.service[100196]: [pid: 100196|app: 0|req: 54/216] 10.4.3.21 () {68 vars in 1251 bytes} [Thu Aug 6 00:42:36 2026] POST /volume/v3/volumes => generated 753 bytes in 258 msecs (HTTP/1.1 202) 7 headers in 291 bytes (1 switches on core 0)
Aug 06 00:42:36.747095 np0000006599 devstack@c-api.service[100197]: DEBUG cinder.api.middleware.request_id [None req-113bd426-4484-4924-bc3b-ab5542ce2ef0 None None] RequestId filter calling following filter/app {{(pid=100197) _context_setter /opt/stack/cinder/cinder/api/middleware/request_id.py:62}}
Aug 06 00:42:36.752935 np0000006599 devstack@c-api.service[100197]: INFO cinder.api.openstack.wsgi [None req-113bd426-4484-4924-bc3b-ab5542ce2ef0 tempest-AttachSCSIVolumeTestJSON-648823263 tempest-AttachSCSIVolumeTestJSON-648823263-project-member] GET https://10.4.3.21/volume/v3/volumes/7b4b1830-be8e-46ed-9666-181943378aa4
