Aug 06 00:39:19.220738 np0000006599 nova-scheduler[96668]: DEBUG cotyledon.oslo_config_glue [-] workarounds.reserve_disk_resource_for_image_cache = False {{(pid=96668) log_opt_values /opt/stack/data/venv/lib/python3.12/site-packages/oslo_config/cfg.py:3545}}
Aug 06 00:39:19.220738 np0000006599 nova-scheduler[96668]: DEBUG cotyledon.oslo_config_glue [-] workarounds.skip_cpu_compare_at_startup = False {{(pid=96668) log_opt_values /opt/stack/data/venv/lib/python3.12/site-packages/oslo_config/cfg.py:3545}}
Aug 06 00:39:19.220738 np0000006599 nova-scheduler[96668]: DEBUG cotyledon.oslo_config_glue [-] workarounds.skip_cpu_compare_on_dest = False {{(pid=96668) log_opt_values /opt/stack/data/venv/lib/python3.12/site-packages/oslo_config/cfg.py:3545}}
Aug 06 00:39:19.221034 np0000006599 nova-scheduler[96668]: DEBUG cotyledon.oslo_config_glue [-] workarounds.skip_hypervisor_version_check_on_lm = False {{(pid=96668) log_opt_values /opt/stack/data/venv/lib/python3.12/site-packages/oslo_config/cfg.py:3545}}
Aug 06 00:39:19.221034 np0000006599 nova-scheduler[96668]: DEBUG cotyledon.oslo_config_glue [-] workarounds.skip_reserve_in_use_ironic_nodes = False {{(pid=96668) log_opt_values /opt/stack/data/venv/lib/python3.12/site-packages/oslo_config/cfg.py:3545}}
Aug 06 00:39:19.221034 np0000006599 nova-scheduler[96668]: DEBUG cotyledon.oslo_config_glue [-] workarounds.unified_limits_count_pcpu_as_vcpu = False {{(pid=96668) log_opt_values /opt/stack/data/venv/lib/python3.12/site-packages/oslo_config/cfg.py:3545}}
Aug 06 00:39:19.221034 np0000006599 nova-scheduler[96668]: DEBUG cotyledon.oslo_config_glue [-] workarounds.wait_for_vif_plugged_event_during_hard_reboot = [] {{(pid=96668) log_opt_values /opt/stack/data/venv/lib/python3.12/site-packages/oslo_config/cfg.py:3545}}
Aug 06 00:39:19.221034 np0000006599 nova-scheduler[96668]: DEBUG cotyledon.oslo_config_glue [-] wsgi.api_paste_config = /etc/nova/api-paste.ini {{(pid=96668) log_opt_values /opt/stack/data/venv/lib/python3.12/site-packages/oslo_config/cfg.py:3545}}
Aug 06 00:39:19.221034 np0000006599 nova-scheduler[96668]: DEBUG cotyledon.oslo_config_glue [-] wsgi.secure_proxy_ssl_header = None {{(pid=96668) log_opt_values /opt/stack/data/venv/lib/python3.12/site-packages/oslo_config/cfg.py:3545}}
Aug 06 00:39:19.221034 np0000006599 nova-scheduler[96668]: DEBUG cotyledon.oslo_config_glue [-] zvm.ca_file = None {{(pid=96668) log_opt_values /opt/stack/data/venv/lib/python3.12/site-packages/oslo_config/cfg.py:3545}}
Aug 06 00:39:19.221034 np0000006599 nova-scheduler[96668]: DEBUG cotyledon.oslo_config_glue [-] zvm.cloud_connector_url = None {{(pid=96668) log_opt_values /opt/stack/data/venv/lib/python3.12/site-packages/oslo_config/cfg.py:3545}}
Aug 06 00:39:19.221289 np0000006599 nova-scheduler[96666]: INFO nova.service [-] Starting scheduler node (version 33.1.0)
Aug 06 00:39:19.221326 np0000006599 nova-scheduler[96668]: DEBUG cotyledon.oslo_config_glue [-] zvm.image_tmp_path = /opt/stack/data/nova/images {{(pid=96668) log_opt_values /opt/stack/data/venv/lib/python3.12/site-packages/oslo_config/cfg.py:3545}}
Aug 06 00:39:19.221326 np0000006599 nova-scheduler[96668]: DEBUG cotyledon.oslo_config_glue [-] zvm.reachable_timeout = 300 {{(pid=96668) log_opt_values /opt/stack/data/venv/lib/python3.12/site-packages/oslo_config/cfg.py:3545}}
Aug 06 00:39:19.221326 np0000006599 nova-scheduler[96668]: DEBUG cotyledon.oslo_config_glue [-] oslo_versionedobjects.fatal_exception_format_errors = False {{(pid=96668) log_opt_values /opt/stack/data/venv/lib/python3.12/site-packages/oslo_config/cfg.py:3545}}
Aug 06 00:39:19.221326 np0000006599 nova-scheduler[96668]: DEBUG cotyledon.oslo_config_glue [-] oslo_middleware.http_basic_auth_user_file = /etc/htpasswd {{(pid=96668) log_opt_values /opt/stack/data/venv/lib/python3.12/site-packages/oslo_config/cfg.py:3545}}
Aug 06 00:39:19.221326 np0000006599 nova-scheduler[96668]: DEBUG cotyledon.oslo_config_glue [-] oslo_messaging_metrics.metrics_buffer_size = 1000 {{(pid=96668) log_opt_values /opt/stack/data/venv/lib/python3.12/site-packages/oslo_config/cfg.py:3545}}
Aug 06 00:39:19.221326 np0000006599 nova-scheduler[96668]: DEBUG cotyledon.oslo_config_glue [-] oslo_messaging_metrics.metrics_enabled = False {{(pid=96668) log_opt_values /opt/stack/data/venv/lib/python3.12/site-packages/oslo_config/cfg.py:3545}}
Aug 06 00:39:19.221326 np0000006599 nova-scheduler[96668]: DEBUG cotyledon.oslo_config_glue [-] oslo_messaging_metrics.metrics_process_name = {{(pid=96668) log_opt_values /opt/stack/data/venv/lib/python3.12/site-packages/oslo_config/cfg.py:3545}}
Aug 06 00:39:19.221326 np0000006599 nova-scheduler[96668]: DEBUG cotyledon.oslo_config_glue [-] oslo_messaging_metrics.metrics_socket_file = /var/tmp/metrics_collector.sock {{(pid=96668) log_opt_values /opt/stack/data/venv/lib/python3.12/site-packages/oslo_config/cfg.py:3545}}
Aug 06 00:39:19.221572 np0000006599 nova-scheduler[96668]: DEBUG cotyledon.oslo_config_glue [-] oslo_messaging_metrics.metrics_thread_stop_timeout = 10 {{(pid=96668) log_opt_values /opt/stack/data/venv/lib/python3.12/site-packages/oslo_config/cfg.py:3545}}
Aug 06 00:39:19.221572 np0000006599 nova-scheduler[96668]: DEBUG cotyledon.oslo_config_glue [-] profiler.connection_string = messaging:// {{(pid=96668) log_opt_values /opt/stack/data/venv/lib/python3.12/site-packages/oslo_config/cfg.py:3545}}
Aug 06 00:39:19.221572 np0000006599 nova-scheduler[96668]: DEBUG cotyledon.oslo_config_glue [-] profiler.enabled = False {{(pid=96668) log_opt_values /opt/stack/data/venv/lib/python3.12/site-packages/oslo_config/cfg.py:3545}}
Aug 06 00:39:19.221572 np0000006599 nova-scheduler[96668]: DEBUG cotyledon.oslo_config_glue [-] profiler.es_doc_type = notification {{(pid=96668) log_opt_values /opt/stack/data/venv/lib/python3.12/site-packages/oslo_config/cfg.py:3545}}
Aug 06 00:39:19.221572 np0000006599 nova-scheduler[96668]: DEBUG cotyledon.oslo_config_glue [-] profiler.es_scroll_size = 10000 {{(pid=96668) log_opt_values /opt/stack/data/venv/lib/python3.12/site-packages/oslo_config/cfg.py:3545}}
Aug 06 00:39:19.221572 np0000006599 nova-scheduler[96668]: DEBUG cotyledon.oslo_config_glue [-] profiler.es_scroll_time = 2m {{(pid=96668) log_opt_values /opt/stack/data/venv/lib/python3.12/site-packages/oslo_config/cfg.py:3545}}
Aug 06 00:39:19.221572 np0000006599 nova-scheduler[96668]: DEBUG cotyledon.oslo_config_glue [-] profiler.filter_error_trace = False {{(pid=96668) log_opt_values /opt/stack/data/venv/lib/python3.12/site-packages/oslo_config/cfg.py:3545}}
Aug 06 00:39:19.221572 np0000006599 nova-scheduler[96668]: DEBUG cotyledon.oslo_config_glue [-] profiler.hmac_keys = **** {{(pid=96668) log_opt_values /opt/stack/data/venv/lib/python3.12/site-packages/oslo_config/cfg.py:3545}}
Aug 06 00:39:19.221572 np0000006599 nova-scheduler[96668]: DEBUG cotyledon.oslo_config_glue [-] profiler.sentinel_service_name = mymaster {{(pid=96668) log_opt_values /opt/stack/data/venv/lib/python3.12/site-packages/oslo_config/cfg.py:3545}}
Aug 06 00:39:19.221867 np0000006599 nova-scheduler[96668]: DEBUG cotyledon.oslo_config_glue [-] profiler.socket_timeout = 0.1 {{(pid=96668) log_opt_values /opt/stack/data/venv/lib/python3.12/site-packages/oslo_config/cfg.py:3545}}
Aug 06 00:39:19.221867 np0000006599 nova-scheduler[96668]: DEBUG cotyledon.oslo_config_glue [-] profiler.trace_requests = False {{(pid=96668) log_opt_values /opt/stack/data/venv/lib/python3.12/site-packages/oslo_config/cfg.py:3545}}
Aug 06 00:39:19.221867 np0000006599 nova-scheduler[96668]: DEBUG cotyledon.oslo_config_glue [-] profiler.trace_sqlalchemy = False {{(pid=96668) log_opt_values /opt/stack/data/venv/lib/python3.12/site-packages/oslo_config/cfg.py:3545}}
Aug 06 00:39:19.221867 np0000006599 nova-scheduler[96668]: DEBUG cotyledon.oslo_config_glue [-] profiler_jaeger.process_tags = {} {{(pid=96668) log_opt_values /opt/stack/data/venv/lib/python3.12/site-packages/oslo_config/cfg.py:3545}}
Aug 06 00:39:19.221867 np0000006599 nova-scheduler[96668]: DEBUG cotyledon.oslo_config_glue [-] profiler_jaeger.service_name_prefix = None {{(pid=96668) log_opt_values /opt/stack/data/venv/lib/python3.12/site-packages/oslo_config/cfg.py:3545}}
Aug 06 00:39:19.221867 np0000006599 nova-scheduler[96668]: DEBUG cotyledon.oslo_config_glue [-] profiler_otlp.service_name_prefix = None {{(pid=96668) log_opt_values /opt/stack/data/venv/lib/python3.12/site-packages/oslo_config/cfg.py:3545}}
Aug 06 00:39:19.221867 np0000006599 nova-scheduler[96668]: DEBUG cotyledon.oslo_config_glue [-] oslo_messaging_rabbit.amqp_auto_delete = False {{(pid=96668) log_opt_values /opt/stack/data/venv/lib/python3.12/site-packages/oslo_config/cfg.py:3545}}
Aug 06 00:39:19.221867 np0000006599 nova-scheduler[96668]: DEBUG cotyledon.oslo_config_glue [-] oslo_messaging_rabbit.amqp_durable_queues = False {{(pid=96668) log_opt_values /opt/stack/data/venv/lib/python3.12/site-packages/oslo_config/cfg.py:3545}}
Aug 06 00:39:19.221867 np0000006599 nova-scheduler[96668]: DEBUG cotyledon.oslo_config_glue [-] oslo_messaging_rabbit.conn_pool_min_size = 2 {{(pid=96668) log_opt_values /opt/stack/data/venv/lib/python3.12/site-packages/oslo_config/cfg.py:3545}}
Aug 06 00:39:19.222157 np0000006599 nova-scheduler[96668]: DEBUG cotyledon.oslo_config_glue [-] oslo_messaging_rabbit.conn_pool_ttl = 1200 {{(pid=96668) log_opt_values /opt/stack/data/venv/lib/python3.12/site-packages/oslo_config/cfg.py:3545}}
Aug 06 00:39:19.222157 np0000006599 nova-scheduler[96668]: DEBUG cotyledon.oslo_config_glue [-] oslo_messaging_rabbit.direct_mandatory_flag = True {{(pid=96668) log_opt_values /opt/stack/data/venv/lib/python3.12/site-packages/oslo_config/cfg.py:3545}}
Aug 06 00:39:19.222157 np0000006599 nova-scheduler[96668]: DEBUG cotyledon.oslo_config_glue [-] oslo_messaging_rabbit.enable_cancel_on_failover = False {{(pid=96668) log_opt_values /opt/stack/data/venv/lib/python3.12/site-packages/oslo_config/cfg.py:3545}}
Aug 06 00:39:19.222157 np0000006599 nova-scheduler[96668]: DEBUG cotyledon.oslo_config_glue [-] oslo_messaging_rabbit.heartbeat_rate = 3 {{(pid=96668) log_opt_values /opt/stack/data/venv/lib/python3.12/site-packages/oslo_config/cfg.py:3545}}
Aug 06 00:39:19.222157 np0000006599 nova-scheduler[96668]: DEBUG cotyledon.oslo_config_glue [-] oslo_messaging_rabbit.heartbeat_timeout_threshold = 60 {{(pid=96668) log_opt_values /opt/stack/data/venv/lib/python3.12/site-packages/oslo_config/cfg.py:3545}}
Aug 06 00:39:19.222157 np0000006599 nova-scheduler[96668]: DEBUG cotyledon.oslo_config_glue [-] oslo_messaging_rabbit.hostname = np0000006599 {{(pid=96668) log_opt_values /opt/stack/data/venv/lib/python3.12/site-packages/oslo_config/cfg.py:3545}}
Aug 06 00:39:19.222157 np0000006599 nova-scheduler[96668]: DEBUG cotyledon.oslo_config_glue [-] oslo_messaging_rabbit.kombu_compression = None {{(pid=96668) log_opt_values /opt/stack/data/venv/lib/python3.12/site-packages/oslo_config/cfg.py:3545}}
Aug 06 00:39:19.222157 np0000006599 nova-scheduler[96668]: DEBUG cotyledon.oslo_config_glue [-] oslo_messaging_rabbit.kombu_failover_strategy = round-robin {{(pid=96668) log_opt_values /opt/stack/data/venv/lib/python3.12/site-packages/oslo_config/cfg.py:3545}}
Aug 06 00:39:19.222157 np0000006599 nova-scheduler[96668]: DEBUG cotyledon.oslo_config_glue [-] oslo_messaging_rabbit.kombu_missing_consumer_retry_timeout = 60 {{(pid=96668) log_opt_values /opt/stack/data/venv/lib/python3.12/site-packages/oslo_config/cfg.py:3545}}
Aug 06 00:39:19.222432 np0000006599 nova-scheduler[96668]: DEBUG cotyledon.oslo_config_glue [-] oslo_messaging_rabbit.kombu_reconnect_delay = 1.0 {{(pid=96668) log_opt_values /opt/stack/data/venv/lib/python3.12/site-packages/oslo_config/cfg.py:3545}}
Aug 06 00:39:19.222432 np0000006599 nova-scheduler[96668]: DEBUG cotyledon.oslo_config_glue [-] oslo_messaging_rabbit.kombu_reconnect_splay = 0.0 {{(pid=96668) log_opt_values /opt/stack/data/venv/lib/python3.12/site-packages/oslo_config/cfg.py:3545}}
Aug 06 00:39:19.222432 np0000006599 nova-scheduler[96668]: DEBUG cotyledon.oslo_config_glue [-] oslo_messaging_rabbit.processname = nova-scheduler {{(pid=96668) log_opt_values /opt/stack/data/venv/lib/python3.12/site-packages/oslo_config/cfg.py:3545}}
Aug 06 00:39:19.222432 np0000006599 nova-scheduler[96668]: DEBUG cotyledon.oslo_config_glue [-] oslo_messaging_rabbit.rabbit_ha_queues = False {{(pid=96668) log_opt_values /opt/stack/data/venv/lib/python3.12/site-packages/oslo_config/cfg.py:3545}}
Aug 06 00:39:19.222432 np0000006599 nova-scheduler[96668]: DEBUG cotyledon.oslo_config_glue [-] oslo_messaging_rabbit.rabbit_interval_max = 30 {{(pid=96668) log_opt_values /opt/stack/data/venv/lib/python3.12/site-packages/oslo_config/cfg.py:3545}}
Aug 06 00:39:19.222432 np0000006599 nova-scheduler[96668]: DEBUG cotyledon.oslo_config_glue [-] oslo_messaging_rabbit.rabbit_login_method = AMQPLAIN {{(pid=96668) log_opt_values /opt/stack/data/venv/lib/python3.12/site-packages/oslo_config/cfg.py:3545}}
Aug 06 00:39:19.222432 np0000006599 nova-scheduler[96668]: DEBUG cotyledon.oslo_config_glue [-] oslo_messaging_rabbit.rabbit_qos_prefetch_count = 0 {{(pid=96668) log_opt_values /opt/stack/data/venv/lib/python3.12/site-packages/oslo_config/cfg.py:3545}}
Aug 06 00:39:19.222432 np0000006599 nova-scheduler[96668]: DEBUG cotyledon.oslo_config_glue [-] oslo_messaging_rabbit.rabbit_quorum_delivery_limit = 0 {{(pid=96668) log_opt_values /opt/stack/data/venv/lib/python3.12/site-packages/oslo_config/cfg.py:3545}}
Aug 06 00:39:19.222432 np0000006599 nova-scheduler[96668]: DEBUG cotyledon.oslo_config_glue [-] oslo_messaging_rabbit.rabbit_quorum_max_memory_bytes = 0 {{(pid=96668) log_opt_values /opt/stack/data/venv/lib/python3.12/site-packages/oslo_config/cfg.py:3545}}
Aug 06 00:39:19.222701 np0000006599 nova-scheduler[96668]: DEBUG cotyledon.oslo_config_glue [-] oslo_messaging_rabbit.rabbit_quorum_max_memory_length = 0 {{(pid=96668) log_opt_values /opt/stack/data/venv/lib/python3.12/site-packages/oslo_config/cfg.py:3545}}
Aug 06 00:39:19.222701 np0000006599 nova-scheduler[96668]: DEBUG cotyledon.oslo_config_glue [-] oslo_messaging_rabbit.rabbit_quorum_queue = False {{(pid=96668) log_opt_values /opt/stack/data/venv/lib/python3.12/site-packages/oslo_config/cfg.py:3545}}
Aug 06 00:39:19.222701 np0000006599 nova-scheduler[96668]: DEBUG cotyledon.oslo_config_glue [-] oslo_messaging_rabbit.rabbit_retry_backoff = 2 {{(pid=96668) log_opt_values /opt/stack/data/venv/lib/python3.12/site-packages/oslo_config/cfg.py:3545}}
Aug 06 00:39:19.222701 np0000006599 nova-scheduler[96668]: DEBUG cotyledon.oslo_config_glue [-] oslo_messaging_rabbit.rabbit_retry_interval = 1 {{(pid=96668) log_opt_values /opt/stack/data/venv/lib/python3.12/site-packages/oslo_config/cfg.py:3545}}
Aug 06 00:39:19.222701 np0000006599 nova-scheduler[96668]: DEBUG cotyledon.oslo_config_glue [-] oslo_messaging_rabbit.rabbit_stream_fanout = False {{(pid=96668) log_opt_values /opt/stack/data/venv/lib/python3.12/site-packages/oslo_config/cfg.py:3545}}
Aug 06 00:39:19.222701 np0000006599 nova-scheduler[96668]: DEBUG cotyledon.oslo_config_glue [-] oslo_messaging_rabbit.rabbit_transient_queues_ttl = 1800 {{(pid=96668) log_opt_values /opt/stack/data/venv/lib/python3.12/site-packages/oslo_config/cfg.py:3545}}
Aug 06 00:39:19.222701 np0000006599 nova-scheduler[96668]: DEBUG cotyledon.oslo_config_glue [-] oslo_messaging_rabbit.rabbit_transient_quorum_queue = False {{(pid=96668) log_opt_values /opt/stack/data/venv/lib/python3.12/site-packages/oslo_config/cfg.py:3545}}
Aug 06 00:39:19.222701 np0000006599 nova-scheduler[96668]: DEBUG cotyledon.oslo_config_glue [-] oslo_messaging_rabbit.rpc_conn_pool_size = 30 {{(pid=96668) log_opt_values /opt/stack/data/venv/lib/python3.12/site-packages/oslo_config/cfg.py:3545}}
Aug 06 00:39:19.222701 np0000006599 nova-scheduler[96668]: DEBUG cotyledon.oslo_config_glue [-] oslo_messaging_rabbit.ssl = False {{(pid=96668) log_opt_values /opt/stack/data/venv/lib/python3.12/site-packages/oslo_config/cfg.py:3545}}
Aug 06 00:39:19.223002 np0000006599 nova-scheduler[96668]: DEBUG cotyledon.oslo_config_glue [-] oslo_messaging_rabbit.ssl_ca_file = {{(pid=96668) log_opt_values /opt/stack/data/venv/lib/python3.12/site-packages/oslo_config/cfg.py:3545}}
Aug 06 00:39:19.223002 np0000006599 nova-scheduler[96668]: DEBUG cotyledon.oslo_config_glue [-] oslo_messaging_rabbit.ssl_cert_file = {{(pid=96668) log_opt_values /opt/stack/data/venv/lib/python3.12/site-packages/oslo_config/cfg.py:3545}}
Aug 06 00:39:19.223002 np0000006599 nova-scheduler[96668]: DEBUG cotyledon.oslo_config_glue [-] oslo_messaging_rabbit.ssl_enforce_fips_mode = False {{(pid=96668) log_opt_values /opt/stack/data/venv/lib/python3.12/site-packages/oslo_config/cfg.py:3545}}
Aug 06 00:39:19.223002 np0000006599 nova-scheduler[96668]: DEBUG cotyledon.oslo_config_glue [-] oslo_messaging_rabbit.ssl_enforce_hostname_verification = True {{(pid=96668) log_opt_values /opt/stack/data/venv/lib/python3.12/site-packages/oslo_config/cfg.py:3545}}
Aug 06 00:39:19.223002 np0000006599 nova-scheduler[96668]: DEBUG cotyledon.oslo_config_glue [-] oslo_messaging_rabbit.ssl_key_file = {{(pid=96668) log_opt_values /opt/stack/data/venv/lib/python3.12/site-packages/oslo_config/cfg.py:3545}}
Aug 06 00:39:19.223002 np0000006599 nova-scheduler[96668]: DEBUG cotyledon.oslo_config_glue [-] oslo_messaging_rabbit.ssl_version = {{(pid=96668) log_opt_values /opt/stack/data/venv/lib/python3.12/site-packages/oslo_config/cfg.py:3545}}
Aug 06 00:39:19.223002 np0000006599 nova-scheduler[96668]: DEBUG cotyledon.oslo_config_glue [-] oslo_messaging_rabbit.use_queue_manager = False {{(pid=96668) log_opt_values /opt/stack/data/venv/lib/python3.12/site-packages/oslo_config/cfg.py:3545}}
Aug 06 00:39:19.223002 np0000006599 nova-scheduler[96668]: DEBUG cotyledon.oslo_config_glue [-] oslo_messaging_notifications.driver = ['messagingv2'] {{(pid=96668) log_opt_values /opt/stack/data/venv/lib/python3.12/site-packages/oslo_config/cfg.py:3545}}
Aug 06 00:39:19.223002 np0000006599 nova-scheduler[96668]: DEBUG cotyledon.oslo_config_glue [-] oslo_messaging_notifications.retry = -1 {{(pid=96668) log_opt_values /opt/stack/data/venv/lib/python3.12/site-packages/oslo_config/cfg.py:3545}}
Aug 06 00:39:19.223294 np0000006599 nova-scheduler[96668]: DEBUG cotyledon.oslo_config_glue [-] oslo_messaging_notifications.topics = ['notifications'] {{(pid=96668) log_opt_values /opt/stack/data/venv/lib/python3.12/site-packages/oslo_config/cfg.py:3545}}
Aug 06 00:39:19.223294 np0000006599 nova-scheduler[96668]: DEBUG cotyledon.oslo_config_glue [-] oslo_messaging_notifications.transport_url = **** {{(pid=96668) log_opt_values /opt/stack/data/venv/lib/python3.12/site-packages/oslo_config/cfg.py:3545}}
Aug 06 00:39:19.223294 np0000006599 nova-scheduler[96668]: DEBUG cotyledon.oslo_config_glue [-] oslo_limit.auth_section = None {{(pid=96668) log_opt_values /opt/stack/data/venv/lib/python3.12/site-packages/oslo_config/cfg.py:3545}}
Aug 06 00:39:19.223294 np0000006599 nova-scheduler[96668]: DEBUG cotyledon.oslo_config_glue [-] oslo_limit.auth_type = None {{(pid=96668) log_opt_values /opt/stack/data/venv/lib/python3.12/site-packages/oslo_config/cfg.py:3545}}
Aug 06 00:39:19.223294 np0000006599 nova-scheduler[96668]: DEBUG cotyledon.oslo_config_glue [-] oslo_limit.cafile = None {{(pid=96668) log_opt_values /opt/stack/data/venv/lib/python3.12/site-packages/oslo_config/cfg.py:3545}}
Aug 06 00:39:19.223294 np0000006599 nova-scheduler[96668]: DEBUG cotyledon.oslo_config_glue [-] oslo_limit.certfile = None {{(pid=96668) log_opt_values /opt/stack/data/venv/lib/python3.12/site-packages/oslo_config/cfg.py:3545}}
Aug 06 00:39:19.223294 np0000006599 nova-scheduler[96668]: DEBUG cotyledon.oslo_config_glue [-] oslo_limit.collect_timing = False {{(pid=96668) log_opt_values /opt/stack/data/venv/lib/python3.12/site-packages/oslo_config/cfg.py:3545}}
Aug 06 00:39:19.223294 np0000006599 nova-scheduler[96668]: DEBUG cotyledon.oslo_config_glue [-] oslo_limit.connect_retries = None {{(pid=96668) log_opt_values /opt/stack/data/venv/lib/python3.12/site-packages/oslo_config/cfg.py:3545}}
Aug 06 00:39:19.223294 np0000006599 nova-scheduler[96668]: DEBUG cotyledon.oslo_config_glue [-] oslo_limit.connect_retry_delay = None {{(pid=96668) log_opt_values /opt/stack/data/venv/lib/python3.12/site-packages/oslo_config/cfg.py:3545}}
Aug 06 00:39:19.223578 np0000006599 nova-scheduler[96668]: DEBUG cotyledon.oslo_config_glue [-] oslo_limit.endpoint_id = None {{(pid=96668) log_opt_values /opt/stack/data/venv/lib/python3.12/site-packages/oslo_config/cfg.py:3545}}
Aug 06 00:39:19.223578 np0000006599 nova-scheduler[96668]: DEBUG cotyledon.oslo_config_glue [-] oslo_limit.endpoint_interface = public {{(pid=96668) log_opt_values /opt/stack/data/venv/lib/python3.12/site-packages/oslo_config/cfg.py:3545}}
Aug 06 00:39:19.223578 np0000006599 nova-scheduler[96668]: DEBUG cotyledon.oslo_config_glue [-] oslo_limit.endpoint_override = None {{(pid=96668) log_opt_values /opt/stack/data/venv/lib/python3.12/site-packages/oslo_config/cfg.py:3545}}
Aug 06 00:39:19.223578 np0000006599 nova-scheduler[96668]: DEBUG cotyledon.oslo_config_glue [-] oslo_limit.endpoint_region_name = None {{(pid=96668) log_opt_values /opt/stack/data/venv/lib/python3.12/site-packages/oslo_config/cfg.py:3545}}
Aug 06 00:39:19.223578 np0000006599 nova-scheduler[96668]: DEBUG cotyledon.oslo_config_glue [-] oslo_limit.endpoint_service_name = None {{(pid=96668) log_opt_values /opt/stack/data/venv/lib/python3.12/site-packages/oslo_config/cfg.py:3545}}
Aug 06 00:39:19.223578 np0000006599 nova-scheduler[96668]: DEBUG cotyledon.oslo_config_glue [-] oslo_limit.endpoint_service_type = None {{(pid=96668) log_opt_values /opt/stack/data/venv/lib/python3.12/site-packages/oslo_config/cfg.py:3545}}
Aug 06 00:39:19.223578 np0000006599 nova-scheduler[96668]: DEBUG cotyledon.oslo_config_glue [-] oslo_limit.insecure = False {{(pid=96668) log_opt_values /opt/stack/data/venv/lib/python3.12/site-packages/oslo_config/cfg.py:3545}}
Aug 06 00:39:19.223578 np0000006599 nova-scheduler[96668]: DEBUG cotyledon.oslo_config_glue [-] oslo_limit.keyfile = None {{(pid=96668) log_opt_values /opt/stack/data/venv/lib/python3.12/site-packages/oslo_config/cfg.py:3545}}
Aug 06 00:39:19.223578 np0000006599 nova-scheduler[96668]: DEBUG cotyledon.oslo_config_glue [-] oslo_limit.max_version = None {{(pid=96668) log_opt_values /opt/stack/data/venv/lib/python3.12/site-packages/oslo_config/cfg.py:3545}}
Aug 06 00:39:19.223862 np0000006599 nova-scheduler[96668]: DEBUG cotyledon.oslo_config_glue [-] oslo_limit.min_version = None {{(pid=96668) log_opt_values /opt/stack/data/venv/lib/python3.12/site-packages/oslo_config/cfg.py:3545}}
Aug 06 00:39:19.223862 np0000006599 nova-scheduler[96668]: DEBUG cotyledon.oslo_config_glue [-] oslo_limit.region_name = None {{(pid=96668) log_opt_values /opt/stack/data/venv/lib/python3.12/site-packages/oslo_config/cfg.py:3545}}
Aug 06 00:39:19.223862 np0000006599 nova-scheduler[96668]: DEBUG cotyledon.oslo_config_glue [-] oslo_limit.retriable_status_codes = None {{(pid=96668) log_opt_values /opt/stack/data/venv/lib/python3.12/site-packages/oslo_config/cfg.py:3545}}
Aug 06 00:39:19.223862 np0000006599 nova-scheduler[96668]: DEBUG cotyledon.oslo_config_glue [-] oslo_limit.service_name = None {{(pid=96668) log_opt_values /opt/stack/data/venv/lib/python3.12/site-packages/oslo_config/cfg.py:3545}}
Aug 06 00:39:19.223862 np0000006599 nova-scheduler[96668]: DEBUG cotyledon.oslo_config_glue [-] oslo_limit.service_type = None {{(pid=96668) log_opt_values /opt/stack/data/venv/lib/python3.12/site-packages/oslo_config/cfg.py:3545}}
Aug 06 00:39:19.223862 np0000006599 nova-scheduler[96668]: DEBUG cotyledon.oslo_config_glue [-] oslo_limit.split_loggers = False {{(pid=96668) log_opt_values /opt/stack/data/venv/lib/python3.12/site-packages/oslo_config/cfg.py:3545}}
Aug 06 00:39:19.223862 np0000006599 nova-scheduler[96668]: DEBUG cotyledon.oslo_config_glue [-] oslo_limit.status_code_retries = None {{(pid=96668) log_opt_values /opt/stack/data/venv/lib/python3.12/site-packages/oslo_config/cfg.py:3545}}
Aug 06 00:39:19.223862 np0000006599 nova-scheduler[96668]: DEBUG cotyledon.oslo_config_glue [-] oslo_limit.status_code_retry_delay = None {{(pid=96668) log_opt_values /opt/stack/data/venv/lib/python3.12/site-packages/oslo_config/cfg.py:3545}}
Aug 06 00:39:19.223862 np0000006599 nova-scheduler[96668]: DEBUG cotyledon.oslo_config_glue [-] oslo_limit.timeout = None {{(pid=96668) log_opt_values /opt/stack/data/venv/lib/python3.12/site-packages/oslo_config/cfg.py:3545}}
Aug 06 00:39:19.224143 np0000006599 nova-scheduler[96668]: DEBUG cotyledon.oslo_config_glue [-] oslo_limit.valid_interfaces = None {{(pid=96668) log_opt_values /opt/stack/data/venv/lib/python3.12/site-packages/oslo_config/cfg.py:3545}}
Aug 06 00:39:19.224143 np0000006599 nova-scheduler[96668]: DEBUG cotyledon.oslo_config_glue [-] oslo_limit.version = None {{(pid=96668) log_opt_values /opt/stack/data/venv/lib/python3.12/site-packages/oslo_config/cfg.py:3545}}
Aug 06 00:39:19.224143 np0000006599 nova-scheduler[96668]: DEBUG cotyledon.oslo_config_glue [-] oslo_reports.file_event_handler = None {{(pid=96668) log_opt_values /opt/stack/data/venv/lib/python3.12/site-packages/oslo_config/cfg.py:3545}}
Aug 06 00:39:19.224143 np0000006599 nova-scheduler[96668]: DEBUG cotyledon.oslo_config_glue [-] oslo_reports.file_event_handler_interval = 1 {{(pid=96668) log_opt_values /opt/stack/data/venv/lib/python3.12/site-packages/oslo_config/cfg.py:3545}}
Aug 06 00:39:19.224143 np0000006599 nova-scheduler[96668]: DEBUG cotyledon.oslo_config_glue [-] oslo_reports.log_dir = None {{(pid=96668) log_opt_values /opt/stack/data/venv/lib/python3.12/site-packages/oslo_config/cfg.py:3545}}
Aug 06 00:39:19.224143 np0000006599 nova-scheduler[96668]: DEBUG cotyledon.oslo_config_glue [-] ******************************************************************************** {{(pid=96668) log_opt_values /opt/stack/data/venv/lib/python3.12/site-packages/oslo_config/cfg.py:3552}}
Aug 06 00:39:19.224143 np0000006599 nova-scheduler[96668]: DEBUG cotyledon._service_worker [-] Run service ServiceWrapper(3) [96668] {{(pid=96668) wait_forever /opt/stack/data/venv/lib/python3.12/site-packages/cotyledon/_service_worker.py:218}}
Aug 06 00:39:19.224143 np0000006599 nova-scheduler[96668]: INFO nova.service [-] Starting scheduler node (version 33.1.0)
Aug 06 00:39:19.224376 np0000006599 nova-scheduler[96666]: INFO dbcounter [None req-8985b5e1-d775-4de4-b5bf-f4e44bab7879 None None] Registered counter for database nova_cell0
Aug 06 00:39:19.224419 np0000006599 nova-scheduler[96668]: INFO dbcounter [None req-9a06946d-9b5f-4225-8f8f-7ff6843483f4 None None] Registered counter for database nova_cell0
Aug 06 00:39:19.224453 np0000006599 nova-scheduler[96662]: DEBUG oslo_db.sqlalchemy.engines [None req-c3c2a0c0-b61f-4276-91ee-05c12feaf4e3 None None] MySQL server mode set to STRICT_TRANS_TABLES,STRICT_ALL_TABLES,NO_ZERO_IN_DATE,NO_ZERO_DATE,ERROR_FOR_DIVISION_BY_ZERO,TRADITIONAL,NO_ENGINE_SUBSTITUTION {{(pid=96662) _check_effective_sql_mode /opt/stack/data/venv/lib/python3.12/site-packages/oslo_db/sqlalchemy/engines.py:325}}
Aug 06 00:39:19.224453 np0000006599 nova-scheduler[96662]: DEBUG dbcounter [-] [96662] Writer thread running {{(pid=96662) stat_writer /opt/stack/data/venv/lib/python3.12/site-packages/dbcounter.py:102}}
Aug 06 00:39:19.235305 np0000006599 nova-scheduler[96662]: DEBUG nova.service [None req-c3c2a0c0-b61f-4276-91ee-05c12feaf4e3 None None] Creating RPC server for service: nova-scheduler on topic: scheduler {{(pid=96662) start /opt/stack/nova/nova/service.py:196}}
Aug 06 00:39:19.249333 np0000006599 nova-scheduler[96664]: DEBUG oslo_db.sqlalchemy.engines [None req-f1dd6337-17f7-48e0-b076-5fce0c88784d None None] MySQL server mode set to STRICT_TRANS_TABLES,STRICT_ALL_TABLES,NO_ZERO_IN_DATE,NO_ZERO_DATE,ERROR_FOR_DIVISION_BY_ZERO,TRADITIONAL,NO_ENGINE_SUBSTITUTION {{(pid=96664) _check_effective_sql_mode /opt/stack/data/venv/lib/python3.12/site-packages/oslo_db/sqlalchemy/engines.py:325}}
Aug 06 00:39:19.251676 np0000006599 nova-scheduler[96668]: DEBUG oslo_db.sqlalchemy.engines [None req-9a06946d-9b5f-4225-8f8f-7ff6843483f4 None None] MySQL server mode set to STRICT_TRANS_TABLES,STRICT_ALL_TABLES,NO_ZERO_IN_DATE,NO_ZERO_DATE,ERROR_FOR_DIVISION_BY_ZERO,TRADITIONAL,NO_ENGINE_SUBSTITUTION {{(pid=96668) _check_effective_sql_mode /opt/stack/data/venv/lib/python3.12/site-packages/oslo_db/sqlalchemy/engines.py:325}}
Aug 06 00:39:19.254554 np0000006599 nova-scheduler[96666]: DEBUG oslo_db.sqlalchemy.engines [None req-8985b5e1-d775-4de4-b5bf-f4e44bab7879 None None] MySQL server mode set to STRICT_TRANS_TABLES,STRICT_ALL_TABLES,NO_ZERO_IN_DATE,NO_ZERO_DATE,ERROR_FOR_DIVISION_BY_ZERO,TRADITIONAL,NO_ENGINE_SUBSTITUTION {{(pid=96666) _check_effective_sql_mode /opt/stack/data/venv/lib/python3.12/site-packages/oslo_db/sqlalchemy/engines.py:325}}
Aug 06 00:39:19.263121 np0000006599 nova-scheduler[96666]: DEBUG dbcounter [-] [96666] Writer thread running {{(pid=96666) stat_writer /opt/stack/data/venv/lib/python3.12/site-packages/dbcounter.py:102}}
Aug 06 00:39:19.263249 np0000006599 nova-scheduler[96664]: DEBUG dbcounter [-] [96664] Writer thread running {{(pid=96664) stat_writer /opt/stack/data/venv/lib/python3.12/site-packages/dbcounter.py:102}}
Aug 06 00:39:19.264498 np0000006599 nova-scheduler[96668]: DEBUG dbcounter [-] [96668] Writer thread running {{(pid=96668) stat_writer /opt/stack/data/venv/lib/python3.12/site-packages/dbcounter.py:102}}
Aug 06 00:39:19.265516 np0000006599 nova-scheduler[96666]: DEBUG nova.service [None req-8985b5e1-d775-4de4-b5bf-f4e44bab7879 None None] Creating RPC server for service: nova-scheduler on topic: scheduler {{(pid=96666) start /opt/stack/nova/nova/service.py:196}}
Aug 06 00:39:19.266908 np0000006599 nova-scheduler[96664]: DEBUG nova.service [None req-f1dd6337-17f7-48e0-b076-5fce0c88784d None None] Creating RPC server for service: nova-scheduler on topic: scheduler {{(pid=96664) start /opt/stack/nova/nova/service.py:196}}
Aug 06 00:39:19.267471 np0000006599 nova-scheduler[96668]: DEBUG nova.service [None req-9a06946d-9b5f-4225-8f8f-7ff6843483f4 None None] Creating RPC server for service: nova-scheduler on topic: scheduler {{(pid=96668) start /opt/stack/nova/nova/service.py:196}}
Aug 06 00:39:19.271735 np0000006599 nova-scheduler[96662]: DEBUG nova.service [None req-c3c2a0c0-b61f-4276-91ee-05c12feaf4e3 None None] Join ServiceGroup membership for this service scheduler {{(pid=96662) start /opt/stack/nova/nova/service.py:222}}
Aug 06 00:39:19.271995 np0000006599 nova-scheduler[96662]: DEBUG nova.servicegroup.drivers.db [None req-c3c2a0c0-b61f-4276-91ee-05c12feaf4e3 None None] DB_Driver: join new ServiceGroup member np0000006599 to the scheduler group, service = {{(pid=96662) join /opt/stack/nova/nova/servicegroup/drivers/db.py:44}}
Aug 06 00:39:19.285466 np0000006599 nova-scheduler[96666]: DEBUG nova.service [None req-8985b5e1-d775-4de4-b5bf-f4e44bab7879 None None] Join ServiceGroup membership for this service scheduler {{(pid=96666) start /opt/stack/nova/nova/service.py:222}}
Aug 06 00:39:19.285686 np0000006599 nova-scheduler[96666]: DEBUG nova.servicegroup.drivers.db [None req-8985b5e1-d775-4de4-b5bf-f4e44bab7879 None None] DB_Driver: join new ServiceGroup member np0000006599 to the scheduler group, service = {{(pid=96666) join /opt/stack/nova/nova/servicegroup/drivers/db.py:44}}
Aug 06 00:39:19.289691 np0000006599 nova-scheduler[96668]: DEBUG nova.service [None req-9a06946d-9b5f-4225-8f8f-7ff6843483f4 None None] Join ServiceGroup membership for this service scheduler {{(pid=96668) start /opt/stack/nova/nova/service.py:222}}
Aug 06 00:39:19.289995 np0000006599 nova-scheduler[96668]: DEBUG nova.servicegroup.drivers.db [None req-9a06946d-9b5f-4225-8f8f-7ff6843483f4 None None] DB_Driver: join new ServiceGroup member np0000006599 to the scheduler group, service = {{(pid=96668) join /opt/stack/nova/nova/servicegroup/drivers/db.py:44}}
Aug 06 00:39:19.291693 np0000006599 nova-scheduler[96664]: DEBUG nova.service [None req-f1dd6337-17f7-48e0-b076-5fce0c88784d None None] Join ServiceGroup membership for this service scheduler {{(pid=96664) start /opt/stack/nova/nova/service.py:222}}
Aug 06 00:39:19.291693 np0000006599 nova-scheduler[96664]: DEBUG nova.servicegroup.drivers.db [None req-f1dd6337-17f7-48e0-b076-5fce0c88784d None None] DB_Driver: join new ServiceGroup member np0000006599 to the scheduler group, service = {{(pid=96664) join /opt/stack/nova/nova/servicegroup/drivers/db.py:44}}
Aug 06 00:39:24.284258 np0000006599 nova-scheduler[96662]: DEBUG oslo.service.backend._threading.loopingcall [-] Fixed interval looping call 'nova.servicegroup.drivers.db.DbDriver._report_state' sleeping for 119.99 seconds {{(pid=96662) _run_loop /opt/stack/data/venv/lib/python3.12/site-packages/oslo_service/backend/_threading/loopingcall.py:125}}
Aug 06 00:39:24.296366 np0000006599 nova-scheduler[96666]: DEBUG oslo.service.backend._threading.loopingcall [-] Fixed interval looping call 'nova.servicegroup.drivers.db.DbDriver._report_state' sleeping for 119.99 seconds {{(pid=96666) _run_loop /opt/stack/data/venv/lib/python3.12/site-packages/oslo_service/backend/_threading/loopingcall.py:125}}
Aug 06 00:39:24.299794 np0000006599 nova-scheduler[96668]: DEBUG oslo.service.backend._threading.loopingcall [-] Fixed interval looping call 'nova.servicegroup.drivers.db.DbDriver._report_state' sleeping for 119.99 seconds {{(pid=96668) _run_loop /opt/stack/data/venv/lib/python3.12/site-packages/oslo_service/backend/_threading/loopingcall.py:125}}
Aug 06 00:39:24.301822 np0000006599 nova-scheduler[96664]: DEBUG oslo.service.backend._threading.loopingcall [-] Fixed interval looping call 'nova.servicegroup.drivers.db.DbDriver._report_state' sleeping for 119.99 seconds {{(pid=96664) _run_loop /opt/stack/data/venv/lib/python3.12/site-packages/oslo_service/backend/_threading/loopingcall.py:125}}
Aug 06 00:39:27.854662 np0000006599 nova-scheduler[95326]: DEBUG dbcounter [-] [95326] Writing DB stats nova_api:SELECT=3 {{(pid=95326) stat_writer /opt/stack/data/venv/lib/python3.12/site-packages/dbcounter.py:115}}
Aug 06 00:39:27.975058 np0000006599 nova-scheduler[95326]: DEBUG dbcounter [-] [95326] Writing DB stats nova_cell0:SELECT=1 {{(pid=95326) stat_writer /opt/stack/data/venv/lib/python3.12/site-packages/dbcounter.py:115}}
Aug 06 00:39:27.985585 np0000006599 nova-scheduler[95326]: DEBUG dbcounter [-] [95326] Writing DB stats nova_cell1:SELECT=1 {{(pid=95326) stat_writer /opt/stack/data/venv/lib/python3.12/site-packages/dbcounter.py:115}}
Aug 06 00:39:31.287796 np0000006599 nova-scheduler[96666]: DEBUG oslo.service.backend._threading.loopingcall [None req-0c285d90-baf9-4706-a90f-abbb6774372a None None] Dynamic interval looping call 'nova.service.Service.periodic_tasks' sleeping for 60.00 seconds {{(pid=96666) _run_loop /opt/stack/data/venv/lib/python3.12/site-packages/oslo_service/backend/_threading/loopingcall.py:125}}
Aug 06 00:39:34.281251 np0000006599 nova-scheduler[96662]: DEBUG dbcounter [-] [96662] Writing DB stats nova_cell0:SELECT=4,nova_cell0:INSERT=1,nova_cell0:UPDATE=1 {{(pid=96662) stat_writer /opt/stack/data/venv/lib/python3.12/site-packages/dbcounter.py:115}}
Aug 06 00:39:34.292937 np0000006599 nova-scheduler[96666]: DEBUG dbcounter [-] [96666] Writing DB stats nova_cell0:SELECT=3 {{(pid=96666) stat_writer /opt/stack/data/venv/lib/python3.12/site-packages/dbcounter.py:115}}
Aug 06 00:39:34.297205 np0000006599 nova-scheduler[96668]: DEBUG dbcounter [-] [96668] Writing DB stats nova_cell0:SELECT=3 {{(pid=96668) stat_writer /opt/stack/data/venv/lib/python3.12/site-packages/dbcounter.py:115}}
Aug 06 00:39:34.302028 np0000006599 nova-scheduler[96664]: DEBUG dbcounter [-] [96664] Writing DB stats nova_cell0:SELECT=3 {{(pid=96664) stat_writer /opt/stack/data/venv/lib/python3.12/site-packages/dbcounter.py:115}}
Aug 06 00:39:49.274302 np0000006599 nova-scheduler[96662]: DEBUG oslo.service.backend._threading.loopingcall [None req-5acc92bd-7ff3-4581-8188-6ccf4ad3c7b1 None None] Dynamic interval looping call 'nova.service.Service.periodic_tasks' sleeping for 60.00 seconds {{(pid=96662) _run_loop /opt/stack/data/venv/lib/python3.12/site-packages/oslo_service/backend/_threading/loopingcall.py:125}}
Aug 06 00:39:50.292421 np0000006599 nova-scheduler[96668]: DEBUG oslo.service.backend._threading.loopingcall [None req-bdcb782b-0638-4024-b0d7-5253473f1a6b None None] Dynamic interval looping call 'nova.service.Service.periodic_tasks' sleeping for 60.00 seconds {{(pid=96668) _run_loop /opt/stack/data/venv/lib/python3.12/site-packages/oslo_service/backend/_threading/loopingcall.py:125}}
Aug 06 00:39:50.293606 np0000006599 nova-scheduler[96664]: DEBUG oslo.service.backend._threading.loopingcall [None req-b5b1fe5d-2060-473e-ac7f-20aec1c71d35 None None] Dynamic interval looping call 'nova.service.Service.periodic_tasks' sleeping for 60.00 seconds {{(pid=96664) _run_loop /opt/stack/data/venv/lib/python3.12/site-packages/oslo_service/backend/_threading/loopingcall.py:125}}
Aug 06 00:40:31.288211 np0000006599 nova-scheduler[96666]: DEBUG oslo.service.backend._threading.loopingcall [None req-0c285d90-baf9-4706-a90f-abbb6774372a None None] Dynamic interval looping call 'nova.service.Service.periodic_tasks' sleeping for 60.00 seconds {{(pid=96666) _run_loop /opt/stack/data/venv/lib/python3.12/site-packages/oslo_service/backend/_threading/loopingcall.py:125}}
Aug 06 00:40:49.274773 np0000006599 nova-scheduler[96662]: DEBUG oslo.service.backend._threading.loopingcall [None req-5acc92bd-7ff3-4581-8188-6ccf4ad3c7b1 None None] Dynamic interval looping call 'nova.service.Service.periodic_tasks' sleeping for 60.00 seconds {{(pid=96662) _run_loop /opt/stack/data/venv/lib/python3.12/site-packages/oslo_service/backend/_threading/loopingcall.py:125}}
Aug 06 00:40:50.292847 np0000006599 nova-scheduler[96668]: DEBUG oslo.service.backend._threading.loopingcall [None req-bdcb782b-0638-4024-b0d7-5253473f1a6b None None] Dynamic interval looping call 'nova.service.Service.periodic_tasks' sleeping for 60.00 seconds {{(pid=96668) _run_loop /opt/stack/data/venv/lib/python3.12/site-packages/oslo_service/backend/_threading/loopingcall.py:125}}
Aug 06 00:40:50.294036 np0000006599 nova-scheduler[96664]: DEBUG oslo.service.backend._threading.loopingcall [None req-b5b1fe5d-2060-473e-ac7f-20aec1c71d35 None None] Dynamic interval looping call 'nova.service.Service.periodic_tasks' sleeping for 60.00 seconds {{(pid=96664) _run_loop /opt/stack/data/venv/lib/python3.12/site-packages/oslo_service/backend/_threading/loopingcall.py:125}}
Aug 06 00:41:24.282533 np0000006599 nova-scheduler[96662]: DEBUG oslo.service.backend._threading.loopingcall [-] Fixed interval looping call 'nova.servicegroup.drivers.db.DbDriver._report_state' sleeping for 119.99 seconds {{(pid=96662) _run_loop /opt/stack/data/venv/lib/python3.12/site-packages/oslo_service/backend/_threading/loopingcall.py:125}}
Aug 06 00:41:24.293326 np0000006599 nova-scheduler[96666]: DEBUG oslo.service.backend._threading.loopingcall [-] Fixed interval looping call 'nova.servicegroup.drivers.db.DbDriver._report_state' sleeping for 119.99 seconds {{(pid=96666) _run_loop /opt/stack/data/venv/lib/python3.12/site-packages/oslo_service/backend/_threading/loopingcall.py:125}}
Aug 06 00:41:24.293686 np0000006599 nova-scheduler[96668]: DEBUG oslo.service.backend._threading.loopingcall [-] Fixed interval looping call 'nova.servicegroup.drivers.db.DbDriver._report_state' sleeping for 120.00 seconds {{(pid=96668) _run_loop /opt/stack/data/venv/lib/python3.12/site-packages/oslo_service/backend/_threading/loopingcall.py:125}}
Aug 06 00:41:24.295437 np0000006599 nova-scheduler[96664]: DEBUG oslo.service.backend._threading.loopingcall [-] Fixed interval looping call 'nova.servicegroup.drivers.db.DbDriver._report_state' sleeping for 120.00 seconds {{(pid=96664) _run_loop /opt/stack/data/venv/lib/python3.12/site-packages/oslo_service/backend/_threading/loopingcall.py:125}}
Aug 06 00:41:31.289086 np0000006599 nova-scheduler[96666]: DEBUG oslo.service.backend._threading.loopingcall [None req-0c285d90-baf9-4706-a90f-abbb6774372a None None] Dynamic interval looping call 'nova.service.Service.periodic_tasks' sleeping for 60.00 seconds {{(pid=96666) _run_loop /opt/stack/data/venv/lib/python3.12/site-packages/oslo_service/backend/_threading/loopingcall.py:125}}
Aug 06 00:41:34.279144 np0000006599 nova-scheduler[96662]: DEBUG dbcounter [-] [96662] Writing DB stats nova_cell0:SELECT=1,nova_cell0:UPDATE=1 {{(pid=96662) stat_writer /opt/stack/data/venv/lib/python3.12/site-packages/dbcounter.py:115}}
Aug 06 00:41:34.290399 np0000006599 nova-scheduler[96666]: DEBUG dbcounter [-] [96666] Writing DB stats nova_cell0:SELECT=1 {{(pid=96666) stat_writer /opt/stack/data/venv/lib/python3.12/site-packages/dbcounter.py:115}}
Aug 06 00:41:34.293176 np0000006599 nova-scheduler[96668]: DEBUG dbcounter [-] [96668] Writing DB stats nova_cell0:SELECT=1 {{(pid=96668) stat_writer /opt/stack/data/venv/lib/python3.12/site-packages/dbcounter.py:115}}
Aug 06 00:41:34.294186 np0000006599 nova-scheduler[96664]: DEBUG dbcounter [-] [96664] Writing DB stats nova_cell0:SELECT=1 {{(pid=96664) stat_writer /opt/stack/data/venv/lib/python3.12/site-packages/dbcounter.py:115}}
Aug 06 00:41:38.200859 np0000006599 nova-scheduler[96662]: DEBUG nova.scheduler.manager [None req-f69d781f-970f-4b88-aead-24fa3e2998b6 tempest-ImageDependencyTests-2075123168 tempest-ImageDependencyTests-2075123168-project-member] Starting to schedule for instances: ['1e6362c6-b46a-4ba6-a728-6dd74ec28e2c'] {{(pid=96662) select_destinations /opt/stack/nova/nova/scheduler/manager.py:209}}
Aug 06 00:41:38.200859 np0000006599 nova-scheduler[96662]: DEBUG nova.scheduler.request_filter [None req-f69d781f-970f-4b88-aead-24fa3e2998b6 tempest-ImageDependencyTests-2075123168 tempest-ImageDependencyTests-2075123168-project-member] compute_status_filter request filter added forbidden trait COMPUTE_STATUS_DISABLED {{(pid=96662) compute_status_filter /opt/stack/nova/nova/scheduler/request_filter.py:253}}
Aug 06 00:41:38.200859 np0000006599 nova-scheduler[96662]: DEBUG nova.scheduler.request_filter [None req-f69d781f-970f-4b88-aead-24fa3e2998b6 tempest-ImageDependencyTests-2075123168 tempest-ImageDependencyTests-2075123168-project-member] Request filter 'compute_status_filter' took 0.0 seconds {{(pid=96662) wrapper /opt/stack/nova/nova/scheduler/request_filter.py:46}}
Aug 06 00:41:38.200859 np0000006599 nova-scheduler[96662]: DEBUG nova.scheduler.request_filter [None req-f69d781f-970f-4b88-aead-24fa3e2998b6 tempest-ImageDependencyTests-2075123168 tempest-ImageDependencyTests-2075123168-project-member] Request filter 'accelerators_filter' took 0.0 seconds {{(pid=96662) wrapper /opt/stack/nova/nova/scheduler/request_filter.py:46}}
Aug 06 00:41:38.201305 np0000006599 nova-scheduler[96662]: DEBUG nova.scheduler.request_filter [None req-f69d781f-970f-4b88-aead-24fa3e2998b6 tempest-ImageDependencyTests-2075123168 tempest-ImageDependencyTests-2075123168-project-member] Request filter 'packed_virtqueue_filter' took 0.0 seconds {{(pid=96662) wrapper /opt/stack/nova/nova/scheduler/request_filter.py:46}}
Aug 06 00:41:38.201673 np0000006599 nova-scheduler[96662]: DEBUG nova.scheduler.request_filter [None req-f69d781f-970f-4b88-aead-24fa3e2998b6 tempest-ImageDependencyTests-2075123168 tempest-ImageDependencyTests-2075123168-project-member] Request filter 'remote_managed_ports_filter' took 0.0 seconds {{(pid=96662) wrapper /opt/stack/nova/nova/scheduler/request_filter.py:46}}
Aug 06 00:41:38.201896 np0000006599 nova-scheduler[96662]: DEBUG nova.scheduler.request_filter [None req-f69d781f-970f-4b88-aead-24fa3e2998b6 tempest-ImageDependencyTests-2075123168 tempest-ImageDependencyTests-2075123168-project-member] ephemeral_encryption_filter skipped {{(pid=96662) ephemeral_encryption_filter /opt/stack/nova/nova/scheduler/request_filter.py:426}}
Aug 06 00:41:38.202098 np0000006599 nova-scheduler[96662]: DEBUG nova.scheduler.request_filter [None req-f69d781f-970f-4b88-aead-24fa3e2998b6 tempest-ImageDependencyTests-2075123168 tempest-ImageDependencyTests-2075123168-project-member] virtio_sound_filter skipped {{(pid=96662) virtio_sound_filter /opt/stack/nova/nova/scheduler/request_filter.py:460}}
Aug 06 00:41:38.202293 np0000006599 nova-scheduler[96662]: DEBUG nova.scheduler.request_filter [None req-f69d781f-970f-4b88-aead-24fa3e2998b6 tempest-ImageDependencyTests-2075123168 tempest-ImageDependencyTests-2075123168-project-member] tpm_secret_security_filter skipped {{(pid=96662) tpm_secret_security_filter /opt/stack/nova/nova/scheduler/request_filter.py:477}}
Aug 06 00:41:38.784411 np0000006599 nova-scheduler[96666]: DEBUG nova.scheduler.manager [None req-d73282f5-e119-4512-8e79-2e8ea025794b tempest-ServerBootFromVolumeStableRescueTest-812736559 tempest-ServerBootFromVolumeStableRescueTest-812736559-project-member] Starting to schedule for instances: ['e7712dbb-61fa-43c6-991b-b3b27d7cfd33'] {{(pid=96666) select_destinations /opt/stack/nova/nova/scheduler/manager.py:209}}
Aug 06 00:41:38.784880 np0000006599 nova-scheduler[96666]: DEBUG nova.scheduler.request_filter [None req-d73282f5-e119-4512-8e79-2e8ea025794b tempest-ServerBootFromVolumeStableRescueTest-812736559 tempest-ServerBootFromVolumeStableRescueTest-812736559-project-member] compute_status_filter request filter added forbidden trait COMPUTE_STATUS_DISABLED {{(pid=96666) compute_status_filter /opt/stack/nova/nova/scheduler/request_filter.py:253}}
Aug 06 00:41:38.784966 np0000006599 nova-scheduler[96666]: DEBUG nova.scheduler.request_filter [None req-d73282f5-e119-4512-8e79-2e8ea025794b tempest-ServerBootFromVolumeStableRescueTest-812736559 tempest-ServerBootFromVolumeStableRescueTest-812736559-project-member] Request filter 'compute_status_filter' took 0.0 seconds {{(pid=96666) wrapper /opt/stack/nova/nova/scheduler/request_filter.py:46}}
Aug 06 00:41:38.785168 np0000006599 nova-scheduler[96666]: DEBUG nova.scheduler.request_filter [None req-d73282f5-e119-4512-8e79-2e8ea025794b tempest-ServerBootFromVolumeStableRescueTest-812736559 tempest-ServerBootFromVolumeStableRescueTest-812736559-project-member] Request filter 'accelerators_filter' took 0.0 seconds {{(pid=96666) wrapper /opt/stack/nova/nova/scheduler/request_filter.py:46}}
Aug 06 00:41:38.785328 np0000006599 nova-scheduler[96666]: DEBUG nova.scheduler.request_filter [None req-d73282f5-e119-4512-8e79-2e8ea025794b tempest-ServerBootFromVolumeStableRescueTest-812736559 tempest-ServerBootFromVolumeStableRescueTest-812736559-project-member] Request filter 'packed_virtqueue_filter' took 0.0 seconds {{(pid=96666) wrapper /opt/stack/nova/nova/scheduler/request_filter.py:46}}
Aug 06 00:41:38.785845 np0000006599 nova-scheduler[96666]: DEBUG nova.scheduler.request_filter [None req-d73282f5-e119-4512-8e79-2e8ea025794b tempest-ServerBootFromVolumeStableRescueTest-812736559 tempest-ServerBootFromVolumeStableRescueTest-812736559-project-member] Request filter 'remote_managed_ports_filter' took 0.0 seconds {{(pid=96666) wrapper /opt/stack/nova/nova/scheduler/request_filter.py:46}}
Aug 06 00:41:38.786351 np0000006599 nova-scheduler[96666]: DEBUG nova.scheduler.request_filter [None req-d73282f5-e119-4512-8e79-2e8ea025794b tempest-ServerBootFromVolumeStableRescueTest-812736559 tempest-ServerBootFromVolumeStableRescueTest-812736559-project-member] ephemeral_encryption_filter skipped {{(pid=96666) ephemeral_encryption_filter /opt/stack/nova/nova/scheduler/request_filter.py:426}}
Aug 06 00:41:38.786534 np0000006599 nova-scheduler[96666]: DEBUG nova.scheduler.request_filter [None req-d73282f5-e119-4512-8e79-2e8ea025794b tempest-ServerBootFromVolumeStableRescueTest-812736559 tempest-ServerBootFromVolumeStableRescueTest-812736559-project-member] virtio_sound_filter skipped {{(pid=96666) virtio_sound_filter /opt/stack/nova/nova/scheduler/request_filter.py:460}}
Aug 06 00:41:38.786656 np0000006599 nova-scheduler[96666]: DEBUG nova.scheduler.request_filter [None req-d73282f5-e119-4512-8e79-2e8ea025794b tempest-ServerBootFromVolumeStableRescueTest-812736559 tempest-ServerBootFromVolumeStableRescueTest-812736559-project-member] tpm_secret_security_filter skipped {{(pid=96666) tpm_secret_security_filter /opt/stack/nova/nova/scheduler/request_filter.py:477}}
Aug 06 00:41:38.800138 np0000006599 nova-scheduler[96662]: INFO nova.utils [None req-f69d781f-970f-4b88-aead-24fa3e2998b6 tempest-ImageDependencyTests-2075123168 tempest-ImageDependencyTests-2075123168-project-member] The cell worker thread pool ForkProcess-1.cell_worker is initialized
Aug 06 00:41:38.800558 np0000006599 nova-scheduler[96662]: DEBUG oslo_concurrency.lockutils [None req-f69d781f-970f-4b88-aead-24fa3e2998b6 tempest-ImageDependencyTests-2075123168 tempest-ImageDependencyTests-2075123168-project-member] Acquiring lock "4bb6c1f8-16c3-423d-91ac-54d33bfcfab8" by "nova.context.set_target_cell..get_or_set_cached_cell_and_set_connections" {{(pid=96662) inner /opt/stack/data/venv/lib/python3.12/site-packages/oslo_concurrency/lockutils.py:512}}
Aug 06 00:41:38.800802 np0000006599 nova-scheduler[96662]: DEBUG oslo_concurrency.lockutils [None req-f69d781f-970f-4b88-aead-24fa3e2998b6 tempest-ImageDependencyTests-2075123168 tempest-ImageDependencyTests-2075123168-project-member] Lock "4bb6c1f8-16c3-423d-91ac-54d33bfcfab8" acquired by "nova.context.set_target_cell..get_or_set_cached_cell_and_set_connections" :: waited 0.000s {{(pid=96662) inner /opt/stack/data/venv/lib/python3.12/site-packages/oslo_concurrency/lockutils.py:525}}
