Aug 06 00:38:54.953792 np0000006599 devstack@neutron-api.service[90760]: DEBUG neutron_lib.callbacks.manager [None req-26bd3635-9e38-4980-860e-f0f58a7562fa None None] Subscribe: > process after_init 55550001, True {{(pid=90760) subscribe /opt/stack/data/venv/lib/python3.12/site-packages/neutron_lib/callbacks/manager.py:52}}
Aug 06 00:38:54.954332 np0000006599 devstack@neutron-api.service[90762]: INFO neutron.quota.resource_registry [None req-a76f3aee-a172-4f59-95e6-99a6f7e42660 None None] Creating instance of CountableResource for resource:router_route
Aug 06 00:38:54.954332 np0000006599 devstack@neutron-api.service[90762]: WARNING neutron.quota.resource_registry [None req-a76f3aee-a172-4f59-95e6-99a6f7e42660 None None] router_route is already registered
Aug 06 00:38:54.954765 np0000006599 devstack@neutron-api.service[90760]: DEBUG neutron.manager [None req-26bd3635-9e38-4980-860e-f0f58a7562fa None None] Successfully loaded L3_ROUTER_NAT plugin. Description: L3 Router Service Plugin for basic L3 forwarding using OVN {{(pid=90760) _create_and_add_service_plugin /opt/stack/neutron/neutron/manager.py:236}}
Aug 06 00:38:54.955217 np0000006599 devstack@neutron-api.service[90762]: DEBUG neutron.api.v2.resource_helper [None req-a76f3aee-a172-4f59-95e6-99a6f7e42660 None None] Service L3_ROUTER_NAT assigned prefix: {{(pid=90762) build_resource_info /opt/stack/neutron/neutron/api/v2/resource_helper.py:77}}
Aug 06 00:38:54.955620 np0000006599 devstack@neutron-api.service[90760]: INFO neutron.manager [None req-26bd3635-9e38-4980-860e-f0f58a7562fa None None] Loading Plugin: auto_allocate
Aug 06 00:38:54.956020 np0000006599 devstack@neutron-api.service[90762]: DEBUG neutron.api.v2.resource_helper [None req-a76f3aee-a172-4f59-95e6-99a6f7e42660 None None] Service FLAVORS assigned prefix: {{(pid=90762) build_resource_info /opt/stack/neutron/neutron/api/v2/resource_helper.py:77}}
Aug 06 00:38:54.956357 np0000006599 devstack@neutron-api.service[90761]: DEBUG neutron.api.extensions [None req-55aa0b08-d256-4422-84f3-ac31457db962 None None] Ext name="RBAC Policies" alias="rbac-policies" description="Allows creation and modification of policies that control project access to resources." updated="2015-06-17T12:15:12-00:00" {{(pid=90761) _check_extension /opt/stack/neutron/neutron/api/extensions.py:415}}
Aug 06 00:38:54.956357 np0000006599 devstack@neutron-api.service[90761]: INFO neutron.api.extensions [None req-55aa0b08-d256-4422-84f3-ac31457db962 None None] Loaded extension: rbac-policies
Aug 06 00:38:54.956357 np0000006599 devstack@neutron-api.service[90761]: DEBUG neutron.api.extensions [None req-55aa0b08-d256-4422-84f3-ac31457db962 None None] Loading extension file: rbac_address_group.py {{(pid=90761) _load_all_extensions_from_path /opt/stack/neutron/neutron/api/extensions.py:449}}
Aug 06 00:38:54.956357 np0000006599 devstack@neutron-api.service[90761]: DEBUG neutron.api.extensions [None req-55aa0b08-d256-4422-84f3-ac31457db962 None None] Ext name="Add address_group type to RBAC" alias="rbac-address-group" description="Add address_group type to network RBAC" updated="2021-01-20T00:00:00-00:00" {{(pid=90761) _check_extension /opt/stack/neutron/neutron/api/extensions.py:415}}
Aug 06 00:38:54.956762 np0000006599 devstack@neutron-api.service[90762]: DEBUG neutron.api.v2.resource_helper [None req-a76f3aee-a172-4f59-95e6-99a6f7e42660 None None] Service L3_ROUTER_NAT assigned prefix: {{(pid=90762) build_resource_info /opt/stack/neutron/neutron/api/v2/resource_helper.py:77}}
Aug 06 00:38:54.957306 np0000006599 devstack@neutron-api.service[90761]: INFO neutron.api.extensions [None req-55aa0b08-d256-4422-84f3-ac31457db962 None None] Extension rbac-address-group not supported by any of loaded plugins
Aug 06 00:38:54.957720 np0000006599 devstack@neutron-api.service[90760]: DEBUG neutron_lib.callbacks.manager [None req-26bd3635-9e38-4980-860e-f0f58a7562fa None None] Subscribe: network precommit_update 55550000, False {{(pid=90760) subscribe /opt/stack/data/venv/lib/python3.12/site-packages/neutron_lib/callbacks/manager.py:52}}
Aug 06 00:38:54.958109 np0000006599 devstack@neutron-api.service[90761]: DEBUG neutron.api.extensions [None req-55aa0b08-d256-4422-84f3-ac31457db962 None None] Loading extension file: rbac_address_scope.py {{(pid=90761) _load_all_extensions_from_path /opt/stack/neutron/neutron/api/extensions.py:449}}
Aug 06 00:38:54.958393 np0000006599 devstack@neutron-api.service[90762]: DEBUG neutron.api.v2.resource_helper [None req-a76f3aee-a172-4f59-95e6-99a6f7e42660 None None] Service L3_ROUTER_NAT assigned prefix: {{(pid=90762) build_resource_info /opt/stack/neutron/neutron/api/v2/resource_helper.py:77}}
Aug 06 00:38:54.958665 np0000006599 devstack@neutron-api.service[90760]: DEBUG neutron_lib.callbacks.manager [None req-26bd3635-9e38-4980-860e-f0f58a7562fa None None] Subscribe: network precommit_create 55550000, False {{(pid=90760) subscribe /opt/stack/data/venv/lib/python3.12/site-packages/neutron_lib/callbacks/manager.py:52}}
Aug 06 00:38:54.958850 np0000006599 devstack@neutron-api.service[90762]: INFO neutron.quota.resource_registry [None req-a76f3aee-a172-4f59-95e6-99a6f7e42660 None None] Creating instance of TrackedResource for resource:router
Aug 06 00:38:54.959015 np0000006599 devstack@neutron-api.service[90761]: DEBUG neutron.api.extensions [None req-55aa0b08-d256-4422-84f3-ac31457db962 None None] Ext name="Add address_scope type to RBAC" alias="rbac-address-scope" description="Add address_scope type to RBAC" updated="2020-02-12T00:00:00-00:00" {{(pid=90761) _check_extension /opt/stack/neutron/neutron/api/extensions.py:415}}
Aug 06 00:38:54.959168 np0000006599 devstack@neutron-api.service[90762]: WARNING neutron.quota.resource_registry [None req-a76f3aee-a172-4f59-95e6-99a6f7e42660 None None] router is already registered
Aug 06 00:38:54.959306 np0000006599 devstack@neutron-api.service[90761]: INFO neutron.api.extensions [None req-55aa0b08-d256-4422-84f3-ac31457db962 None None] Loaded extension: rbac-address-scope
Aug 06 00:38:54.959392 np0000006599 devstack@neutron-api.service[90760]: DEBUG neutron.manager [None req-26bd3635-9e38-4980-860e-f0f58a7562fa None None] Successfully loaded auto-allocated-topology plugin. Description: Auto Allocated Topology - aka get me a network. {{(pid=90760) _create_and_add_service_plugin /opt/stack/neutron/neutron/manager.py:236}}
Aug 06 00:38:54.959490 np0000006599 devstack@neutron-api.service[90761]: DEBUG neutron.api.extensions [None req-55aa0b08-d256-4422-84f3-ac31457db962 None None] Loading extension file: rbac_security_groups.py {{(pid=90761) _load_all_extensions_from_path /opt/stack/neutron/neutron/api/extensions.py:449}}
Aug 06 00:38:54.959574 np0000006599 devstack@neutron-api.service[90760]: INFO neutron.manager [None req-26bd3635-9e38-4980-860e-f0f58a7562fa None None] Loading Plugin: tag
Aug 06 00:38:54.959663 np0000006599 devstack@neutron-api.service[90761]: DEBUG neutron.api.extensions [None req-55aa0b08-d256-4422-84f3-ac31457db962 None None] Ext name="Add security_group type to network RBAC" alias="rbac-security-groups" description="Add security_group type to network RBAC" updated="2019-02-14T00:00:00-00:00" {{(pid=90761) _check_extension /opt/stack/neutron/neutron/api/extensions.py:415}}
Aug 06 00:38:54.959755 np0000006599 devstack@neutron-api.service[90762]: INFO neutron.quota.resource_registry [None req-a76f3aee-a172-4f59-95e6-99a6f7e42660 None None] Creating instance of TrackedResource for resource:floatingip
Aug 06 00:38:54.959861 np0000006599 devstack@neutron-api.service[90761]: INFO neutron.api.extensions [None req-55aa0b08-d256-4422-84f3-ac31457db962 None None] Loaded extension: rbac-security-groups
Aug 06 00:38:54.959960 np0000006599 devstack@neutron-api.service[90762]: WARNING neutron.quota.resource_registry [None req-a76f3aee-a172-4f59-95e6-99a6f7e42660 None None] floatingip is already registered
Aug 06 00:38:54.960048 np0000006599 devstack@neutron-api.service[90761]: DEBUG neutron.api.extensions [None req-55aa0b08-d256-4422-84f3-ac31457db962 None None] Loading extension file: rbac_subnetpool.py {{(pid=90761) _load_all_extensions_from_path /opt/stack/neutron/neutron/api/extensions.py:449}}
Aug 06 00:38:54.960048 np0000006599 devstack@neutron-api.service[90761]: DEBUG neutron.api.extensions [None req-55aa0b08-d256-4422-84f3-ac31457db962 None None] Ext name="Add subnetpool type to RBAC" alias="rbac-subnetpool" description="Add subnetpool type to RBAC" updated="2020-02-05T00:00:00-00:00" {{(pid=90761) _check_extension /opt/stack/neutron/neutron/api/extensions.py:415}}
Aug 06 00:38:54.960048 np0000006599 devstack@neutron-api.service[90761]: INFO neutron.api.extensions [None req-55aa0b08-d256-4422-84f3-ac31457db962 None None] Extension rbac-subnetpool not supported by any of loaded plugins
Aug 06 00:38:54.960048 np0000006599 devstack@neutron-api.service[90761]: DEBUG neutron.api.extensions [None req-55aa0b08-d256-4422-84f3-ac31457db962 None None] Loading extension file: revisionifmatch.py {{(pid=90761) _load_all_extensions_from_path /opt/stack/neutron/neutron/api/extensions.py:449}}
Aug 06 00:38:54.960048 np0000006599 devstack@neutron-api.service[90761]: DEBUG neutron.api.extensions [None req-55aa0b08-d256-4422-84f3-ac31457db962 None None] Ext name="If-Match constraints based on revision_number" alias="revision-if-match" description="Extension indicating that If-Match based on revision_number is supported." updated="2016-12-11T00:00:00-00:00" {{(pid=90761) _check_extension /opt/stack/neutron/neutron/api/extensions.py:415}}
Aug 06 00:38:54.960048 np0000006599 devstack@neutron-api.service[90761]: INFO neutron.api.extensions [None req-55aa0b08-d256-4422-84f3-ac31457db962 None None] Loaded extension: revision-if-match
Aug 06 00:38:54.960048 np0000006599 devstack@neutron-api.service[90761]: DEBUG neutron.api.extensions [None req-55aa0b08-d256-4422-84f3-ac31457db962 None None] Loading extension file: revisions.py {{(pid=90761) _load_all_extensions_from_path /opt/stack/neutron/neutron/api/extensions.py:449}}
Aug 06 00:38:54.960312 np0000006599 devstack@neutron-api.service[90762]: INFO neutron.quota.resource_registry [None req-a76f3aee-a172-4f59-95e6-99a6f7e42660 None None] Creating instance of CountableResource for resource:rbac_policy
Aug 06 00:38:54.960312 np0000006599 devstack@neutron-api.service[90762]: WARNING neutron.quota.resource_registry [None req-a76f3aee-a172-4f59-95e6-99a6f7e42660 None None] rbac_policy is already registered
Aug 06 00:38:54.960421 np0000006599 devstack@neutron-api.service[90761]: DEBUG neutron.api.extensions [None req-55aa0b08-d256-4422-84f3-ac31457db962 None None] Ext name="Resource revision numbers" alias="standard-attr-revisions" description="This extension will display the revision number of neutron resources." updated="2016-04-11T10:00:00-00:00" {{(pid=90761) _check_extension /opt/stack/neutron/neutron/api/extensions.py:415}}
Aug 06 00:38:54.960421 np0000006599 devstack@neutron-api.service[90761]: INFO neutron.api.extensions [None req-55aa0b08-d256-4422-84f3-ac31457db962 None None] Loaded extension: standard-attr-revisions
Aug 06 00:38:54.960421 np0000006599 devstack@neutron-api.service[90761]: DEBUG neutron.api.extensions [None req-55aa0b08-d256-4422-84f3-ac31457db962 None None] Loading extension file: router_availability_zone.py {{(pid=90761) _load_all_extensions_from_path /opt/stack/neutron/neutron/api/extensions.py:449}}
Aug 06 00:38:54.960550 np0000006599 devstack@neutron-api.service[90762]: INFO neutron.quota.resource_registry [None req-a76f3aee-a172-4f59-95e6-99a6f7e42660 None None] Creating instance of TrackedResource for resource:security_group
Aug 06 00:38:54.960639 np0000006599 devstack@neutron-api.service[90761]: DEBUG neutron.api.extensions [None req-55aa0b08-d256-4422-84f3-ac31457db962 None None] Ext name="Router Availability Zone" alias="router_availability_zone" description="Availability zone support for router." updated="2015-01-01T10:00:00-00:00" {{(pid=90761) _check_extension /opt/stack/neutron/neutron/api/extensions.py:415}}
Aug 06 00:38:54.960724 np0000006599 devstack@neutron-api.service[90762]: WARNING neutron.quota.resource_registry [None req-a76f3aee-a172-4f59-95e6-99a6f7e42660 None None] security_group is already registered
Aug 06 00:38:54.960815 np0000006599 devstack@neutron-api.service[90761]: INFO neutron.api.extensions [None req-55aa0b08-d256-4422-84f3-ac31457db962 None None] Loaded extension: router_availability_zone
Aug 06 00:38:54.960815 np0000006599 devstack@neutron-api.service[90761]: DEBUG neutron.api.extensions [None req-55aa0b08-d256-4422-84f3-ac31457db962 None None] Loading extension file: router_enable_snat.py {{(pid=90761) _load_all_extensions_from_path /opt/stack/neutron/neutron/api/extensions.py:449}}
Aug 06 00:38:54.960937 np0000006599 devstack@neutron-api.service[90762]: INFO neutron.quota.resource_registry [None req-a76f3aee-a172-4f59-95e6-99a6f7e42660 None None] Creating instance of TrackedResource for resource:security_group_rule
Aug 06 00:38:54.961025 np0000006599 devstack@neutron-api.service[90761]: DEBUG neutron.api.extensions [None req-55aa0b08-d256-4422-84f3-ac31457db962 None None] Ext name="Exposes the router "enable_snat" read-only configuration flag" alias="router-enable-snat" description="Exposes the router "enable_snat" read-only configuration flag" updated="2025-09-18T18:00:00-00:00" {{(pid=90761) _check_extension /opt/stack/neutron/neutron/api/extensions.py:415}}
Aug 06 00:38:54.961106 np0000006599 devstack@neutron-api.service[90762]: WARNING neutron.quota.resource_registry [None req-a76f3aee-a172-4f59-95e6-99a6f7e42660 None None] security_group_rule is already registered
Aug 06 00:38:54.961182 np0000006599 devstack@neutron-api.service[90761]: INFO neutron.api.extensions [None req-55aa0b08-d256-4422-84f3-ac31457db962 None None] Loaded extension: router-enable-snat
Aug 06 00:38:54.961182 np0000006599 devstack@neutron-api.service[90761]: DEBUG neutron.api.extensions [None req-55aa0b08-d256-4422-84f3-ac31457db962 None None] Loading extension file: routerservicetype.py {{(pid=90761) _load_all_extensions_from_path /opt/stack/neutron/neutron/api/extensions.py:449}}
Aug 06 00:38:54.961182 np0000006599 devstack@neutron-api.service[90761]: DEBUG neutron.api.extensions [None req-55aa0b08-d256-4422-84f3-ac31457db962 None None] Ext name="Router Service Type" alias="router-service-type" description="Provides router service type" updated="2013-01-29T00:00:00-00:00" {{(pid=90761) _check_extension /opt/stack/neutron/neutron/api/extensions.py:415}}
Aug 06 00:38:54.961326 np0000006599 devstack@neutron-api.service[90762]: DEBUG neutron.api.v2.resource_helper [None req-a76f3aee-a172-4f59-95e6-99a6f7e42660 None None] Service CORE assigned prefix: {{(pid=90762) build_resource_info /opt/stack/neutron/neutron/api/v2/resource_helper.py:77}}
Aug 06 00:38:54.961326 np0000006599 devstack@neutron-api.service[90762]: INFO neutron.quota.resource_registry [None req-a76f3aee-a172-4f59-95e6-99a6f7e42660 None None] Creating instance of TrackedResource for resource:subnetpool
Aug 06 00:38:54.961431 np0000006599 devstack@neutron-api.service[90761]: INFO neutron.api.extensions [None req-55aa0b08-d256-4422-84f3-ac31457db962 None None] Extension router-service-type not supported by any of loaded plugins
Aug 06 00:38:54.961431 np0000006599 devstack@neutron-api.service[90761]: DEBUG neutron.api.extensions [None req-55aa0b08-d256-4422-84f3-ac31457db962 None None] Loading extension file: security_groups_default_rules.py {{(pid=90761) _load_all_extensions_from_path /opt/stack/neutron/neutron/api/extensions.py:449}}
Aug 06 00:38:54.961552 np0000006599 devstack@neutron-api.service[90762]: WARNING neutron.quota.resource_registry [None req-a76f3aee-a172-4f59-95e6-99a6f7e42660 None None] subnetpool is already registered
Aug 06 00:38:54.961552 np0000006599 devstack@neutron-api.service[90762]: DEBUG neutron.api.v2.resource_helper [None req-a76f3aee-a172-4f59-95e6-99a6f7e42660 None None] Service CORE assigned prefix: {{(pid=90762) build_resource_info /opt/stack/neutron/neutron/api/v2/resource_helper.py:77}}
Aug 06 00:38:54.961659 np0000006599 devstack@neutron-api.service[90760]: DEBUG neutron.manager [None req-26bd3635-9e38-4980-860e-f0f58a7562fa None None] Successfully loaded TAG plugin. Description: Tag support {{(pid=90760) _create_and_add_service_plugin /opt/stack/neutron/neutron/manager.py:236}}
Aug 06 00:38:54.961748 np0000006599 devstack@neutron-api.service[90762]: INFO neutron.quota.resource_registry [None req-a76f3aee-a172-4f59-95e6-99a6f7e42660 None None] Creating instance of TrackedResource for resource:subnetpool
Aug 06 00:38:54.961853 np0000006599 devstack@neutron-api.service[90760]: INFO neutron.manager [None req-26bd3635-9e38-4980-860e-f0f58a7562fa None None] Loading Plugin: timestamp
Aug 06 00:38:54.961938 np0000006599 devstack@neutron-api.service[90761]: DEBUG neutron.api.extensions [None req-55aa0b08-d256-4422-84f3-ac31457db962 None None] Ext name="Default rules for security groups" alias="security-groups-default-rules" description="Configure set of security group rules used as default rules for every new security group" updated="2022-12-19T10:00:00-00:00" {{(pid=90761) _check_extension /opt/stack/neutron/neutron/api/extensions.py:415}}
Aug 06 00:38:54.962017 np0000006599 devstack@neutron-api.service[90762]: WARNING neutron.quota.resource_registry [None req-a76f3aee-a172-4f59-95e6-99a6f7e42660 None None] subnetpool is already registered
Aug 06 00:38:54.962101 np0000006599 devstack@neutron-api.service[90761]: INFO neutron.api.extensions [None req-55aa0b08-d256-4422-84f3-ac31457db962 None None] Loaded extension: security-groups-default-rules
Aug 06 00:38:54.962101 np0000006599 devstack@neutron-api.service[90761]: DEBUG neutron.api.extensions [None req-55aa0b08-d256-4422-84f3-ac31457db962 None None] Loading extension file: security_groups_default_statefulness.py {{(pid=90761) _load_all_extensions_from_path /opt/stack/neutron/neutron/api/extensions.py:449}}
Aug 06 00:38:54.962208 np0000006599 devstack@neutron-api.service[90762]: DEBUG neutron.api.extensions [None req-a76f3aee-a172-4f59-95e6-99a6f7e42660 None None] Extended resource: extensions {{(pid=90762) __init__ /opt/stack/neutron/neutron/api/extensions.py:156}}
Aug 06 00:38:54.962304 np0000006599 devstack@neutron-api.service[90761]: DEBUG neutron.api.extensions [None req-55aa0b08-d256-4422-84f3-ac31457db962 None None] Ext name="Security Groups Default Statefulness" alias="security-groups-default-statefulness" description="Allows configuring the default value of the 'stateful' attribute for new security groups, on a per-project or system-wide basis" updated="2026-04-13T00:00:00-00:00" {{(pid=90761) _check_extension /opt/stack/neutron/neutron/api/extensions.py:415}}
Aug 06 00:38:54.962304 np0000006599 devstack@neutron-api.service[90761]: INFO neutron.api.extensions [None req-55aa0b08-d256-4422-84f3-ac31457db962 None None] Loaded extension: security-groups-default-statefulness
Aug 06 00:38:54.962304 np0000006599 devstack@neutron-api.service[90761]: DEBUG neutron.api.extensions [None req-55aa0b08-d256-4422-84f3-ac31457db962 None None] Loading extension file: security_groups_normalized_cidr.py {{(pid=90761) _load_all_extensions_from_path /opt/stack/neutron/neutron/api/extensions.py:449}}
Aug 06 00:38:54.962304 np0000006599 devstack@neutron-api.service[90761]: DEBUG neutron.api.extensions [None req-55aa0b08-d256-4422-84f3-ac31457db962 None None] Ext name="Normalized CIDR field for security group rules" alias="security-groups-normalized-cidr" description="Add new field with normalized remote_ip_prefix cidr in SG rule" updated="2020-07-28T10:00:00-00:00" {{(pid=90761) _check_extension /opt/stack/neutron/neutron/api/extensions.py:415}}
Aug 06 00:38:54.962304 np0000006599 devstack@neutron-api.service[90761]: INFO neutron.api.extensions [None req-55aa0b08-d256-4422-84f3-ac31457db962 None None] Loaded extension: security-groups-normalized-cidr
Aug 06 00:38:54.962515 np0000006599 devstack@neutron-api.service[90762]: DEBUG neutron.api.extensions [None req-a76f3aee-a172-4f59-95e6-99a6f7e42660 None None] Extended resource: address-groups {{(pid=90762) __init__ /opt/stack/neutron/neutron/api/extensions.py:156}}
Aug 06 00:38:54.962709 np0000006599 devstack@neutron-api.service[90761]: DEBUG neutron.api.extensions [None req-55aa0b08-d256-4422-84f3-ac31457db962 None None] Loading extension file: security_groups_port_filtering.py {{(pid=90761) _load_all_extensions_from_path /opt/stack/neutron/neutron/api/extensions.py:449}}
Aug 06 00:38:54.962709 np0000006599 devstack@neutron-api.service[90761]: DEBUG neutron.api.extensions [None req-55aa0b08-d256-4422-84f3-ac31457db962 None None] Ext name="Port filtering on security groups" alias="port-security-groups-filtering" description="Provides security groups filtering when listing ports" updated="2018-01-09T09:00:00-00:00" {{(pid=90761) _check_extension /opt/stack/neutron/neutron/api/extensions.py:415}}
Aug 06 00:38:54.962859 np0000006599 devstack@neutron-api.service[90760]: DEBUG neutron.manager [None req-26bd3635-9e38-4980-860e-f0f58a7562fa None None] Successfully loaded timestamp plugin. Description: Adds timestamps to Neutron resources with standard attributes {{(pid=90760) _create_and_add_service_plugin /opt/stack/neutron/neutron/manager.py:236}}
Aug 06 00:38:54.962963 np0000006599 devstack@neutron-api.service[90761]: INFO neutron.api.extensions [None req-55aa0b08-d256-4422-84f3-ac31457db962 None None] Extension port-security-groups-filtering not supported by any of loaded plugins
Aug 06 00:38:54.963060 np0000006599 devstack@neutron-api.service[90760]: INFO neutron.manager [None req-26bd3635-9e38-4980-860e-f0f58a7562fa None None] Loading Plugin: network_ip_availability
Aug 06 00:38:54.963150 np0000006599 devstack@neutron-api.service[90761]: DEBUG neutron.api.extensions [None req-55aa0b08-d256-4422-84f3-ac31457db962 None None] Loading extension file: security_groups_remote_address_group.py {{(pid=90761) _load_all_extensions_from_path /opt/stack/neutron/neutron/api/extensions.py:449}}
Aug 06 00:38:54.963248 np0000006599 devstack@neutron-api.service[90762]: DEBUG neutron.api.extensions [None req-a76f3aee-a172-4f59-95e6-99a6f7e42660 None None] Extended resource: address-scopes {{(pid=90762) __init__ /opt/stack/neutron/neutron/api/extensions.py:156}}
Aug 06 00:38:54.963248 np0000006599 devstack@neutron-api.service[90762]: DEBUG neutron.api.extensions [None req-a76f3aee-a172-4f59-95e6-99a6f7e42660 None None] Extended resource: agents {{(pid=90762) __init__ /opt/stack/neutron/neutron/api/extensions.py:156}}
Aug 06 00:38:54.963248 np0000006599 devstack@neutron-api.service[90762]: DEBUG neutron.api.extensions [None req-a76f3aee-a172-4f59-95e6-99a6f7e42660 None None] Extended resource: auto-allocated-topology {{(pid=90762) __init__ /opt/stack/neutron/neutron/api/extensions.py:156}}
Aug 06 00:38:54.963248 np0000006599 devstack@neutron-api.service[90762]: DEBUG neutron.api.extensions [None req-a76f3aee-a172-4f59-95e6-99a6f7e42660 None None] Extended resource: availability_zones {{(pid=90762) __init__ /opt/stack/neutron/neutron/api/extensions.py:156}}
Aug 06 00:38:54.963456 np0000006599 devstack@neutron-api.service[90761]: DEBUG neutron.api.extensions [None req-55aa0b08-d256-4422-84f3-ac31457db962 None None] Ext name="Remote address group id field for security group rules" alias="security-groups-remote-address-group" description="Add new field of remote address group id in SG rules" updated="2020-08-25T10:00:00-00:00" {{(pid=90761) _check_extension /opt/stack/neutron/neutron/api/extensions.py:415}}
Aug 06 00:38:54.963556 np0000006599 devstack@neutron-api.service[90760]: DEBUG neutron.manager [None req-26bd3635-9e38-4980-860e-f0f58a7562fa None None] Successfully loaded network-ip-availability plugin. Description: Provides IP availability data for each network and subnet. {{(pid=90760) _create_and_add_service_plugin /opt/stack/neutron/neutron/manager.py:236}}
Aug 06 00:38:54.963643 np0000006599 devstack@neutron-api.service[90762]: DEBUG neutron.api.extensions [None req-a76f3aee-a172-4f59-95e6-99a6f7e42660 None None] Extended resource: dhcp-networks {{(pid=90762) __init__ /opt/stack/neutron/neutron/api/extensions.py:156}}
Aug 06 00:38:54.963729 np0000006599 devstack@neutron-api.service[90760]: INFO neutron.manager [None req-26bd3635-9e38-4980-860e-f0f58a7562fa None None] Loading Plugin: flavors
Aug 06 00:38:54.963828 np0000006599 devstack@neutron-api.service[90761]: INFO neutron.api.extensions [None req-55aa0b08-d256-4422-84f3-ac31457db962 None None] Loaded extension: security-groups-remote-address-group
Aug 06 00:38:54.963828 np0000006599 devstack@neutron-api.service[90761]: DEBUG neutron.api.extensions [None req-55aa0b08-d256-4422-84f3-ac31457db962 None None] Loading extension file: security_groups_rules_belongs_to_default_sg.py {{(pid=90761) _load_all_extensions_from_path /opt/stack/neutron/neutron/api/extensions.py:449}}
Aug 06 00:38:54.963828 np0000006599 devstack@neutron-api.service[90761]: DEBUG neutron.api.extensions [None req-55aa0b08-d256-4422-84f3-ac31457db962 None None] Ext name="Security group rule belongs to the project's default security group" alias="security-groups-rules-belongs-to-default-sg" description="Flag to determine if the security group rule belongs to the project's default security group" updated="2023-05-23T10:00:00-00:00" {{(pid=90761) _check_extension /opt/stack/neutron/neutron/api/extensions.py:415}}
Aug 06 00:38:54.963828 np0000006599 devstack@neutron-api.service[90761]: INFO neutron.api.extensions [None req-55aa0b08-d256-4422-84f3-ac31457db962 None None] Loaded extension: security-groups-rules-belongs-to-default-sg
Aug 06 00:38:54.964012 np0000006599 devstack@neutron-api.service[90762]: DEBUG neutron.api.extensions [None req-a76f3aee-a172-4f59-95e6-99a6f7e42660 None None] Extended resource: dhcp-agents {{(pid=90762) __init__ /opt/stack/neutron/neutron/api/extensions.py:156}}
Aug 06 00:38:54.964175 np0000006599 devstack@neutron-api.service[90761]: DEBUG neutron.api.extensions [None req-55aa0b08-d256-4422-84f3-ac31457db962 None None] Loading extension file: security_groups_shared_filtering.py {{(pid=90761) _load_all_extensions_from_path /opt/stack/neutron/neutron/api/extensions.py:449}}
Aug 06 00:38:54.964175 np0000006599 devstack@neutron-api.service[90761]: DEBUG neutron.api.extensions [None req-55aa0b08-d256-4422-84f3-ac31457db962 None None] Ext name="Security group filtering on the shared field" alias="security-groups-shared-filtering" description="Support filtering security groups on the shared field" updated="2021-10-05T09:00:00-00:00" {{(pid=90761) _check_extension /opt/stack/neutron/neutron/api/extensions.py:415}}
Aug 06 00:38:54.964323 np0000006599 devstack@neutron-api.service[90760]: DEBUG neutron.manager [None req-26bd3635-9e38-4980-860e-f0f58a7562fa None None] Successfully loaded FLAVORS plugin. Description: Neutron Flavors and Service Profiles manager plugin {{(pid=90760) _create_and_add_service_plugin /opt/stack/neutron/neutron/manager.py:236}}
Aug 06 00:38:54.964402 np0000006599 devstack@neutron-api.service[90761]: INFO neutron.api.extensions [None req-55aa0b08-d256-4422-84f3-ac31457db962 None None] Loaded extension: security-groups-shared-filtering
Aug 06 00:38:54.964478 np0000006599 devstack@neutron-api.service[90762]: DEBUG neutron.api.extensions [None req-a76f3aee-a172-4f59-95e6-99a6f7e42660 None None] Extended resource: routers {{(pid=90762) __init__ /opt/stack/neutron/neutron/api/extensions.py:156}}
Aug 06 00:38:54.964555 np0000006599 devstack@neutron-api.service[90761]: DEBUG neutron.api.extensions [None req-55aa0b08-d256-4422-84f3-ac31457db962 None None] Loading extension file: securitygroup.py {{(pid=90761) _load_all_extensions_from_path /opt/stack/neutron/neutron/api/extensions.py:449}}
Aug 06 00:38:54.964631 np0000006599 devstack@neutron-api.service[90760]: INFO neutron.manager [None req-26bd3635-9e38-4980-860e-f0f58a7562fa None None] Loading Plugin: revisions
Aug 06 00:38:54.964714 np0000006599 devstack@neutron-api.service[90762]: DEBUG neutron.api.extensions [None req-a76f3aee-a172-4f59-95e6-99a6f7e42660 None None] Extended resource: flavors {{(pid=90762) __init__ /opt/stack/neutron/neutron/api/extensions.py:156}}
Aug 06 00:38:54.964714 np0000006599 devstack@neutron-api.service[90762]: DEBUG neutron.api.extensions [None req-a76f3aee-a172-4f59-95e6-99a6f7e42660 None None] Extended resource: service_profiles {{(pid=90762) __init__ /opt/stack/neutron/neutron/api/extensions.py:156}}
Aug 06 00:38:54.964838 np0000006599 devstack@neutron-api.service[90760]: DEBUG neutron.manager [None req-26bd3635-9e38-4980-860e-f0f58a7562fa None None] Successfully loaded revision_plugin plugin. Description: Adds revision numbers to resources. {{(pid=90760) _create_and_add_service_plugin /opt/stack/neutron/neutron/manager.py:236}}
Aug 06 00:38:54.964922 np0000006599 devstack@neutron-api.service[90761]: DEBUG neutron.api.extensions [None req-55aa0b08-d256-4422-84f3-ac31457db962 None None] Ext name="security-group" alias="security-group" description="The security groups extension." updated="2012-10-05T10:00:00-00:00" {{(pid=90761) _check_extension /opt/stack/neutron/neutron/api/extensions.py:415}}
Aug 06 00:38:54.965002 np0000006599 devstack@neutron-api.service[90760]: DEBUG oslo_concurrency.lockutils [None req-26bd3635-9e38-4980-860e-f0f58a7562fa None None] Lock "manager" "released" by "neutron.manager.NeutronManager._create_instance" :: held 3.905s {{(pid=90760) inner /opt/stack/data/venv/lib/python3.12/site-packages/oslo_concurrency/lockutils.py:544}}
Aug 06 00:38:54.965106 np0000006599 devstack@neutron-api.service[90761]: INFO neutron.api.extensions [None req-55aa0b08-d256-4422-84f3-ac31457db962 None None] Loaded extension: security-group
Aug 06 00:38:54.965106 np0000006599 devstack@neutron-api.service[90761]: DEBUG neutron.api.extensions [None req-55aa0b08-d256-4422-84f3-ac31457db962 None None] Loading extension file: segment.py {{(pid=90761) _load_all_extensions_from_path /opt/stack/neutron/neutron/api/extensions.py:449}}
Aug 06 00:38:54.965231 np0000006599 devstack@neutron-api.service[90762]: DEBUG neutron.api.extensions [None req-a76f3aee-a172-4f59-95e6-99a6f7e42660 None None] Extended resource: next_providers {{(pid=90762) __init__ /opt/stack/neutron/neutron/api/extensions.py:156}}
Aug 06 00:38:54.965335 np0000006599 devstack@neutron-api.service[90760]: DEBUG neutron.api.extensions [None req-26bd3635-9e38-4980-860e-f0f58a7562fa None None] get_extension_paths = OrderedDict({'/opt/stack/neutron/neutron/extensions': 1}) {{(pid=90760) get_extensions_path /opt/stack/neutron/neutron/api/extensions.py:640}}
Aug 06 00:38:54.965335 np0000006599 devstack@neutron-api.service[90760]: INFO neutron.api.extensions [None req-26bd3635-9e38-4980-860e-f0f58a7562fa None None] Initializing extension manager.
Aug 06 00:38:54.965467 np0000006599 devstack@neutron-api.service[90761]: DEBUG neutron.api.extensions [None req-55aa0b08-d256-4422-84f3-ac31457db962 None None] Ext name="Segment" alias="segment" description="Segments extension." updated="2016-02-24T17:00:00-00:00" {{(pid=90761) _check_extension /opt/stack/neutron/neutron/api/extensions.py:415}}
Aug 06 00:38:54.965552 np0000006599 devstack@neutron-api.service[90760]: DEBUG neutron.api.extensions [None req-26bd3635-9e38-4980-860e-f0f58a7562fa None None] Loading extension file: __init__.py {{(pid=90760) _load_all_extensions_from_path /opt/stack/neutron/neutron/api/extensions.py:449}}
Aug 06 00:38:54.965638 np0000006599 devstack@neutron-api.service[90761]: INFO neutron.api.extensions [None req-55aa0b08-d256-4422-84f3-ac31457db962 None None] Extension segment not supported by any of loaded plugins
Aug 06 00:38:54.965721 np0000006599 devstack@neutron-api.service[90760]: DEBUG neutron.api.extensions [None req-26bd3635-9e38-4980-860e-f0f58a7562fa None None] Loading extension file: __pycache__ {{(pid=90760) _load_all_extensions_from_path /opt/stack/neutron/neutron/api/extensions.py:449}}
Aug 06 00:38:54.965983 np0000006599 devstack@neutron-api.service[90761]: DEBUG neutron.api.extensions [None req-55aa0b08-d256-4422-84f3-ac31457db962 None None] Loading extension file: segments_peer_subnet_host_routes.py {{(pid=90761) _load_all_extensions_from_path /opt/stack/neutron/neutron/api/extensions.py:449}}
Aug 06 00:38:54.966103 np0000006599 devstack@neutron-api.service[90762]: DEBUG neutron.api.extensions [None req-a76f3aee-a172-4f59-95e6-99a6f7e42660 None None] Extended resource: service_profiles {{(pid=90762) __init__ /opt/stack/neutron/neutron/api/extensions.py:156}}
Aug 06 00:38:54.966204 np0000006599 devstack@neutron-api.service[90760]: DEBUG neutron.api.extensions [None req-26bd3635-9e38-4980-860e-f0f58a7562fa None None] Loading extension file: aap_reject_multicast.py {{(pid=90760) _load_all_extensions_from_path /opt/stack/neutron/neutron/api/extensions.py:449}}
Aug 06 00:38:54.966316 np0000006599 devstack@neutron-api.service[90761]: DEBUG neutron.api.extensions [None req-55aa0b08-d256-4422-84f3-ac31457db962 None None] Ext name="Segments peer-subnet host routes" alias="segments-peer-subnet-host-routes" description="Add host routes to subnets on a routed network (segments)" updated="2018-06-12T10:00:00-00:00" {{(pid=90761) _check_extension /opt/stack/neutron/neutron/api/extensions.py:415}}
Aug 06 00:38:54.966316 np0000006599 devstack@neutron-api.service[90761]: INFO neutron.api.extensions [None req-55aa0b08-d256-4422-84f3-ac31457db962 None None] Extension segments-peer-subnet-host-routes not supported by any of loaded plugins
Aug 06 00:38:54.966453 np0000006599 devstack@neutron-api.service[90760]: DEBUG neutron.api.extensions [None req-26bd3635-9e38-4980-860e-f0f58a7562fa None None] Ext name="Allowed address pairs reject multicast extension" alias="aap-reject-multicast" description="Reject multicast addresses in Allowed Address Pairs" updated="2026-04-01T00:00:00-00:00" {{(pid=90760) _check_extension /opt/stack/neutron/neutron/api/extensions.py:415}}
Aug 06 00:38:54.966540 np0000006599 devstack@neutron-api.service[90761]: DEBUG neutron.api.extensions [None req-55aa0b08-d256-4422-84f3-ac31457db962 None None] Loading extension file: servicetype.py {{(pid=90761) _load_all_extensions_from_path /opt/stack/neutron/neutron/api/extensions.py:449}}
Aug 06 00:38:54.966642 np0000006599 devstack@neutron-api.service[90760]: INFO neutron.api.extensions [None req-26bd3635-9e38-4980-860e-f0f58a7562fa None None] Extension aap-reject-multicast not supported by any of loaded plugins
Aug 06 00:38:54.966736 np0000006599 devstack@neutron-api.service[90761]: DEBUG neutron.api.extensions [None req-55aa0b08-d256-4422-84f3-ac31457db962 None None] Ext name="Neutron Service Type Management" alias="service-type" description="API for retrieving service providers for Neutron advanced services" updated="2013-01-20T00:00:00-00:00" {{(pid=90761) _check_extension /opt/stack/neutron/neutron/api/extensions.py:415}}
Aug 06 00:38:54.966888 np0000006599 devstack@neutron-api.service[90760]: DEBUG neutron.api.extensions [None req-26bd3635-9e38-4980-860e-f0f58a7562fa None None] Loading extension file: address_group.py {{(pid=90760) _load_all_extensions_from_path /opt/stack/neutron/neutron/api/extensions.py:449}}
Aug 06 00:38:54.967007 np0000006599 devstack@neutron-api.service[90761]: INFO neutron.api.extensions [None req-55aa0b08-d256-4422-84f3-ac31457db962 None None] Loaded extension: service-type
Aug 06 00:38:54.967007 np0000006599 devstack@neutron-api.service[90761]: DEBUG neutron.api.extensions [None req-55aa0b08-d256-4422-84f3-ac31457db962 None None] Loading extension file: sorting.py {{(pid=90761) _load_all_extensions_from_path /opt/stack/neutron/neutron/api/extensions.py:449}}
Aug 06 00:38:54.967127 np0000006599 devstack@neutron-api.service[90760]: DEBUG neutron.api.extensions [None req-26bd3635-9e38-4980-860e-f0f58a7562fa None None] Ext name="Address group" alias="address-group" description="Support address group" updated="2020-07-15T10:00:00-00:00" {{(pid=90760) _check_extension /opt/stack/neutron/neutron/api/extensions.py:415}}
Aug 06 00:38:54.967343 np0000006599 devstack@neutron-api.service[90761]: DEBUG neutron.api.extensions [None req-55aa0b08-d256-4422-84f3-ac31457db962 None None] Ext name="Sorting support" alias="sorting" description="Extension that indicates that sorting is enabled." updated="2016-06-12T00:00:00-00:00" {{(pid=90761) _check_extension /opt/stack/neutron/neutron/api/extensions.py:415}}
Aug 06 00:38:54.967343 np0000006599 devstack@neutron-api.service[90761]: INFO neutron.api.extensions [None req-55aa0b08-d256-4422-84f3-ac31457db962 None None] Loaded extension: sorting
Aug 06 00:38:54.967475 np0000006599 devstack@neutron-api.service[90760]: INFO neutron.api.extensions [None req-26bd3635-9e38-4980-860e-f0f58a7562fa None None] Loaded extension: address-group
Aug 06 00:38:54.967614 np0000006599 devstack@neutron-api.service[90761]: DEBUG neutron.api.extensions [None req-55aa0b08-d256-4422-84f3-ac31457db962 None None] Loading extension file: standard_attr_segment.py {{(pid=90761) _load_all_extensions_from_path /opt/stack/neutron/neutron/api/extensions.py:449}}
Aug 06 00:38:54.967756 np0000006599 devstack@neutron-api.service[90762]: DEBUG neutron.api.extensions [None req-a76f3aee-a172-4f59-95e6-99a6f7e42660 None None] Extended resource: floatingip-pools {{(pid=90762) __init__ /opt/stack/neutron/neutron/api/extensions.py:156}}
Aug 06 00:38:54.967867 np0000006599 devstack@neutron-api.service[90760]: DEBUG neutron.api.extensions [None req-26bd3635-9e38-4980-860e-f0f58a7562fa None None] Loading extension file: address_scope.py {{(pid=90760) _load_all_extensions_from_path /opt/stack/neutron/neutron/api/extensions.py:449}}
Aug 06 00:38:54.967953 np0000006599 devstack@neutron-api.service[90761]: DEBUG neutron.api.extensions [None req-55aa0b08-d256-4422-84f3-ac31457db962 None None] Ext name="Standard Attribute Segment Extension" alias="standard-attr-segment" description="Add standard attributes to Segment resource" updated="2018-04-09T10:00:00-00:00" {{(pid=90761) _check_extension /opt/stack/neutron/neutron/api/extensions.py:415}}
Aug 06 00:38:54.967953 np0000006599 devstack@neutron-api.service[90761]: INFO neutron.api.extensions [None req-55aa0b08-d256-4422-84f3-ac31457db962 None None] Extension standard-attr-segment not supported by any of loaded plugins
Aug 06 00:38:54.968102 np0000006599 devstack@neutron-api.service[90760]: DEBUG neutron.api.extensions [None req-26bd3635-9e38-4980-860e-f0f58a7562fa None None] Ext name="Address scope" alias="address-scope" description="Address scopes extension." updated="2015-07-26T10:00:00-00:00" {{(pid=90760) _check_extension /opt/stack/neutron/neutron/api/extensions.py:415}}
Aug 06 00:38:54.968195 np0000006599 devstack@neutron-api.service[90761]: DEBUG neutron.api.extensions [None req-55aa0b08-d256-4422-84f3-ac31457db962 None None] Loading extension file: standardattrdescription.py {{(pid=90761) _load_all_extensions_from_path /opt/stack/neutron/neutron/api/extensions.py:449}}
Aug 06 00:38:54.968291 np0000006599 devstack@neutron-api.service[90762]: DEBUG neutron.api.extensions [None req-a76f3aee-a172-4f59-95e6-99a6f7e42660 None None] Extended resource: routers {{(pid=90762) __init__ /opt/stack/neutron/neutron/api/extensions.py:156}}
Aug 06 00:38:54.968380 np0000006599 devstack@neutron-api.service[90760]: INFO neutron.api.extensions [None req-26bd3635-9e38-4980-860e-f0f58a7562fa None None] Loaded extension: address-scope
Aug 06 00:38:54.968380 np0000006599 devstack@neutron-api.service[90760]: DEBUG neutron.api.extensions [None req-26bd3635-9e38-4980-860e-f0f58a7562fa None None] Loading extension file: admin_state_down_before_update.py {{(pid=90760) _load_all_extensions_from_path /opt/stack/neutron/neutron/api/extensions.py:449}}
Aug 06 00:38:54.968501 np0000006599 devstack@neutron-api.service[90761]: DEBUG neutron.api.extensions [None req-55aa0b08-d256-4422-84f3-ac31457db962 None None] Ext name="standard-attr-description" alias="standard-attr-description" description="Extension to add descriptions to standard attributes" updated="2016-02-10T10:00:00-00:00" {{(pid=90761) _check_extension /opt/stack/neutron/neutron/api/extensions.py:415}}
Aug 06 00:38:54.968501 np0000006599 devstack@neutron-api.service[90761]: INFO neutron.api.extensions [None req-55aa0b08-d256-4422-84f3-ac31457db962 None None] Loaded extension: standard-attr-description
Aug 06 00:38:54.968615 np0000006599 devstack@neutron-api.service[90760]: DEBUG neutron.api.extensions [None req-26bd3635-9e38-4980-860e-f0f58a7562fa None None] Ext name="Enforce Router's Admin State Down Before Update Extension" alias="router-admin-state-down-before-update" description="Ensure that the admin state of a router is DOWN (admin_state_up=False) before updating the distributed attribute" updated="2019-07-02T15:56:00" {{(pid=90760) _check_extension /opt/stack/neutron/neutron/api/extensions.py:415}}
Aug 06 00:38:54.968704 np0000006599 devstack@neutron-api.service[90761]: DEBUG neutron.api.extensions [None req-55aa0b08-d256-4422-84f3-ac31457db962 None None] Loading extension file: stateful_security_group.py {{(pid=90761) _load_all_extensions_from_path /opt/stack/neutron/neutron/api/extensions.py:449}}
Aug 06 00:38:54.968841 np0000006599 devstack@neutron-api.service[90760]: INFO neutron.api.extensions [None req-26bd3635-9e38-4980-860e-f0f58a7562fa None None] Extension router-admin-state-down-before-update not supported by any of loaded plugins
Aug 06 00:38:54.968841 np0000006599 devstack@neutron-api.service[90760]: DEBUG neutron.api.extensions [None req-26bd3635-9e38-4980-860e-f0f58a7562fa None None] Loading extension file: agent.py {{(pid=90760) _load_all_extensions_from_path /opt/stack/neutron/neutron/api/extensions.py:449}}
Aug 06 00:38:54.968982 np0000006599 devstack@neutron-api.service[90761]: DEBUG neutron.api.extensions [None req-55aa0b08-d256-4422-84f3-ac31457db962 None None] Ext name="Stateful security group" alias="stateful-security-group" description="Indicates if the security group is stateful or not" updated="2019-11-26T09:00:00-00:00" {{(pid=90761) _check_extension /opt/stack/neutron/neutron/api/extensions.py:415}}
Aug 06 00:38:54.969076 np0000006599 devstack@neutron-api.service[90762]: DEBUG neutron.api.extensions [None req-a76f3aee-a172-4f59-95e6-99a6f7e42660 None None] Extended resource: floatingips {{(pid=90762) __init__ /opt/stack/neutron/neutron/api/extensions.py:156}}
Aug 06 00:38:54.969164 np0000006599 devstack@neutron-api.service[90760]: DEBUG neutron.api.extensions [None req-26bd3635-9e38-4980-860e-f0f58a7562fa None None] Ext name="agent" alias="agent" description="The agent management extension." updated="2013-02-03T10:00:00-00:00" {{(pid=90760) _check_extension /opt/stack/neutron/neutron/api/extensions.py:415}}
Aug 06 00:38:54.969262 np0000006599 devstack@neutron-api.service[90761]: INFO neutron.api.extensions [None req-55aa0b08-d256-4422-84f3-ac31457db962 None None] Loaded extension: stateful-security-group
Aug 06 00:38:54.969262 np0000006599 devstack@neutron-api.service[90761]: DEBUG neutron.api.extensions [None req-55aa0b08-d256-4422-84f3-ac31457db962 None None] Loading extension file: stdattrs_common.py {{(pid=90761) _load_all_extensions_from_path /opt/stack/neutron/neutron/api/extensions.py:449}}
Aug 06 00:38:54.969396 np0000006599 devstack@neutron-api.service[90760]: INFO neutron.api.extensions [None req-26bd3635-9e38-4980-860e-f0f58a7562fa None None] Loaded extension: agent
Aug 06 00:38:54.969396 np0000006599 devstack@neutron-api.service[90760]: DEBUG neutron.api.extensions [None req-26bd3635-9e38-4980-860e-f0f58a7562fa None None] Loading extension file: agent_resources_synced.py {{(pid=90760) _load_all_extensions_from_path /opt/stack/neutron/neutron/api/extensions.py:449}}
Aug 06 00:38:54.969529 np0000006599 devstack@neutron-api.service[90761]: WARNING neutron.api.extensions [None req-55aa0b08-d256-4422-84f3-ac31457db962 None None] Did not find expected name "Stdattrs_common" in /opt/stack/neutron/neutron/extensions/stdattrs_common.py
Aug 06 00:38:54.969625 np0000006599 devstack@neutron-api.service[90762]: DEBUG neutron.api.extensions [None req-a76f3aee-a172-4f59-95e6-99a6f7e42660 None None] Extended resource: l3-routers {{(pid=90762) __init__ /opt/stack/neutron/neutron/api/extensions.py:156}}
Aug 06 00:38:54.969712 np0000006599 devstack@neutron-api.service[90760]: DEBUG neutron.api.extensions [None req-26bd3635-9e38-4980-860e-f0f58a7562fa None None] Ext name="Agent's Resource View Synced to Placement" alias="agent-resources-synced" description="Stores success/failure of last sync to Placement" updated="2018-12-19T00:00:00-00:00" {{(pid=90760) _check_extension /opt/stack/neutron/neutron/api/extensions.py:415}}
Aug 06 00:38:54.969824 np0000006599 devstack@neutron-api.service[90761]: DEBUG neutron.api.extensions [None req-55aa0b08-d256-4422-84f3-ac31457db962 None None] Loading extension file: subnet_dns_publish_fixed_ip.py {{(pid=90761) _load_all_extensions_from_path /opt/stack/neutron/neutron/api/extensions.py:449}}
Aug 06 00:38:54.969916 np0000006599 devstack@neutron-api.service[90760]: INFO neutron.api.extensions [None req-26bd3635-9e38-4980-860e-f0f58a7562fa None None] Extension agent-resources-synced not supported by any of loaded plugins
Aug 06 00:38:54.969916 np0000006599 devstack@neutron-api.service[90760]: DEBUG neutron.api.extensions [None req-26bd3635-9e38-4980-860e-f0f58a7562fa None None] Loading extension file: agent_sort_key.py {{(pid=90760) _load_all_extensions_from_path /opt/stack/neutron/neutron/api/extensions.py:449}}
Aug 06 00:38:54.970051 np0000006599 devstack@neutron-api.service[90761]: DEBUG neutron.api.extensions [None req-55aa0b08-d256-4422-84f3-ac31457db962 None None] Ext name="Subnet DNS publish fixed IP" alias="subnet-dns-publish-fixed-ip" description="Support choosing to publish DNS records for IPs from a subnet" updated="2019-05-24T10:00:00-00:00" {{(pid=90761) _check_extension /opt/stack/neutron/neutron/api/extensions.py:415}}
Aug 06 00:38:54.970051 np0000006599 devstack@neutron-api.service[90761]: INFO neutron.api.extensions [None req-55aa0b08-d256-4422-84f3-ac31457db962 None None] Loaded extension: subnet-dns-publish-fixed-ip
Aug 06 00:38:54.970263 np0000006599 devstack@neutron-api.service[90760]: DEBUG neutron.api.extensions [None req-26bd3635-9e38-4980-860e-f0f58a7562fa None None] Ext name="Agents Sort Key" alias="agent_sort_key" description="Enabling the keyword sort_key for sorting in agents." updated="2013-02-03T10:00:00-00:00" {{(pid=90760) _check_extension /opt/stack/neutron/neutron/api/extensions.py:415}}
Aug 06 00:38:54.970363 np0000006599 devstack@neutron-api.service[90761]: DEBUG neutron.api.extensions [None req-55aa0b08-d256-4422-84f3-ac31457db962 None None] Loading extension file: subnet_external_network.py {{(pid=90761) _load_all_extensions_from_path /opt/stack/neutron/neutron/api/extensions.py:449}}
Aug 06 00:38:54.970453 np0000006599 devstack@neutron-api.service[90762]: DEBUG neutron.api.extensions [None req-a76f3aee-a172-4f59-95e6-99a6f7e42660 None None] Extended resource: l3-agents {{(pid=90762) __init__ /opt/stack/neutron/neutron/api/extensions.py:156}}
Aug 06 00:38:54.970546 np0000006599 devstack@neutron-api.service[90760]: INFO neutron.api.extensions [None req-26bd3635-9e38-4980-860e-f0f58a7562fa None None] Extension agent_sort_key not supported by any of loaded plugins
Aug 06 00:38:54.970546 np0000006599 devstack@neutron-api.service[90760]: DEBUG neutron.api.extensions [None req-26bd3635-9e38-4980-860e-f0f58a7562fa None None] Loading extension file: allowedaddresspairs.py {{(pid=90760) _load_all_extensions_from_path /opt/stack/neutron/neutron/api/extensions.py:449}}
Aug 06 00:38:54.970673 np0000006599 devstack@neutron-api.service[90761]: DEBUG neutron.api.extensions [None req-55aa0b08-d256-4422-84f3-ac31457db962 None None] Ext name="Subnet belongs to an external network" alias="subnet-external-network" description="Informs if the subnet belongs to an external network" updated="2024-02-05T18:00:00-00:00" {{(pid=90761) _check_extension /opt/stack/neutron/neutron/api/extensions.py:415}}
Aug 06 00:38:54.970673 np0000006599 devstack@neutron-api.service[90761]: INFO neutron.api.extensions [None req-55aa0b08-d256-4422-84f3-ac31457db962 None None] Loaded extension: subnet-external-network
Aug 06 00:38:54.970673 np0000006599 devstack@neutron-api.service[90761]: DEBUG neutron.api.extensions [None req-55aa0b08-d256-4422-84f3-ac31457db962 None None] Loading extension file: subnet_onboard.py {{(pid=90761) _load_all_extensions_from_path /opt/stack/neutron/neutron/api/extensions.py:449}}
Aug 06 00:38:54.970848 np0000006599 devstack@neutron-api.service[90762]: DEBUG neutron.api.extensions [None req-a76f3aee-a172-4f59-95e6-99a6f7e42660 None None] Extended resource: network-ip-availabilities {{(pid=90762) __init__ /opt/stack/neutron/neutron/api/extensions.py:156}}
Aug 06 00:38:54.970949 np0000006599 devstack@neutron-api.service[90761]: DEBUG neutron.api.extensions [None req-55aa0b08-d256-4422-84f3-ac31457db962 None None] Ext name="Subnet Onboard" alias="subnet_onboard" description="Provides support for onboarding subnets into subnet pools" updated="2018-12-18T09:00:00-00:00" {{(pid=90761) _check_extension /opt/stack/neutron/neutron/api/extensions.py:415}}
Aug 06 00:38:54.970949 np0000006599 devstack@neutron-api.service[90761]: INFO neutron.api.extensions [None req-55aa0b08-d256-4422-84f3-ac31457db962 None None] Loaded extension: subnet_onboard
Aug 06 00:38:54.970949 np0000006599 devstack@neutron-api.service[90761]: DEBUG neutron.api.extensions [None req-55aa0b08-d256-4422-84f3-ac31457db962 None None] Loading extension file: subnet_segmentid_writable.py {{(pid=90761) _load_all_extensions_from_path /opt/stack/neutron/neutron/api/extensions.py:449}}
