Aug 13 08:53:18.902317 np0000007184 devstack@g-api.service[99781]: DEBUG glance.api.middleware.version_negotiation [None req-663f4070-7218-4453-8eeb-cce88e5726eb tempest-ServerBootFromVolumeStableRescueTest-750221357 tempest-ServerBootFromVolumeStableRescueTest-750221357-project-member] Determining version of request: PATCH /v2/images/be26afba-cc85-442c-ac25-a57b770d8b9c Accept: */* {{(pid=99781) process_request /opt/stack/glance/glance/api/middleware/version_negotiation.py:44}}
Aug 13 08:53:18.902507 np0000007184 devstack@g-api.service[99781]: DEBUG glance.api.middleware.version_negotiation [None req-663f4070-7218-4453-8eeb-cce88e5726eb tempest-ServerBootFromVolumeStableRescueTest-750221357 tempest-ServerBootFromVolumeStableRescueTest-750221357-project-member] Using url versioning {{(pid=99781) process_request /opt/stack/glance/glance/api/middleware/version_negotiation.py:57}}
Aug 13 08:53:18.902507 np0000007184 devstack@g-api.service[99781]: DEBUG glance.api.middleware.version_negotiation [None req-663f4070-7218-4453-8eeb-cce88e5726eb tempest-ServerBootFromVolumeStableRescueTest-750221357 tempest-ServerBootFromVolumeStableRescueTest-750221357-project-member] Matched version: v2 {{(pid=99781) process_request /opt/stack/glance/glance/api/middleware/version_negotiation.py:69}}
Aug 13 08:53:18.902584 np0000007184 devstack@g-api.service[99781]: DEBUG glance.api.middleware.version_negotiation [None req-663f4070-7218-4453-8eeb-cce88e5726eb tempest-ServerBootFromVolumeStableRescueTest-750221357 tempest-ServerBootFromVolumeStableRescueTest-750221357-project-member] new path /v2/images/be26afba-cc85-442c-ac25-a57b770d8b9c {{(pid=99781) process_request /opt/stack/glance/glance/api/middleware/version_negotiation.py:70}}
Aug 13 08:53:19.125904 np0000007184 devstack@g-api.service[99781]: [pid: 99781|app: 0|req: 96/277] 127.0.0.1 () {46 vars in 1154 bytes} [Thu Aug 13 08:53:18 2026] PATCH /v2/images/be26afba-cc85-442c-ac25-a57b770d8b9c => generated 1469 bytes in 224 msecs (HTTP/1.1 200) 4 headers in 158 bytes (1 switches on core 0)
Aug 13 08:53:19.189808 np0000007184 devstack@g-api.service[99780]: DEBUG glance.api.middleware.version_negotiation [None req-663f4070-7218-4453-8eeb-cce88e5726eb tempest-ServerBootFromVolumeStableRescueTest-750221357 tempest-ServerBootFromVolumeStableRescueTest-750221357-project-member] Determining version of request: GET /v2/images/be26afba-cc85-442c-ac25-a57b770d8b9c Accept: */* {{(pid=99780) process_request /opt/stack/glance/glance/api/middleware/version_negotiation.py:44}}
Aug 13 08:53:19.190113 np0000007184 devstack@g-api.service[99780]: DEBUG glance.api.middleware.version_negotiation [None req-663f4070-7218-4453-8eeb-cce88e5726eb tempest-ServerBootFromVolumeStableRescueTest-750221357 tempest-ServerBootFromVolumeStableRescueTest-750221357-project-member] Using url versioning {{(pid=99780) process_request /opt/stack/glance/glance/api/middleware/version_negotiation.py:57}}
Aug 13 08:53:19.190341 np0000007184 devstack@g-api.service[99780]: DEBUG glance.api.middleware.version_negotiation [None req-663f4070-7218-4453-8eeb-cce88e5726eb tempest-ServerBootFromVolumeStableRescueTest-750221357 tempest-ServerBootFromVolumeStableRescueTest-750221357-project-member] Matched version: v2 {{(pid=99780) process_request /opt/stack/glance/glance/api/middleware/version_negotiation.py:69}}
Aug 13 08:53:19.190479 np0000007184 devstack@g-api.service[99780]: DEBUG glance.api.middleware.version_negotiation [None req-663f4070-7218-4453-8eeb-cce88e5726eb tempest-ServerBootFromVolumeStableRescueTest-750221357 tempest-ServerBootFromVolumeStableRescueTest-750221357-project-member] new path /v2/images/be26afba-cc85-442c-ac25-a57b770d8b9c {{(pid=99780) process_request /opt/stack/glance/glance/api/middleware/version_negotiation.py:70}}
Aug 13 08:53:19.203948 np0000007184 devstack@g-api.service[99780]: [pid: 99780|app: 0|req: 92/278] 127.0.0.1 () {44 vars in 1111 bytes} [Thu Aug 13 08:53:19 2026] GET /v2/images/be26afba-cc85-442c-ac25-a57b770d8b9c => generated 1469 bytes in 14 msecs (HTTP/1.1 200) 4 headers in 158 bytes (1 switches on core 0)
Aug 13 08:53:19.264542 np0000007184 devstack@g-api.service[99779]: DEBUG glance.api.middleware.version_negotiation [None req-663f4070-7218-4453-8eeb-cce88e5726eb tempest-ServerBootFromVolumeStableRescueTest-750221357 tempest-ServerBootFromVolumeStableRescueTest-750221357-project-member] Determining version of request: PUT /v2/images/be26afba-cc85-442c-ac25-a57b770d8b9c/file Accept: */* {{(pid=99779) process_request /opt/stack/glance/glance/api/middleware/version_negotiation.py:44}}
Aug 13 08:53:19.264542 np0000007184 devstack@g-api.service[99779]: DEBUG glance.api.middleware.version_negotiation [None req-663f4070-7218-4453-8eeb-cce88e5726eb tempest-ServerBootFromVolumeStableRescueTest-750221357 tempest-ServerBootFromVolumeStableRescueTest-750221357-project-member] Using url versioning {{(pid=99779) process_request /opt/stack/glance/glance/api/middleware/version_negotiation.py:57}}
Aug 13 08:53:19.264542 np0000007184 devstack@g-api.service[99779]: DEBUG glance.api.middleware.version_negotiation [None req-663f4070-7218-4453-8eeb-cce88e5726eb tempest-ServerBootFromVolumeStableRescueTest-750221357 tempest-ServerBootFromVolumeStableRescueTest-750221357-project-member] Matched version: v2 {{(pid=99779) process_request /opt/stack/glance/glance/api/middleware/version_negotiation.py:69}}
Aug 13 08:53:19.264542 np0000007184 devstack@g-api.service[99779]: DEBUG glance.api.middleware.version_negotiation [None req-663f4070-7218-4453-8eeb-cce88e5726eb tempest-ServerBootFromVolumeStableRescueTest-750221357 tempest-ServerBootFromVolumeStableRescueTest-750221357-project-member] new path /v2/images/be26afba-cc85-442c-ac25-a57b770d8b9c/file {{(pid=99779) process_request /opt/stack/glance/glance/api/middleware/version_negotiation.py:70}}
Aug 13 08:53:19.351483 np0000007184 devstack@g-api.service[99781]: DEBUG glance.api.middleware.version_negotiation [None req-663f4070-7218-4453-8eeb-cce88e5726eb tempest-ServerBootFromVolumeStableRescueTest-750221357 tempest-ServerBootFromVolumeStableRescueTest-750221357-project-member] Determining version of request: GET /v2/images/be26afba-cc85-442c-ac25-a57b770d8b9c Accept: application/json {{(pid=99781) process_request /opt/stack/glance/glance/api/middleware/version_negotiation.py:44}}
Aug 13 08:53:19.351483 np0000007184 devstack@g-api.service[99781]: DEBUG glance.api.middleware.version_negotiation [None req-663f4070-7218-4453-8eeb-cce88e5726eb tempest-ServerBootFromVolumeStableRescueTest-750221357 tempest-ServerBootFromVolumeStableRescueTest-750221357-project-member] Using url versioning {{(pid=99781) process_request /opt/stack/glance/glance/api/middleware/version_negotiation.py:57}}
Aug 13 08:53:19.351483 np0000007184 devstack@g-api.service[99781]: DEBUG glance.api.middleware.version_negotiation [None req-663f4070-7218-4453-8eeb-cce88e5726eb tempest-ServerBootFromVolumeStableRescueTest-750221357 tempest-ServerBootFromVolumeStableRescueTest-750221357-project-member] Matched version: v2 {{(pid=99781) process_request /opt/stack/glance/glance/api/middleware/version_negotiation.py:69}}
Aug 13 08:53:19.351483 np0000007184 devstack@g-api.service[99781]: DEBUG glance.api.middleware.version_negotiation [None req-663f4070-7218-4453-8eeb-cce88e5726eb tempest-ServerBootFromVolumeStableRescueTest-750221357 tempest-ServerBootFromVolumeStableRescueTest-750221357-project-member] new path /v2/images/be26afba-cc85-442c-ac25-a57b770d8b9c {{(pid=99781) process_request /opt/stack/glance/glance/api/middleware/version_negotiation.py:70}}
Aug 13 08:53:19.373433 np0000007184 devstack@g-api.service[99781]: [pid: 99781|app: 0|req: 97/279] 127.0.0.1 () {40 vars in 834 bytes} [Thu Aug 13 08:53:19 2026] GET /v2/images/be26afba-cc85-442c-ac25-a57b770d8b9c => generated 1469 bytes in 23 msecs (HTTP/1.1 200) 4 headers in 158 bytes (1 switches on core 0)
Aug 13 08:53:19.819786 np0000007184 devstack@g-api.service[99779]: INFO glance.api.v2.image_data [None req-663f4070-7218-4453-8eeb-cce88e5726eb tempest-ServerBootFromVolumeStableRescueTest-750221357 tempest-ServerBootFromVolumeStableRescueTest-750221357-project-member] Unable to create trust: no such option collect_timing in group [keystone_authtoken] Use the existing user token.
Aug 13 08:53:20.383376 np0000007184 devstack@g-api.service[99780]: DEBUG glance.api.middleware.version_negotiation [None req-663f4070-7218-4453-8eeb-cce88e5726eb tempest-ServerBootFromVolumeStableRescueTest-750221357 tempest-ServerBootFromVolumeStableRescueTest-750221357-project-member] Determining version of request: GET /v2/images/be26afba-cc85-442c-ac25-a57b770d8b9c Accept: application/json {{(pid=99780) process_request /opt/stack/glance/glance/api/middleware/version_negotiation.py:44}}
Aug 13 08:53:20.384053 np0000007184 devstack@g-api.service[99780]: DEBUG glance.api.middleware.version_negotiation [None req-663f4070-7218-4453-8eeb-cce88e5726eb tempest-ServerBootFromVolumeStableRescueTest-750221357 tempest-ServerBootFromVolumeStableRescueTest-750221357-project-member] Using url versioning {{(pid=99780) process_request /opt/stack/glance/glance/api/middleware/version_negotiation.py:57}}
Aug 13 08:53:20.384053 np0000007184 devstack@g-api.service[99780]: DEBUG glance.api.middleware.version_negotiation [None req-663f4070-7218-4453-8eeb-cce88e5726eb tempest-ServerBootFromVolumeStableRescueTest-750221357 tempest-ServerBootFromVolumeStableRescueTest-750221357-project-member] Matched version: v2 {{(pid=99780) process_request /opt/stack/glance/glance/api/middleware/version_negotiation.py:69}}
Aug 13 08:53:20.384053 np0000007184 devstack@g-api.service[99780]: DEBUG glance.api.middleware.version_negotiation [None req-663f4070-7218-4453-8eeb-cce88e5726eb tempest-ServerBootFromVolumeStableRescueTest-750221357 tempest-ServerBootFromVolumeStableRescueTest-750221357-project-member] new path /v2/images/be26afba-cc85-442c-ac25-a57b770d8b9c {{(pid=99780) process_request /opt/stack/glance/glance/api/middleware/version_negotiation.py:70}}
Aug 13 08:53:20.392195 np0000007184 devstack@g-api.service[99779]: DEBUG glance.location [None req-663f4070-7218-4453-8eeb-cce88e5726eb tempest-ServerBootFromVolumeStableRescueTest-750221357 tempest-ServerBootFromVolumeStableRescueTest-750221357-project-member] Enabling in-flight format inspection for qcow2 {{(pid=99779) set_data /opt/stack/glance/glance/location.py:596}}
Aug 13 08:53:20.392765 np0000007184 devstack@g-api.service[99779]: DEBUG glance_store.backend [None req-663f4070-7218-4453-8eeb-cce88e5726eb tempest-ServerBootFromVolumeStableRescueTest-750221357 tempest-ServerBootFromVolumeStableRescueTest-750221357-project-member] Attempting to import store swift {{(pid=99779) _load_store /opt/stack/data/venv/lib/python3.12/site-packages/glance_store/backend.py:215}}
Aug 13 08:53:20.396220 np0000007184 devstack@g-api.service[99779]: DEBUG glance_store.capabilities [None req-663f4070-7218-4453-8eeb-cce88e5726eb tempest-ServerBootFromVolumeStableRescueTest-750221357 tempest-ServerBootFromVolumeStableRescueTest-750221357-project-member] Store glance_store._drivers.swift.store.SingleTenantStore doesn't support updating dynamic storage capabilities. Please overwrite 'update_capabilities' method of the store to implement updating logics if needed. {{(pid=99779) update_capabilities /opt/stack/data/venv/lib/python3.12/site-packages/glance_store/capabilities.py:91}}
Aug 13 08:53:20.396324 np0000007184 devstack@g-api.service[99779]: DEBUG glance_store.driver [None req-663f4070-7218-4453-8eeb-cce88e5726eb tempest-ServerBootFromVolumeStableRescueTest-750221357 tempest-ServerBootFromVolumeStableRescueTest-750221357-project-member] Late loading location class glance_store._drivers.swift.store.StoreLocation {{(pid=99779) get_store_location_class /opt/stack/data/venv/lib/python3.12/site-packages/glance_store/driver.py:134}}
Aug 13 08:53:20.397569 np0000007184 devstack@g-api.service[99780]: [pid: 99780|app: 0|req: 93/280] 127.0.0.1 () {40 vars in 834 bytes} [Thu Aug 13 08:53:20 2026] GET /v2/images/be26afba-cc85-442c-ac25-a57b770d8b9c => generated 1469 bytes in 14 msecs (HTTP/1.1 200) 4 headers in 158 bytes (1 switches on core 0)
Aug 13 08:53:20.398558 np0000007184 devstack@g-api.service[99779]: DEBUG glance_store.location [None req-663f4070-7218-4453-8eeb-cce88e5726eb tempest-ServerBootFromVolumeStableRescueTest-750221357 tempest-ServerBootFromVolumeStableRescueTest-750221357-project-member] Registering scheme swift+https with {'store': , 'location_class': , 'store_entry': 'swift'} {{(pid=99779) register_scheme_map /opt/stack/data/venv/lib/python3.12/site-packages/glance_store/location.py:146}}
Aug 13 08:53:20.398558 np0000007184 devstack@g-api.service[99779]: DEBUG glance_store.location [None req-663f4070-7218-4453-8eeb-cce88e5726eb tempest-ServerBootFromVolumeStableRescueTest-750221357 tempest-ServerBootFromVolumeStableRescueTest-750221357-project-member] Registering scheme swift+https with {'store': , 'location_class': , 'store_entry': 'swift'} {{(pid=99779) register_scheme_map /opt/stack/data/venv/lib/python3.12/site-packages/glance_store/location.py:146}}
Aug 13 08:53:20.399225 np0000007184 devstack@g-api.service[99779]: DEBUG glance_store.location [None req-663f4070-7218-4453-8eeb-cce88e5726eb tempest-ServerBootFromVolumeStableRescueTest-750221357 tempest-ServerBootFromVolumeStableRescueTest-750221357-project-member] Registering scheme swift with {'store': , 'location_class': , 'store_entry': 'swift'} {{(pid=99779) register_scheme_map /opt/stack/data/venv/lib/python3.12/site-packages/glance_store/location.py:146}}
Aug 13 08:53:20.399225 np0000007184 devstack@g-api.service[99779]: DEBUG glance_store.location [None req-663f4070-7218-4453-8eeb-cce88e5726eb tempest-ServerBootFromVolumeStableRescueTest-750221357 tempest-ServerBootFromVolumeStableRescueTest-750221357-project-member] Registering scheme swift+https with {'store': , 'location_class': , 'store_entry': 'swift'} {{(pid=99779) register_scheme_map /opt/stack/data/venv/lib/python3.12/site-packages/glance_store/location.py:146}}
Aug 13 08:53:20.399225 np0000007184 devstack@g-api.service[99779]: DEBUG glance_store.location [None req-663f4070-7218-4453-8eeb-cce88e5726eb tempest-ServerBootFromVolumeStableRescueTest-750221357 tempest-ServerBootFromVolumeStableRescueTest-750221357-project-member] Registering scheme swift with {'store': , 'location_class': , 'store_entry': 'swift'} {{(pid=99779) register_scheme_map /opt/stack/data/venv/lib/python3.12/site-packages/glance_store/location.py:146}}
Aug 13 08:53:20.399225 np0000007184 devstack@g-api.service[99779]: DEBUG glance_store.location [None req-663f4070-7218-4453-8eeb-cce88e5726eb tempest-ServerBootFromVolumeStableRescueTest-750221357 tempest-ServerBootFromVolumeStableRescueTest-750221357-project-member] Registering scheme swift+http with {'store': , 'location_class': , 'store_entry': 'swift'} {{(pid=99779) register_scheme_map /opt/stack/data/venv/lib/python3.12/site-packages/glance_store/location.py:146}}
Aug 13 08:53:20.399225 np0000007184 devstack@g-api.service[99779]: DEBUG glance_store.location [None req-663f4070-7218-4453-8eeb-cce88e5726eb tempest-ServerBootFromVolumeStableRescueTest-750221357 tempest-ServerBootFromVolumeStableRescueTest-750221357-project-member] Registering scheme swift+https with {'store': , 'location_class': , 'store_entry': 'swift'} {{(pid=99779) register_scheme_map /opt/stack/data/venv/lib/python3.12/site-packages/glance_store/location.py:146}}
Aug 13 08:53:20.399225 np0000007184 devstack@g-api.service[99779]: DEBUG glance_store.location [None req-663f4070-7218-4453-8eeb-cce88e5726eb tempest-ServerBootFromVolumeStableRescueTest-750221357 tempest-ServerBootFromVolumeStableRescueTest-750221357-project-member] Registering scheme swift with {'store': , 'location_class': , 'store_entry': 'swift'} {{(pid=99779) register_scheme_map /opt/stack/data/venv/lib/python3.12/site-packages/glance_store/location.py:146}}
Aug 13 08:53:20.399225 np0000007184 devstack@g-api.service[99779]: DEBUG glance_store.location [None req-663f4070-7218-4453-8eeb-cce88e5726eb tempest-ServerBootFromVolumeStableRescueTest-750221357 tempest-ServerBootFromVolumeStableRescueTest-750221357-project-member] Registering scheme swift+http with {'store': , 'location_class': , 'store_entry': 'swift'} {{(pid=99779) register_scheme_map /opt/stack/data/venv/lib/python3.12/site-packages/glance_store/location.py:146}}
Aug 13 08:53:20.399225 np0000007184 devstack@g-api.service[99779]: DEBUG glance_store.location [None req-663f4070-7218-4453-8eeb-cce88e5726eb tempest-ServerBootFromVolumeStableRescueTest-750221357 tempest-ServerBootFromVolumeStableRescueTest-750221357-project-member] Registering scheme swift+config with {'store': , 'location_class': , 'store_entry': 'swift'} {{(pid=99779) register_scheme_map /opt/stack/data/venv/lib/python3.12/site-packages/glance_store/location.py:146}}
Aug 13 08:53:20.679184 np0000007184 devstack@g-api.service[99779]: DEBUG swiftclient [None req-663f4070-7218-4453-8eeb-cce88e5726eb tempest-ServerBootFromVolumeStableRescueTest-750221357 tempest-ServerBootFromVolumeStableRescueTest-750221357-project-member] REQ: curl -i https://10.4.3.26:8080/v1/AUTH_35a88ba1f5c842878c7502bf5e709dd1/glance -I -H "X-Auth-Token: gAAAAABqfYYAJD-N..." {{(pid=99779) http_log /opt/stack/data/venv/lib/python3.12/site-packages/swiftclient/client.py:160}}
Aug 13 08:53:20.679328 np0000007184 devstack@g-api.service[99779]: DEBUG swiftclient [None req-663f4070-7218-4453-8eeb-cce88e5726eb tempest-ServerBootFromVolumeStableRescueTest-750221357 tempest-ServerBootFromVolumeStableRescueTest-750221357-project-member] RESP STATUS: 204 No Content {{(pid=99779) http_log /opt/stack/data/venv/lib/python3.12/site-packages/swiftclient/client.py:161}}
Aug 13 08:53:20.679623 np0000007184 devstack@g-api.service[99779]: DEBUG swiftclient [None req-663f4070-7218-4453-8eeb-cce88e5726eb tempest-ServerBootFromVolumeStableRescueTest-750221357 tempest-ServerBootFromVolumeStableRescueTest-750221357-project-member] RESP HEADERS: {'Date': 'Thu, 13 Aug 2026 08:53:20 GMT', 'Server': 'Apache/2.4.58 (Ubuntu)', 'Content-Type': 'text/plain; charset=utf-8', 'X-Container-Object-Count': '5', 'X-Container-Bytes-Used': '87883776', 'X-Timestamp': '1786610821.54737', 'Last-Modified': 'Thu, 13 Aug 2026 08:47:02 GMT', 'Accept-Ranges': 'bytes', 'X-Storage-Policy': 'Policy-0', 'X-Container-Sharding': 'False', 'Vary': 'Accept', 'X-Trans-Id': 'tx1ce8b7c1f09745119bbbd-006a7d8600', 'X-Openstack-Request-Id': 'tx1ce8b7c1f09745119bbbd-006a7d8600', 'Connection': 'close'} {{(pid=99779) http_log /opt/stack/data/venv/lib/python3.12/site-packages/swiftclient/client.py:162}}
Aug 13 08:53:20.680779 np0000007184 devstack@g-api.service[99779]: DEBUG glance_store._drivers.swift.store [None req-663f4070-7218-4453-8eeb-cce88e5726eb tempest-ServerBootFromVolumeStableRescueTest-750221357 tempest-ServerBootFromVolumeStableRescueTest-750221357-project-member] Adding image object 'be26afba-cc85-442c-ac25-a57b770d8b9c' to Swift {{(pid=99779) add /opt/stack/data/venv/lib/python3.12/site-packages/glance_store/_drivers/swift/store.py:970}}
Aug 13 08:53:20.680779 np0000007184 devstack@g-api.service[99779]: DEBUG glance_store._drivers.swift.store [None req-663f4070-7218-4453-8eeb-cce88e5726eb tempest-ServerBootFromVolumeStableRescueTest-750221357 tempest-ServerBootFromVolumeStableRescueTest-750221357-project-member] Cannot determine image size because it is either not provided in the request or chunked-transfer encoding is used. Adding image as a segmented object to Swift. {{(pid=99779) add /opt/stack/data/venv/lib/python3.12/site-packages/glance_store/_drivers/swift/store.py:994}}
Aug 13 08:53:20.689862 np0000007184 devstack@g-api.service[99779]: DEBUG oslo_utils.imageutils.format_inspector [None req-663f4070-7218-4453-8eeb-cce88e5726eb tempest-ServerBootFromVolumeStableRescueTest-750221357 tempest-ServerBootFromVolumeStableRescueTest-750221357-project-member] Format inspector for vmdk does not match, excluding from consideration (Signature KDMV not found: b'QFI\xfb') {{(pid=99779) _process_chunk /opt/stack/data/venv/lib/python3.12/site-packages/oslo_utils/imageutils/format_inspector.py:1758}}
Aug 13 08:53:20.695678 np0000007184 devstack@g-api.service[99779]: DEBUG oslo_utils.imageutils.format_inspector [None req-663f4070-7218-4453-8eeb-cce88e5726eb tempest-ServerBootFromVolumeStableRescueTest-750221357 tempest-ServerBootFromVolumeStableRescueTest-750221357-project-member] Format inspector for vhdx does not match, excluding from consideration (Region signature not found at 30000) {{(pid=99779) _process_chunk /opt/stack/data/venv/lib/python3.12/site-packages/oslo_utils/imageutils/format_inspector.py:1758}}
Aug 13 08:53:20.824554 np0000007184 devstack@g-api.service[99781]: DEBUG glance.api.middleware.version_negotiation [None req-a92a558b-e4a4-479b-ab7f-c56a79a4c0af tempest-ServerBootFromVolumeStableRescueTest-750221357 tempest-ServerBootFromVolumeStableRescueTest-750221357-project-member] Determining version of request: GET /v2/images/ccc92f3a-770e-4544-a11f-2f012496df90 Accept: application/json {{(pid=99781) process_request /opt/stack/glance/glance/api/middleware/version_negotiation.py:44}}
Aug 13 08:53:20.824554 np0000007184 devstack@g-api.service[99781]: DEBUG glance.api.middleware.version_negotiation [None req-a92a558b-e4a4-479b-ab7f-c56a79a4c0af tempest-ServerBootFromVolumeStableRescueTest-750221357 tempest-ServerBootFromVolumeStableRescueTest-750221357-project-member] Using url versioning {{(pid=99781) process_request /opt/stack/glance/glance/api/middleware/version_negotiation.py:57}}
Aug 13 08:53:20.825253 np0000007184 devstack@g-api.service[99781]: DEBUG glance.api.middleware.version_negotiation [None req-a92a558b-e4a4-479b-ab7f-c56a79a4c0af tempest-ServerBootFromVolumeStableRescueTest-750221357 tempest-ServerBootFromVolumeStableRescueTest-750221357-project-member] Matched version: v2 {{(pid=99781) process_request /opt/stack/glance/glance/api/middleware/version_negotiation.py:69}}
Aug 13 08:53:20.825253 np0000007184 devstack@g-api.service[99781]: DEBUG glance.api.middleware.version_negotiation [None req-a92a558b-e4a4-479b-ab7f-c56a79a4c0af tempest-ServerBootFromVolumeStableRescueTest-750221357 tempest-ServerBootFromVolumeStableRescueTest-750221357-project-member] new path /v2/images/ccc92f3a-770e-4544-a11f-2f012496df90 {{(pid=99781) process_request /opt/stack/glance/glance/api/middleware/version_negotiation.py:70}}
Aug 13 08:53:20.847321 np0000007184 devstack@g-api.service[99781]: [pid: 99781|app: 0|req: 98/281] 127.0.0.1 () {40 vars in 834 bytes} [Thu Aug 13 08:53:20 2026] GET /v2/images/ccc92f3a-770e-4544-a11f-2f012496df90 => generated 1044 bytes in 23 msecs (HTTP/1.1 200) 4 headers in 158 bytes (1 switches on core 0)
Aug 13 08:53:20.871099 np0000007184 devstack@g-api.service[99780]: DEBUG glance.api.middleware.version_negotiation [None req-a8ed5073-2e30-49a8-b61c-9346944a0567 tempest-ServerBootFromVolumeStableRescueTest-750221357 tempest-ServerBootFromVolumeStableRescueTest-750221357-project-member] Determining version of request: GET /v2/images/ccc92f3a-770e-4544-a11f-2f012496df90 Accept: */* {{(pid=99780) process_request /opt/stack/glance/glance/api/middleware/version_negotiation.py:44}}
Aug 13 08:53:20.871364 np0000007184 devstack@g-api.service[99780]: DEBUG glance.api.middleware.version_negotiation [None req-a8ed5073-2e30-49a8-b61c-9346944a0567 tempest-ServerBootFromVolumeStableRescueTest-750221357 tempest-ServerBootFromVolumeStableRescueTest-750221357-project-member] Using url versioning {{(pid=99780) process_request /opt/stack/glance/glance/api/middleware/version_negotiation.py:57}}
Aug 13 08:53:20.871523 np0000007184 devstack@g-api.service[99780]: DEBUG glance.api.middleware.version_negotiation [None req-a8ed5073-2e30-49a8-b61c-9346944a0567 tempest-ServerBootFromVolumeStableRescueTest-750221357 tempest-ServerBootFromVolumeStableRescueTest-750221357-project-member] Matched version: v2 {{(pid=99780) process_request /opt/stack/glance/glance/api/middleware/version_negotiation.py:69}}
Aug 13 08:53:20.871699 np0000007184 devstack@g-api.service[99780]: DEBUG glance.api.middleware.version_negotiation [None req-a8ed5073-2e30-49a8-b61c-9346944a0567 tempest-ServerBootFromVolumeStableRescueTest-750221357 tempest-ServerBootFromVolumeStableRescueTest-750221357-project-member] new path /v2/images/ccc92f3a-770e-4544-a11f-2f012496df90 {{(pid=99780) process_request /opt/stack/glance/glance/api/middleware/version_negotiation.py:70}}
Aug 13 08:53:20.885506 np0000007184 devstack@g-api.service[99780]: [pid: 99780|app: 0|req: 94/282] 127.0.0.1 () {44 vars in 1111 bytes} [Thu Aug 13 08:53:20 2026] GET /v2/images/ccc92f3a-770e-4544-a11f-2f012496df90 => generated 1044 bytes in 15 msecs (HTTP/1.1 200) 4 headers in 158 bytes (1 switches on core 0)
Aug 13 08:53:20.894783 np0000007184 devstack@g-api.service[99781]: DEBUG glance.api.middleware.version_negotiation [None req-feeeae00-6b31-4676-825f-37a6225bb24c tempest-TestVolumeBootPattern-176466390 tempest-TestVolumeBootPattern-176466390-project-member] Determining version of request: GET /v2/schemas/image Accept: */* {{(pid=99781) process_request /opt/stack/glance/glance/api/middleware/version_negotiation.py:44}}
Aug 13 08:53:20.895041 np0000007184 devstack@g-api.service[99781]: DEBUG glance.api.middleware.version_negotiation [None req-feeeae00-6b31-4676-825f-37a6225bb24c tempest-TestVolumeBootPattern-176466390 tempest-TestVolumeBootPattern-176466390-project-member] Using url versioning {{(pid=99781) process_request /opt/stack/glance/glance/api/middleware/version_negotiation.py:57}}
Aug 13 08:53:20.895198 np0000007184 devstack@g-api.service[99781]: DEBUG glance.api.middleware.version_negotiation [None req-feeeae00-6b31-4676-825f-37a6225bb24c tempest-TestVolumeBootPattern-176466390 tempest-TestVolumeBootPattern-176466390-project-member] Matched version: v2 {{(pid=99781) process_request /opt/stack/glance/glance/api/middleware/version_negotiation.py:69}}
Aug 13 08:53:20.895303 np0000007184 devstack@g-api.service[99781]: DEBUG glance.api.middleware.version_negotiation [None req-feeeae00-6b31-4676-825f-37a6225bb24c tempest-TestVolumeBootPattern-176466390 tempest-TestVolumeBootPattern-176466390-project-member] new path /v2/schemas/image {{(pid=99781) process_request /opt/stack/glance/glance/api/middleware/version_negotiation.py:70}}
Aug 13 08:53:20.899212 np0000007184 devstack@g-api.service[99781]: [pid: 99781|app: 0|req: 99/283] 127.0.0.1 () {44 vars in 1051 bytes} [Thu Aug 13 08:53:20 2026] GET /v2/schemas/image => generated 6083 bytes in 3 msecs (HTTP/1.1 200) 4 headers in 158 bytes (1 switches on core 0)
Aug 13 08:53:20.907621 np0000007184 devstack@g-api.service[99780]: DEBUG glance.api.middleware.version_negotiation [None req-739e3582-27eb-43c7-bf81-32a92cee100c tempest-TestVolumeBootPattern-176466390 tempest-TestVolumeBootPattern-176466390-project-member] Determining version of request: GET /v2/schemas/image Accept: */* {{(pid=99780) process_request /opt/stack/glance/glance/api/middleware/version_negotiation.py:44}}
Aug 13 08:53:20.907621 np0000007184 devstack@g-api.service[99780]: DEBUG glance.api.middleware.version_negotiation [None req-739e3582-27eb-43c7-bf81-32a92cee100c tempest-TestVolumeBootPattern-176466390 tempest-TestVolumeBootPattern-176466390-project-member] Using url versioning {{(pid=99780) process_request /opt/stack/glance/glance/api/middleware/version_negotiation.py:57}}
Aug 13 08:53:20.907621 np0000007184 devstack@g-api.service[99780]: DEBUG glance.api.middleware.version_negotiation [None req-739e3582-27eb-43c7-bf81-32a92cee100c tempest-TestVolumeBootPattern-176466390 tempest-TestVolumeBootPattern-176466390-project-member] Matched version: v2 {{(pid=99780) process_request /opt/stack/glance/glance/api/middleware/version_negotiation.py:69}}
Aug 13 08:53:20.907621 np0000007184 devstack@g-api.service[99780]: DEBUG glance.api.middleware.version_negotiation [None req-739e3582-27eb-43c7-bf81-32a92cee100c tempest-TestVolumeBootPattern-176466390 tempest-TestVolumeBootPattern-176466390-project-member] new path /v2/schemas/image {{(pid=99780) process_request /opt/stack/glance/glance/api/middleware/version_negotiation.py:70}}
Aug 13 08:53:20.910361 np0000007184 devstack@g-api.service[99780]: [pid: 99780|app: 0|req: 95/284] 127.0.0.1 () {44 vars in 1051 bytes} [Thu Aug 13 08:53:20 2026] GET /v2/schemas/image => generated 6083 bytes in 4 msecs (HTTP/1.1 200) 4 headers in 158 bytes (1 switches on core 0)
Aug 13 08:53:20.920049 np0000007184 devstack@g-api.service[99781]: DEBUG glance.api.middleware.version_negotiation [None req-739e3582-27eb-43c7-bf81-32a92cee100c tempest-TestVolumeBootPattern-176466390 tempest-TestVolumeBootPattern-176466390-project-member] Determining version of request: GET /v2/images/ccc92f3a-770e-4544-a11f-2f012496df90 Accept: */* {{(pid=99781) process_request /opt/stack/glance/glance/api/middleware/version_negotiation.py:44}}
Aug 13 08:53:20.920223 np0000007184 devstack@g-api.service[99781]: DEBUG glance.api.middleware.version_negotiation [None req-739e3582-27eb-43c7-bf81-32a92cee100c tempest-TestVolumeBootPattern-176466390 tempest-TestVolumeBootPattern-176466390-project-member] Using url versioning {{(pid=99781) process_request /opt/stack/glance/glance/api/middleware/version_negotiation.py:57}}
Aug 13 08:53:20.920423 np0000007184 devstack@g-api.service[99781]: DEBUG glance.api.middleware.version_negotiation [None req-739e3582-27eb-43c7-bf81-32a92cee100c tempest-TestVolumeBootPattern-176466390 tempest-TestVolumeBootPattern-176466390-project-member] Matched version: v2 {{(pid=99781) process_request /opt/stack/glance/glance/api/middleware/version_negotiation.py:69}}
Aug 13 08:53:20.920500 np0000007184 devstack@g-api.service[99781]: DEBUG glance.api.middleware.version_negotiation [None req-739e3582-27eb-43c7-bf81-32a92cee100c tempest-TestVolumeBootPattern-176466390 tempest-TestVolumeBootPattern-176466390-project-member] new path /v2/images/ccc92f3a-770e-4544-a11f-2f012496df90 {{(pid=99781) process_request /opt/stack/glance/glance/api/middleware/version_negotiation.py:70}}
Aug 13 08:53:20.934571 np0000007184 devstack@g-api.service[99781]: [pid: 99781|app: 0|req: 100/285] 127.0.0.1 () {44 vars in 1111 bytes} [Thu Aug 13 08:53:20 2026] GET /v2/images/ccc92f3a-770e-4544-a11f-2f012496df90 => generated 1044 bytes in 14 msecs (HTTP/1.1 200) 4 headers in 158 bytes (1 switches on core 0)
Aug 13 08:53:20.943038 np0000007184 devstack@g-api.service[99780]: DEBUG glance.api.middleware.version_negotiation [None req-739e3582-27eb-43c7-bf81-32a92cee100c tempest-TestVolumeBootPattern-176466390 tempest-TestVolumeBootPattern-176466390-project-member] Determining version of request: GET /v2/schemas/image Accept: */* {{(pid=99780) process_request /opt/stack/glance/glance/api/middleware/version_negotiation.py:44}}
Aug 13 08:53:20.943292 np0000007184 devstack@g-api.service[99780]: DEBUG glance.api.middleware.version_negotiation [None req-739e3582-27eb-43c7-bf81-32a92cee100c tempest-TestVolumeBootPattern-176466390 tempest-TestVolumeBootPattern-176466390-project-member] Using url versioning {{(pid=99780) process_request /opt/stack/glance/glance/api/middleware/version_negotiation.py:57}}
Aug 13 08:53:20.943496 np0000007184 devstack@g-api.service[99780]: DEBUG glance.api.middleware.version_negotiation [None req-739e3582-27eb-43c7-bf81-32a92cee100c tempest-TestVolumeBootPattern-176466390 tempest-TestVolumeBootPattern-176466390-project-member] Matched version: v2 {{(pid=99780) process_request /opt/stack/glance/glance/api/middleware/version_negotiation.py:69}}
Aug 13 08:53:20.943665 np0000007184 devstack@g-api.service[99780]: DEBUG glance.api.middleware.version_negotiation [None req-739e3582-27eb-43c7-bf81-32a92cee100c tempest-TestVolumeBootPattern-176466390 tempest-TestVolumeBootPattern-176466390-project-member] new path /v2/schemas/image {{(pid=99780) process_request /opt/stack/glance/glance/api/middleware/version_negotiation.py:70}}
Aug 13 08:53:20.946651 np0000007184 devstack@g-api.service[99780]: [pid: 99780|app: 0|req: 96/286] 127.0.0.1 () {44 vars in 1051 bytes} [Thu Aug 13 08:53:20 2026] GET /v2/schemas/image => generated 6083 bytes in 4 msecs (HTTP/1.1 200) 4 headers in 158 bytes (1 switches on core 0)
Aug 13 08:53:20.962391 np0000007184 devstack@g-api.service[99781]: DEBUG glance.api.middleware.version_negotiation [None req-739e3582-27eb-43c7-bf81-32a92cee100c tempest-TestVolumeBootPattern-176466390 tempest-TestVolumeBootPattern-176466390-project-member] Determining version of request: GET /v2/schemas/image Accept: */* {{(pid=99781) process_request /opt/stack/glance/glance/api/middleware/version_negotiation.py:44}}
Aug 13 08:53:20.962664 np0000007184 devstack@g-api.service[99781]: DEBUG glance.api.middleware.version_negotiation [None req-739e3582-27eb-43c7-bf81-32a92cee100c tempest-TestVolumeBootPattern-176466390 tempest-TestVolumeBootPattern-176466390-project-member] Using url versioning {{(pid=99781) process_request /opt/stack/glance/glance/api/middleware/version_negotiation.py:57}}
Aug 13 08:53:20.962857 np0000007184 devstack@g-api.service[99781]: DEBUG glance.api.middleware.version_negotiation [None req-739e3582-27eb-43c7-bf81-32a92cee100c tempest-TestVolumeBootPattern-176466390 tempest-TestVolumeBootPattern-176466390-project-member] Matched version: v2 {{(pid=99781) process_request /opt/stack/glance/glance/api/middleware/version_negotiation.py:69}}
Aug 13 08:53:20.962954 np0000007184 devstack@g-api.service[99781]: DEBUG glance.api.middleware.version_negotiation [None req-739e3582-27eb-43c7-bf81-32a92cee100c tempest-TestVolumeBootPattern-176466390 tempest-TestVolumeBootPattern-176466390-project-member] new path /v2/schemas/image {{(pid=99781) process_request /opt/stack/glance/glance/api/middleware/version_negotiation.py:70}}
Aug 13 08:53:20.965834 np0000007184 devstack@g-api.service[99781]: [pid: 99781|app: 0|req: 101/287] 127.0.0.1 () {44 vars in 1051 bytes} [Thu Aug 13 08:53:20 2026] GET /v2/schemas/image => generated 6083 bytes in 4 msecs (HTTP/1.1 200) 4 headers in 158 bytes (1 switches on core 0)
Aug 13 08:53:20.978474 np0000007184 devstack@g-api.service[99779]: DEBUG swiftclient [None req-663f4070-7218-4453-8eeb-cce88e5726eb tempest-ServerBootFromVolumeStableRescueTest-750221357 tempest-ServerBootFromVolumeStableRescueTest-750221357-project-member] REQ: curl -i https://10.4.3.26:8080/v1/AUTH_35a88ba1f5c842878c7502bf5e709dd1/glance/be26afba-cc85-442c-ac25-a57b770d8b9c-00001 -X PUT -H "X-Auth-Token: gAAAAABqfYYAJD-N..." {{(pid=99779) http_log /opt/stack/data/venv/lib/python3.12/site-packages/swiftclient/client.py:160}}
Aug 13 08:53:20.978916 np0000007184 devstack@g-api.service[99779]: DEBUG swiftclient [None req-663f4070-7218-4453-8eeb-cce88e5726eb tempest-ServerBootFromVolumeStableRescueTest-750221357 tempest-ServerBootFromVolumeStableRescueTest-750221357-project-member] RESP STATUS: 201 Created {{(pid=99779) http_log /opt/stack/data/venv/lib/python3.12/site-packages/swiftclient/client.py:161}}
Aug 13 08:53:20.978916 np0000007184 devstack@g-api.service[99779]: DEBUG swiftclient [None req-663f4070-7218-4453-8eeb-cce88e5726eb tempest-ServerBootFromVolumeStableRescueTest-750221357 tempest-ServerBootFromVolumeStableRescueTest-750221357-project-member] RESP HEADERS: {'Date': 'Thu, 13 Aug 2026 08:53:20 GMT', 'Server': 'Apache/2.4.58 (Ubuntu)', 'Content-Type': 'text/html; charset=UTF-8', 'Content-Length': '0', 'Etag': '4fa343ee581d8d2e78533191fd1ac3e1', 'Last-Modified': 'Thu, 13 Aug 2026 08:53:21 GMT', 'X-Trans-Id': 'txa3bff57c656d498c9d1a4-006a7d8600', 'X-Openstack-Request-Id': 'txa3bff57c656d498c9d1a4-006a7d8600', 'Connection': 'close'} {{(pid=99779) http_log /opt/stack/data/venv/lib/python3.12/site-packages/swiftclient/client.py:162}}
Aug 13 08:53:20.979073 np0000007184 devstack@g-api.service[99779]: DEBUG glance_store._drivers.swift.store [None req-663f4070-7218-4453-8eeb-cce88e5726eb tempest-ServerBootFromVolumeStableRescueTest-750221357 tempest-ServerBootFromVolumeStableRescueTest-750221357-project-member] Wrote chunk be26afba-cc85-442c-ac25-a57b770d8b9c-00001 (1/?) of length 23527424 to Swift returning MD5 of content: 4fa343ee581d8d2e78533191fd1ac3e1 {{(pid=99779) add /opt/stack/data/venv/lib/python3.12/site-packages/glance_store/_drivers/swift/store.py:1059}}
Aug 13 08:53:20.979350 np0000007184 devstack@g-api.service[99779]: DEBUG glance_store._drivers.swift.store [None req-663f4070-7218-4453-8eeb-cce88e5726eb tempest-ServerBootFromVolumeStableRescueTest-750221357 tempest-ServerBootFromVolumeStableRescueTest-750221357-project-member] Not writing zero-length chunk. {{(pid=99779) add /opt/stack/data/venv/lib/python3.12/site-packages/glance_store/_drivers/swift/store.py:1028}}
Aug 13 08:53:20.995348 np0000007184 devstack@g-api.service[99780]: DEBUG glance.api.middleware.version_negotiation [None req-739e3582-27eb-43c7-bf81-32a92cee100c tempest-TestVolumeBootPattern-176466390 tempest-TestVolumeBootPattern-176466390-project-member] Determining version of request: GET /v2/images/ccc92f3a-770e-4544-a11f-2f012496df90 Accept: */* {{(pid=99780) process_request /opt/stack/glance/glance/api/middleware/version_negotiation.py:44}}
Aug 13 08:53:20.995644 np0000007184 devstack@g-api.service[99780]: DEBUG glance.api.middleware.version_negotiation [None req-739e3582-27eb-43c7-bf81-32a92cee100c tempest-TestVolumeBootPattern-176466390 tempest-TestVolumeBootPattern-176466390-project-member] Using url versioning {{(pid=99780) process_request /opt/stack/glance/glance/api/middleware/version_negotiation.py:57}}
Aug 13 08:53:20.996038 np0000007184 devstack@g-api.service[99780]: DEBUG glance.api.middleware.version_negotiation [None req-739e3582-27eb-43c7-bf81-32a92cee100c tempest-TestVolumeBootPattern-176466390 tempest-TestVolumeBootPattern-176466390-project-member] Matched version: v2 {{(pid=99780) process_request /opt/stack/glance/glance/api/middleware/version_negotiation.py:69}}
Aug 13 08:53:20.996038 np0000007184 devstack@g-api.service[99780]: DEBUG glance.api.middleware.version_negotiation [None req-739e3582-27eb-43c7-bf81-32a92cee100c tempest-TestVolumeBootPattern-176466390 tempest-TestVolumeBootPattern-176466390-project-member] new path /v2/images/ccc92f3a-770e-4544-a11f-2f012496df90 {{(pid=99780) process_request /opt/stack/glance/glance/api/middleware/version_negotiation.py:70}}
Aug 13 08:53:21.006322 np0000007184 devstack@g-api.service[99779]: DEBUG swiftclient [None req-663f4070-7218-4453-8eeb-cce88e5726eb tempest-ServerBootFromVolumeStableRescueTest-750221357 tempest-ServerBootFromVolumeStableRescueTest-750221357-project-member] REQ: curl -i https://10.4.3.26:8080/v1/AUTH_35a88ba1f5c842878c7502bf5e709dd1/glance/be26afba-cc85-442c-ac25-a57b770d8b9c -X PUT -H "X-Object-Manifest: glance/be26afba-cc85-442c-ac25-a57b770d8b9c-" -H "X-Auth-Token: gAAAAABqfYYAJD-N..." -H "Content-Length: 0" {{(pid=99779) http_log /opt/stack/data/venv/lib/python3.12/site-packages/swiftclient/client.py:160}}
Aug 13 08:53:21.006487 np0000007184 devstack@g-api.service[99779]: DEBUG swiftclient [None req-663f4070-7218-4453-8eeb-cce88e5726eb tempest-ServerBootFromVolumeStableRescueTest-750221357 tempest-ServerBootFromVolumeStableRescueTest-750221357-project-member] RESP STATUS: 201 Created {{(pid=99779) http_log /opt/stack/data/venv/lib/python3.12/site-packages/swiftclient/client.py:161}}
Aug 13 08:53:21.006724 np0000007184 devstack@g-api.service[99779]: DEBUG swiftclient [None req-663f4070-7218-4453-8eeb-cce88e5726eb tempest-ServerBootFromVolumeStableRescueTest-750221357 tempest-ServerBootFromVolumeStableRescueTest-750221357-project-member] RESP HEADERS: {'Date': 'Thu, 13 Aug 2026 08:53:21 GMT', 'Server': 'Apache/2.4.58 (Ubuntu)', 'Content-Type': 'text/html; charset=UTF-8', 'Content-Length': '0', 'Etag': 'd41d8cd98f00b204e9800998ecf8427e', 'Last-Modified': 'Thu, 13 Aug 2026 08:53:21 GMT', 'X-Trans-Id': 'tx8b95351205f240b489eac-006a7d8600', 'X-Openstack-Request-Id': 'tx8b95351205f240b489eac-006a7d8600', 'Connection': 'close'} {{(pid=99779) http_log /opt/stack/data/venv/lib/python3.12/site-packages/swiftclient/client.py:162}}
Aug 13 08:53:21.007421 np0000007184 devstack@g-api.service[99779]: INFO glance.location [None req-663f4070-7218-4453-8eeb-cce88e5726eb tempest-ServerBootFromVolumeStableRescueTest-750221357 tempest-ServerBootFromVolumeStableRescueTest-750221357-project-member] Image format matched and virtual size computed: 1073741824
Aug 13 08:53:21.013142 np0000007184 devstack@g-api.service[99780]: [pid: 99780|app: 0|req: 97/288] 127.0.0.1 () {44 vars in 1111 bytes} [Thu Aug 13 08:53:20 2026] GET /v2/images/ccc92f3a-770e-4544-a11f-2f012496df90 => generated 1044 bytes in 18 msecs (HTTP/1.1 200) 4 headers in 158 bytes (1 switches on core 0)
Aug 13 08:53:21.025958 np0000007184 devstack@g-api.service[99781]: DEBUG glance.api.middleware.version_negotiation [None req-739e3582-27eb-43c7-bf81-32a92cee100c tempest-TestVolumeBootPattern-176466390 tempest-TestVolumeBootPattern-176466390-project-member] Determining version of request: GET /v2/schemas/image Accept: */* {{(pid=99781) process_request /opt/stack/glance/glance/api/middleware/version_negotiation.py:44}}
Aug 13 08:53:21.026267 np0000007184 devstack@g-api.service[99781]: DEBUG glance.api.middleware.version_negotiation [None req-739e3582-27eb-43c7-bf81-32a92cee100c tempest-TestVolumeBootPattern-176466390 tempest-TestVolumeBootPattern-176466390-project-member] Using url versioning {{(pid=99781) process_request /opt/stack/glance/glance/api/middleware/version_negotiation.py:57}}
Aug 13 08:53:21.026550 np0000007184 devstack@g-api.service[99781]: DEBUG glance.api.middleware.version_negotiation [None req-739e3582-27eb-43c7-bf81-32a92cee100c tempest-TestVolumeBootPattern-176466390 tempest-TestVolumeBootPattern-176466390-project-member] Matched version: v2 {{(pid=99781) process_request /opt/stack/glance/glance/api/middleware/version_negotiation.py:69}}
Aug 13 08:53:21.026550 np0000007184 devstack@g-api.service[99781]: DEBUG glance.api.middleware.version_negotiation [None req-739e3582-27eb-43c7-bf81-32a92cee100c tempest-TestVolumeBootPattern-176466390 tempest-TestVolumeBootPattern-176466390-project-member] new path /v2/schemas/image {{(pid=99781) process_request /opt/stack/glance/glance/api/middleware/version_negotiation.py:70}}
Aug 13 08:53:21.031266 np0000007184 devstack@g-api.service[99781]: [pid: 99781|app: 0|req: 102/289] 127.0.0.1 () {44 vars in 1051 bytes} [Thu Aug 13 08:53:21 2026] GET /v2/schemas/image => generated 6083 bytes in 5 msecs (HTTP/1.1 200) 4 headers in 158 bytes (1 switches on core 0)
Aug 13 08:53:21.056223 np0000007184 devstack@g-api.service[99779]: DEBUG glance_store.backend [None req-663f4070-7218-4453-8eeb-cce88e5726eb tempest-ServerBootFromVolumeStableRescueTest-750221357 tempest-ServerBootFromVolumeStableRescueTest-750221357-project-member] Attempting to import store swift {{(pid=99779) _load_store /opt/stack/data/venv/lib/python3.12/site-packages/glance_store/backend.py:215}}
Aug 13 08:53:21.058345 np0000007184 devstack@g-api.service[99779]: DEBUG glance_store.capabilities [None req-663f4070-7218-4453-8eeb-cce88e5726eb tempest-ServerBootFromVolumeStableRescueTest-750221357 tempest-ServerBootFromVolumeStableRescueTest-750221357-project-member] Store glance_store._drivers.swift.store.SingleTenantStore doesn't support updating dynamic storage capabilities. Please overwrite 'update_capabilities' method of the store to implement updating logics if needed. {{(pid=99779) update_capabilities /opt/stack/data/venv/lib/python3.12/site-packages/glance_store/capabilities.py:91}}
Aug 13 08:53:21.058890 np0000007184 devstack@g-api.service[99779]: DEBUG glance_store.driver [None req-663f4070-7218-4453-8eeb-cce88e5726eb tempest-ServerBootFromVolumeStableRescueTest-750221357 tempest-ServerBootFromVolumeStableRescueTest-750221357-project-member] Late loading location class glance_store._drivers.swift.store.StoreLocation {{(pid=99779) get_store_location_class /opt/stack/data/venv/lib/python3.12/site-packages/glance_store/driver.py:134}}
Aug 13 08:53:21.059153 np0000007184 devstack@g-api.service[99779]: DEBUG glance_store.location [None req-663f4070-7218-4453-8eeb-cce88e5726eb tempest-ServerBootFromVolumeStableRescueTest-750221357 tempest-ServerBootFromVolumeStableRescueTest-750221357-project-member] Registering scheme swift+https with {'store': , 'location_class': , 'store_entry': 'swift'} {{(pid=99779) register_scheme_map /opt/stack/data/venv/lib/python3.12/site-packages/glance_store/location.py:146}}
Aug 13 08:53:21.059260 np0000007184 devstack@g-api.service[99779]: DEBUG glance_store.location [None req-663f4070-7218-4453-8eeb-cce88e5726eb tempest-ServerBootFromVolumeStableRescueTest-750221357 tempest-ServerBootFromVolumeStableRescueTest-750221357-project-member] Registering scheme swift+https with {'store': , 'location_class': , 'store_entry': 'swift'} {{(pid=99779) register_scheme_map /opt/stack/data/venv/lib/python3.12/site-packages/glance_store/location.py:146}}
Aug 13 08:53:21.059382 np0000007184 devstack@g-api.service[99779]: DEBUG glance_store.location [None req-663f4070-7218-4453-8eeb-cce88e5726eb tempest-ServerBootFromVolumeStableRescueTest-750221357 tempest-ServerBootFromVolumeStableRescueTest-750221357-project-member] Registering scheme swift with {'store': , 'location_class': , 'store_entry': 'swift'} {{(pid=99779) register_scheme_map /opt/stack/data/venv/lib/python3.12/site-packages/glance_store/location.py:146}}
Aug 13 08:53:21.059494 np0000007184 devstack@g-api.service[99779]: DEBUG glance_store.location [None req-663f4070-7218-4453-8eeb-cce88e5726eb tempest-ServerBootFromVolumeStableRescueTest-750221357 tempest-ServerBootFromVolumeStableRescueTest-750221357-project-member] Registering scheme swift+https with {'store': , 'location_class': , 'store_entry': 'swift'} {{(pid=99779) register_scheme_map /opt/stack/data/venv/lib/python3.12/site-packages/glance_store/location.py:146}}
Aug 13 08:53:21.059620 np0000007184 devstack@g-api.service[99779]: DEBUG glance_store.location [None req-663f4070-7218-4453-8eeb-cce88e5726eb tempest-ServerBootFromVolumeStableRescueTest-750221357 tempest-ServerBootFromVolumeStableRescueTest-750221357-project-member] Registering scheme swift with {'store': , 'location_class': , 'store_entry': 'swift'} {{(pid=99779) register_scheme_map /opt/stack/data/venv/lib/python3.12/site-packages/glance_store/location.py:146}}
Aug 13 08:53:21.059764 np0000007184 devstack@g-api.service[99779]: DEBUG glance_store.location [None req-663f4070-7218-4453-8eeb-cce88e5726eb tempest-ServerBootFromVolumeStableRescueTest-750221357 tempest-ServerBootFromVolumeStableRescueTest-750221357-project-member] Registering scheme swift+http with {'store': , 'location_class': , 'store_entry': 'swift'} {{(pid=99779) register_scheme_map /opt/stack/data/venv/lib/python3.12/site-packages/glance_store/location.py:146}}
Aug 13 08:53:21.059988 np0000007184 devstack@g-api.service[99779]: DEBUG glance_store.location [None req-663f4070-7218-4453-8eeb-cce88e5726eb tempest-ServerBootFromVolumeStableRescueTest-750221357 tempest-ServerBootFromVolumeStableRescueTest-750221357-project-member] Registering scheme swift+https with {'store': , 'location_class': , 'store_entry': 'swift'} {{(pid=99779) register_scheme_map /opt/stack/data/venv/lib/python3.12/site-packages/glance_store/location.py:146}}
Aug 13 08:53:21.059988 np0000007184 devstack@g-api.service[99779]: DEBUG glance_store.location [None req-663f4070-7218-4453-8eeb-cce88e5726eb tempest-ServerBootFromVolumeStableRescueTest-750221357 tempest-ServerBootFromVolumeStableRescueTest-750221357-project-member] Registering scheme swift with {'store': , 'location_class': , 'store_entry': 'swift'} {{(pid=99779) register_scheme_map /opt/stack/data/venv/lib/python3.12/site-packages/glance_store/location.py:146}}
Aug 13 08:53:21.060100 np0000007184 devstack@g-api.service[99779]: DEBUG glance_store.location [None req-663f4070-7218-4453-8eeb-cce88e5726eb tempest-ServerBootFromVolumeStableRescueTest-750221357 tempest-ServerBootFromVolumeStableRescueTest-750221357-project-member] Registering scheme swift+http with {'store': , 'location_class': , 'store_entry': 'swift'} {{(pid=99779) register_scheme_map /opt/stack/data/venv/lib/python3.12/site-packages/glance_store/location.py:146}}
Aug 13 08:53:21.060161 np0000007184 devstack@g-api.service[99779]: DEBUG glance_store.location [None req-663f4070-7218-4453-8eeb-cce88e5726eb tempest-ServerBootFromVolumeStableRescueTest-750221357 tempest-ServerBootFromVolumeStableRescueTest-750221357-project-member] Registering scheme swift+config with {'store': , 'location_class': , 'store_entry': 'swift'} {{(pid=99779) register_scheme_map /opt/stack/data/venv/lib/python3.12/site-packages/glance_store/location.py:146}}
Aug 13 08:53:21.060293 np0000007184 devstack@g-api.service[99779]: DEBUG glance_store.backend [None req-663f4070-7218-4453-8eeb-cce88e5726eb tempest-ServerBootFromVolumeStableRescueTest-750221357 tempest-ServerBootFromVolumeStableRescueTest-750221357-project-member] Skipping store.set_acls... not implemented. {{(pid=99779) set_acls /opt/stack/data/venv/lib/python3.12/site-packages/glance_store/backend.py:507}}
Aug 13 08:53:21.064577 np0000007184 devstack@g-api.service[99779]: [pid: 99779|app: 0|req: 91/290] 127.0.0.1 () {46 vars in 1154 bytes} [Thu Aug 13 08:53:19 2026] PUT /v2/images/be26afba-cc85-442c-ac25-a57b770d8b9c/file => generated 0 bytes in 1801 msecs (HTTP/1.1 204) 4 headers in 171 bytes (1 switches on core 0)
