Aug 13 08:46:27.909503 np0000007184 nova-scheduler[93462]: DEBUG cotyledon.oslo_config_glue [-] oslo_messaging_rabbit.rabbit_quorum_max_memory_bytes = 0 {{(pid=93462) log_opt_values /opt/stack/data/venv/lib/python3.12/site-packages/oslo_config/cfg.py:3545}}
Aug 13 08:46:27.909503 np0000007184 nova-scheduler[93462]: DEBUG cotyledon.oslo_config_glue [-] oslo_messaging_rabbit.rabbit_quorum_max_memory_length = 0 {{(pid=93462) log_opt_values /opt/stack/data/venv/lib/python3.12/site-packages/oslo_config/cfg.py:3545}}
Aug 13 08:46:27.909503 np0000007184 nova-scheduler[93462]: DEBUG cotyledon.oslo_config_glue [-] oslo_messaging_rabbit.rabbit_quorum_queue = False {{(pid=93462) log_opt_values /opt/stack/data/venv/lib/python3.12/site-packages/oslo_config/cfg.py:3545}}
Aug 13 08:46:27.909675 np0000007184 nova-scheduler[93462]: DEBUG cotyledon.oslo_config_glue [-] oslo_messaging_rabbit.rabbit_retry_backoff = 2 {{(pid=93462) log_opt_values /opt/stack/data/venv/lib/python3.12/site-packages/oslo_config/cfg.py:3545}}
Aug 13 08:46:27.909675 np0000007184 nova-scheduler[93462]: DEBUG cotyledon.oslo_config_glue [-] oslo_messaging_rabbit.rabbit_retry_interval = 1 {{(pid=93462) log_opt_values /opt/stack/data/venv/lib/python3.12/site-packages/oslo_config/cfg.py:3545}}
Aug 13 08:46:27.909675 np0000007184 nova-scheduler[93462]: DEBUG cotyledon.oslo_config_glue [-] oslo_messaging_rabbit.rabbit_stream_fanout = False {{(pid=93462) log_opt_values /opt/stack/data/venv/lib/python3.12/site-packages/oslo_config/cfg.py:3545}}
Aug 13 08:46:27.909675 np0000007184 nova-scheduler[93462]: DEBUG cotyledon.oslo_config_glue [-] oslo_messaging_rabbit.rabbit_transient_queues_ttl = 1800 {{(pid=93462) log_opt_values /opt/stack/data/venv/lib/python3.12/site-packages/oslo_config/cfg.py:3545}}
Aug 13 08:46:27.909675 np0000007184 nova-scheduler[93462]: DEBUG cotyledon.oslo_config_glue [-] oslo_messaging_rabbit.rabbit_transient_quorum_queue = False {{(pid=93462) log_opt_values /opt/stack/data/venv/lib/python3.12/site-packages/oslo_config/cfg.py:3545}}
Aug 13 08:46:27.909675 np0000007184 nova-scheduler[93462]: DEBUG cotyledon.oslo_config_glue [-] oslo_messaging_rabbit.rpc_conn_pool_size = 30 {{(pid=93462) log_opt_values /opt/stack/data/venv/lib/python3.12/site-packages/oslo_config/cfg.py:3545}}
Aug 13 08:46:27.909675 np0000007184 nova-scheduler[93462]: DEBUG cotyledon.oslo_config_glue [-] oslo_messaging_rabbit.ssl = False {{(pid=93462) log_opt_values /opt/stack/data/venv/lib/python3.12/site-packages/oslo_config/cfg.py:3545}}
Aug 13 08:46:27.909675 np0000007184 nova-scheduler[93462]: DEBUG cotyledon.oslo_config_glue [-] oslo_messaging_rabbit.ssl_ca_file = {{(pid=93462) log_opt_values /opt/stack/data/venv/lib/python3.12/site-packages/oslo_config/cfg.py:3545}}
Aug 13 08:46:27.909675 np0000007184 nova-scheduler[93462]: DEBUG cotyledon.oslo_config_glue [-] oslo_messaging_rabbit.ssl_cert_file = {{(pid=93462) log_opt_values /opt/stack/data/venv/lib/python3.12/site-packages/oslo_config/cfg.py:3545}}
Aug 13 08:46:27.909864 np0000007184 nova-scheduler[93462]: DEBUG cotyledon.oslo_config_glue [-] oslo_messaging_rabbit.ssl_enforce_fips_mode = False {{(pid=93462) log_opt_values /opt/stack/data/venv/lib/python3.12/site-packages/oslo_config/cfg.py:3545}}
Aug 13 08:46:27.909864 np0000007184 nova-scheduler[93462]: DEBUG cotyledon.oslo_config_glue [-] oslo_messaging_rabbit.ssl_enforce_hostname_verification = True {{(pid=93462) log_opt_values /opt/stack/data/venv/lib/python3.12/site-packages/oslo_config/cfg.py:3545}}
Aug 13 08:46:27.909864 np0000007184 nova-scheduler[93462]: DEBUG cotyledon.oslo_config_glue [-] oslo_messaging_rabbit.ssl_key_file = {{(pid=93462) log_opt_values /opt/stack/data/venv/lib/python3.12/site-packages/oslo_config/cfg.py:3545}}
Aug 13 08:46:27.909864 np0000007184 nova-scheduler[93462]: DEBUG cotyledon.oslo_config_glue [-] oslo_messaging_rabbit.ssl_version = {{(pid=93462) log_opt_values /opt/stack/data/venv/lib/python3.12/site-packages/oslo_config/cfg.py:3545}}
Aug 13 08:46:27.909864 np0000007184 nova-scheduler[93462]: DEBUG cotyledon.oslo_config_glue [-] oslo_messaging_rabbit.use_queue_manager = False {{(pid=93462) log_opt_values /opt/stack/data/venv/lib/python3.12/site-packages/oslo_config/cfg.py:3545}}
Aug 13 08:46:27.909864 np0000007184 nova-scheduler[93462]: DEBUG cotyledon.oslo_config_glue [-] oslo_messaging_notifications.driver = ['messagingv2'] {{(pid=93462) log_opt_values /opt/stack/data/venv/lib/python3.12/site-packages/oslo_config/cfg.py:3545}}
Aug 13 08:46:27.909864 np0000007184 nova-scheduler[93462]: DEBUG cotyledon.oslo_config_glue [-] oslo_messaging_notifications.retry = -1 {{(pid=93462) log_opt_values /opt/stack/data/venv/lib/python3.12/site-packages/oslo_config/cfg.py:3545}}
Aug 13 08:46:27.909864 np0000007184 nova-scheduler[93462]: DEBUG cotyledon.oslo_config_glue [-] oslo_messaging_notifications.topics = ['notifications'] {{(pid=93462) log_opt_values /opt/stack/data/venv/lib/python3.12/site-packages/oslo_config/cfg.py:3545}}
Aug 13 08:46:27.909864 np0000007184 nova-scheduler[93462]: DEBUG cotyledon.oslo_config_glue [-] oslo_messaging_notifications.transport_url = **** {{(pid=93462) log_opt_values /opt/stack/data/venv/lib/python3.12/site-packages/oslo_config/cfg.py:3545}}
Aug 13 08:46:27.910028 np0000007184 nova-scheduler[93462]: DEBUG cotyledon.oslo_config_glue [-] oslo_limit.auth_section = None {{(pid=93462) log_opt_values /opt/stack/data/venv/lib/python3.12/site-packages/oslo_config/cfg.py:3545}}
Aug 13 08:46:27.910028 np0000007184 nova-scheduler[93462]: DEBUG cotyledon.oslo_config_glue [-] oslo_limit.auth_type = None {{(pid=93462) log_opt_values /opt/stack/data/venv/lib/python3.12/site-packages/oslo_config/cfg.py:3545}}
Aug 13 08:46:27.910028 np0000007184 nova-scheduler[93462]: DEBUG cotyledon.oslo_config_glue [-] oslo_limit.cafile = None {{(pid=93462) log_opt_values /opt/stack/data/venv/lib/python3.12/site-packages/oslo_config/cfg.py:3545}}
Aug 13 08:46:27.910028 np0000007184 nova-scheduler[93462]: DEBUG cotyledon.oslo_config_glue [-] oslo_limit.certfile = None {{(pid=93462) log_opt_values /opt/stack/data/venv/lib/python3.12/site-packages/oslo_config/cfg.py:3545}}
Aug 13 08:46:27.910028 np0000007184 nova-scheduler[93462]: DEBUG cotyledon.oslo_config_glue [-] oslo_limit.collect_timing = False {{(pid=93462) log_opt_values /opt/stack/data/venv/lib/python3.12/site-packages/oslo_config/cfg.py:3545}}
Aug 13 08:46:27.910028 np0000007184 nova-scheduler[93462]: DEBUG cotyledon.oslo_config_glue [-] oslo_limit.connect_retries = None {{(pid=93462) log_opt_values /opt/stack/data/venv/lib/python3.12/site-packages/oslo_config/cfg.py:3545}}
Aug 13 08:46:27.910028 np0000007184 nova-scheduler[93462]: DEBUG cotyledon.oslo_config_glue [-] oslo_limit.connect_retry_delay = None {{(pid=93462) log_opt_values /opt/stack/data/venv/lib/python3.12/site-packages/oslo_config/cfg.py:3545}}
Aug 13 08:46:27.910028 np0000007184 nova-scheduler[93462]: DEBUG cotyledon.oslo_config_glue [-] oslo_limit.endpoint_id = None {{(pid=93462) log_opt_values /opt/stack/data/venv/lib/python3.12/site-packages/oslo_config/cfg.py:3545}}
Aug 13 08:46:27.910028 np0000007184 nova-scheduler[93462]: DEBUG cotyledon.oslo_config_glue [-] oslo_limit.endpoint_interface = public {{(pid=93462) log_opt_values /opt/stack/data/venv/lib/python3.12/site-packages/oslo_config/cfg.py:3545}}
Aug 13 08:46:27.910448 np0000007184 nova-scheduler[93462]: DEBUG cotyledon.oslo_config_glue [-] oslo_limit.endpoint_override = None {{(pid=93462) log_opt_values /opt/stack/data/venv/lib/python3.12/site-packages/oslo_config/cfg.py:3545}}
Aug 13 08:46:27.910448 np0000007184 nova-scheduler[93462]: DEBUG cotyledon.oslo_config_glue [-] oslo_limit.endpoint_region_name = None {{(pid=93462) log_opt_values /opt/stack/data/venv/lib/python3.12/site-packages/oslo_config/cfg.py:3545}}
Aug 13 08:46:27.910448 np0000007184 nova-scheduler[93462]: DEBUG cotyledon.oslo_config_glue [-] oslo_limit.endpoint_service_name = None {{(pid=93462) log_opt_values /opt/stack/data/venv/lib/python3.12/site-packages/oslo_config/cfg.py:3545}}
Aug 13 08:46:27.910448 np0000007184 nova-scheduler[93462]: DEBUG cotyledon.oslo_config_glue [-] oslo_limit.endpoint_service_type = None {{(pid=93462) log_opt_values /opt/stack/data/venv/lib/python3.12/site-packages/oslo_config/cfg.py:3545}}
Aug 13 08:46:27.910448 np0000007184 nova-scheduler[93462]: DEBUG cotyledon.oslo_config_glue [-] oslo_limit.insecure = False {{(pid=93462) log_opt_values /opt/stack/data/venv/lib/python3.12/site-packages/oslo_config/cfg.py:3545}}
Aug 13 08:46:27.910448 np0000007184 nova-scheduler[93462]: DEBUG cotyledon.oslo_config_glue [-] oslo_limit.keyfile = None {{(pid=93462) log_opt_values /opt/stack/data/venv/lib/python3.12/site-packages/oslo_config/cfg.py:3545}}
Aug 13 08:46:27.910448 np0000007184 nova-scheduler[93462]: DEBUG cotyledon.oslo_config_glue [-] oslo_limit.max_version = None {{(pid=93462) log_opt_values /opt/stack/data/venv/lib/python3.12/site-packages/oslo_config/cfg.py:3545}}
Aug 13 08:46:27.910448 np0000007184 nova-scheduler[93462]: DEBUG cotyledon.oslo_config_glue [-] oslo_limit.min_version = None {{(pid=93462) log_opt_values /opt/stack/data/venv/lib/python3.12/site-packages/oslo_config/cfg.py:3545}}
Aug 13 08:46:27.910448 np0000007184 nova-scheduler[93462]: DEBUG cotyledon.oslo_config_glue [-] oslo_limit.region_name = None {{(pid=93462) log_opt_values /opt/stack/data/venv/lib/python3.12/site-packages/oslo_config/cfg.py:3545}}
Aug 13 08:46:27.910915 np0000007184 nova-scheduler[93462]: DEBUG cotyledon.oslo_config_glue [-] oslo_limit.retriable_status_codes = None {{(pid=93462) log_opt_values /opt/stack/data/venv/lib/python3.12/site-packages/oslo_config/cfg.py:3545}}
Aug 13 08:46:27.910915 np0000007184 nova-scheduler[93462]: DEBUG cotyledon.oslo_config_glue [-] oslo_limit.service_name = None {{(pid=93462) log_opt_values /opt/stack/data/venv/lib/python3.12/site-packages/oslo_config/cfg.py:3545}}
Aug 13 08:46:27.910915 np0000007184 nova-scheduler[93462]: DEBUG cotyledon.oslo_config_glue [-] oslo_limit.service_type = None {{(pid=93462) log_opt_values /opt/stack/data/venv/lib/python3.12/site-packages/oslo_config/cfg.py:3545}}
Aug 13 08:46:27.910915 np0000007184 nova-scheduler[93462]: DEBUG cotyledon.oslo_config_glue [-] oslo_limit.split_loggers = False {{(pid=93462) log_opt_values /opt/stack/data/venv/lib/python3.12/site-packages/oslo_config/cfg.py:3545}}
Aug 13 08:46:27.910915 np0000007184 nova-scheduler[93462]: DEBUG cotyledon.oslo_config_glue [-] oslo_limit.status_code_retries = None {{(pid=93462) log_opt_values /opt/stack/data/venv/lib/python3.12/site-packages/oslo_config/cfg.py:3545}}
Aug 13 08:46:27.910915 np0000007184 nova-scheduler[93462]: DEBUG cotyledon.oslo_config_glue [-] oslo_limit.status_code_retry_delay = None {{(pid=93462) log_opt_values /opt/stack/data/venv/lib/python3.12/site-packages/oslo_config/cfg.py:3545}}
Aug 13 08:46:27.910915 np0000007184 nova-scheduler[93462]: DEBUG cotyledon.oslo_config_glue [-] oslo_limit.timeout = None {{(pid=93462) log_opt_values /opt/stack/data/venv/lib/python3.12/site-packages/oslo_config/cfg.py:3545}}
Aug 13 08:46:27.910915 np0000007184 nova-scheduler[93462]: DEBUG cotyledon.oslo_config_glue [-] oslo_limit.valid_interfaces = None {{(pid=93462) log_opt_values /opt/stack/data/venv/lib/python3.12/site-packages/oslo_config/cfg.py:3545}}
Aug 13 08:46:27.910915 np0000007184 nova-scheduler[93462]: DEBUG cotyledon.oslo_config_glue [-] oslo_limit.version = None {{(pid=93462) log_opt_values /opt/stack/data/venv/lib/python3.12/site-packages/oslo_config/cfg.py:3545}}
Aug 13 08:46:27.911349 np0000007184 nova-scheduler[93462]: DEBUG cotyledon.oslo_config_glue [-] oslo_reports.file_event_handler = None {{(pid=93462) log_opt_values /opt/stack/data/venv/lib/python3.12/site-packages/oslo_config/cfg.py:3545}}
Aug 13 08:46:27.911349 np0000007184 nova-scheduler[93462]: DEBUG cotyledon.oslo_config_glue [-] oslo_reports.file_event_handler_interval = 1 {{(pid=93462) log_opt_values /opt/stack/data/venv/lib/python3.12/site-packages/oslo_config/cfg.py:3545}}
Aug 13 08:46:27.911349 np0000007184 nova-scheduler[93462]: DEBUG cotyledon.oslo_config_glue [-] oslo_reports.log_dir = None {{(pid=93462) log_opt_values /opt/stack/data/venv/lib/python3.12/site-packages/oslo_config/cfg.py:3545}}
Aug 13 08:46:27.911349 np0000007184 nova-scheduler[93462]: DEBUG cotyledon.oslo_config_glue [-] ******************************************************************************** {{(pid=93462) log_opt_values /opt/stack/data/venv/lib/python3.12/site-packages/oslo_config/cfg.py:3552}}
Aug 13 08:46:27.911349 np0000007184 nova-scheduler[93462]: DEBUG cotyledon._service_worker [-] Run service ServiceWrapper(2) [93462] {{(pid=93462) wait_forever /opt/stack/data/venv/lib/python3.12/site-packages/cotyledon/_service_worker.py:218}}
Aug 13 08:46:27.911349 np0000007184 nova-scheduler[93462]: INFO nova.service [-] Starting scheduler node (version 33.1.0)
Aug 13 08:46:27.911349 np0000007184 nova-scheduler[93462]: INFO dbcounter [None req-39b7e65d-4c62-488c-9faa-6502324a4123 None None] Registered counter for database nova_cell0
Aug 13 08:46:27.911644 np0000007184 nova-scheduler[93460]: DEBUG oslo_db.sqlalchemy.engines [None req-1927acd4-6921-41b1-98cf-7c3ad2a7aaa4 None None] MySQL server mode set to STRICT_TRANS_TABLES,STRICT_ALL_TABLES,NO_ZERO_IN_DATE,NO_ZERO_DATE,ERROR_FOR_DIVISION_BY_ZERO,TRADITIONAL,NO_ENGINE_SUBSTITUTION {{(pid=93460) _check_effective_sql_mode /opt/stack/data/venv/lib/python3.12/site-packages/oslo_db/sqlalchemy/engines.py:325}}
Aug 13 08:46:27.911644 np0000007184 nova-scheduler[93460]: DEBUG dbcounter [-] [93460] Writer thread running {{(pid=93460) stat_writer /opt/stack/data/venv/lib/python3.12/site-packages/dbcounter.py:102}}
Aug 13 08:46:27.911737 np0000007184 nova-scheduler[93434]: DEBUG oslo_db.sqlalchemy.engines [None req-39775d87-e564-4b67-bd31-62de0cf270d9 None None] MySQL server mode set to STRICT_TRANS_TABLES,STRICT_ALL_TABLES,NO_ZERO_IN_DATE,NO_ZERO_DATE,ERROR_FOR_DIVISION_BY_ZERO,TRADITIONAL,NO_ENGINE_SUBSTITUTION {{(pid=93434) _check_effective_sql_mode /opt/stack/data/venv/lib/python3.12/site-packages/oslo_db/sqlalchemy/engines.py:325}}
Aug 13 08:46:27.920303 np0000007184 nova-scheduler[93434]: DEBUG dbcounter [-] [93434] Writer thread running {{(pid=93434) stat_writer /opt/stack/data/venv/lib/python3.12/site-packages/dbcounter.py:102}}
Aug 13 08:46:27.923112 np0000007184 nova-scheduler[93460]: DEBUG nova.service [None req-1927acd4-6921-41b1-98cf-7c3ad2a7aaa4 None None] Creating RPC server for service: nova-scheduler on topic: scheduler {{(pid=93460) start /opt/stack/nova/nova/service.py:196}}
Aug 13 08:46:27.930642 np0000007184 nova-scheduler[93462]: DEBUG oslo_db.sqlalchemy.engines [None req-39b7e65d-4c62-488c-9faa-6502324a4123 None None] MySQL server mode set to STRICT_TRANS_TABLES,STRICT_ALL_TABLES,NO_ZERO_IN_DATE,NO_ZERO_DATE,ERROR_FOR_DIVISION_BY_ZERO,TRADITIONAL,NO_ENGINE_SUBSTITUTION {{(pid=93462) _check_effective_sql_mode /opt/stack/data/venv/lib/python3.12/site-packages/oslo_db/sqlalchemy/engines.py:325}}
Aug 13 08:46:27.940975 np0000007184 nova-scheduler[93434]: DEBUG nova.service [None req-39775d87-e564-4b67-bd31-62de0cf270d9 None None] Creating RPC server for service: nova-scheduler on topic: scheduler {{(pid=93434) start /opt/stack/nova/nova/service.py:196}}
Aug 13 08:46:27.943571 np0000007184 nova-scheduler[93462]: DEBUG dbcounter [-] [93462] Writer thread running {{(pid=93462) stat_writer /opt/stack/data/venv/lib/python3.12/site-packages/dbcounter.py:102}}
Aug 13 08:46:27.948288 np0000007184 nova-scheduler[93462]: DEBUG nova.service [None req-39b7e65d-4c62-488c-9faa-6502324a4123 None None] Creating RPC server for service: nova-scheduler on topic: scheduler {{(pid=93462) start /opt/stack/nova/nova/service.py:196}}
Aug 13 08:46:27.948558 np0000007184 nova-scheduler[93460]: DEBUG nova.service [None req-1927acd4-6921-41b1-98cf-7c3ad2a7aaa4 None None] Join ServiceGroup membership for this service scheduler {{(pid=93460) start /opt/stack/nova/nova/service.py:222}}
Aug 13 08:46:27.948759 np0000007184 nova-scheduler[93460]: DEBUG nova.servicegroup.drivers.db [None req-1927acd4-6921-41b1-98cf-7c3ad2a7aaa4 None None] DB_Driver: join new ServiceGroup member np0000007184 to the scheduler group, service = {{(pid=93460) join /opt/stack/nova/nova/servicegroup/drivers/db.py:44}}
Aug 13 08:46:27.965901 np0000007184 nova-scheduler[93434]: DEBUG nova.service [None req-39775d87-e564-4b67-bd31-62de0cf270d9 None None] Join ServiceGroup membership for this service scheduler {{(pid=93434) start /opt/stack/nova/nova/service.py:222}}
Aug 13 08:46:27.965901 np0000007184 nova-scheduler[93434]: DEBUG nova.servicegroup.drivers.db [None req-39775d87-e564-4b67-bd31-62de0cf270d9 None None] DB_Driver: join new ServiceGroup member np0000007184 to the scheduler group, service = {{(pid=93434) join /opt/stack/nova/nova/servicegroup/drivers/db.py:44}}
Aug 13 08:46:27.970377 np0000007184 nova-scheduler[93462]: DEBUG nova.service [None req-39b7e65d-4c62-488c-9faa-6502324a4123 None None] Join ServiceGroup membership for this service scheduler {{(pid=93462) start /opt/stack/nova/nova/service.py:222}}
Aug 13 08:46:27.970868 np0000007184 nova-scheduler[93462]: DEBUG nova.servicegroup.drivers.db [None req-39b7e65d-4c62-488c-9faa-6502324a4123 None None] DB_Driver: join new ServiceGroup member np0000007184 to the scheduler group, service = {{(pid=93462) join /opt/stack/nova/nova/servicegroup/drivers/db.py:44}}
Aug 13 08:46:32.963487 np0000007184 nova-scheduler[93460]: DEBUG oslo.service.backend._threading.loopingcall [-] Fixed interval looping call 'nova.servicegroup.drivers.db.DbDriver._report_state' sleeping for 119.99 seconds {{(pid=93460) _run_loop /opt/stack/data/venv/lib/python3.12/site-packages/oslo_service/backend/_threading/loopingcall.py:125}}
Aug 13 08:46:32.975091 np0000007184 nova-scheduler[93434]: DEBUG oslo.service.backend._threading.loopingcall [-] Fixed interval looping call 'nova.servicegroup.drivers.db.DbDriver._report_state' sleeping for 119.99 seconds {{(pid=93434) _run_loop /opt/stack/data/venv/lib/python3.12/site-packages/oslo_service/backend/_threading/loopingcall.py:125}}
Aug 13 08:46:32.986449 np0000007184 nova-scheduler[93462]: DEBUG oslo.service.backend._threading.loopingcall [-] Fixed interval looping call 'nova.servicegroup.drivers.db.DbDriver._report_state' sleeping for 119.99 seconds {{(pid=93462) _run_loop /opt/stack/data/venv/lib/python3.12/site-packages/oslo_service/backend/_threading/loopingcall.py:125}}
Aug 13 08:46:34.967983 np0000007184 nova-scheduler[93434]: DEBUG oslo.service.backend._threading.loopingcall [None req-cc210ec9-d9d0-4f25-b6bf-06de64e612a2 None None] Dynamic interval looping call 'nova.service.Service.periodic_tasks' sleeping for 60.00 seconds {{(pid=93434) _run_loop /opt/stack/data/venv/lib/python3.12/site-packages/oslo_service/backend/_threading/loopingcall.py:125}}
Aug 13 08:46:36.487694 np0000007184 nova-scheduler[92263]: DEBUG dbcounter [-] [92263] Writing DB stats nova_api:SELECT=3 {{(pid=92263) stat_writer /opt/stack/data/venv/lib/python3.12/site-packages/dbcounter.py:115}}
Aug 13 08:46:36.628631 np0000007184 nova-scheduler[92263]: DEBUG dbcounter [-] [92263] Writing DB stats nova_cell1:SELECT=1 {{(pid=92263) stat_writer /opt/stack/data/venv/lib/python3.12/site-packages/dbcounter.py:115}}
Aug 13 08:46:36.635986 np0000007184 nova-scheduler[92263]: DEBUG dbcounter [-] [92263] Writing DB stats nova_cell0:SELECT=1 {{(pid=92263) stat_writer /opt/stack/data/venv/lib/python3.12/site-packages/dbcounter.py:115}}
Aug 13 08:46:37.950972 np0000007184 nova-scheduler[93460]: DEBUG oslo.service.backend._threading.loopingcall [None req-f5f03aa7-beff-49e5-a0db-60adbd2dff9c None None] Dynamic interval looping call 'nova.service.Service.periodic_tasks' sleeping for 60.00 seconds {{(pid=93460) _run_loop /opt/stack/data/venv/lib/python3.12/site-packages/oslo_service/backend/_threading/loopingcall.py:125}}
Aug 13 08:46:42.959957 np0000007184 nova-scheduler[93460]: DEBUG dbcounter [-] [93460] Writing DB stats nova_cell0:SELECT=4,nova_cell0:INSERT=1,nova_cell0:UPDATE=1 {{(pid=93460) stat_writer /opt/stack/data/venv/lib/python3.12/site-packages/dbcounter.py:115}}
Aug 13 08:46:42.970737 np0000007184 nova-scheduler[93434]: DEBUG dbcounter [-] [93434] Writing DB stats nova_cell0:SELECT=4,nova_cell0:INSERT=1 {{(pid=93434) stat_writer /opt/stack/data/venv/lib/python3.12/site-packages/dbcounter.py:115}}
Aug 13 08:46:42.983948 np0000007184 nova-scheduler[93462]: DEBUG dbcounter [-] [93462] Writing DB stats nova_cell0:SELECT=3 {{(pid=93462) stat_writer /opt/stack/data/venv/lib/python3.12/site-packages/dbcounter.py:115}}
Aug 13 08:46:45.972909 np0000007184 nova-scheduler[93462]: DEBUG oslo.service.backend._threading.loopingcall [None req-0323fee0-6aa7-4a89-b0f9-123420085a0c None None] Dynamic interval looping call 'nova.service.Service.periodic_tasks' sleeping for 60.00 seconds {{(pid=93462) _run_loop /opt/stack/data/venv/lib/python3.12/site-packages/oslo_service/backend/_threading/loopingcall.py:125}}
Aug 13 08:47:34.968443 np0000007184 nova-scheduler[93434]: DEBUG oslo.service.backend._threading.loopingcall [None req-cc210ec9-d9d0-4f25-b6bf-06de64e612a2 None None] Dynamic interval looping call 'nova.service.Service.periodic_tasks' sleeping for 60.00 seconds {{(pid=93434) _run_loop /opt/stack/data/venv/lib/python3.12/site-packages/oslo_service/backend/_threading/loopingcall.py:125}}
Aug 13 08:47:37.951564 np0000007184 nova-scheduler[93460]: DEBUG oslo.service.backend._threading.loopingcall [None req-f5f03aa7-beff-49e5-a0db-60adbd2dff9c None None] Dynamic interval looping call 'nova.service.Service.periodic_tasks' sleeping for 60.00 seconds {{(pid=93460) _run_loop /opt/stack/data/venv/lib/python3.12/site-packages/oslo_service/backend/_threading/loopingcall.py:125}}
Aug 13 08:47:45.973539 np0000007184 nova-scheduler[93462]: DEBUG oslo.service.backend._threading.loopingcall [None req-0323fee0-6aa7-4a89-b0f9-123420085a0c None None] Dynamic interval looping call 'nova.service.Service.periodic_tasks' sleeping for 60.00 seconds {{(pid=93462) _run_loop /opt/stack/data/venv/lib/python3.12/site-packages/oslo_service/backend/_threading/loopingcall.py:125}}
Aug 13 08:48:32.962646 np0000007184 nova-scheduler[93460]: DEBUG oslo.service.backend._threading.loopingcall [-] Fixed interval looping call 'nova.servicegroup.drivers.db.DbDriver._report_state' sleeping for 119.99 seconds {{(pid=93460) _run_loop /opt/stack/data/venv/lib/python3.12/site-packages/oslo_service/backend/_threading/loopingcall.py:125}}
Aug 13 08:48:32.969080 np0000007184 nova-scheduler[93434]: DEBUG oslo.service.backend._threading.loopingcall [-] Fixed interval looping call 'nova.servicegroup.drivers.db.DbDriver._report_state' sleeping for 120.00 seconds {{(pid=93434) _run_loop /opt/stack/data/venv/lib/python3.12/site-packages/oslo_service/backend/_threading/loopingcall.py:125}}
Aug 13 08:48:32.982743 np0000007184 nova-scheduler[93462]: DEBUG oslo.service.backend._threading.loopingcall [-] Fixed interval looping call 'nova.servicegroup.drivers.db.DbDriver._report_state' sleeping for 119.99 seconds {{(pid=93462) _run_loop /opt/stack/data/venv/lib/python3.12/site-packages/oslo_service/backend/_threading/loopingcall.py:125}}
Aug 13 08:48:34.969116 np0000007184 nova-scheduler[93434]: DEBUG oslo.service.backend._threading.loopingcall [None req-cc210ec9-d9d0-4f25-b6bf-06de64e612a2 None None] Dynamic interval looping call 'nova.service.Service.periodic_tasks' sleeping for 60.00 seconds {{(pid=93434) _run_loop /opt/stack/data/venv/lib/python3.12/site-packages/oslo_service/backend/_threading/loopingcall.py:125}}
Aug 13 08:48:37.952112 np0000007184 nova-scheduler[93460]: DEBUG oslo.service.backend._threading.loopingcall [None req-f5f03aa7-beff-49e5-a0db-60adbd2dff9c None None] Dynamic interval looping call 'nova.service.Service.periodic_tasks' sleeping for 60.00 seconds {{(pid=93460) _run_loop /opt/stack/data/venv/lib/python3.12/site-packages/oslo_service/backend/_threading/loopingcall.py:125}}
Aug 13 08:48:42.959628 np0000007184 nova-scheduler[93460]: DEBUG dbcounter [-] [93460] Writing DB stats nova_cell0:SELECT=1,nova_cell0:UPDATE=1 {{(pid=93460) stat_writer /opt/stack/data/venv/lib/python3.12/site-packages/dbcounter.py:115}}
Aug 13 08:48:42.967178 np0000007184 nova-scheduler[93434]: DEBUG dbcounter [-] [93434] Writing DB stats nova_cell0:SELECT=1 {{(pid=93434) stat_writer /opt/stack/data/venv/lib/python3.12/site-packages/dbcounter.py:115}}
Aug 13 08:48:42.981097 np0000007184 nova-scheduler[93462]: DEBUG dbcounter [-] [93462] Writing DB stats nova_cell0:SELECT=1 {{(pid=93462) stat_writer /opt/stack/data/venv/lib/python3.12/site-packages/dbcounter.py:115}}
Aug 13 08:48:45.974144 np0000007184 nova-scheduler[93462]: DEBUG oslo.service.backend._threading.loopingcall [None req-0323fee0-6aa7-4a89-b0f9-123420085a0c None None] Dynamic interval looping call 'nova.service.Service.periodic_tasks' sleeping for 60.00 seconds {{(pid=93462) _run_loop /opt/stack/data/venv/lib/python3.12/site-packages/oslo_service/backend/_threading/loopingcall.py:125}}
Aug 13 08:49:16.294010 np0000007184 nova-scheduler[93460]: DEBUG nova.scheduler.manager [None req-6f5a88f9-d694-4360-bbec-2eef3a236011 tempest-DeleteServersTestJSON-1179642517 tempest-DeleteServersTestJSON-1179642517-project-member] Starting to schedule for instances: ['2be9f945-682b-495c-87a8-0a9480ddfaee'] {{(pid=93460) select_destinations /opt/stack/nova/nova/scheduler/manager.py:209}}
Aug 13 08:49:16.294547 np0000007184 nova-scheduler[93460]: DEBUG nova.scheduler.request_filter [None req-6f5a88f9-d694-4360-bbec-2eef3a236011 tempest-DeleteServersTestJSON-1179642517 tempest-DeleteServersTestJSON-1179642517-project-member] compute_status_filter request filter added forbidden trait COMPUTE_STATUS_DISABLED {{(pid=93460) compute_status_filter /opt/stack/nova/nova/scheduler/request_filter.py:253}}
Aug 13 08:49:16.294636 np0000007184 nova-scheduler[93460]: DEBUG nova.scheduler.request_filter [None req-6f5a88f9-d694-4360-bbec-2eef3a236011 tempest-DeleteServersTestJSON-1179642517 tempest-DeleteServersTestJSON-1179642517-project-member] Request filter 'compute_status_filter' took 0.0 seconds {{(pid=93460) wrapper /opt/stack/nova/nova/scheduler/request_filter.py:46}}
Aug 13 08:49:16.296641 np0000007184 nova-scheduler[93460]: DEBUG nova.scheduler.request_filter [None req-6f5a88f9-d694-4360-bbec-2eef3a236011 tempest-DeleteServersTestJSON-1179642517 tempest-DeleteServersTestJSON-1179642517-project-member] Request filter 'accelerators_filter' took 0.0 seconds {{(pid=93460) wrapper /opt/stack/nova/nova/scheduler/request_filter.py:46}}
Aug 13 08:49:16.296641 np0000007184 nova-scheduler[93460]: DEBUG nova.scheduler.request_filter [None req-6f5a88f9-d694-4360-bbec-2eef3a236011 tempest-DeleteServersTestJSON-1179642517 tempest-DeleteServersTestJSON-1179642517-project-member] Request filter 'packed_virtqueue_filter' took 0.0 seconds {{(pid=93460) wrapper /opt/stack/nova/nova/scheduler/request_filter.py:46}}
Aug 13 08:49:16.297038 np0000007184 nova-scheduler[93460]: DEBUG nova.scheduler.request_filter [None req-6f5a88f9-d694-4360-bbec-2eef3a236011 tempest-DeleteServersTestJSON-1179642517 tempest-DeleteServersTestJSON-1179642517-project-member] Request filter 'remote_managed_ports_filter' took 0.0 seconds {{(pid=93460) wrapper /opt/stack/nova/nova/scheduler/request_filter.py:46}}
Aug 13 08:49:16.297538 np0000007184 nova-scheduler[93460]: DEBUG nova.scheduler.request_filter [None req-6f5a88f9-d694-4360-bbec-2eef3a236011 tempest-DeleteServersTestJSON-1179642517 tempest-DeleteServersTestJSON-1179642517-project-member] ephemeral_encryption_filter skipped {{(pid=93460) ephemeral_encryption_filter /opt/stack/nova/nova/scheduler/request_filter.py:426}}
Aug 13 08:49:16.297744 np0000007184 nova-scheduler[93460]: DEBUG nova.scheduler.request_filter [None req-6f5a88f9-d694-4360-bbec-2eef3a236011 tempest-DeleteServersTestJSON-1179642517 tempest-DeleteServersTestJSON-1179642517-project-member] virtio_sound_filter skipped {{(pid=93460) virtio_sound_filter /opt/stack/nova/nova/scheduler/request_filter.py:460}}
Aug 13 08:49:16.297911 np0000007184 nova-scheduler[93460]: DEBUG nova.scheduler.request_filter [None req-6f5a88f9-d694-4360-bbec-2eef3a236011 tempest-DeleteServersTestJSON-1179642517 tempest-DeleteServersTestJSON-1179642517-project-member] tpm_secret_security_filter skipped {{(pid=93460) tpm_secret_security_filter /opt/stack/nova/nova/scheduler/request_filter.py:477}}
Aug 13 08:49:17.013711 np0000007184 nova-scheduler[93460]: INFO nova.utils [None req-6f5a88f9-d694-4360-bbec-2eef3a236011 tempest-DeleteServersTestJSON-1179642517 tempest-DeleteServersTestJSON-1179642517-project-member] The cell worker thread pool ForkProcess-2.cell_worker is initialized
Aug 13 08:49:17.013990 np0000007184 nova-scheduler[93460]: DEBUG oslo_concurrency.lockutils [None req-6f5a88f9-d694-4360-bbec-2eef3a236011 tempest-DeleteServersTestJSON-1179642517 tempest-DeleteServersTestJSON-1179642517-project-member] Acquiring lock "cc434005-a0c5-4f86-992f-b1414002b091" by "nova.context.set_target_cell..get_or_set_cached_cell_and_set_connections" {{(pid=93460) inner /opt/stack/data/venv/lib/python3.12/site-packages/oslo_concurrency/lockutils.py:512}}
Aug 13 08:49:17.014403 np0000007184 nova-scheduler[93460]: DEBUG oslo_concurrency.lockutils [None req-6f5a88f9-d694-4360-bbec-2eef3a236011 tempest-DeleteServersTestJSON-1179642517 tempest-DeleteServersTestJSON-1179642517-project-member] Lock "cc434005-a0c5-4f86-992f-b1414002b091" acquired by "nova.context.set_target_cell..get_or_set_cached_cell_and_set_connections" :: waited 0.000s {{(pid=93460) inner /opt/stack/data/venv/lib/python3.12/site-packages/oslo_concurrency/lockutils.py:525}}
Aug 13 08:49:17.015829 np0000007184 nova-scheduler[93460]: DEBUG oslo_concurrency.lockutils [None req-6f5a88f9-d694-4360-bbec-2eef3a236011 tempest-DeleteServersTestJSON-1179642517 tempest-DeleteServersTestJSON-1179642517-project-member] Lock "cc434005-a0c5-4f86-992f-b1414002b091" "released" by "nova.context.set_target_cell..get_or_set_cached_cell_and_set_connections" :: held 0.001s {{(pid=93460) inner /opt/stack/data/venv/lib/python3.12/site-packages/oslo_concurrency/lockutils.py:544}}
Aug 13 08:49:17.018629 np0000007184 nova-scheduler[93460]: INFO dbcounter [None req-6f5a88f9-d694-4360-bbec-2eef3a236011 tempest-DeleteServersTestJSON-1179642517 tempest-DeleteServersTestJSON-1179642517-project-member] Registered counter for database nova_cell1
Aug 13 08:49:17.062643 np0000007184 nova-scheduler[93460]: DEBUG oslo_db.sqlalchemy.engines [None req-6f5a88f9-d694-4360-bbec-2eef3a236011 tempest-DeleteServersTestJSON-1179642517 tempest-DeleteServersTestJSON-1179642517-project-member] MySQL server mode set to STRICT_TRANS_TABLES,STRICT_ALL_TABLES,NO_ZERO_IN_DATE,NO_ZERO_DATE,ERROR_FOR_DIVISION_BY_ZERO,TRADITIONAL,NO_ENGINE_SUBSTITUTION {{(pid=93460) _check_effective_sql_mode /opt/stack/data/venv/lib/python3.12/site-packages/oslo_db/sqlalchemy/engines.py:325}}
Aug 13 08:49:17.069580 np0000007184 nova-scheduler[93460]: DEBUG dbcounter [-] [93460] Writer thread running {{(pid=93460) stat_writer /opt/stack/data/venv/lib/python3.12/site-packages/dbcounter.py:102}}
Aug 13 08:49:17.088224 np0000007184 nova-scheduler[93460]: DEBUG oslo_db.sqlalchemy.engines [None req-6f5a88f9-d694-4360-bbec-2eef3a236011 tempest-DeleteServersTestJSON-1179642517 tempest-DeleteServersTestJSON-1179642517-project-member] Parent process 92263 forked (93460) with an open database connection, which is being discarded and recreated. {{(pid=93460) checkout /opt/stack/data/venv/lib/python3.12/site-packages/oslo_db/sqlalchemy/engines.py:402}}
Aug 13 08:49:17.129288 np0000007184 nova-scheduler[93460]: DEBUG dbcounter [-] [93460] Writer thread running {{(pid=93460) stat_writer /opt/stack/data/venv/lib/python3.12/site-packages/dbcounter.py:102}}
Aug 13 08:49:17.132562 np0000007184 nova-scheduler[93460]: DEBUG oslo_concurrency.lockutils [None req-6f5a88f9-d694-4360-bbec-2eef3a236011 tempest-DeleteServersTestJSON-1179642517 tempest-DeleteServersTestJSON-1179642517-project-member] Acquiring lock "cc434005-a0c5-4f86-992f-b1414002b091" by "nova.context.set_target_cell..get_or_set_cached_cell_and_set_connections" {{(pid=93460) inner /opt/stack/data/venv/lib/python3.12/site-packages/oslo_concurrency/lockutils.py:512}}
Aug 13 08:49:17.132735 np0000007184 nova-scheduler[93460]: DEBUG oslo_concurrency.lockutils [None req-6f5a88f9-d694-4360-bbec-2eef3a236011 tempest-DeleteServersTestJSON-1179642517 tempest-DeleteServersTestJSON-1179642517-project-member] Lock "cc434005-a0c5-4f86-992f-b1414002b091" acquired by "nova.context.set_target_cell..get_or_set_cached_cell_and_set_connections" :: waited 0.000s {{(pid=93460) inner /opt/stack/data/venv/lib/python3.12/site-packages/oslo_concurrency/lockutils.py:525}}
Aug 13 08:49:17.132870 np0000007184 nova-scheduler[93460]: DEBUG oslo_concurrency.lockutils [None req-6f5a88f9-d694-4360-bbec-2eef3a236011 tempest-DeleteServersTestJSON-1179642517 tempest-DeleteServersTestJSON-1179642517-project-member] Lock "cc434005-a0c5-4f86-992f-b1414002b091" "released" by "nova.context.set_target_cell..get_or_set_cached_cell_and_set_connections" :: held 0.000s {{(pid=93460) inner /opt/stack/data/venv/lib/python3.12/site-packages/oslo_concurrency/lockutils.py:544}}
Aug 13 08:49:17.136052 np0000007184 nova-scheduler[93460]: DEBUG oslo_concurrency.lockutils [None req-6f5a88f9-d694-4360-bbec-2eef3a236011 tempest-DeleteServersTestJSON-1179642517 tempest-DeleteServersTestJSON-1179642517-project-member] Acquiring lock "np0000007184-np0000007184" by "nova.scheduler.host_manager.HostState.update.._locked_update" {{(pid=93460) inner /opt/stack/data/venv/lib/python3.12/site-packages/oslo_concurrency/lockutils.py:512}}
Aug 13 08:49:17.136202 np0000007184 nova-scheduler[93460]: DEBUG oslo_concurrency.lockutils [None req-6f5a88f9-d694-4360-bbec-2eef3a236011 tempest-DeleteServersTestJSON-1179642517 tempest-DeleteServersTestJSON-1179642517-project-member] Lock "np0000007184-np0000007184" acquired by "nova.scheduler.host_manager.HostState.update.._locked_update" :: waited 0.000s {{(pid=93460) inner /opt/stack/data/venv/lib/python3.12/site-packages/oslo_concurrency/lockutils.py:525}}
Aug 13 08:49:17.137181 np0000007184 nova-scheduler[93460]: DEBUG nova.scheduler.host_manager [None req-6f5a88f9-d694-4360-bbec-2eef3a236011 tempest-DeleteServersTestJSON-1179642517 tempest-DeleteServersTestJSON-1179642517-project-member] Update host state from compute node: ComputeNode(cpu_allocation_ratio=4.0,cpu_info='{"arch": "x86_64", "model": "EPYC-Milan", "vendor": "AMD", "topology": {"cells": 1, "sockets": 16, "cores": 1, "threads": 1}, "maxphysaddr": {"mode": "emulate", "bits": 40}, "features": ["pschange-mc-no", "fxsr", "rdseed", "cmov", "cr8legacy", "xsave", "fpu", "3dnowprefetch", "rdrand", "avx", "lm", "npt", "wbnoinvd", "tsc_adjust", "vmcb-clean", "sse2", "stibp", "ssbd", "lbrv", "ibrs", "sse4.2", "svm", "vme", "mmx", "clflushopt", "perfctr_core", "clzero", "mca", "tsc-scale", "sse", "aes", "umip", "arat", "cx8", "rdpid", "pclmuldq", "syscall", "xgetbv1", "xsaveerptr", "stibp-always-on", "cmp_legacy", "xsavec", "avx2", "vgif", "mmxext", "vaes", "tsc", "erms", "adx", "skip-l1dfl-vmentry", "mtrr", "clflush", "lahf_lm", "v-vmsave-vmload", "abm", "pse", "arch-capabilities", "nrip-save", "virt-ssbd", "apic", "fsgsbase", "pat", "clwb", "hypervisor", "pge", "fxsr_opt", "ibpb", "msr", "sha-ni", "pdpe1gb", "sep", "ssse3", "de", "tsc-deadline", "vpclmulqdq", "xsaveopt", "gds-no", "null-sel-clr-base", "rdctl-no", "pni", "fma", "fsrm", "xsaves", "popcnt", "pku", "sse4a", "pfthreshold", "cx16", "mds-no", "no-nested-data-bp", "lfence-always-serializing", "spec-ctrl", "invpcid", "smep", "amd-ssbd", "bmi1", "rdtscp", "pse36", "sse4.1", "x2apic", "amd-stibp", "misalignsse", "pae", "smap", "svme-addr-chk", "pause-filter", "nx", "movbe", "flushbyasid", "mce", "bmi2", "topoext", "f16c", "osvw", "amd-psfd", "pcid"]}',created_at=2026-08-13T08:46:51Z,current_workload=0,deleted=False,deleted_at=None,disk_allocation_ratio=1.0,disk_available_least=73,free_disk_gb=95,free_ram_mb=62765,host='np0000007184',host_ip=10.4.3.26,hypervisor_hostname='np0000007184',hypervisor_type='QEMU',hypervisor_version=8002002,id=1,local_gb=95,local_gb_used=0,mapped=1,memory_mb=63277,memory_mb_used=512,metrics='[]',numa_topology='{"nova_object.name": "NUMATopology", "nova_object.namespace": "nova", "nova_object.version": "1.2", "nova_object.data": {"cells": [{"nova_object.name": "NUMACell", "nova_object.namespace": "nova", "nova_object.version": "1.5", "nova_object.data": {"id": 0, "cpuset": [0, 1, 2, 3, 4, 5, 6, 7, 8, 9, 10, 11, 12, 13, 14, 15], "pcpuset": [0, 1, 2, 3, 4, 5, 6, 7, 8, 9, 10, 11, 12, 13, 14, 15], "memory": 63277, "cpu_usage": 0, "memory_usage": 0, "pinned_cpus": [], "siblings": [[6], [12], [2], [15], [5], [11], [8], [14], [4], [1], [7], [10], [0], [13], [3], [9]], "mempages": [{"nova_object.name": "NUMAPagesTopology", "nova_object.namespace": "nova", "nova_object.version": "1.1", "nova_object.data": {"size_kb": 4, "total": 16177929, "used": 0, "reserved": 0}, "nova_object.changes": ["total", "reserved", "size_kb", "used"]}, {"nova_object.name": "NUMAPagesTopology", "nova_object.namespace": "nova", "nova_object.version": "1.1", "nova_object.data": {"size_kb": 2048, "total": 41, "used": 0, "reserved": 0}, "nova_object.changes": ["total", "reserved", "size_kb", "used"]}, {"nova_object.name": "NUMAPagesTopology", "nova_object.namespace": "nova", "nova_object.version": "1.1", "nova_object.data": {"size_kb": 1048576, "total": 0, "used": 0, "reserved": 0}, "nova_object.changes": ["total", "reserved", "size_kb", "used"]}], "network_metadata": {"nova_object.name": "NetworkMetadata", "nova_object.namespace": "nova", "nova_object.version": "1.0", "nova_object.data": {"physnets": [], "tunneled": false}, "nova_object.changes": ["physnets", "tunneled"]}, "socket": null}, "nova_object.changes": ["memory", "memory_usage", "pinned_cpus", "mempages", "cpu_usage", "id", "siblings", "network_metadata", "socket", "pcpuset", "cpuset"]}]}, "nova_object.changes": ["cells"]}',pci_device_pools=PciDevicePoolList,ram_allocation_ratio=1.0,running_vms=0,service_id=2,stats={failed_builds='0',uptime=' 08:48:39 up 13 min, 2 users, load average: 1.34, 1.45, 0.81
Aug 13 08:49:17.137181 np0000007184 nova-scheduler[93460]: '},supported_hv_specs=[HVSpec,HVSpec,HVSpec,HVSpec,HVSpec,HVSpec,HVSpec,HVSpec,HVSpec,HVSpec,HVSpec,HVSpec,HVSpec,HVSpec,HVSpec,HVSpec,HVSpec,HVSpec,HVSpec,HVSpec,HVSpec,HVSpec,HVSpec,HVSpec,HVSpec],updated_at=2026-08-13T08:48:39Z,uuid=b9d7e40a-5b73-4dde-8fbe-8a0adad21ec0,vcpus=16,vcpus_used=0) {{(pid=93460) _locked_update /opt/stack/nova/nova/scheduler/host_manager.py:168}}
Aug 13 08:49:17.137993 np0000007184 nova-scheduler[93460]: DEBUG nova.scheduler.host_manager [None req-6f5a88f9-d694-4360-bbec-2eef3a236011 tempest-DeleteServersTestJSON-1179642517 tempest-DeleteServersTestJSON-1179642517-project-member] Update host state with aggregates: [] {{(pid=93460) _locked_update /opt/stack/nova/nova/scheduler/host_manager.py:171}}
Aug 13 08:49:17.138282 np0000007184 nova-scheduler[93460]: DEBUG nova.scheduler.host_manager [None req-6f5a88f9-d694-4360-bbec-2eef3a236011 tempest-DeleteServersTestJSON-1179642517 tempest-DeleteServersTestJSON-1179642517-project-member] Update host state with service dict: {'id': 2, 'uuid': '03386b87-1cab-473d-8c5d-5c86cbfe7414', 'host': 'np0000007184', 'binary': 'nova-compute', 'topic': 'compute', 'report_count': 2, 'disabled': False, 'disabled_reason': None, 'last_seen_up': datetime.datetime(2026, 8, 13, 8, 48, 58, tzinfo=datetime.timezone.utc), 'forced_down': False, 'version': 72, 'created_at': datetime.datetime(2026, 8, 13, 8, 46, 51, tzinfo=datetime.timezone.utc), 'updated_at': datetime.datetime(2026, 8, 13, 8, 48, 58, tzinfo=datetime.timezone.utc), 'deleted_at': None, 'deleted': False} {{(pid=93460) _locked_update /opt/stack/nova/nova/scheduler/host_manager.py:174}}
Aug 13 08:49:17.138359 np0000007184 nova-scheduler[93460]: DEBUG nova.scheduler.host_manager [None req-6f5a88f9-d694-4360-bbec-2eef3a236011 tempest-DeleteServersTestJSON-1179642517 tempest-DeleteServersTestJSON-1179642517-project-member] Update host state with instances: [] {{(pid=93460) _locked_update /opt/stack/nova/nova/scheduler/host_manager.py:177}}
Aug 13 08:49:17.138436 np0000007184 nova-scheduler[93460]: DEBUG oslo_concurrency.lockutils [None req-6f5a88f9-d694-4360-bbec-2eef3a236011 tempest-DeleteServersTestJSON-1179642517 tempest-DeleteServersTestJSON-1179642517-project-member] Lock "np0000007184-np0000007184" "released" by "nova.scheduler.host_manager.HostState.update.._locked_update" :: held 0.002s {{(pid=93460) inner /opt/stack/data/venv/lib/python3.12/site-packages/oslo_concurrency/lockutils.py:544}}
Aug 13 08:49:17.138984 np0000007184 nova-scheduler[93460]: DEBUG nova.filters [None req-6f5a88f9-d694-4360-bbec-2eef3a236011 tempest-DeleteServersTestJSON-1179642517 tempest-DeleteServersTestJSON-1179642517-project-member] Starting with 1 host(s) {{(pid=93460) get_filtered_objects /opt/stack/nova/nova/filters.py:70}}
Aug 13 08:49:17.139109 np0000007184 nova-scheduler[93460]: DEBUG nova.filters [None req-6f5a88f9-d694-4360-bbec-2eef3a236011 tempest-DeleteServersTestJSON-1179642517 tempest-DeleteServersTestJSON-1179642517-project-member] Filter ComputeFilter returned 1 host(s) {{(pid=93460) get_filtered_objects /opt/stack/nova/nova/filters.py:102}}
Aug 13 08:49:17.139491 np0000007184 nova-scheduler[93460]: DEBUG nova.filters [None req-6f5a88f9-d694-4360-bbec-2eef3a236011 tempest-DeleteServersTestJSON-1179642517 tempest-DeleteServersTestJSON-1179642517-project-member] Filter ComputeCapabilitiesFilter returned 1 host(s) {{(pid=93460) get_filtered_objects /opt/stack/nova/nova/filters.py:102}}
Aug 13 08:49:17.139491 np0000007184 nova-scheduler[93460]: DEBUG nova.filters [None req-6f5a88f9-d694-4360-bbec-2eef3a236011 tempest-DeleteServersTestJSON-1179642517 tempest-DeleteServersTestJSON-1179642517-project-member] Filter ImagePropertiesFilter returned 1 host(s) {{(pid=93460) get_filtered_objects /opt/stack/nova/nova/filters.py:102}}
Aug 13 08:49:17.139585 np0000007184 nova-scheduler[93460]: DEBUG nova.filters [None req-6f5a88f9-d694-4360-bbec-2eef3a236011 tempest-DeleteServersTestJSON-1179642517 tempest-DeleteServersTestJSON-1179642517-project-member] Filter ServerGroupAntiAffinityFilter returned 1 host(s) {{(pid=93460) get_filtered_objects /opt/stack/nova/nova/filters.py:102}}
Aug 13 08:49:17.139693 np0000007184 nova-scheduler[93460]: DEBUG nova.filters [None req-6f5a88f9-d694-4360-bbec-2eef3a236011 tempest-DeleteServersTestJSON-1179642517 tempest-DeleteServersTestJSON-1179642517-project-member] Filter ServerGroupAffinityFilter returned 1 host(s) {{(pid=93460) get_filtered_objects /opt/stack/nova/nova/filters.py:102}}
Aug 13 08:49:17.139950 np0000007184 nova-scheduler[93460]: DEBUG nova.filters [None req-6f5a88f9-d694-4360-bbec-2eef3a236011 tempest-DeleteServersTestJSON-1179642517 tempest-DeleteServersTestJSON-1179642517-project-member] Filter SameHostFilter returned 1 host(s) {{(pid=93460) get_filtered_objects /opt/stack/nova/nova/filters.py:102}}
Aug 13 08:49:17.139950 np0000007184 nova-scheduler[93460]: DEBUG nova.filters [None req-6f5a88f9-d694-4360-bbec-2eef3a236011 tempest-DeleteServersTestJSON-1179642517 tempest-DeleteServersTestJSON-1179642517-project-member] Filter DifferentHostFilter returned 1 host(s) {{(pid=93460) get_filtered_objects /opt/stack/nova/nova/filters.py:102}}
Aug 13 08:49:17.140114 np0000007184 nova-scheduler[93460]: DEBUG nova.scheduler.manager [None req-6f5a88f9-d694-4360-bbec-2eef3a236011 tempest-DeleteServersTestJSON-1179642517 tempest-DeleteServersTestJSON-1179642517-project-member] Filtered [(np0000007184, np0000007184) ram: 62765MB disk: 74752MB io_ops: 0 instances: 0, allocation_candidates: 1] {{(pid=93460) _get_sorted_hosts /opt/stack/nova/nova/scheduler/manager.py:742}}
Aug 13 08:49:17.140303 np0000007184 nova-scheduler[93460]: DEBUG nova.scheduler.manager [None req-6f5a88f9-d694-4360-bbec-2eef3a236011 tempest-DeleteServersTestJSON-1179642517 tempest-DeleteServersTestJSON-1179642517-project-member] Weighed [WeighedHost [host: (np0000007184, np0000007184) ram: 62765MB disk: 74752MB io_ops: 0 instances: 0, allocation_candidates: 1, weight: 0.0]] {{(pid=93460) _get_sorted_hosts /opt/stack/nova/nova/scheduler/manager.py:764}}
Aug 13 08:49:17.140468 np0000007184 nova-scheduler[93460]: DEBUG nova.scheduler.utils [None req-6f5a88f9-d694-4360-bbec-2eef3a236011 tempest-DeleteServersTestJSON-1179642517 tempest-DeleteServersTestJSON-1179642517-project-member] Attempting to claim resources in the placement API for instance 2be9f945-682b-495c-87a8-0a9480ddfaee {{(pid=93460) claim_resources /opt/stack/nova/nova/scheduler/utils.py:1345}}
Aug 13 08:49:17.346933 np0000007184 nova-scheduler[93460]: DEBUG nova.scheduler.manager [None req-6f5a88f9-d694-4360-bbec-2eef3a236011 tempest-DeleteServersTestJSON-1179642517 tempest-DeleteServersTestJSON-1179642517-project-member] [instance: 2be9f945-682b-495c-87a8-0a9480ddfaee] Selected host: (np0000007184, np0000007184) ram: 62765MB disk: 74752MB io_ops: 0 instances: 0, allocation_candidates: 1 {{(pid=93460) _consume_selected_host /opt/stack/nova/nova/scheduler/manager.py:624}}
Aug 13 08:49:17.347617 np0000007184 nova-scheduler[93460]: DEBUG oslo_concurrency.lockutils [None req-6f5a88f9-d694-4360-bbec-2eef3a236011 tempest-DeleteServersTestJSON-1179642517 tempest-DeleteServersTestJSON-1179642517-project-member] Acquiring lock "np0000007184-np0000007184" by "nova.scheduler.host_manager.HostState.consume_from_request.._locked" {{(pid=93460) inner /opt/stack/data/venv/lib/python3.12/site-packages/oslo_concurrency/lockutils.py:512}}
Aug 13 08:49:17.347617 np0000007184 nova-scheduler[93460]: DEBUG oslo_concurrency.lockutils [None req-6f5a88f9-d694-4360-bbec-2eef3a236011 tempest-DeleteServersTestJSON-1179642517 tempest-DeleteServersTestJSON-1179642517-project-member] Lock "np0000007184-np0000007184" acquired by "nova.scheduler.host_manager.HostState.consume_from_request.._locked" :: waited 0.000s {{(pid=93460) inner /opt/stack/data/venv/lib/python3.12/site-packages/oslo_concurrency/lockutils.py:525}}
Aug 13 08:49:17.347769 np0000007184 nova-scheduler[93460]: DEBUG oslo_concurrency.lockutils [None req-6f5a88f9-d694-4360-bbec-2eef3a236011 tempest-DeleteServersTestJSON-1179642517 tempest-DeleteServersTestJSON-1179642517-project-member] Lock "np0000007184-np0000007184" "released" by "nova.scheduler.host_manager.HostState.consume_from_request.._locked" :: held 0.000s {{(pid=93460) inner /opt/stack/data/venv/lib/python3.12/site-packages/oslo_concurrency/lockutils.py:544}}
Aug 13 08:49:19.944142 np0000007184 nova-scheduler[93434]: DEBUG nova.scheduler.manager [None req-2a9731c9-dc14-4467-8871-1d89542a4ec8 tempest-ServerActionsTestOtherB-2115753709 tempest-ServerActionsTestOtherB-2115753709-project-member] Starting to schedule for instances: ['bf933d76-d0f0-411c-8c1b-a3fe3d3ae9da'] {{(pid=93434) select_destinations /opt/stack/nova/nova/scheduler/manager.py:209}}
Aug 13 08:49:19.944813 np0000007184 nova-scheduler[93434]: DEBUG nova.scheduler.request_filter [None req-2a9731c9-dc14-4467-8871-1d89542a4ec8 tempest-ServerActionsTestOtherB-2115753709 tempest-ServerActionsTestOtherB-2115753709-project-member] compute_status_filter request filter added forbidden trait COMPUTE_STATUS_DISABLED {{(pid=93434) compute_status_filter /opt/stack/nova/nova/scheduler/request_filter.py:253}}
Aug 13 08:49:19.944999 np0000007184 nova-scheduler[93434]: DEBUG nova.scheduler.request_filter [None req-2a9731c9-dc14-4467-8871-1d89542a4ec8 tempest-ServerActionsTestOtherB-2115753709 tempest-ServerActionsTestOtherB-2115753709-project-member] Request filter 'compute_status_filter' took 0.0 seconds {{(pid=93434) wrapper /opt/stack/nova/nova/scheduler/request_filter.py:46}}
Aug 13 08:49:19.945287 np0000007184 nova-scheduler[93434]: DEBUG nova.scheduler.request_filter [None req-2a9731c9-dc14-4467-8871-1d89542a4ec8 tempest-ServerActionsTestOtherB-2115753709 tempest-ServerActionsTestOtherB-2115753709-project-member] Request filter 'accelerators_filter' took 0.0 seconds {{(pid=93434) wrapper /opt/stack/nova/nova/scheduler/request_filter.py:46}}
Aug 13 08:49:19.945568 np0000007184 nova-scheduler[93434]: DEBUG nova.scheduler.request_filter [None req-2a9731c9-dc14-4467-8871-1d89542a4ec8 tempest-ServerActionsTestOtherB-2115753709 tempest-ServerActionsTestOtherB-2115753709-project-member] Request filter 'packed_virtqueue_filter' took 0.0 seconds {{(pid=93434) wrapper /opt/stack/nova/nova/scheduler/request_filter.py:46}}
Aug 13 08:49:19.945972 np0000007184 nova-scheduler[93434]: DEBUG nova.scheduler.request_filter [None req-2a9731c9-dc14-4467-8871-1d89542a4ec8 tempest-ServerActionsTestOtherB-2115753709 tempest-ServerActionsTestOtherB-2115753709-project-member] Request filter 'remote_managed_ports_filter' took 0.0 seconds {{(pid=93434) wrapper /opt/stack/nova/nova/scheduler/request_filter.py:46}}
Aug 13 08:49:19.946187 np0000007184 nova-scheduler[93434]: DEBUG nova.scheduler.request_filter [None req-2a9731c9-dc14-4467-8871-1d89542a4ec8 tempest-ServerActionsTestOtherB-2115753709 tempest-ServerActionsTestOtherB-2115753709-project-member] ephemeral_encryption_filter skipped {{(pid=93434) ephemeral_encryption_filter /opt/stack/nova/nova/scheduler/request_filter.py:426}}
Aug 13 08:49:19.947157 np0000007184 nova-scheduler[93434]: DEBUG nova.scheduler.request_filter [None req-2a9731c9-dc14-4467-8871-1d89542a4ec8 tempest-ServerActionsTestOtherB-2115753709 tempest-ServerActionsTestOtherB-2115753709-project-member] virtio_sound_filter skipped {{(pid=93434) virtio_sound_filter /opt/stack/nova/nova/scheduler/request_filter.py:460}}
