Jul 21 16:07:13.654014 np0000005576 devstack@g-api.service[102887]: DEBUG glance.api.middleware.version_negotiation [None req-b2996c6f-60c1-4afb-bbfb-2f961ac29fd2 tempest-ServerActionsV293TestJSON-967780694 tempest-ServerActionsV293TestJSON-967780694-project-member] Matched version: v2 {{(pid=102887) process_request /opt/stack/glance/glance/api/middleware/version_negotiation.py:69}}
Jul 21 16:07:13.654107 np0000005576 devstack@g-api.service[102887]: DEBUG glance.api.middleware.version_negotiation [None req-b2996c6f-60c1-4afb-bbfb-2f961ac29fd2 tempest-ServerActionsV293TestJSON-967780694 tempest-ServerActionsV293TestJSON-967780694-project-member] new path /v2/images/1f80b4e9-3733-481f-9c73-7f7b5b41e409 {{(pid=102887) process_request /opt/stack/glance/glance/api/middleware/version_negotiation.py:70}}
Jul 21 16:07:13.656248 np0000005576 devstack@g-api.service[102886]: [pid: 102886|app: 0|req: 11/38] 127.0.0.1 () {44 vars in 1111 bytes} [Tue Jul 21 16:07:13 2026] GET /v2/images/1f80b4e9-3733-481f-9c73-7f7b5b41e409 => generated 1044 bytes in 12 msecs (HTTP/1.1 200) 4 headers in 158 bytes (1 switches on core 0)
Jul 21 16:07:13.664217 np0000005576 devstack@g-api.service[102887]: [pid: 102887|app: 0|req: 10/39] 127.0.0.1 () {44 vars in 1111 bytes} [Tue Jul 21 16:07:13 2026] GET /v2/images/1f80b4e9-3733-481f-9c73-7f7b5b41e409 => generated 1044 bytes in 10 msecs (HTTP/1.1 200) 4 headers in 158 bytes (1 switches on core 0)
Jul 21 16:07:13.672838 np0000005576 devstack@g-api.service[102889]: DEBUG glance.api.middleware.version_negotiation [None req-b2996c6f-60c1-4afb-bbfb-2f961ac29fd2 tempest-ServerActionsV293TestJSON-967780694 tempest-ServerActionsV293TestJSON-967780694-project-member] Determining version of request: GET /v2/images/1f80b4e9-3733-481f-9c73-7f7b5b41e409/file Accept: */* {{(pid=102889) process_request /opt/stack/glance/glance/api/middleware/version_negotiation.py:44}}
Jul 21 16:07:13.673030 np0000005576 devstack@g-api.service[102889]: DEBUG glance.api.middleware.version_negotiation [None req-b2996c6f-60c1-4afb-bbfb-2f961ac29fd2 tempest-ServerActionsV293TestJSON-967780694 tempest-ServerActionsV293TestJSON-967780694-project-member] Using url versioning {{(pid=102889) process_request /opt/stack/glance/glance/api/middleware/version_negotiation.py:57}}
Jul 21 16:07:13.673160 np0000005576 devstack@g-api.service[102889]: DEBUG glance.api.middleware.version_negotiation [None req-b2996c6f-60c1-4afb-bbfb-2f961ac29fd2 tempest-ServerActionsV293TestJSON-967780694 tempest-ServerActionsV293TestJSON-967780694-project-member] Matched version: v2 {{(pid=102889) process_request /opt/stack/glance/glance/api/middleware/version_negotiation.py:69}}
Jul 21 16:07:13.673278 np0000005576 devstack@g-api.service[102889]: DEBUG glance.api.middleware.version_negotiation [None req-b2996c6f-60c1-4afb-bbfb-2f961ac29fd2 tempest-ServerActionsV293TestJSON-967780694 tempest-ServerActionsV293TestJSON-967780694-project-member] new path /v2/images/1f80b4e9-3733-481f-9c73-7f7b5b41e409/file {{(pid=102889) process_request /opt/stack/glance/glance/api/middleware/version_negotiation.py:70}}
Jul 21 16:07:13.683135 np0000005576 devstack@g-api.service[102889]: DEBUG glance.api.middleware.cache [None req-b2996c6f-60c1-4afb-bbfb-2f961ac29fd2 tempest-ServerActionsV293TestJSON-967780694 tempest-ServerActionsV293TestJSON-967780694-project-member] Cache hit for image '1f80b4e9-3733-481f-9c73-7f7b5b41e409' {{(pid=102889) process_request /opt/stack/glance/glance/api/middleware/cache.py:160}}
Jul 21 16:07:13.688611 np0000005576 devstack@g-api.service[102888]: DEBUG glance.api.middleware.version_negotiation [None req-b2996c6f-60c1-4afb-bbfb-2f961ac29fd2 tempest-ServerActionsV293TestJSON-967780694 tempest-ServerActionsV293TestJSON-967780694-project-member] Determining version of request: GET /v2/schemas/image Accept: */* {{(pid=102888) process_request /opt/stack/glance/glance/api/middleware/version_negotiation.py:44}}
Jul 21 16:07:13.688762 np0000005576 devstack@g-api.service[102888]: DEBUG glance.api.middleware.version_negotiation [None req-b2996c6f-60c1-4afb-bbfb-2f961ac29fd2 tempest-ServerActionsV293TestJSON-967780694 tempest-ServerActionsV293TestJSON-967780694-project-member] Using url versioning {{(pid=102888) process_request /opt/stack/glance/glance/api/middleware/version_negotiation.py:57}}
Jul 21 16:07:13.690402 np0000005576 devstack@g-api.service[102888]: DEBUG glance.api.middleware.version_negotiation [None req-b2996c6f-60c1-4afb-bbfb-2f961ac29fd2 tempest-ServerActionsV293TestJSON-967780694 tempest-ServerActionsV293TestJSON-967780694-project-member] Matched version: v2 {{(pid=102888) process_request /opt/stack/glance/glance/api/middleware/version_negotiation.py:69}}
Jul 21 16:07:13.690402 np0000005576 devstack@g-api.service[102888]: DEBUG glance.api.middleware.version_negotiation [None req-b2996c6f-60c1-4afb-bbfb-2f961ac29fd2 tempest-ServerActionsV293TestJSON-967780694 tempest-ServerActionsV293TestJSON-967780694-project-member] new path /v2/schemas/image {{(pid=102888) process_request /opt/stack/glance/glance/api/middleware/version_negotiation.py:70}}
Jul 21 16:07:13.691639 np0000005576 devstack@g-api.service[102888]: [pid: 102888|app: 0|req: 10/40] 127.0.0.1 () {44 vars in 1051 bytes} [Tue Jul 21 16:07:13 2026] GET /v2/schemas/image => generated 6083 bytes in 3 msecs (HTTP/1.1 200) 4 headers in 158 bytes (1 switches on core 0)
Jul 21 16:07:13.753089 np0000005576 devstack@g-api.service[102889]: [pid: 102889|app: 0|req: 10/41] 127.0.0.1 () {44 vars in 1121 bytes} [Tue Jul 21 16:07:13 2026] GET /v2/images/1f80b4e9-3733-481f-9c73-7f7b5b41e409/file => generated 21692416 bytes in 79 msecs (HTTP/1.1 200) 5 headers in 217 bytes (340 switches on core 0)
Jul 21 16:07:13.838130 np0000005576 devstack@g-api.service[102886]: DEBUG glance.api.middleware.version_negotiation [None req-46570417-b87d-475b-8d91-2b8b060b9bb5 tempest-ServersNegativeTestJSON-849983745 tempest-ServersNegativeTestJSON-849983745-project-member] Determining version of request: GET /v2/images/1f80b4e9-3733-481f-9c73-7f7b5b41e409 Accept: */* {{(pid=102886) process_request /opt/stack/glance/glance/api/middleware/version_negotiation.py:44}}
Jul 21 16:07:13.838562 np0000005576 devstack@g-api.service[102886]: DEBUG glance.api.middleware.version_negotiation [None req-46570417-b87d-475b-8d91-2b8b060b9bb5 tempest-ServersNegativeTestJSON-849983745 tempest-ServersNegativeTestJSON-849983745-project-member] Using url versioning {{(pid=102886) process_request /opt/stack/glance/glance/api/middleware/version_negotiation.py:57}}
Jul 21 16:07:13.838562 np0000005576 devstack@g-api.service[102886]: DEBUG glance.api.middleware.version_negotiation [None req-46570417-b87d-475b-8d91-2b8b060b9bb5 tempest-ServersNegativeTestJSON-849983745 tempest-ServersNegativeTestJSON-849983745-project-member] Matched version: v2 {{(pid=102886) process_request /opt/stack/glance/glance/api/middleware/version_negotiation.py:69}}
Jul 21 16:07:13.838912 np0000005576 devstack@g-api.service[102886]: DEBUG glance.api.middleware.version_negotiation [None req-46570417-b87d-475b-8d91-2b8b060b9bb5 tempest-ServersNegativeTestJSON-849983745 tempest-ServersNegativeTestJSON-849983745-project-member] new path /v2/images/1f80b4e9-3733-481f-9c73-7f7b5b41e409 {{(pid=102886) process_request /opt/stack/glance/glance/api/middleware/version_negotiation.py:70}}
Jul 21 16:07:13.848153 np0000005576 devstack@g-api.service[102886]: [pid: 102886|app: 0|req: 12/42] 127.0.0.1 () {44 vars in 1111 bytes} [Tue Jul 21 16:07:13 2026] GET /v2/images/1f80b4e9-3733-481f-9c73-7f7b5b41e409 => generated 1044 bytes in 10 msecs (HTTP/1.1 200) 4 headers in 158 bytes (1 switches on core 0)
Jul 21 16:07:13.856583 np0000005576 devstack@g-api.service[102887]: DEBUG glance.api.middleware.version_negotiation [None req-b2996c6f-60c1-4afb-bbfb-2f961ac29fd2 tempest-ServerActionsV293TestJSON-967780694 tempest-ServerActionsV293TestJSON-967780694-project-member] Determining version of request: GET /v2/schemas/image Accept: */* {{(pid=102887) process_request /opt/stack/glance/glance/api/middleware/version_negotiation.py:44}}
Jul 21 16:07:13.858210 np0000005576 devstack@g-api.service[102887]: DEBUG glance.api.middleware.version_negotiation [None req-b2996c6f-60c1-4afb-bbfb-2f961ac29fd2 tempest-ServerActionsV293TestJSON-967780694 tempest-ServerActionsV293TestJSON-967780694-project-member] Using url versioning {{(pid=102887) process_request /opt/stack/glance/glance/api/middleware/version_negotiation.py:57}}
Jul 21 16:07:13.858210 np0000005576 devstack@g-api.service[102887]: DEBUG glance.api.middleware.version_negotiation [None req-b2996c6f-60c1-4afb-bbfb-2f961ac29fd2 tempest-ServerActionsV293TestJSON-967780694 tempest-ServerActionsV293TestJSON-967780694-project-member] Matched version: v2 {{(pid=102887) process_request /opt/stack/glance/glance/api/middleware/version_negotiation.py:69}}
Jul 21 16:07:13.858210 np0000005576 devstack@g-api.service[102887]: DEBUG glance.api.middleware.version_negotiation [None req-b2996c6f-60c1-4afb-bbfb-2f961ac29fd2 tempest-ServerActionsV293TestJSON-967780694 tempest-ServerActionsV293TestJSON-967780694-project-member] new path /v2/schemas/image {{(pid=102887) process_request /opt/stack/glance/glance/api/middleware/version_negotiation.py:70}}
Jul 21 16:07:13.860912 np0000005576 devstack@g-api.service[102887]: [pid: 102887|app: 0|req: 11/43] 127.0.0.1 () {44 vars in 1051 bytes} [Tue Jul 21 16:07:13 2026] GET /v2/schemas/image => generated 6083 bytes in 4 msecs (HTTP/1.1 200) 4 headers in 158 bytes (1 switches on core 0)
Jul 21 16:07:14.841856 np0000005576 devstack@g-api.service[102888]: DEBUG glance.api.middleware.version_negotiation [None req-46570417-b87d-475b-8d91-2b8b060b9bb5 tempest-ServersNegativeTestJSON-849983745 tempest-ServersNegativeTestJSON-849983745-project-member] Determining version of request: GET /v2/images/1f80b4e9-3733-481f-9c73-7f7b5b41e409 Accept: */* {{(pid=102888) process_request /opt/stack/glance/glance/api/middleware/version_negotiation.py:44}}
Jul 21 16:07:14.842348 np0000005576 devstack@g-api.service[102888]: DEBUG glance.api.middleware.version_negotiation [None req-46570417-b87d-475b-8d91-2b8b060b9bb5 tempest-ServersNegativeTestJSON-849983745 tempest-ServersNegativeTestJSON-849983745-project-member] Using url versioning {{(pid=102888) process_request /opt/stack/glance/glance/api/middleware/version_negotiation.py:57}}
Jul 21 16:07:14.842628 np0000005576 devstack@g-api.service[102888]: DEBUG glance.api.middleware.version_negotiation [None req-46570417-b87d-475b-8d91-2b8b060b9bb5 tempest-ServersNegativeTestJSON-849983745 tempest-ServersNegativeTestJSON-849983745-project-member] Matched version: v2 {{(pid=102888) process_request /opt/stack/glance/glance/api/middleware/version_negotiation.py:69}}
Jul 21 16:07:14.842709 np0000005576 devstack@g-api.service[102888]: DEBUG glance.api.middleware.version_negotiation [None req-46570417-b87d-475b-8d91-2b8b060b9bb5 tempest-ServersNegativeTestJSON-849983745 tempest-ServersNegativeTestJSON-849983745-project-member] new path /v2/images/1f80b4e9-3733-481f-9c73-7f7b5b41e409 {{(pid=102888) process_request /opt/stack/glance/glance/api/middleware/version_negotiation.py:70}}
Jul 21 16:07:14.855666 np0000005576 devstack@g-api.service[102888]: [pid: 102888|app: 0|req: 11/44] 127.0.0.1 () {44 vars in 1111 bytes} [Tue Jul 21 16:07:14 2026] GET /v2/images/1f80b4e9-3733-481f-9c73-7f7b5b41e409 => generated 1044 bytes in 14 msecs (HTTP/1.1 200) 4 headers in 158 bytes (1 switches on core 0)
Jul 21 16:07:14.864098 np0000005576 devstack@g-api.service[102889]: DEBUG glance.api.middleware.version_negotiation [None req-b2996c6f-60c1-4afb-bbfb-2f961ac29fd2 tempest-ServerActionsV293TestJSON-967780694 tempest-ServerActionsV293TestJSON-967780694-project-member] Determining version of request: GET /v2/schemas/image Accept: */* {{(pid=102889) process_request /opt/stack/glance/glance/api/middleware/version_negotiation.py:44}}
Jul 21 16:07:14.864498 np0000005576 devstack@g-api.service[102889]: DEBUG glance.api.middleware.version_negotiation [None req-b2996c6f-60c1-4afb-bbfb-2f961ac29fd2 tempest-ServerActionsV293TestJSON-967780694 tempest-ServerActionsV293TestJSON-967780694-project-member] Using url versioning {{(pid=102889) process_request /opt/stack/glance/glance/api/middleware/version_negotiation.py:57}}
Jul 21 16:07:14.864498 np0000005576 devstack@g-api.service[102889]: DEBUG glance.api.middleware.version_negotiation [None req-b2996c6f-60c1-4afb-bbfb-2f961ac29fd2 tempest-ServerActionsV293TestJSON-967780694 tempest-ServerActionsV293TestJSON-967780694-project-member] Matched version: v2 {{(pid=102889) process_request /opt/stack/glance/glance/api/middleware/version_negotiation.py:69}}
Jul 21 16:07:14.864498 np0000005576 devstack@g-api.service[102889]: DEBUG glance.api.middleware.version_negotiation [None req-b2996c6f-60c1-4afb-bbfb-2f961ac29fd2 tempest-ServerActionsV293TestJSON-967780694 tempest-ServerActionsV293TestJSON-967780694-project-member] new path /v2/schemas/image {{(pid=102889) process_request /opt/stack/glance/glance/api/middleware/version_negotiation.py:70}}
Jul 21 16:07:14.866862 np0000005576 devstack@g-api.service[102889]: [pid: 102889|app: 0|req: 11/45] 127.0.0.1 () {44 vars in 1051 bytes} [Tue Jul 21 16:07:14 2026] GET /v2/schemas/image => generated 6083 bytes in 3 msecs (HTTP/1.1 200) 4 headers in 158 bytes (1 switches on core 0)
Jul 21 16:07:19.941597 np0000005576 devstack@g-api.service[102886]: DEBUG glance.api.middleware.version_negotiation [None req-b2996c6f-60c1-4afb-bbfb-2f961ac29fd2 tempest-ServerActionsV293TestJSON-967780694 tempest-ServerActionsV293TestJSON-967780694-project-member] Determining version of request: GET /v2/images/1f80b4e9-3733-481f-9c73-7f7b5b41e409 Accept: */* {{(pid=102886) process_request /opt/stack/glance/glance/api/middleware/version_negotiation.py:44}}
Jul 21 16:07:19.941932 np0000005576 devstack@g-api.service[102886]: DEBUG glance.api.middleware.version_negotiation [None req-b2996c6f-60c1-4afb-bbfb-2f961ac29fd2 tempest-ServerActionsV293TestJSON-967780694 tempest-ServerActionsV293TestJSON-967780694-project-member] Using url versioning {{(pid=102886) process_request /opt/stack/glance/glance/api/middleware/version_negotiation.py:57}}
Jul 21 16:07:19.941932 np0000005576 devstack@g-api.service[102886]: DEBUG glance.api.middleware.version_negotiation [None req-b2996c6f-60c1-4afb-bbfb-2f961ac29fd2 tempest-ServerActionsV293TestJSON-967780694 tempest-ServerActionsV293TestJSON-967780694-project-member] Matched version: v2 {{(pid=102886) process_request /opt/stack/glance/glance/api/middleware/version_negotiation.py:69}}
Jul 21 16:07:19.941932 np0000005576 devstack@g-api.service[102886]: DEBUG glance.api.middleware.version_negotiation [None req-b2996c6f-60c1-4afb-bbfb-2f961ac29fd2 tempest-ServerActionsV293TestJSON-967780694 tempest-ServerActionsV293TestJSON-967780694-project-member] new path /v2/images/1f80b4e9-3733-481f-9c73-7f7b5b41e409 {{(pid=102886) process_request /opt/stack/glance/glance/api/middleware/version_negotiation.py:70}}
Jul 21 16:07:19.964196 np0000005576 devstack@g-api.service[102886]: [pid: 102886|app: 0|req: 13/46] 127.0.0.1 () {44 vars in 1111 bytes} [Tue Jul 21 16:07:19 2026] GET /v2/images/1f80b4e9-3733-481f-9c73-7f7b5b41e409 => generated 1044 bytes in 23 msecs (HTTP/1.1 200) 4 headers in 158 bytes (1 switches on core 0)
Jul 21 16:07:19.973711 np0000005576 devstack@g-api.service[102887]: DEBUG glance.api.middleware.version_negotiation [None req-b2996c6f-60c1-4afb-bbfb-2f961ac29fd2 tempest-ServerActionsV293TestJSON-967780694 tempest-ServerActionsV293TestJSON-967780694-project-member] Determining version of request: GET /v2/schemas/image Accept: */* {{(pid=102887) process_request /opt/stack/glance/glance/api/middleware/version_negotiation.py:44}}
Jul 21 16:07:19.974014 np0000005576 devstack@g-api.service[102887]: DEBUG glance.api.middleware.version_negotiation [None req-b2996c6f-60c1-4afb-bbfb-2f961ac29fd2 tempest-ServerActionsV293TestJSON-967780694 tempest-ServerActionsV293TestJSON-967780694-project-member] Using url versioning {{(pid=102887) process_request /opt/stack/glance/glance/api/middleware/version_negotiation.py:57}}
Jul 21 16:07:19.974014 np0000005576 devstack@g-api.service[102887]: DEBUG glance.api.middleware.version_negotiation [None req-b2996c6f-60c1-4afb-bbfb-2f961ac29fd2 tempest-ServerActionsV293TestJSON-967780694 tempest-ServerActionsV293TestJSON-967780694-project-member] Matched version: v2 {{(pid=102887) process_request /opt/stack/glance/glance/api/middleware/version_negotiation.py:69}}
Jul 21 16:07:19.974014 np0000005576 devstack@g-api.service[102887]: DEBUG glance.api.middleware.version_negotiation [None req-b2996c6f-60c1-4afb-bbfb-2f961ac29fd2 tempest-ServerActionsV293TestJSON-967780694 tempest-ServerActionsV293TestJSON-967780694-project-member] new path /v2/schemas/image {{(pid=102887) process_request /opt/stack/glance/glance/api/middleware/version_negotiation.py:70}}
Jul 21 16:07:19.978301 np0000005576 devstack@g-api.service[102887]: [pid: 102887|app: 0|req: 12/47] 127.0.0.1 () {44 vars in 1051 bytes} [Tue Jul 21 16:07:19 2026] GET /v2/schemas/image => generated 6083 bytes in 4 msecs (HTTP/1.1 200) 4 headers in 158 bytes (1 switches on core 0)
Jul 21 16:07:21.445007 np0000005576 devstack@g-api.service[102888]: DEBUG glance.api.middleware.version_negotiation [None req-b2996c6f-60c1-4afb-bbfb-2f961ac29fd2 tempest-ServerActionsV293TestJSON-967780694 tempest-ServerActionsV293TestJSON-967780694-project-member] Determining version of request: GET /v2/images/1f80b4e9-3733-481f-9c73-7f7b5b41e409 Accept: application/json {{(pid=102888) process_request /opt/stack/glance/glance/api/middleware/version_negotiation.py:44}}
Jul 21 16:07:21.447670 np0000005576 devstack@g-api.service[102888]: DEBUG glance.api.middleware.version_negotiation [None req-b2996c6f-60c1-4afb-bbfb-2f961ac29fd2 tempest-ServerActionsV293TestJSON-967780694 tempest-ServerActionsV293TestJSON-967780694-project-member] Using url versioning {{(pid=102888) process_request /opt/stack/glance/glance/api/middleware/version_negotiation.py:57}}
Jul 21 16:07:21.447853 np0000005576 devstack@g-api.service[102888]: DEBUG glance.api.middleware.version_negotiation [None req-b2996c6f-60c1-4afb-bbfb-2f961ac29fd2 tempest-ServerActionsV293TestJSON-967780694 tempest-ServerActionsV293TestJSON-967780694-project-member] Matched version: v2 {{(pid=102888) process_request /opt/stack/glance/glance/api/middleware/version_negotiation.py:69}}
Jul 21 16:07:21.447979 np0000005576 devstack@g-api.service[102888]: DEBUG glance.api.middleware.version_negotiation [None req-b2996c6f-60c1-4afb-bbfb-2f961ac29fd2 tempest-ServerActionsV293TestJSON-967780694 tempest-ServerActionsV293TestJSON-967780694-project-member] new path /v2/images/1f80b4e9-3733-481f-9c73-7f7b5b41e409 {{(pid=102888) process_request /opt/stack/glance/glance/api/middleware/version_negotiation.py:70}}
Jul 21 16:07:21.758477 np0000005576 devstack@g-api.service[102888]: [pid: 102888|app: 0|req: 12/48] 127.0.0.1 () {40 vars in 834 bytes} [Tue Jul 21 16:07:21 2026] GET /v2/images/1f80b4e9-3733-481f-9c73-7f7b5b41e409 => generated 1044 bytes in 314 msecs (HTTP/1.1 200) 4 headers in 158 bytes (1 switches on core 0)
Jul 21 16:07:21.778004 np0000005576 devstack@g-api.service[102889]: DEBUG glance.api.middleware.version_negotiation [None req-b2996c6f-60c1-4afb-bbfb-2f961ac29fd2 tempest-ServerActionsV293TestJSON-967780694 tempest-ServerActionsV293TestJSON-967780694-project-member] Determining version of request: GET /v2/images/1f80b4e9-3733-481f-9c73-7f7b5b41e409/file Accept: application/json {{(pid=102889) process_request /opt/stack/glance/glance/api/middleware/version_negotiation.py:44}}
Jul 21 16:07:21.778314 np0000005576 devstack@g-api.service[102889]: DEBUG glance.api.middleware.version_negotiation [None req-b2996c6f-60c1-4afb-bbfb-2f961ac29fd2 tempest-ServerActionsV293TestJSON-967780694 tempest-ServerActionsV293TestJSON-967780694-project-member] Using url versioning {{(pid=102889) process_request /opt/stack/glance/glance/api/middleware/version_negotiation.py:57}}
Jul 21 16:07:21.778314 np0000005576 devstack@g-api.service[102889]: DEBUG glance.api.middleware.version_negotiation [None req-b2996c6f-60c1-4afb-bbfb-2f961ac29fd2 tempest-ServerActionsV293TestJSON-967780694 tempest-ServerActionsV293TestJSON-967780694-project-member] Matched version: v2 {{(pid=102889) process_request /opt/stack/glance/glance/api/middleware/version_negotiation.py:69}}
Jul 21 16:07:21.778440 np0000005576 devstack@g-api.service[102889]: DEBUG glance.api.middleware.version_negotiation [None req-b2996c6f-60c1-4afb-bbfb-2f961ac29fd2 tempest-ServerActionsV293TestJSON-967780694 tempest-ServerActionsV293TestJSON-967780694-project-member] new path /v2/images/1f80b4e9-3733-481f-9c73-7f7b5b41e409/file {{(pid=102889) process_request /opt/stack/glance/glance/api/middleware/version_negotiation.py:70}}
Jul 21 16:07:22.255663 np0000005576 devstack@g-api.service[102889]: DEBUG glance.api.middleware.cache [None req-14791cd9-a18f-4a16-8c78-8b5f6d4e190f tempest-AttachSCSIVolumeTestJSON-653401788 tempest-AttachSCSIVolumeTestJSON-653401788-project-admin] Cache hit for image '1f80b4e9-3733-481f-9c73-7f7b5b41e409' {{(pid=102889) process_request /opt/stack/glance/glance/api/middleware/cache.py:160}}
Jul 21 16:07:22.265749 np0000005576 devstack@g-api.service[102886]: DEBUG glance.api.middleware.version_negotiation [None req-b2996c6f-60c1-4afb-bbfb-2f961ac29fd2 tempest-ServerActionsV293TestJSON-967780694 tempest-ServerActionsV293TestJSON-967780694-project-member] Determining version of request: POST /v2/images Accept: application/json {{(pid=102886) process_request /opt/stack/glance/glance/api/middleware/version_negotiation.py:44}}
Jul 21 16:07:22.266132 np0000005576 devstack@g-api.service[102886]: DEBUG glance.api.middleware.version_negotiation [None req-b2996c6f-60c1-4afb-bbfb-2f961ac29fd2 tempest-ServerActionsV293TestJSON-967780694 tempest-ServerActionsV293TestJSON-967780694-project-member] Using url versioning {{(pid=102886) process_request /opt/stack/glance/glance/api/middleware/version_negotiation.py:57}}
Jul 21 16:07:22.266132 np0000005576 devstack@g-api.service[102886]: DEBUG glance.api.middleware.version_negotiation [None req-b2996c6f-60c1-4afb-bbfb-2f961ac29fd2 tempest-ServerActionsV293TestJSON-967780694 tempest-ServerActionsV293TestJSON-967780694-project-member] Matched version: v2 {{(pid=102886) process_request /opt/stack/glance/glance/api/middleware/version_negotiation.py:69}}
Jul 21 16:07:22.266277 np0000005576 devstack@g-api.service[102886]: DEBUG glance.api.middleware.version_negotiation [None req-b2996c6f-60c1-4afb-bbfb-2f961ac29fd2 tempest-ServerActionsV293TestJSON-967780694 tempest-ServerActionsV293TestJSON-967780694-project-member] new path /v2/images {{(pid=102886) process_request /opt/stack/glance/glance/api/middleware/version_negotiation.py:70}}
Jul 21 16:07:23.198153 np0000005576 devstack@g-api.service[102886]: [pid: 102886|app: 0|req: 14/49] 127.0.0.1 () {42 vars in 782 bytes} [Tue Jul 21 16:07:22 2026] POST /v2/images => generated 690 bytes in 932 msecs (HTTP/1.1 201) 6 headers in 315 bytes (1 switches on core 0)
Jul 21 16:07:23.205972 np0000005576 devstack@g-api.service[102887]: DEBUG glance.api.middleware.version_negotiation [None req-b2996c6f-60c1-4afb-bbfb-2f961ac29fd2 tempest-ServerActionsV293TestJSON-967780694 tempest-ServerActionsV293TestJSON-967780694-project-member] Determining version of request: PUT /v2/images/0dbc6ee3-8b1e-4dec-9f8e-8ffa81319f52/file Accept: {{(pid=102887) process_request /opt/stack/glance/glance/api/middleware/version_negotiation.py:44}}
Jul 21 16:07:23.206943 np0000005576 devstack@g-api.service[102887]: DEBUG glance.api.middleware.version_negotiation [None req-b2996c6f-60c1-4afb-bbfb-2f961ac29fd2 tempest-ServerActionsV293TestJSON-967780694 tempest-ServerActionsV293TestJSON-967780694-project-member] Using url versioning {{(pid=102887) process_request /opt/stack/glance/glance/api/middleware/version_negotiation.py:57}}
Jul 21 16:07:23.206943 np0000005576 devstack@g-api.service[102887]: DEBUG glance.api.middleware.version_negotiation [None req-b2996c6f-60c1-4afb-bbfb-2f961ac29fd2 tempest-ServerActionsV293TestJSON-967780694 tempest-ServerActionsV293TestJSON-967780694-project-member] Matched version: v2 {{(pid=102887) process_request /opt/stack/glance/glance/api/middleware/version_negotiation.py:69}}
Jul 21 16:07:23.206943 np0000005576 devstack@g-api.service[102887]: DEBUG glance.api.middleware.version_negotiation [None req-b2996c6f-60c1-4afb-bbfb-2f961ac29fd2 tempest-ServerActionsV293TestJSON-967780694 tempest-ServerActionsV293TestJSON-967780694-project-member] new path /v2/images/0dbc6ee3-8b1e-4dec-9f8e-8ffa81319f52/file {{(pid=102887) process_request /opt/stack/glance/glance/api/middleware/version_negotiation.py:70}}
Jul 21 16:07:23.255843 np0000005576 devstack@g-api.service[102889]: [pid: 102889|app: 0|req: 12/50] 127.0.0.1 () {40 vars in 844 bytes} [Tue Jul 21 16:07:21 2026] GET /v2/images/1f80b4e9-3733-481f-9c73-7f7b5b41e409/file => generated 21692416 bytes in 1478 msecs (HTTP/1.1 200) 5 headers in 217 bytes (338 switches on core 0)
Jul 21 16:07:23.662158 np0000005576 devstack@g-api.service[102887]: DEBUG dbcounter [-] [102887] Writing DB stats glance:SELECT=6 {{(pid=102887) stat_writer /opt/stack/data/venv/lib/python3.12/site-packages/dbcounter.py:115}}
Jul 21 16:07:23.684806 np0000005576 devstack@g-api.service[102888]: DEBUG glance.api.middleware.version_negotiation [None req-b3747fc7-6e94-4e29-bf0e-b7c9848735f9 tempest-AttachSCSIVolumeTestJSON-170599332 tempest-AttachSCSIVolumeTestJSON-170599332-project-reader] Determining version of request: GET / Accept: application/json {{(pid=102888) process_request /opt/stack/glance/glance/api/middleware/version_negotiation.py:44}}
Jul 21 16:07:23.685310 np0000005576 devstack@g-api.service[102888]: DEBUG glance.api.middleware.version_negotiation [None req-b3747fc7-6e94-4e29-bf0e-b7c9848735f9 tempest-AttachSCSIVolumeTestJSON-170599332 tempest-AttachSCSIVolumeTestJSON-170599332-project-reader] Using url versioning {{(pid=102888) process_request /opt/stack/glance/glance/api/middleware/version_negotiation.py:57}}
Jul 21 16:07:23.685310 np0000005576 devstack@g-api.service[102888]: DEBUG glance.api.middleware.version_negotiation [None req-b3747fc7-6e94-4e29-bf0e-b7c9848735f9 tempest-AttachSCSIVolumeTestJSON-170599332 tempest-AttachSCSIVolumeTestJSON-170599332-project-reader] Unknown version. Returning version choices. {{(pid=102888) process_request /opt/stack/glance/glance/api/middleware/version_negotiation.py:64}}
Jul 21 16:07:23.690725 np0000005576 devstack@g-api.service[102888]: [pid: 102888|app: 0|req: 13/51] 127.0.0.1 () {36 vars in 555 bytes} [Tue Jul 21 16:07:23 2026] GET / => generated 1501 bytes in 6 msecs (HTTP/1.1 300) 3 headers in 106 bytes (1 switches on core 0)
Jul 21 16:07:23.746014 np0000005576 devstack@g-api.service[102886]: DEBUG glance.api.middleware.version_negotiation [None req-be9706f6-84c5-46d4-8adb-821188a08382 tempest-AttachSCSIVolumeTestJSON-653401788 tempest-AttachSCSIVolumeTestJSON-653401788-project-admin] Determining version of request: GET /v2/images/1f80b4e9-3733-481f-9c73-7f7b5b41e409 Accept: */* {{(pid=102886) process_request /opt/stack/glance/glance/api/middleware/version_negotiation.py:44}}
Jul 21 16:07:23.746014 np0000005576 devstack@g-api.service[102886]: DEBUG glance.api.middleware.version_negotiation [None req-be9706f6-84c5-46d4-8adb-821188a08382 tempest-AttachSCSIVolumeTestJSON-653401788 tempest-AttachSCSIVolumeTestJSON-653401788-project-admin] Using url versioning {{(pid=102886) process_request /opt/stack/glance/glance/api/middleware/version_negotiation.py:57}}
Jul 21 16:07:23.746802 np0000005576 devstack@g-api.service[102886]: DEBUG glance.api.middleware.version_negotiation [None req-be9706f6-84c5-46d4-8adb-821188a08382 tempest-AttachSCSIVolumeTestJSON-653401788 tempest-AttachSCSIVolumeTestJSON-653401788-project-admin] Matched version: v2 {{(pid=102886) process_request /opt/stack/glance/glance/api/middleware/version_negotiation.py:69}}
Jul 21 16:07:23.746802 np0000005576 devstack@g-api.service[102886]: DEBUG glance.api.middleware.version_negotiation [None req-be9706f6-84c5-46d4-8adb-821188a08382 tempest-AttachSCSIVolumeTestJSON-653401788 tempest-AttachSCSIVolumeTestJSON-653401788-project-admin] new path /v2/images/1f80b4e9-3733-481f-9c73-7f7b5b41e409 {{(pid=102886) process_request /opt/stack/glance/glance/api/middleware/version_negotiation.py:70}}
Jul 21 16:07:23.764446 np0000005576 devstack@g-api.service[102886]: [pid: 102886|app: 0|req: 15/52] 127.0.0.1 () {44 vars in 1111 bytes} [Tue Jul 21 16:07:23 2026] GET /v2/images/1f80b4e9-3733-481f-9c73-7f7b5b41e409 => generated 1044 bytes in 19 msecs (HTTP/1.1 200) 4 headers in 158 bytes (1 switches on core 0)
Jul 21 16:07:23.811958 np0000005576 devstack@g-api.service[102889]: DEBUG glance.api.middleware.version_negotiation [None req-14791cd9-a18f-4a16-8c78-8b5f6d4e190f tempest-AttachSCSIVolumeTestJSON-653401788 tempest-AttachSCSIVolumeTestJSON-653401788-project-admin] Determining version of request: GET /v2/schemas/image Accept: */* {{(pid=102889) process_request /opt/stack/glance/glance/api/middleware/version_negotiation.py:44}}
Jul 21 16:07:23.811958 np0000005576 devstack@g-api.service[102889]: DEBUG glance.api.middleware.version_negotiation [None req-14791cd9-a18f-4a16-8c78-8b5f6d4e190f tempest-AttachSCSIVolumeTestJSON-653401788 tempest-AttachSCSIVolumeTestJSON-653401788-project-admin] Using url versioning {{(pid=102889) process_request /opt/stack/glance/glance/api/middleware/version_negotiation.py:57}}
Jul 21 16:07:23.811958 np0000005576 devstack@g-api.service[102889]: DEBUG glance.api.middleware.version_negotiation [None req-14791cd9-a18f-4a16-8c78-8b5f6d4e190f tempest-AttachSCSIVolumeTestJSON-653401788 tempest-AttachSCSIVolumeTestJSON-653401788-project-admin] Matched version: v2 {{(pid=102889) process_request /opt/stack/glance/glance/api/middleware/version_negotiation.py:69}}
Jul 21 16:07:23.811958 np0000005576 devstack@g-api.service[102889]: DEBUG glance.api.middleware.version_negotiation [None req-14791cd9-a18f-4a16-8c78-8b5f6d4e190f tempest-AttachSCSIVolumeTestJSON-653401788 tempest-AttachSCSIVolumeTestJSON-653401788-project-admin] new path /v2/schemas/image {{(pid=102889) process_request /opt/stack/glance/glance/api/middleware/version_negotiation.py:70}}
Jul 21 16:07:23.813866 np0000005576 devstack@g-api.service[102889]: [pid: 102889|app: 0|req: 13/53] 127.0.0.1 () {44 vars in 1051 bytes} [Tue Jul 21 16:07:23 2026] GET /v2/schemas/image => generated 6083 bytes in 4 msecs (HTTP/1.1 200) 4 headers in 158 bytes (1 switches on core 0)
Jul 21 16:07:23.885233 np0000005576 devstack@g-api.service[102887]: INFO glance.api.v2.image_data [None req-5c296b7b-9ec2-4480-8d34-97019f338e20 tempest-AttachSCSIVolumeTestJSON-653401788 tempest-AttachSCSIVolumeTestJSON-653401788-project-admin] Unable to create trust: no such option collect_timing in group [keystone_authtoken] Use the existing user token.
Jul 21 16:07:24.697555 np0000005576 devstack@g-api.service[102887]: DEBUG glance.location [None req-5c296b7b-9ec2-4480-8d34-97019f338e20 tempest-AttachSCSIVolumeTestJSON-653401788 tempest-AttachSCSIVolumeTestJSON-653401788-project-admin] Enabling in-flight format inspection for qcow2 {{(pid=102887) set_data /opt/stack/glance/glance/location.py:596}}
Jul 21 16:07:24.698055 np0000005576 devstack@g-api.service[102887]: DEBUG glance_store.backend [None req-5c296b7b-9ec2-4480-8d34-97019f338e20 tempest-AttachSCSIVolumeTestJSON-653401788 tempest-AttachSCSIVolumeTestJSON-653401788-project-admin] Attempting to import store swift {{(pid=102887) _load_store /opt/stack/data/venv/lib/python3.12/site-packages/glance_store/backend.py:215}}
Jul 21 16:07:24.700670 np0000005576 devstack@g-api.service[102887]: DEBUG glance_store.capabilities [None req-5c296b7b-9ec2-4480-8d34-97019f338e20 tempest-AttachSCSIVolumeTestJSON-653401788 tempest-AttachSCSIVolumeTestJSON-653401788-project-admin] Store glance_store._drivers.swift.store.SingleTenantStore doesn't support updating dynamic storage capabilities. Please overwrite 'update_capabilities' method of the store to implement updating logics if needed. {{(pid=102887) update_capabilities /opt/stack/data/venv/lib/python3.12/site-packages/glance_store/capabilities.py:91}}
Jul 21 16:07:24.700670 np0000005576 devstack@g-api.service[102887]: DEBUG glance_store.driver [None req-5c296b7b-9ec2-4480-8d34-97019f338e20 tempest-AttachSCSIVolumeTestJSON-653401788 tempest-AttachSCSIVolumeTestJSON-653401788-project-admin] Late loading location class glance_store._drivers.swift.store.StoreLocation {{(pid=102887) get_store_location_class /opt/stack/data/venv/lib/python3.12/site-packages/glance_store/driver.py:134}}
Jul 21 16:07:24.700670 np0000005576 devstack@g-api.service[102887]: DEBUG glance_store.location [None req-5c296b7b-9ec2-4480-8d34-97019f338e20 tempest-AttachSCSIVolumeTestJSON-653401788 tempest-AttachSCSIVolumeTestJSON-653401788-project-admin] Registering scheme swift+https with {'store': , 'location_class': , 'store_entry': 'swift'} {{(pid=102887) register_scheme_map /opt/stack/data/venv/lib/python3.12/site-packages/glance_store/location.py:146}}
Jul 21 16:07:24.700867 np0000005576 devstack@g-api.service[102887]: DEBUG glance_store.location [None req-5c296b7b-9ec2-4480-8d34-97019f338e20 tempest-AttachSCSIVolumeTestJSON-653401788 tempest-AttachSCSIVolumeTestJSON-653401788-project-admin] Registering scheme swift+https with {'store': , 'location_class': , 'store_entry': 'swift'} {{(pid=102887) register_scheme_map /opt/stack/data/venv/lib/python3.12/site-packages/glance_store/location.py:146}}
Jul 21 16:07:24.700867 np0000005576 devstack@g-api.service[102887]: DEBUG glance_store.location [None req-5c296b7b-9ec2-4480-8d34-97019f338e20 tempest-AttachSCSIVolumeTestJSON-653401788 tempest-AttachSCSIVolumeTestJSON-653401788-project-admin] Registering scheme swift with {'store': , 'location_class': , 'store_entry': 'swift'} {{(pid=102887) register_scheme_map /opt/stack/data/venv/lib/python3.12/site-packages/glance_store/location.py:146}}
Jul 21 16:07:24.700867 np0000005576 devstack@g-api.service[102887]: DEBUG glance_store.location [None req-5c296b7b-9ec2-4480-8d34-97019f338e20 tempest-AttachSCSIVolumeTestJSON-653401788 tempest-AttachSCSIVolumeTestJSON-653401788-project-admin] Registering scheme swift+https with {'store': , 'location_class': , 'store_entry': 'swift'} {{(pid=102887) register_scheme_map /opt/stack/data/venv/lib/python3.12/site-packages/glance_store/location.py:146}}
Jul 21 16:07:24.701035 np0000005576 devstack@g-api.service[102887]: DEBUG glance_store.location [None req-5c296b7b-9ec2-4480-8d34-97019f338e20 tempest-AttachSCSIVolumeTestJSON-653401788 tempest-AttachSCSIVolumeTestJSON-653401788-project-admin] Registering scheme swift with {'store': , 'location_class': , 'store_entry': 'swift'} {{(pid=102887) register_scheme_map /opt/stack/data/venv/lib/python3.12/site-packages/glance_store/location.py:146}}
Jul 21 16:07:24.701035 np0000005576 devstack@g-api.service[102887]: DEBUG glance_store.location [None req-5c296b7b-9ec2-4480-8d34-97019f338e20 tempest-AttachSCSIVolumeTestJSON-653401788 tempest-AttachSCSIVolumeTestJSON-653401788-project-admin] Registering scheme swift+http with {'store': , 'location_class': , 'store_entry': 'swift'} {{(pid=102887) register_scheme_map /opt/stack/data/venv/lib/python3.12/site-packages/glance_store/location.py:146}}
Jul 21 16:07:24.701035 np0000005576 devstack@g-api.service[102887]: DEBUG glance_store.location [None req-5c296b7b-9ec2-4480-8d34-97019f338e20 tempest-AttachSCSIVolumeTestJSON-653401788 tempest-AttachSCSIVolumeTestJSON-653401788-project-admin] Registering scheme swift+https with {'store': , 'location_class': , 'store_entry': 'swift'} {{(pid=102887) register_scheme_map /opt/stack/data/venv/lib/python3.12/site-packages/glance_store/location.py:146}}
Jul 21 16:07:24.701249 np0000005576 devstack@g-api.service[102887]: DEBUG glance_store.location [None req-5c296b7b-9ec2-4480-8d34-97019f338e20 tempest-AttachSCSIVolumeTestJSON-653401788 tempest-AttachSCSIVolumeTestJSON-653401788-project-admin] Registering scheme swift with {'store': , 'location_class': , 'store_entry': 'swift'} {{(pid=102887) register_scheme_map /opt/stack/data/venv/lib/python3.12/site-packages/glance_store/location.py:146}}
Jul 21 16:07:24.701249 np0000005576 devstack@g-api.service[102887]: DEBUG glance_store.location [None req-5c296b7b-9ec2-4480-8d34-97019f338e20 tempest-AttachSCSIVolumeTestJSON-653401788 tempest-AttachSCSIVolumeTestJSON-653401788-project-admin] Registering scheme swift+http with {'store': , 'location_class': , 'store_entry': 'swift'} {{(pid=102887) register_scheme_map /opt/stack/data/venv/lib/python3.12/site-packages/glance_store/location.py:146}}
Jul 21 16:07:24.701249 np0000005576 devstack@g-api.service[102887]: DEBUG glance_store.location [None req-5c296b7b-9ec2-4480-8d34-97019f338e20 tempest-AttachSCSIVolumeTestJSON-653401788 tempest-AttachSCSIVolumeTestJSON-653401788-project-admin] Registering scheme swift+config with {'store': , 'location_class': , 'store_entry': 'swift'} {{(pid=102887) register_scheme_map /opt/stack/data/venv/lib/python3.12/site-packages/glance_store/location.py:146}}
Jul 21 16:07:25.152057 np0000005576 devstack@g-api.service[102887]: DEBUG swiftclient [None req-5c296b7b-9ec2-4480-8d34-97019f338e20 tempest-AttachSCSIVolumeTestJSON-653401788 tempest-AttachSCSIVolumeTestJSON-653401788-project-admin] REQ: curl -i https://10.4.3.88:8080/v1/AUTH_c527fbb7662c46abbfea7d862fe056b2/glance -I -H "X-Auth-Token: gAAAAABqX5k8mhgs..." {{(pid=102887) http_log /opt/stack/data/venv/lib/python3.12/site-packages/swiftclient/client.py:160}}
Jul 21 16:07:25.152511 np0000005576 devstack@g-api.service[102887]: DEBUG swiftclient [None req-5c296b7b-9ec2-4480-8d34-97019f338e20 tempest-AttachSCSIVolumeTestJSON-653401788 tempest-AttachSCSIVolumeTestJSON-653401788-project-admin] RESP STATUS: 204 No Content {{(pid=102887) http_log /opt/stack/data/venv/lib/python3.12/site-packages/swiftclient/client.py:161}}
Jul 21 16:07:25.152511 np0000005576 devstack@g-api.service[102887]: DEBUG swiftclient [None req-5c296b7b-9ec2-4480-8d34-97019f338e20 tempest-AttachSCSIVolumeTestJSON-653401788 tempest-AttachSCSIVolumeTestJSON-653401788-project-admin] RESP HEADERS: {'Date': 'Tue, 21 Jul 2026 16:07:25 GMT', 'Server': 'Apache/2.4.58 (Ubuntu)', 'Content-Type': 'text/plain; charset=utf-8', 'X-Container-Object-Count': '3', 'X-Container-Bytes-Used': '64356352', 'X-Timestamp': '1784649922.39055', 'Last-Modified': 'Tue, 21 Jul 2026 16:05:23 GMT', 'Accept-Ranges': 'bytes', 'X-Storage-Policy': 'Policy-0', 'X-Container-Sharding': 'False', 'Vary': 'Accept', 'X-Trans-Id': 'tx49ba55a409b944149accf-006a5f993c', 'X-Openstack-Request-Id': 'tx49ba55a409b944149accf-006a5f993c', 'Connection': 'close'} {{(pid=102887) http_log /opt/stack/data/venv/lib/python3.12/site-packages/swiftclient/client.py:162}}
Jul 21 16:07:25.152511 np0000005576 devstack@g-api.service[102887]: DEBUG glance_store._drivers.swift.store [None req-5c296b7b-9ec2-4480-8d34-97019f338e20 tempest-AttachSCSIVolumeTestJSON-653401788 tempest-AttachSCSIVolumeTestJSON-653401788-project-admin] Adding image object '0dbc6ee3-8b1e-4dec-9f8e-8ffa81319f52' to Swift {{(pid=102887) add /opt/stack/data/venv/lib/python3.12/site-packages/glance_store/_drivers/swift/store.py:970}}
Jul 21 16:07:25.152703 np0000005576 devstack@g-api.service[102887]: DEBUG glance_store._drivers.swift.store [None req-5c296b7b-9ec2-4480-8d34-97019f338e20 tempest-AttachSCSIVolumeTestJSON-653401788 tempest-AttachSCSIVolumeTestJSON-653401788-project-admin] Cannot determine image size because it is either not provided in the request or chunked-transfer encoding is used. Adding image as a segmented object to Swift. {{(pid=102887) add /opt/stack/data/venv/lib/python3.12/site-packages/glance_store/_drivers/swift/store.py:994}}
Jul 21 16:07:25.157719 np0000005576 devstack@g-api.service[102887]: DEBUG oslo_utils.imageutils.format_inspector [None req-5c296b7b-9ec2-4480-8d34-97019f338e20 tempest-AttachSCSIVolumeTestJSON-653401788 tempest-AttachSCSIVolumeTestJSON-653401788-project-admin] Format inspector for vmdk does not match, excluding from consideration (Signature KDMV not found: b'QFI\xfb') {{(pid=102887) _process_chunk /opt/stack/data/venv/lib/python3.12/site-packages/oslo_utils/imageutils/format_inspector.py:1758}}
Jul 21 16:07:25.159910 np0000005576 devstack@g-api.service[102887]: DEBUG oslo_utils.imageutils.format_inspector [None req-5c296b7b-9ec2-4480-8d34-97019f338e20 tempest-AttachSCSIVolumeTestJSON-653401788 tempest-AttachSCSIVolumeTestJSON-653401788-project-admin] Format inspector for vhdx does not match, excluding from consideration (Region signature not found at 30000) {{(pid=102887) _process_chunk /opt/stack/data/venv/lib/python3.12/site-packages/oslo_utils/imageutils/format_inspector.py:1758}}
Jul 21 16:07:25.208483 np0000005576 devstack@g-api.service[102888]: DEBUG glance.api.middleware.version_negotiation [None req-b3747fc7-6e94-4e29-bf0e-b7c9848735f9 tempest-AttachSCSIVolumeTestJSON-170599332 tempest-AttachSCSIVolumeTestJSON-170599332-project-reader] Determining version of request: GET / Accept: application/json {{(pid=102888) process_request /opt/stack/glance/glance/api/middleware/version_negotiation.py:44}}
Jul 21 16:07:25.208976 np0000005576 devstack@g-api.service[102888]: DEBUG glance.api.middleware.version_negotiation [None req-b3747fc7-6e94-4e29-bf0e-b7c9848735f9 tempest-AttachSCSIVolumeTestJSON-170599332 tempest-AttachSCSIVolumeTestJSON-170599332-project-reader] Using url versioning {{(pid=102888) process_request /opt/stack/glance/glance/api/middleware/version_negotiation.py:57}}
Jul 21 16:07:25.209197 np0000005576 devstack@g-api.service[102888]: DEBUG glance.api.middleware.version_negotiation [None req-b3747fc7-6e94-4e29-bf0e-b7c9848735f9 tempest-AttachSCSIVolumeTestJSON-170599332 tempest-AttachSCSIVolumeTestJSON-170599332-project-reader] Unknown version. Returning version choices. {{(pid=102888) process_request /opt/stack/glance/glance/api/middleware/version_negotiation.py:64}}
Jul 21 16:07:25.209979 np0000005576 devstack@g-api.service[102888]: [pid: 102888|app: 0|req: 14/54] 127.0.0.1 () {36 vars in 555 bytes} [Tue Jul 21 16:07:25 2026] GET / => generated 1501 bytes in 1 msecs (HTTP/1.1 300) 3 headers in 106 bytes (1 switches on core 0)
Jul 21 16:07:25.254149 np0000005576 devstack@g-api.service[102886]: DEBUG glance.api.middleware.version_negotiation [None req-57bf033c-e02d-4756-8dba-082f568bf47e tempest-TaggedAttachmentsTest-98463703 tempest-TaggedAttachmentsTest-98463703-project-member] Determining version of request: GET /v2/images/1f80b4e9-3733-481f-9c73-7f7b5b41e409 Accept: */* {{(pid=102886) process_request /opt/stack/glance/glance/api/middleware/version_negotiation.py:44}}
Jul 21 16:07:25.254598 np0000005576 devstack@g-api.service[102886]: DEBUG glance.api.middleware.version_negotiation [None req-57bf033c-e02d-4756-8dba-082f568bf47e tempest-TaggedAttachmentsTest-98463703 tempest-TaggedAttachmentsTest-98463703-project-member] Using url versioning {{(pid=102886) process_request /opt/stack/glance/glance/api/middleware/version_negotiation.py:57}}
Jul 21 16:07:25.254598 np0000005576 devstack@g-api.service[102886]: DEBUG glance.api.middleware.version_negotiation [None req-57bf033c-e02d-4756-8dba-082f568bf47e tempest-TaggedAttachmentsTest-98463703 tempest-TaggedAttachmentsTest-98463703-project-member] Matched version: v2 {{(pid=102886) process_request /opt/stack/glance/glance/api/middleware/version_negotiation.py:69}}
Jul 21 16:07:25.254703 np0000005576 devstack@g-api.service[102886]: DEBUG glance.api.middleware.version_negotiation [None req-57bf033c-e02d-4756-8dba-082f568bf47e tempest-TaggedAttachmentsTest-98463703 tempest-TaggedAttachmentsTest-98463703-project-member] new path /v2/images/1f80b4e9-3733-481f-9c73-7f7b5b41e409 {{(pid=102886) process_request /opt/stack/glance/glance/api/middleware/version_negotiation.py:70}}
Jul 21 16:07:25.270972 np0000005576 devstack@g-api.service[102886]: [pid: 102886|app: 0|req: 16/55] 127.0.0.1 () {44 vars in 1111 bytes} [Tue Jul 21 16:07:25 2026] GET /v2/images/1f80b4e9-3733-481f-9c73-7f7b5b41e409 => generated 1044 bytes in 17 msecs (HTTP/1.1 200) 4 headers in 158 bytes (1 switches on core 0)
Jul 21 16:07:25.311153 np0000005576 devstack@g-api.service[102889]: DEBUG glance.api.middleware.version_negotiation [None req-57bf033c-e02d-4756-8dba-082f568bf47e tempest-TaggedAttachmentsTest-98463703 tempest-TaggedAttachmentsTest-98463703-project-member] Determining version of request: GET /v2/schemas/image Accept: */* {{(pid=102889) process_request /opt/stack/glance/glance/api/middleware/version_negotiation.py:44}}
Jul 21 16:07:25.311375 np0000005576 devstack@g-api.service[102889]: DEBUG glance.api.middleware.version_negotiation [None req-57bf033c-e02d-4756-8dba-082f568bf47e tempest-TaggedAttachmentsTest-98463703 tempest-TaggedAttachmentsTest-98463703-project-member] Using url versioning {{(pid=102889) process_request /opt/stack/glance/glance/api/middleware/version_negotiation.py:57}}
Jul 21 16:07:25.311544 np0000005576 devstack@g-api.service[102889]: DEBUG glance.api.middleware.version_negotiation [None req-57bf033c-e02d-4756-8dba-082f568bf47e tempest-TaggedAttachmentsTest-98463703 tempest-TaggedAttachmentsTest-98463703-project-member] Matched version: v2 {{(pid=102889) process_request /opt/stack/glance/glance/api/middleware/version_negotiation.py:69}}
Jul 21 16:07:25.311687 np0000005576 devstack@g-api.service[102889]: DEBUG glance.api.middleware.version_negotiation [None req-57bf033c-e02d-4756-8dba-082f568bf47e tempest-TaggedAttachmentsTest-98463703 tempest-TaggedAttachmentsTest-98463703-project-member] new path /v2/schemas/image {{(pid=102889) process_request /opt/stack/glance/glance/api/middleware/version_negotiation.py:70}}
Jul 21 16:07:25.317638 np0000005576 devstack@g-api.service[102889]: [pid: 102889|app: 0|req: 14/56] 127.0.0.1 () {44 vars in 1051 bytes} [Tue Jul 21 16:07:25 2026] GET /v2/schemas/image => generated 6083 bytes in 6 msecs (HTTP/1.1 200) 4 headers in 158 bytes (1 switches on core 0)
Jul 21 16:07:25.362507 np0000005576 devstack@g-api.service[102887]: DEBUG swiftclient [None req-5c296b7b-9ec2-4480-8d34-97019f338e20 tempest-AttachSCSIVolumeTestJSON-653401788 tempest-AttachSCSIVolumeTestJSON-653401788-project-admin] REQ: curl -i https://10.4.3.88:8080/v1/AUTH_c527fbb7662c46abbfea7d862fe056b2/glance/0dbc6ee3-8b1e-4dec-9f8e-8ffa81319f52-00001 -X PUT -H "X-Auth-Token: gAAAAABqX5k8mhgs..." {{(pid=102887) http_log /opt/stack/data/venv/lib/python3.12/site-packages/swiftclient/client.py:160}}
Jul 21 16:07:25.362633 np0000005576 devstack@g-api.service[102887]: DEBUG swiftclient [None req-5c296b7b-9ec2-4480-8d34-97019f338e20 tempest-AttachSCSIVolumeTestJSON-653401788 tempest-AttachSCSIVolumeTestJSON-653401788-project-admin] RESP STATUS: 201 Created {{(pid=102887) http_log /opt/stack/data/venv/lib/python3.12/site-packages/swiftclient/client.py:161}}
Jul 21 16:07:25.362777 np0000005576 devstack@g-api.service[102887]: DEBUG swiftclient [None req-5c296b7b-9ec2-4480-8d34-97019f338e20 tempest-AttachSCSIVolumeTestJSON-653401788 tempest-AttachSCSIVolumeTestJSON-653401788-project-admin] RESP HEADERS: {'Date': 'Tue, 21 Jul 2026 16:07:25 GMT', 'Server': 'Apache/2.4.58 (Ubuntu)', 'Content-Type': 'text/html; charset=UTF-8', 'Content-Length': '0', 'Etag': '87617e24a5e30cb3b87fda8c0764838f', 'Last-Modified': 'Tue, 21 Jul 2026 16:07:26 GMT', 'X-Trans-Id': 'txb03105568fa445f58d4bf-006a5f993d', 'X-Openstack-Request-Id': 'txb03105568fa445f58d4bf-006a5f993d', 'Connection': 'close'} {{(pid=102887) http_log /opt/stack/data/venv/lib/python3.12/site-packages/swiftclient/client.py:162}}
Jul 21 16:07:25.362940 np0000005576 devstack@g-api.service[102887]: DEBUG glance_store._drivers.swift.store [None req-5c296b7b-9ec2-4480-8d34-97019f338e20 tempest-AttachSCSIVolumeTestJSON-653401788 tempest-AttachSCSIVolumeTestJSON-653401788-project-admin] Wrote chunk 0dbc6ee3-8b1e-4dec-9f8e-8ffa81319f52-00001 (1/?) of length 21692416 to Swift returning MD5 of content: 87617e24a5e30cb3b87fda8c0764838f {{(pid=102887) add /opt/stack/data/venv/lib/python3.12/site-packages/glance_store/_drivers/swift/store.py:1059}}
Jul 21 16:07:25.363269 np0000005576 devstack@g-api.service[102887]: DEBUG glance_store._drivers.swift.store [None req-5c296b7b-9ec2-4480-8d34-97019f338e20 tempest-AttachSCSIVolumeTestJSON-653401788 tempest-AttachSCSIVolumeTestJSON-653401788-project-admin] Not writing zero-length chunk. {{(pid=102887) add /opt/stack/data/venv/lib/python3.12/site-packages/glance_store/_drivers/swift/store.py:1028}}
Jul 21 16:07:25.391902 np0000005576 devstack@g-api.service[102887]: DEBUG swiftclient [None req-5c296b7b-9ec2-4480-8d34-97019f338e20 tempest-AttachSCSIVolumeTestJSON-653401788 tempest-AttachSCSIVolumeTestJSON-653401788-project-admin] REQ: curl -i https://10.4.3.88:8080/v1/AUTH_c527fbb7662c46abbfea7d862fe056b2/glance/0dbc6ee3-8b1e-4dec-9f8e-8ffa81319f52 -X PUT -H "X-Object-Manifest: glance/0dbc6ee3-8b1e-4dec-9f8e-8ffa81319f52-" -H "X-Auth-Token: gAAAAABqX5k8mhgs..." -H "Content-Length: 0" {{(pid=102887) http_log /opt/stack/data/venv/lib/python3.12/site-packages/swiftclient/client.py:160}}
Jul 21 16:07:25.392501 np0000005576 devstack@g-api.service[102887]: DEBUG swiftclient [None req-5c296b7b-9ec2-4480-8d34-97019f338e20 tempest-AttachSCSIVolumeTestJSON-653401788 tempest-AttachSCSIVolumeTestJSON-653401788-project-admin] RESP STATUS: 201 Created {{(pid=102887) http_log /opt/stack/data/venv/lib/python3.12/site-packages/swiftclient/client.py:161}}
