Jul 21 16:04:53.386404 np0000005576 nova-scheduler[96523]: DEBUG cotyledon.oslo_config_glue [-] workarounds.never_download_image_if_on_rbd = False {{(pid=96523) log_opt_values /opt/stack/data/venv/lib/python3.12/site-packages/oslo_config/cfg.py:3253}}
Jul 21 16:04:53.386429 np0000005576 nova-scheduler[96478]: DEBUG oslo_db.sqlalchemy.engines [None req-19333c55-06aa-4a9d-bd12-806b531ed47c None None] MySQL server mode set to STRICT_TRANS_TABLES,STRICT_ALL_TABLES,NO_ZERO_IN_DATE,NO_ZERO_DATE,ERROR_FOR_DIVISION_BY_ZERO,TRADITIONAL,NO_ENGINE_SUBSTITUTION {{(pid=96478) _check_effective_sql_mode /opt/stack/data/venv/lib/python3.12/site-packages/oslo_db/sqlalchemy/engines.py:325}}
Jul 21 16:04:53.386457 np0000005576 nova-scheduler[96523]: DEBUG cotyledon.oslo_config_glue [-] workarounds.qemu_monitor_announce_self_count = 3 {{(pid=96523) log_opt_values /opt/stack/data/venv/lib/python3.12/site-packages/oslo_config/cfg.py:3253}}
Jul 21 16:04:53.386457 np0000005576 nova-scheduler[96523]: DEBUG cotyledon.oslo_config_glue [-] workarounds.qemu_monitor_announce_self_interval = 1 {{(pid=96523) log_opt_values /opt/stack/data/venv/lib/python3.12/site-packages/oslo_config/cfg.py:3253}}
Jul 21 16:04:53.386457 np0000005576 nova-scheduler[96523]: DEBUG cotyledon.oslo_config_glue [-] workarounds.reserve_disk_resource_for_image_cache = False {{(pid=96523) log_opt_values /opt/stack/data/venv/lib/python3.12/site-packages/oslo_config/cfg.py:3253}}
Jul 21 16:04:53.386457 np0000005576 nova-scheduler[96523]: DEBUG cotyledon.oslo_config_glue [-] workarounds.skip_cpu_compare_at_startup = False {{(pid=96523) log_opt_values /opt/stack/data/venv/lib/python3.12/site-packages/oslo_config/cfg.py:3253}}
Jul 21 16:04:53.386457 np0000005576 nova-scheduler[96523]: DEBUG cotyledon.oslo_config_glue [-] workarounds.skip_cpu_compare_on_dest = False {{(pid=96523) log_opt_values /opt/stack/data/venv/lib/python3.12/site-packages/oslo_config/cfg.py:3253}}
Jul 21 16:04:53.386457 np0000005576 nova-scheduler[96523]: DEBUG cotyledon.oslo_config_glue [-] workarounds.skip_hypervisor_version_check_on_lm = False {{(pid=96523) log_opt_values /opt/stack/data/venv/lib/python3.12/site-packages/oslo_config/cfg.py:3253}}
Jul 21 16:04:53.386457 np0000005576 nova-scheduler[96523]: DEBUG cotyledon.oslo_config_glue [-] workarounds.skip_reserve_in_use_ironic_nodes = False {{(pid=96523) log_opt_values /opt/stack/data/venv/lib/python3.12/site-packages/oslo_config/cfg.py:3253}}
Jul 21 16:04:53.386457 np0000005576 nova-scheduler[96523]: DEBUG cotyledon.oslo_config_glue [-] workarounds.unified_limits_count_pcpu_as_vcpu = False {{(pid=96523) log_opt_values /opt/stack/data/venv/lib/python3.12/site-packages/oslo_config/cfg.py:3253}}
Jul 21 16:04:53.386607 np0000005576 nova-scheduler[96523]: DEBUG cotyledon.oslo_config_glue [-] workarounds.wait_for_vif_plugged_event_during_hard_reboot = [] {{(pid=96523) log_opt_values /opt/stack/data/venv/lib/python3.12/site-packages/oslo_config/cfg.py:3253}}
Jul 21 16:04:53.386607 np0000005576 nova-scheduler[96523]: DEBUG cotyledon.oslo_config_glue [-] wsgi.api_paste_config = /etc/nova/api-paste.ini {{(pid=96523) log_opt_values /opt/stack/data/venv/lib/python3.12/site-packages/oslo_config/cfg.py:3253}}
Jul 21 16:04:53.386607 np0000005576 nova-scheduler[96523]: DEBUG cotyledon.oslo_config_glue [-] wsgi.secure_proxy_ssl_header = None {{(pid=96523) log_opt_values /opt/stack/data/venv/lib/python3.12/site-packages/oslo_config/cfg.py:3253}}
Jul 21 16:04:53.386607 np0000005576 nova-scheduler[96523]: DEBUG cotyledon.oslo_config_glue [-] zvm.ca_file = None {{(pid=96523) log_opt_values /opt/stack/data/venv/lib/python3.12/site-packages/oslo_config/cfg.py:3253}}
Jul 21 16:04:53.386607 np0000005576 nova-scheduler[96523]: DEBUG cotyledon.oslo_config_glue [-] zvm.cloud_connector_url = None {{(pid=96523) log_opt_values /opt/stack/data/venv/lib/python3.12/site-packages/oslo_config/cfg.py:3253}}
Jul 21 16:04:53.386607 np0000005576 nova-scheduler[96523]: DEBUG cotyledon.oslo_config_glue [-] zvm.image_tmp_path = /opt/stack/data/nova/images {{(pid=96523) log_opt_values /opt/stack/data/venv/lib/python3.12/site-packages/oslo_config/cfg.py:3253}}
Jul 21 16:04:53.386607 np0000005576 nova-scheduler[96523]: DEBUG cotyledon.oslo_config_glue [-] zvm.reachable_timeout = 300 {{(pid=96523) log_opt_values /opt/stack/data/venv/lib/python3.12/site-packages/oslo_config/cfg.py:3253}}
Jul 21 16:04:53.386607 np0000005576 nova-scheduler[96523]: DEBUG cotyledon.oslo_config_glue [-] oslo_versionedobjects.fatal_exception_format_errors = False {{(pid=96523) log_opt_values /opt/stack/data/venv/lib/python3.12/site-packages/oslo_config/cfg.py:3253}}
Jul 21 16:04:53.386607 np0000005576 nova-scheduler[96523]: DEBUG cotyledon.oslo_config_glue [-] oslo_middleware.http_basic_auth_user_file = /etc/htpasswd {{(pid=96523) log_opt_values /opt/stack/data/venv/lib/python3.12/site-packages/oslo_config/cfg.py:3253}}
Jul 21 16:04:53.386826 np0000005576 nova-scheduler[96523]: DEBUG cotyledon.oslo_config_glue [-] oslo_messaging_metrics.metrics_buffer_size = 1000 {{(pid=96523) log_opt_values /opt/stack/data/venv/lib/python3.12/site-packages/oslo_config/cfg.py:3253}}
Jul 21 16:04:53.386826 np0000005576 nova-scheduler[96523]: DEBUG cotyledon.oslo_config_glue [-] oslo_messaging_metrics.metrics_enabled = False {{(pid=96523) log_opt_values /opt/stack/data/venv/lib/python3.12/site-packages/oslo_config/cfg.py:3253}}
Jul 21 16:04:53.386826 np0000005576 nova-scheduler[96523]: DEBUG cotyledon.oslo_config_glue [-] oslo_messaging_metrics.metrics_process_name = {{(pid=96523) log_opt_values /opt/stack/data/venv/lib/python3.12/site-packages/oslo_config/cfg.py:3253}}
Jul 21 16:04:53.386826 np0000005576 nova-scheduler[96523]: DEBUG cotyledon.oslo_config_glue [-] oslo_messaging_metrics.metrics_socket_file = /var/tmp/metrics_collector.sock {{(pid=96523) log_opt_values /opt/stack/data/venv/lib/python3.12/site-packages/oslo_config/cfg.py:3253}}
Jul 21 16:04:53.386826 np0000005576 nova-scheduler[96523]: DEBUG cotyledon.oslo_config_glue [-] oslo_messaging_metrics.metrics_thread_stop_timeout = 10 {{(pid=96523) log_opt_values /opt/stack/data/venv/lib/python3.12/site-packages/oslo_config/cfg.py:3253}}
Jul 21 16:04:53.386826 np0000005576 nova-scheduler[96523]: DEBUG cotyledon.oslo_config_glue [-] profiler.connection_string = messaging:// {{(pid=96523) log_opt_values /opt/stack/data/venv/lib/python3.12/site-packages/oslo_config/cfg.py:3253}}
Jul 21 16:04:53.386941 np0000005576 nova-scheduler[96523]: DEBUG cotyledon.oslo_config_glue [-] profiler.enabled = False {{(pid=96523) log_opt_values /opt/stack/data/venv/lib/python3.12/site-packages/oslo_config/cfg.py:3253}}
Jul 21 16:04:53.386941 np0000005576 nova-scheduler[96523]: DEBUG cotyledon.oslo_config_glue [-] profiler.es_doc_type = notification {{(pid=96523) log_opt_values /opt/stack/data/venv/lib/python3.12/site-packages/oslo_config/cfg.py:3253}}
Jul 21 16:04:53.387007 np0000005576 nova-scheduler[96523]: DEBUG cotyledon.oslo_config_glue [-] profiler.es_scroll_size = 10000 {{(pid=96523) log_opt_values /opt/stack/data/venv/lib/python3.12/site-packages/oslo_config/cfg.py:3253}}
Jul 21 16:04:53.387072 np0000005576 nova-scheduler[96523]: DEBUG cotyledon.oslo_config_glue [-] profiler.es_scroll_time = 2m {{(pid=96523) log_opt_values /opt/stack/data/venv/lib/python3.12/site-packages/oslo_config/cfg.py:3253}}
Jul 21 16:04:53.387131 np0000005576 nova-scheduler[96523]: DEBUG cotyledon.oslo_config_glue [-] profiler.filter_error_trace = False {{(pid=96523) log_opt_values /opt/stack/data/venv/lib/python3.12/site-packages/oslo_config/cfg.py:3253}}
Jul 21 16:04:53.387207 np0000005576 nova-scheduler[96523]: DEBUG cotyledon.oslo_config_glue [-] profiler.hmac_keys = **** {{(pid=96523) log_opt_values /opt/stack/data/venv/lib/python3.12/site-packages/oslo_config/cfg.py:3253}}
Jul 21 16:04:53.387274 np0000005576 nova-scheduler[96523]: DEBUG cotyledon.oslo_config_glue [-] profiler.sentinel_service_name = mymaster {{(pid=96523) log_opt_values /opt/stack/data/venv/lib/python3.12/site-packages/oslo_config/cfg.py:3253}}
Jul 21 16:04:53.387363 np0000005576 nova-scheduler[96523]: DEBUG cotyledon.oslo_config_glue [-] profiler.socket_timeout = 0.1 {{(pid=96523) log_opt_values /opt/stack/data/venv/lib/python3.12/site-packages/oslo_config/cfg.py:3253}}
Jul 21 16:04:53.387425 np0000005576 nova-scheduler[96523]: DEBUG cotyledon.oslo_config_glue [-] profiler.trace_requests = False {{(pid=96523) log_opt_values /opt/stack/data/venv/lib/python3.12/site-packages/oslo_config/cfg.py:3253}}
Jul 21 16:04:53.387491 np0000005576 nova-scheduler[96523]: DEBUG cotyledon.oslo_config_glue [-] profiler.trace_sqlalchemy = False {{(pid=96523) log_opt_values /opt/stack/data/venv/lib/python3.12/site-packages/oslo_config/cfg.py:3253}}
Jul 21 16:04:53.387557 np0000005576 nova-scheduler[96523]: DEBUG cotyledon.oslo_config_glue [-] profiler_jaeger.process_tags = {} {{(pid=96523) log_opt_values /opt/stack/data/venv/lib/python3.12/site-packages/oslo_config/cfg.py:3253}}
Jul 21 16:04:53.387616 np0000005576 nova-scheduler[96523]: DEBUG cotyledon.oslo_config_glue [-] profiler_jaeger.service_name_prefix = None {{(pid=96523) log_opt_values /opt/stack/data/venv/lib/python3.12/site-packages/oslo_config/cfg.py:3253}}
Jul 21 16:04:53.387695 np0000005576 nova-scheduler[96523]: DEBUG cotyledon.oslo_config_glue [-] profiler_otlp.service_name_prefix = None {{(pid=96523) log_opt_values /opt/stack/data/venv/lib/python3.12/site-packages/oslo_config/cfg.py:3253}}
Jul 21 16:04:53.387808 np0000005576 nova-scheduler[96523]: DEBUG cotyledon.oslo_config_glue [-] oslo_messaging_rabbit.amqp_auto_delete = False {{(pid=96523) log_opt_values /opt/stack/data/venv/lib/python3.12/site-packages/oslo_config/cfg.py:3253}}
Jul 21 16:04:53.387883 np0000005576 nova-scheduler[96523]: DEBUG cotyledon.oslo_config_glue [-] oslo_messaging_rabbit.amqp_durable_queues = False {{(pid=96523) log_opt_values /opt/stack/data/venv/lib/python3.12/site-packages/oslo_config/cfg.py:3253}}
Jul 21 16:04:53.387974 np0000005576 nova-scheduler[96523]: DEBUG cotyledon.oslo_config_glue [-] oslo_messaging_rabbit.conn_pool_min_size = 2 {{(pid=96523) log_opt_values /opt/stack/data/venv/lib/python3.12/site-packages/oslo_config/cfg.py:3253}}
Jul 21 16:04:53.388054 np0000005576 nova-scheduler[96523]: DEBUG cotyledon.oslo_config_glue [-] oslo_messaging_rabbit.conn_pool_ttl = 1200 {{(pid=96523) log_opt_values /opt/stack/data/venv/lib/python3.12/site-packages/oslo_config/cfg.py:3253}}
Jul 21 16:04:53.388130 np0000005576 nova-scheduler[96523]: DEBUG cotyledon.oslo_config_glue [-] oslo_messaging_rabbit.direct_mandatory_flag = True {{(pid=96523) log_opt_values /opt/stack/data/venv/lib/python3.12/site-packages/oslo_config/cfg.py:3253}}
Jul 21 16:04:53.388211 np0000005576 nova-scheduler[96523]: DEBUG cotyledon.oslo_config_glue [-] oslo_messaging_rabbit.enable_cancel_on_failover = False {{(pid=96523) log_opt_values /opt/stack/data/venv/lib/python3.12/site-packages/oslo_config/cfg.py:3253}}
Jul 21 16:04:53.388277 np0000005576 nova-scheduler[96523]: DEBUG cotyledon.oslo_config_glue [-] oslo_messaging_rabbit.heartbeat_rate = 3 {{(pid=96523) log_opt_values /opt/stack/data/venv/lib/python3.12/site-packages/oslo_config/cfg.py:3253}}
Jul 21 16:04:53.388358 np0000005576 nova-scheduler[96523]: DEBUG cotyledon.oslo_config_glue [-] oslo_messaging_rabbit.heartbeat_timeout_threshold = 60 {{(pid=96523) log_opt_values /opt/stack/data/venv/lib/python3.12/site-packages/oslo_config/cfg.py:3253}}
Jul 21 16:04:53.388432 np0000005576 nova-scheduler[96523]: DEBUG cotyledon.oslo_config_glue [-] oslo_messaging_rabbit.hostname = np0000005576 {{(pid=96523) log_opt_values /opt/stack/data/venv/lib/python3.12/site-packages/oslo_config/cfg.py:3253}}
Jul 21 16:04:53.388510 np0000005576 nova-scheduler[96523]: DEBUG cotyledon.oslo_config_glue [-] oslo_messaging_rabbit.kombu_compression = None {{(pid=96523) log_opt_values /opt/stack/data/venv/lib/python3.12/site-packages/oslo_config/cfg.py:3253}}
Jul 21 16:04:53.388578 np0000005576 nova-scheduler[96523]: DEBUG cotyledon.oslo_config_glue [-] oslo_messaging_rabbit.kombu_failover_strategy = round-robin {{(pid=96523) log_opt_values /opt/stack/data/venv/lib/python3.12/site-packages/oslo_config/cfg.py:3253}}
Jul 21 16:04:53.388646 np0000005576 nova-scheduler[96523]: DEBUG cotyledon.oslo_config_glue [-] oslo_messaging_rabbit.kombu_missing_consumer_retry_timeout = 60 {{(pid=96523) log_opt_values /opt/stack/data/venv/lib/python3.12/site-packages/oslo_config/cfg.py:3253}}
Jul 21 16:04:53.388725 np0000005576 nova-scheduler[96480]: INFO dbcounter [None req-2d53bd88-4b15-4b3e-a384-7282d4ef766c None None] Registered counter for database nova_cell0
Jul 21 16:04:53.388754 np0000005576 nova-scheduler[96523]: DEBUG cotyledon.oslo_config_glue [-] oslo_messaging_rabbit.kombu_reconnect_delay = 1.0 {{(pid=96523) log_opt_values /opt/stack/data/venv/lib/python3.12/site-packages/oslo_config/cfg.py:3253}}
Jul 21 16:04:53.388803 np0000005576 nova-scheduler[96523]: DEBUG cotyledon.oslo_config_glue [-] oslo_messaging_rabbit.kombu_reconnect_splay = 0.0 {{(pid=96523) log_opt_values /opt/stack/data/venv/lib/python3.12/site-packages/oslo_config/cfg.py:3253}}
Jul 21 16:04:53.388876 np0000005576 nova-scheduler[96523]: DEBUG cotyledon.oslo_config_glue [-] oslo_messaging_rabbit.processname = nova-scheduler {{(pid=96523) log_opt_values /opt/stack/data/venv/lib/python3.12/site-packages/oslo_config/cfg.py:3253}}
Jul 21 16:04:53.388945 np0000005576 nova-scheduler[96523]: DEBUG cotyledon.oslo_config_glue [-] oslo_messaging_rabbit.rabbit_ha_queues = False {{(pid=96523) log_opt_values /opt/stack/data/venv/lib/python3.12/site-packages/oslo_config/cfg.py:3253}}
Jul 21 16:04:53.389014 np0000005576 nova-scheduler[96523]: DEBUG cotyledon.oslo_config_glue [-] oslo_messaging_rabbit.rabbit_interval_max = 30 {{(pid=96523) log_opt_values /opt/stack/data/venv/lib/python3.12/site-packages/oslo_config/cfg.py:3253}}
Jul 21 16:04:53.389089 np0000005576 nova-scheduler[96523]: DEBUG cotyledon.oslo_config_glue [-] oslo_messaging_rabbit.rabbit_login_method = AMQPLAIN {{(pid=96523) log_opt_values /opt/stack/data/venv/lib/python3.12/site-packages/oslo_config/cfg.py:3253}}
Jul 21 16:04:53.389182 np0000005576 nova-scheduler[96523]: DEBUG cotyledon.oslo_config_glue [-] oslo_messaging_rabbit.rabbit_qos_prefetch_count = 0 {{(pid=96523) log_opt_values /opt/stack/data/venv/lib/python3.12/site-packages/oslo_config/cfg.py:3253}}
Jul 21 16:04:53.389255 np0000005576 nova-scheduler[96523]: DEBUG cotyledon.oslo_config_glue [-] oslo_messaging_rabbit.rabbit_quorum_delivery_limit = 0 {{(pid=96523) log_opt_values /opt/stack/data/venv/lib/python3.12/site-packages/oslo_config/cfg.py:3253}}
Jul 21 16:04:53.389341 np0000005576 nova-scheduler[96523]: DEBUG cotyledon.oslo_config_glue [-] oslo_messaging_rabbit.rabbit_quorum_max_memory_bytes = 0 {{(pid=96523) log_opt_values /opt/stack/data/venv/lib/python3.12/site-packages/oslo_config/cfg.py:3253}}
Jul 21 16:04:53.389416 np0000005576 nova-scheduler[96523]: DEBUG cotyledon.oslo_config_glue [-] oslo_messaging_rabbit.rabbit_quorum_max_memory_length = 0 {{(pid=96523) log_opt_values /opt/stack/data/venv/lib/python3.12/site-packages/oslo_config/cfg.py:3253}}
Jul 21 16:04:53.389492 np0000005576 nova-scheduler[96523]: DEBUG cotyledon.oslo_config_glue [-] oslo_messaging_rabbit.rabbit_quorum_queue = False {{(pid=96523) log_opt_values /opt/stack/data/venv/lib/python3.12/site-packages/oslo_config/cfg.py:3253}}
Jul 21 16:04:53.389568 np0000005576 nova-scheduler[96523]: DEBUG cotyledon.oslo_config_glue [-] oslo_messaging_rabbit.rabbit_retry_backoff = 2 {{(pid=96523) log_opt_values /opt/stack/data/venv/lib/python3.12/site-packages/oslo_config/cfg.py:3253}}
Jul 21 16:04:53.389641 np0000005576 nova-scheduler[96523]: DEBUG cotyledon.oslo_config_glue [-] oslo_messaging_rabbit.rabbit_retry_interval = 1 {{(pid=96523) log_opt_values /opt/stack/data/venv/lib/python3.12/site-packages/oslo_config/cfg.py:3253}}
Jul 21 16:04:53.389713 np0000005576 nova-scheduler[96523]: DEBUG cotyledon.oslo_config_glue [-] oslo_messaging_rabbit.rabbit_stream_fanout = False {{(pid=96523) log_opt_values /opt/stack/data/venv/lib/python3.12/site-packages/oslo_config/cfg.py:3253}}
Jul 21 16:04:53.389784 np0000005576 nova-scheduler[96523]: DEBUG cotyledon.oslo_config_glue [-] oslo_messaging_rabbit.rabbit_transient_queues_ttl = 1800 {{(pid=96523) log_opt_values /opt/stack/data/venv/lib/python3.12/site-packages/oslo_config/cfg.py:3253}}
Jul 21 16:04:53.389849 np0000005576 nova-scheduler[96523]: DEBUG cotyledon.oslo_config_glue [-] oslo_messaging_rabbit.rabbit_transient_quorum_queue = False {{(pid=96523) log_opt_values /opt/stack/data/venv/lib/python3.12/site-packages/oslo_config/cfg.py:3253}}
Jul 21 16:04:53.389916 np0000005576 nova-scheduler[96523]: DEBUG cotyledon.oslo_config_glue [-] oslo_messaging_rabbit.rpc_conn_pool_size = 30 {{(pid=96523) log_opt_values /opt/stack/data/venv/lib/python3.12/site-packages/oslo_config/cfg.py:3253}}
Jul 21 16:04:53.390001 np0000005576 nova-scheduler[96523]: DEBUG cotyledon.oslo_config_glue [-] oslo_messaging_rabbit.ssl = False {{(pid=96523) log_opt_values /opt/stack/data/venv/lib/python3.12/site-packages/oslo_config/cfg.py:3253}}
Jul 21 16:04:53.390072 np0000005576 nova-scheduler[96523]: DEBUG cotyledon.oslo_config_glue [-] oslo_messaging_rabbit.ssl_ca_file = {{(pid=96523) log_opt_values /opt/stack/data/venv/lib/python3.12/site-packages/oslo_config/cfg.py:3253}}
Jul 21 16:04:53.390170 np0000005576 nova-scheduler[96523]: DEBUG cotyledon.oslo_config_glue [-] oslo_messaging_rabbit.ssl_cert_file = {{(pid=96523) log_opt_values /opt/stack/data/venv/lib/python3.12/site-packages/oslo_config/cfg.py:3253}}
Jul 21 16:04:53.390233 np0000005576 nova-scheduler[96523]: DEBUG cotyledon.oslo_config_glue [-] oslo_messaging_rabbit.ssl_enforce_fips_mode = False {{(pid=96523) log_opt_values /opt/stack/data/venv/lib/python3.12/site-packages/oslo_config/cfg.py:3253}}
Jul 21 16:04:53.390298 np0000005576 nova-scheduler[96523]: DEBUG cotyledon.oslo_config_glue [-] oslo_messaging_rabbit.ssl_enforce_hostname_verification = True {{(pid=96523) log_opt_values /opt/stack/data/venv/lib/python3.12/site-packages/oslo_config/cfg.py:3253}}
Jul 21 16:04:53.390354 np0000005576 nova-scheduler[96523]: DEBUG cotyledon.oslo_config_glue [-] oslo_messaging_rabbit.ssl_key_file = {{(pid=96523) log_opt_values /opt/stack/data/venv/lib/python3.12/site-packages/oslo_config/cfg.py:3253}}
Jul 21 16:04:53.390477 np0000005576 nova-scheduler[96523]: DEBUG cotyledon.oslo_config_glue [-] oslo_messaging_rabbit.ssl_version = {{(pid=96523) log_opt_values /opt/stack/data/venv/lib/python3.12/site-packages/oslo_config/cfg.py:3253}}
Jul 21 16:04:53.390537 np0000005576 nova-scheduler[96523]: DEBUG cotyledon.oslo_config_glue [-] oslo_messaging_rabbit.use_queue_manager = False {{(pid=96523) log_opt_values /opt/stack/data/venv/lib/python3.12/site-packages/oslo_config/cfg.py:3253}}
Jul 21 16:04:53.390578 np0000005576 nova-scheduler[96523]: DEBUG cotyledon.oslo_config_glue [-] oslo_messaging_notifications.driver = ['messagingv2'] {{(pid=96523) log_opt_values /opt/stack/data/venv/lib/python3.12/site-packages/oslo_config/cfg.py:3253}}
Jul 21 16:04:53.390655 np0000005576 nova-scheduler[96523]: DEBUG cotyledon.oslo_config_glue [-] oslo_messaging_notifications.retry = -1 {{(pid=96523) log_opt_values /opt/stack/data/venv/lib/python3.12/site-packages/oslo_config/cfg.py:3253}}
Jul 21 16:04:53.390731 np0000005576 nova-scheduler[96523]: DEBUG cotyledon.oslo_config_glue [-] oslo_messaging_notifications.topics = ['notifications'] {{(pid=96523) log_opt_values /opt/stack/data/venv/lib/python3.12/site-packages/oslo_config/cfg.py:3253}}
Jul 21 16:04:53.390820 np0000005576 nova-scheduler[96523]: DEBUG cotyledon.oslo_config_glue [-] oslo_messaging_notifications.transport_url = **** {{(pid=96523) log_opt_values /opt/stack/data/venv/lib/python3.12/site-packages/oslo_config/cfg.py:3253}}
Jul 21 16:04:53.390920 np0000005576 nova-scheduler[96523]: DEBUG cotyledon.oslo_config_glue [-] oslo_limit.auth_section = None {{(pid=96523) log_opt_values /opt/stack/data/venv/lib/python3.12/site-packages/oslo_config/cfg.py:3253}}
Jul 21 16:04:53.390993 np0000005576 nova-scheduler[96523]: DEBUG cotyledon.oslo_config_glue [-] oslo_limit.auth_type = None {{(pid=96523) log_opt_values /opt/stack/data/venv/lib/python3.12/site-packages/oslo_config/cfg.py:3253}}
Jul 21 16:04:53.391068 np0000005576 nova-scheduler[96523]: DEBUG cotyledon.oslo_config_glue [-] oslo_limit.cafile = None {{(pid=96523) log_opt_values /opt/stack/data/venv/lib/python3.12/site-packages/oslo_config/cfg.py:3253}}
Jul 21 16:04:53.391157 np0000005576 nova-scheduler[96523]: DEBUG cotyledon.oslo_config_glue [-] oslo_limit.certfile = None {{(pid=96523) log_opt_values /opt/stack/data/venv/lib/python3.12/site-packages/oslo_config/cfg.py:3253}}
Jul 21 16:04:53.391230 np0000005576 nova-scheduler[96523]: DEBUG cotyledon.oslo_config_glue [-] oslo_limit.collect_timing = False {{(pid=96523) log_opt_values /opt/stack/data/venv/lib/python3.12/site-packages/oslo_config/cfg.py:3253}}
Jul 21 16:04:53.391310 np0000005576 nova-scheduler[96523]: DEBUG cotyledon.oslo_config_glue [-] oslo_limit.connect_retries = None {{(pid=96523) log_opt_values /opt/stack/data/venv/lib/python3.12/site-packages/oslo_config/cfg.py:3253}}
Jul 21 16:04:53.391373 np0000005576 nova-scheduler[96523]: DEBUG cotyledon.oslo_config_glue [-] oslo_limit.connect_retry_delay = None {{(pid=96523) log_opt_values /opt/stack/data/venv/lib/python3.12/site-packages/oslo_config/cfg.py:3253}}
Jul 21 16:04:53.391439 np0000005576 nova-scheduler[96523]: DEBUG cotyledon.oslo_config_glue [-] oslo_limit.endpoint_id = None {{(pid=96523) log_opt_values /opt/stack/data/venv/lib/python3.12/site-packages/oslo_config/cfg.py:3253}}
Jul 21 16:04:53.391733 np0000005576 nova-scheduler[96523]: DEBUG cotyledon.oslo_config_glue [-] oslo_limit.endpoint_interface = public {{(pid=96523) log_opt_values /opt/stack/data/venv/lib/python3.12/site-packages/oslo_config/cfg.py:3253}}
Jul 21 16:04:53.391733 np0000005576 nova-scheduler[96523]: DEBUG cotyledon.oslo_config_glue [-] oslo_limit.endpoint_override = None {{(pid=96523) log_opt_values /opt/stack/data/venv/lib/python3.12/site-packages/oslo_config/cfg.py:3253}}
Jul 21 16:04:53.391733 np0000005576 nova-scheduler[96523]: DEBUG cotyledon.oslo_config_glue [-] oslo_limit.endpoint_region_name = None {{(pid=96523) log_opt_values /opt/stack/data/venv/lib/python3.12/site-packages/oslo_config/cfg.py:3253}}
Jul 21 16:04:53.391733 np0000005576 nova-scheduler[96523]: DEBUG cotyledon.oslo_config_glue [-] oslo_limit.endpoint_service_name = None {{(pid=96523) log_opt_values /opt/stack/data/venv/lib/python3.12/site-packages/oslo_config/cfg.py:3253}}
Jul 21 16:04:53.391854 np0000005576 nova-scheduler[96523]: DEBUG cotyledon.oslo_config_glue [-] oslo_limit.endpoint_service_type = None {{(pid=96523) log_opt_values /opt/stack/data/venv/lib/python3.12/site-packages/oslo_config/cfg.py:3253}}
Jul 21 16:04:53.391854 np0000005576 nova-scheduler[96523]: DEBUG cotyledon.oslo_config_glue [-] oslo_limit.insecure = False {{(pid=96523) log_opt_values /opt/stack/data/venv/lib/python3.12/site-packages/oslo_config/cfg.py:3253}}
Jul 21 16:04:53.391906 np0000005576 nova-scheduler[96523]: DEBUG cotyledon.oslo_config_glue [-] oslo_limit.keyfile = None {{(pid=96523) log_opt_values /opt/stack/data/venv/lib/python3.12/site-packages/oslo_config/cfg.py:3253}}
Jul 21 16:04:53.391971 np0000005576 nova-scheduler[96523]: DEBUG cotyledon.oslo_config_glue [-] oslo_limit.max_version = None {{(pid=96523) log_opt_values /opt/stack/data/venv/lib/python3.12/site-packages/oslo_config/cfg.py:3253}}
Jul 21 16:04:53.392034 np0000005576 nova-scheduler[96523]: DEBUG cotyledon.oslo_config_glue [-] oslo_limit.min_version = None {{(pid=96523) log_opt_values /opt/stack/data/venv/lib/python3.12/site-packages/oslo_config/cfg.py:3253}}
Jul 21 16:04:53.392093 np0000005576 nova-scheduler[96523]: DEBUG cotyledon.oslo_config_glue [-] oslo_limit.region_name = None {{(pid=96523) log_opt_values /opt/stack/data/venv/lib/python3.12/site-packages/oslo_config/cfg.py:3253}}
Jul 21 16:04:53.392177 np0000005576 nova-scheduler[96523]: DEBUG cotyledon.oslo_config_glue [-] oslo_limit.retriable_status_codes = None {{(pid=96523) log_opt_values /opt/stack/data/venv/lib/python3.12/site-packages/oslo_config/cfg.py:3253}}
Jul 21 16:04:53.392253 np0000005576 nova-scheduler[96523]: DEBUG cotyledon.oslo_config_glue [-] oslo_limit.service_name = None {{(pid=96523) log_opt_values /opt/stack/data/venv/lib/python3.12/site-packages/oslo_config/cfg.py:3253}}
Jul 21 16:04:53.392331 np0000005576 nova-scheduler[96523]: DEBUG cotyledon.oslo_config_glue [-] oslo_limit.service_type = None {{(pid=96523) log_opt_values /opt/stack/data/venv/lib/python3.12/site-packages/oslo_config/cfg.py:3253}}
Jul 21 16:04:53.392386 np0000005576 nova-scheduler[96523]: DEBUG cotyledon.oslo_config_glue [-] oslo_limit.split_loggers = False {{(pid=96523) log_opt_values /opt/stack/data/venv/lib/python3.12/site-packages/oslo_config/cfg.py:3253}}
Jul 21 16:04:53.392447 np0000005576 nova-scheduler[96523]: DEBUG cotyledon.oslo_config_glue [-] oslo_limit.status_code_retries = None {{(pid=96523) log_opt_values /opt/stack/data/venv/lib/python3.12/site-packages/oslo_config/cfg.py:3253}}
Jul 21 16:04:53.392510 np0000005576 nova-scheduler[96523]: DEBUG cotyledon.oslo_config_glue [-] oslo_limit.status_code_retry_delay = None {{(pid=96523) log_opt_values /opt/stack/data/venv/lib/python3.12/site-packages/oslo_config/cfg.py:3253}}
Jul 21 16:04:53.392571 np0000005576 nova-scheduler[96523]: DEBUG cotyledon.oslo_config_glue [-] oslo_limit.timeout = None {{(pid=96523) log_opt_values /opt/stack/data/venv/lib/python3.12/site-packages/oslo_config/cfg.py:3253}}
Jul 21 16:04:53.392625 np0000005576 nova-scheduler[96523]: DEBUG cotyledon.oslo_config_glue [-] oslo_limit.valid_interfaces = None {{(pid=96523) log_opt_values /opt/stack/data/venv/lib/python3.12/site-packages/oslo_config/cfg.py:3253}}
Jul 21 16:04:53.392688 np0000005576 nova-scheduler[96523]: DEBUG cotyledon.oslo_config_glue [-] oslo_limit.version = None {{(pid=96523) log_opt_values /opt/stack/data/venv/lib/python3.12/site-packages/oslo_config/cfg.py:3253}}
Jul 21 16:04:53.392762 np0000005576 nova-scheduler[96523]: DEBUG cotyledon.oslo_config_glue [-] oslo_reports.file_event_handler = None {{(pid=96523) log_opt_values /opt/stack/data/venv/lib/python3.12/site-packages/oslo_config/cfg.py:3253}}
Jul 21 16:04:53.392824 np0000005576 nova-scheduler[96523]: DEBUG cotyledon.oslo_config_glue [-] oslo_reports.file_event_handler_interval = 1 {{(pid=96523) log_opt_values /opt/stack/data/venv/lib/python3.12/site-packages/oslo_config/cfg.py:3253}}
Jul 21 16:04:53.392893 np0000005576 nova-scheduler[96523]: DEBUG cotyledon.oslo_config_glue [-] oslo_reports.log_dir = None {{(pid=96523) log_opt_values /opt/stack/data/venv/lib/python3.12/site-packages/oslo_config/cfg.py:3253}}
Jul 21 16:04:53.392956 np0000005576 nova-scheduler[96523]: DEBUG cotyledon.oslo_config_glue [-] ******************************************************************************** {{(pid=96523) log_opt_values /opt/stack/data/venv/lib/python3.12/site-packages/oslo_config/cfg.py:3260}}
Jul 21 16:04:53.393324 np0000005576 nova-scheduler[96523]: DEBUG cotyledon._service_worker [-] Run service ServiceWrapper(3) [96523] {{(pid=96523) wait_forever /opt/stack/data/venv/lib/python3.12/site-packages/cotyledon/_service_worker.py:218}}
Jul 21 16:04:53.394546 np0000005576 nova-scheduler[96523]: INFO nova.service [-] Starting scheduler node (version 33.1.0)
Jul 21 16:04:53.395172 np0000005576 nova-scheduler[96478]: DEBUG dbcounter [-] [96478] Writer thread running {{(pid=96478) stat_writer /opt/stack/data/venv/lib/python3.12/site-packages/dbcounter.py:102}}
Jul 21 16:04:53.396229 np0000005576 nova-scheduler[96490]: DEBUG oslo_db.sqlalchemy.engines [None req-88b7368e-faf4-41ec-b6fd-ee0729c6e10b None None] MySQL server mode set to STRICT_TRANS_TABLES,STRICT_ALL_TABLES,NO_ZERO_IN_DATE,NO_ZERO_DATE,ERROR_FOR_DIVISION_BY_ZERO,TRADITIONAL,NO_ENGINE_SUBSTITUTION {{(pid=96490) _check_effective_sql_mode /opt/stack/data/venv/lib/python3.12/site-packages/oslo_db/sqlalchemy/engines.py:325}}
Jul 21 16:04:53.398811 np0000005576 nova-scheduler[96523]: INFO dbcounter [None req-186fba2f-a757-4fef-b901-2c786b9a545d None None] Registered counter for database nova_cell0
Jul 21 16:04:53.405975 np0000005576 nova-scheduler[96490]: DEBUG dbcounter [-] [96490] Writer thread running {{(pid=96490) stat_writer /opt/stack/data/venv/lib/python3.12/site-packages/dbcounter.py:102}}
Jul 21 16:04:53.413573 np0000005576 nova-scheduler[96478]: DEBUG nova.service [None req-19333c55-06aa-4a9d-bd12-806b531ed47c None None] Creating RPC server for service: nova-scheduler on topic: scheduler {{(pid=96478) start /opt/stack/nova/nova/service.py:196}}
Jul 21 16:04:53.421330 np0000005576 nova-scheduler[96490]: DEBUG nova.service [None req-88b7368e-faf4-41ec-b6fd-ee0729c6e10b None None] Creating RPC server for service: nova-scheduler on topic: scheduler {{(pid=96490) start /opt/stack/nova/nova/service.py:196}}
Jul 21 16:04:53.432036 np0000005576 nova-scheduler[96480]: DEBUG oslo_db.sqlalchemy.engines [None req-2d53bd88-4b15-4b3e-a384-7282d4ef766c None None] MySQL server mode set to STRICT_TRANS_TABLES,STRICT_ALL_TABLES,NO_ZERO_IN_DATE,NO_ZERO_DATE,ERROR_FOR_DIVISION_BY_ZERO,TRADITIONAL,NO_ENGINE_SUBSTITUTION {{(pid=96480) _check_effective_sql_mode /opt/stack/data/venv/lib/python3.12/site-packages/oslo_db/sqlalchemy/engines.py:325}}
Jul 21 16:04:53.440956 np0000005576 nova-scheduler[96490]: DEBUG nova.service [None req-88b7368e-faf4-41ec-b6fd-ee0729c6e10b None None] Join ServiceGroup membership for this service scheduler {{(pid=96490) start /opt/stack/nova/nova/service.py:222}}
Jul 21 16:04:53.441083 np0000005576 nova-scheduler[96478]: DEBUG nova.service [None req-19333c55-06aa-4a9d-bd12-806b531ed47c None None] Join ServiceGroup membership for this service scheduler {{(pid=96478) start /opt/stack/nova/nova/service.py:222}}
Jul 21 16:04:53.441162 np0000005576 nova-scheduler[96523]: DEBUG oslo_db.sqlalchemy.engines [None req-186fba2f-a757-4fef-b901-2c786b9a545d None None] MySQL server mode set to STRICT_TRANS_TABLES,STRICT_ALL_TABLES,NO_ZERO_IN_DATE,NO_ZERO_DATE,ERROR_FOR_DIVISION_BY_ZERO,TRADITIONAL,NO_ENGINE_SUBSTITUTION {{(pid=96523) _check_effective_sql_mode /opt/stack/data/venv/lib/python3.12/site-packages/oslo_db/sqlalchemy/engines.py:325}}
Jul 21 16:04:53.441232 np0000005576 nova-scheduler[96490]: DEBUG nova.servicegroup.drivers.db [None req-88b7368e-faf4-41ec-b6fd-ee0729c6e10b None None] DB_Driver: join new ServiceGroup member np0000005576 to the scheduler group, service = {{(pid=96490) join /opt/stack/nova/nova/servicegroup/drivers/db.py:44}}
Jul 21 16:04:53.441284 np0000005576 nova-scheduler[96478]: DEBUG nova.servicegroup.drivers.db [None req-19333c55-06aa-4a9d-bd12-806b531ed47c None None] DB_Driver: join new ServiceGroup member np0000005576 to the scheduler group, service = {{(pid=96478) join /opt/stack/nova/nova/servicegroup/drivers/db.py:44}}
Jul 21 16:04:53.443264 np0000005576 nova-scheduler[96480]: DEBUG dbcounter [-] [96480] Writer thread running {{(pid=96480) stat_writer /opt/stack/data/venv/lib/python3.12/site-packages/dbcounter.py:102}}
Jul 21 16:04:53.446149 np0000005576 nova-scheduler[96480]: DEBUG nova.service [None req-2d53bd88-4b15-4b3e-a384-7282d4ef766c None None] Creating RPC server for service: nova-scheduler on topic: scheduler {{(pid=96480) start /opt/stack/nova/nova/service.py:196}}
Jul 21 16:04:53.452529 np0000005576 nova-scheduler[96523]: DEBUG dbcounter [-] [96523] Writer thread running {{(pid=96523) stat_writer /opt/stack/data/venv/lib/python3.12/site-packages/dbcounter.py:102}}
Jul 21 16:04:53.456060 np0000005576 nova-scheduler[96523]: DEBUG nova.service [None req-186fba2f-a757-4fef-b901-2c786b9a545d None None] Creating RPC server for service: nova-scheduler on topic: scheduler {{(pid=96523) start /opt/stack/nova/nova/service.py:196}}
Jul 21 16:04:53.462597 np0000005576 nova-scheduler[96480]: DEBUG nova.service [None req-2d53bd88-4b15-4b3e-a384-7282d4ef766c None None] Join ServiceGroup membership for this service scheduler {{(pid=96480) start /opt/stack/nova/nova/service.py:222}}
Jul 21 16:04:53.462805 np0000005576 nova-scheduler[96480]: DEBUG nova.servicegroup.drivers.db [None req-2d53bd88-4b15-4b3e-a384-7282d4ef766c None None] DB_Driver: join new ServiceGroup member np0000005576 to the scheduler group, service = {{(pid=96480) join /opt/stack/nova/nova/servicegroup/drivers/db.py:44}}
Jul 21 16:04:53.474171 np0000005576 nova-scheduler[96523]: DEBUG nova.service [None req-186fba2f-a757-4fef-b901-2c786b9a545d None None] Join ServiceGroup membership for this service scheduler {{(pid=96523) start /opt/stack/nova/nova/service.py:222}}
Jul 21 16:04:53.474350 np0000005576 nova-scheduler[96523]: DEBUG nova.servicegroup.drivers.db [None req-186fba2f-a757-4fef-b901-2c786b9a545d None None] DB_Driver: join new ServiceGroup member np0000005576 to the scheduler group, service = {{(pid=96523) join /opt/stack/nova/nova/servicegroup/drivers/db.py:44}}
Jul 21 16:04:58.457441 np0000005576 nova-scheduler[96490]: DEBUG oslo.service.backend._threading.loopingcall [-] Fixed interval looping call 'nova.servicegroup.drivers.db.DbDriver._report_state' sleeping for 119.99 seconds {{(pid=96490) _run_loop /opt/stack/data/venv/lib/python3.12/site-packages/oslo_service/backend/_threading/loopingcall.py:125}}
Jul 21 16:04:58.457955 np0000005576 nova-scheduler[96478]: DEBUG oslo.service.backend._threading.loopingcall [-] Fixed interval looping call 'nova.servicegroup.drivers.db.DbDriver._report_state' sleeping for 119.99 seconds {{(pid=96478) _run_loop /opt/stack/data/venv/lib/python3.12/site-packages/oslo_service/backend/_threading/loopingcall.py:125}}
Jul 21 16:04:58.484420 np0000005576 nova-scheduler[96523]: DEBUG oslo.service.backend._threading.loopingcall [-] Fixed interval looping call 'nova.servicegroup.drivers.db.DbDriver._report_state' sleeping for 119.99 seconds {{(pid=96523) _run_loop /opt/stack/data/venv/lib/python3.12/site-packages/oslo_service/backend/_threading/loopingcall.py:125}}
Jul 21 16:04:58.485915 np0000005576 nova-scheduler[96480]: DEBUG oslo.service.backend._threading.loopingcall [-] Fixed interval looping call 'nova.servicegroup.drivers.db.DbDriver._report_state' sleeping for 119.98 seconds {{(pid=96480) _run_loop /opt/stack/data/venv/lib/python3.12/site-packages/oslo_service/backend/_threading/loopingcall.py:125}}
Jul 21 16:05:01.992429 np0000005576 nova-scheduler[95265]: DEBUG dbcounter [-] [95265] Writing DB stats nova_api:SELECT=3 {{(pid=95265) stat_writer /opt/stack/data/venv/lib/python3.12/site-packages/dbcounter.py:115}}
Jul 21 16:05:02.125732 np0000005576 nova-scheduler[95265]: DEBUG dbcounter [-] [95265] Writing DB stats nova_cell0:SELECT=1 {{(pid=95265) stat_writer /opt/stack/data/venv/lib/python3.12/site-packages/dbcounter.py:115}}
Jul 21 16:05:02.126069 np0000005576 nova-scheduler[95265]: DEBUG dbcounter [-] [95265] Writing DB stats nova_cell1:SELECT=1 {{(pid=95265) stat_writer /opt/stack/data/venv/lib/python3.12/site-packages/dbcounter.py:115}}
Jul 21 16:05:05.443432 np0000005576 nova-scheduler[96490]: DEBUG oslo.service.backend._threading.loopingcall [None req-a2299e2b-e686-4c3c-973a-d6f1f9782acc None None] Dynamic interval looping call 'nova.service.Service.periodic_tasks' sleeping for 60.00 seconds {{(pid=96490) _run_loop /opt/stack/data/venv/lib/python3.12/site-packages/oslo_service/backend/_threading/loopingcall.py:125}}
Jul 21 16:05:08.450920 np0000005576 nova-scheduler[96490]: DEBUG dbcounter [-] [96490] Writing DB stats nova_cell0:SELECT=5,nova_cell0:INSERT=1,nova_cell0:UPDATE=1 {{(pid=96490) stat_writer /opt/stack/data/venv/lib/python3.12/site-packages/dbcounter.py:115}}
Jul 21 16:05:08.454538 np0000005576 nova-scheduler[96478]: DEBUG dbcounter [-] [96478] Writing DB stats nova_cell0:SELECT=4,nova_cell0:INSERT=1,nova_cell0:UPDATE=1 {{(pid=96478) stat_writer /opt/stack/data/venv/lib/python3.12/site-packages/dbcounter.py:115}}
Jul 21 16:05:08.477732 np0000005576 nova-scheduler[96480]: DEBUG dbcounter [-] [96480] Writing DB stats nova_cell0:SELECT=3 {{(pid=96480) stat_writer /opt/stack/data/venv/lib/python3.12/site-packages/dbcounter.py:115}}
Jul 21 16:05:08.481610 np0000005576 nova-scheduler[96523]: DEBUG dbcounter [-] [96523] Writing DB stats nova_cell0:SELECT=3 {{(pid=96523) stat_writer /opt/stack/data/venv/lib/python3.12/site-packages/dbcounter.py:115}}
Jul 21 16:05:16.465300 np0000005576 nova-scheduler[96480]: DEBUG oslo.service.backend._threading.loopingcall [None req-12a64883-d46e-4cb4-86a5-d6c7891f0766 None None] Dynamic interval looping call 'nova.service.Service.periodic_tasks' sleeping for 60.00 seconds {{(pid=96480) _run_loop /opt/stack/data/venv/lib/python3.12/site-packages/oslo_service/backend/_threading/loopingcall.py:125}}
Jul 21 16:05:26.476141 np0000005576 nova-scheduler[96523]: DEBUG oslo.service.backend._threading.loopingcall [None req-befec284-3416-4bfc-93d9-a7637d6da353 None None] Dynamic interval looping call 'nova.service.Service.periodic_tasks' sleeping for 60.00 seconds {{(pid=96523) _run_loop /opt/stack/data/venv/lib/python3.12/site-packages/oslo_service/backend/_threading/loopingcall.py:125}}
Jul 21 16:05:32.443423 np0000005576 nova-scheduler[96478]: DEBUG oslo.service.backend._threading.loopingcall [None req-7b69625e-58a0-44e7-b136-9922194d5ec6 None None] Dynamic interval looping call 'nova.service.Service.periodic_tasks' sleeping for 60.00 seconds {{(pid=96478) _run_loop /opt/stack/data/venv/lib/python3.12/site-packages/oslo_service/backend/_threading/loopingcall.py:125}}
Jul 21 16:06:05.443889 np0000005576 nova-scheduler[96490]: DEBUG oslo.service.backend._threading.loopingcall [None req-a2299e2b-e686-4c3c-973a-d6f1f9782acc None None] Dynamic interval looping call 'nova.service.Service.periodic_tasks' sleeping for 60.00 seconds {{(pid=96490) _run_loop /opt/stack/data/venv/lib/python3.12/site-packages/oslo_service/backend/_threading/loopingcall.py:125}}
Jul 21 16:06:16.465831 np0000005576 nova-scheduler[96480]: DEBUG oslo.service.backend._threading.loopingcall [None req-12a64883-d46e-4cb4-86a5-d6c7891f0766 None None] Dynamic interval looping call 'nova.service.Service.periodic_tasks' sleeping for 60.00 seconds {{(pid=96480) _run_loop /opt/stack/data/venv/lib/python3.12/site-packages/oslo_service/backend/_threading/loopingcall.py:125}}
Jul 21 16:06:26.476504 np0000005576 nova-scheduler[96523]: DEBUG oslo.service.backend._threading.loopingcall [None req-befec284-3416-4bfc-93d9-a7637d6da353 None None] Dynamic interval looping call 'nova.service.Service.periodic_tasks' sleeping for 60.00 seconds {{(pid=96523) _run_loop /opt/stack/data/venv/lib/python3.12/site-packages/oslo_service/backend/_threading/loopingcall.py:125}}
Jul 21 16:06:32.443962 np0000005576 nova-scheduler[96478]: DEBUG oslo.service.backend._threading.loopingcall [None req-7b69625e-58a0-44e7-b136-9922194d5ec6 None None] Dynamic interval looping call 'nova.service.Service.periodic_tasks' sleeping for 60.00 seconds {{(pid=96478) _run_loop /opt/stack/data/venv/lib/python3.12/site-packages/oslo_service/backend/_threading/loopingcall.py:125}}
Jul 21 16:06:58.456879 np0000005576 nova-scheduler[96490]: DEBUG oslo.service.backend._threading.loopingcall [-] Fixed interval looping call 'nova.servicegroup.drivers.db.DbDriver._report_state' sleeping for 119.99 seconds {{(pid=96490) _run_loop /opt/stack/data/venv/lib/python3.12/site-packages/oslo_service/backend/_threading/loopingcall.py:125}}
Jul 21 16:06:58.457423 np0000005576 nova-scheduler[96478]: DEBUG oslo.service.backend._threading.loopingcall [-] Fixed interval looping call 'nova.servicegroup.drivers.db.DbDriver._report_state' sleeping for 119.99 seconds {{(pid=96478) _run_loop /opt/stack/data/venv/lib/python3.12/site-packages/oslo_service/backend/_threading/loopingcall.py:125}}
Jul 21 16:06:58.469910 np0000005576 nova-scheduler[96480]: DEBUG oslo.service.backend._threading.loopingcall [-] Fixed interval looping call 'nova.servicegroup.drivers.db.DbDriver._report_state' sleeping for 120.00 seconds {{(pid=96480) _run_loop /opt/stack/data/venv/lib/python3.12/site-packages/oslo_service/backend/_threading/loopingcall.py:125}}
Jul 21 16:06:58.479693 np0000005576 nova-scheduler[96523]: DEBUG oslo.service.backend._threading.loopingcall [-] Fixed interval looping call 'nova.servicegroup.drivers.db.DbDriver._report_state' sleeping for 120.00 seconds {{(pid=96523) _run_loop /opt/stack/data/venv/lib/python3.12/site-packages/oslo_service/backend/_threading/loopingcall.py:125}}
Jul 21 16:07:05.444526 np0000005576 nova-scheduler[96490]: DEBUG oslo.service.backend._threading.loopingcall [None req-a2299e2b-e686-4c3c-973a-d6f1f9782acc None None] Dynamic interval looping call 'nova.service.Service.periodic_tasks' sleeping for 60.00 seconds {{(pid=96490) _run_loop /opt/stack/data/venv/lib/python3.12/site-packages/oslo_service/backend/_threading/loopingcall.py:125}}
Jul 21 16:07:08.450344 np0000005576 nova-scheduler[96490]: DEBUG dbcounter [-] [96490] Writing DB stats nova_cell0:SELECT=1,nova_cell0:UPDATE=1 {{(pid=96490) stat_writer /opt/stack/data/venv/lib/python3.12/site-packages/dbcounter.py:115}}
Jul 21 16:07:08.454466 np0000005576 nova-scheduler[96478]: DEBUG dbcounter [-] [96478] Writing DB stats nova_cell0:SELECT=1,nova_cell0:UPDATE=1 {{(pid=96478) stat_writer /opt/stack/data/venv/lib/python3.12/site-packages/dbcounter.py:115}}
Jul 21 16:07:08.467690 np0000005576 nova-scheduler[96480]: DEBUG dbcounter [-] [96480] Writing DB stats nova_cell0:SELECT=1 {{(pid=96480) stat_writer /opt/stack/data/venv/lib/python3.12/site-packages/dbcounter.py:115}}
Jul 21 16:07:08.477463 np0000005576 nova-scheduler[96523]: DEBUG dbcounter [-] [96523] Writing DB stats nova_cell0:SELECT=1 {{(pid=96523) stat_writer /opt/stack/data/venv/lib/python3.12/site-packages/dbcounter.py:115}}
Jul 21 16:07:10.605999 np0000005576 nova-scheduler[96478]: DEBUG nova.scheduler.manager [None req-46570417-b87d-475b-8d91-2b8b060b9bb5 tempest-ServersNegativeTestJSON-849983745 tempest-ServersNegativeTestJSON-849983745-project-member] Starting to schedule for instances: ['45511aa8-5b3b-48b7-a902-788f86f4dd0c'] {{(pid=96478) select_destinations /opt/stack/nova/nova/scheduler/manager.py:209}}
Jul 21 16:07:10.606647 np0000005576 nova-scheduler[96478]: DEBUG nova.scheduler.request_filter [None req-46570417-b87d-475b-8d91-2b8b060b9bb5 tempest-ServersNegativeTestJSON-849983745 tempest-ServersNegativeTestJSON-849983745-project-member] compute_status_filter request filter added forbidden trait COMPUTE_STATUS_DISABLED {{(pid=96478) compute_status_filter /opt/stack/nova/nova/scheduler/request_filter.py:253}}
Jul 21 16:07:10.606806 np0000005576 nova-scheduler[96478]: DEBUG nova.scheduler.request_filter [None req-46570417-b87d-475b-8d91-2b8b060b9bb5 tempest-ServersNegativeTestJSON-849983745 tempest-ServersNegativeTestJSON-849983745-project-member] Request filter 'compute_status_filter' took 0.0 seconds {{(pid=96478) wrapper /opt/stack/nova/nova/scheduler/request_filter.py:46}}
Jul 21 16:07:10.607095 np0000005576 nova-scheduler[96478]: DEBUG nova.scheduler.request_filter [None req-46570417-b87d-475b-8d91-2b8b060b9bb5 tempest-ServersNegativeTestJSON-849983745 tempest-ServersNegativeTestJSON-849983745-project-member] Request filter 'accelerators_filter' took 0.0 seconds {{(pid=96478) wrapper /opt/stack/nova/nova/scheduler/request_filter.py:46}}
Jul 21 16:07:10.607291 np0000005576 nova-scheduler[96478]: DEBUG nova.scheduler.request_filter [None req-46570417-b87d-475b-8d91-2b8b060b9bb5 tempest-ServersNegativeTestJSON-849983745 tempest-ServersNegativeTestJSON-849983745-project-member] Request filter 'packed_virtqueue_filter' took 0.0 seconds {{(pid=96478) wrapper /opt/stack/nova/nova/scheduler/request_filter.py:46}}
Jul 21 16:07:10.607626 np0000005576 nova-scheduler[96478]: DEBUG nova.scheduler.request_filter [None req-46570417-b87d-475b-8d91-2b8b060b9bb5 tempest-ServersNegativeTestJSON-849983745 tempest-ServersNegativeTestJSON-849983745-project-member] Request filter 'remote_managed_ports_filter' took 0.0 seconds {{(pid=96478) wrapper /opt/stack/nova/nova/scheduler/request_filter.py:46}}
Jul 21 16:07:10.607852 np0000005576 nova-scheduler[96478]: DEBUG nova.scheduler.request_filter [None req-46570417-b87d-475b-8d91-2b8b060b9bb5 tempest-ServersNegativeTestJSON-849983745 tempest-ServersNegativeTestJSON-849983745-project-member] ephemeral_encryption_filter skipped {{(pid=96478) ephemeral_encryption_filter /opt/stack/nova/nova/scheduler/request_filter.py:426}}
Jul 21 16:07:10.608571 np0000005576 nova-scheduler[96478]: DEBUG nova.scheduler.request_filter [None req-46570417-b87d-475b-8d91-2b8b060b9bb5 tempest-ServersNegativeTestJSON-849983745 tempest-ServersNegativeTestJSON-849983745-project-member] virtio_sound_filter skipped {{(pid=96478) virtio_sound_filter /opt/stack/nova/nova/scheduler/request_filter.py:460}}
Jul 21 16:07:10.608571 np0000005576 nova-scheduler[96478]: DEBUG nova.scheduler.request_filter [None req-46570417-b87d-475b-8d91-2b8b060b9bb5 tempest-ServersNegativeTestJSON-849983745 tempest-ServersNegativeTestJSON-849983745-project-member] tpm_secret_security_filter skipped {{(pid=96478) tpm_secret_security_filter /opt/stack/nova/nova/scheduler/request_filter.py:477}}
Jul 21 16:07:11.114099 np0000005576 nova-scheduler[96478]: INFO nova.utils [None req-46570417-b87d-475b-8d91-2b8b060b9bb5 tempest-ServersNegativeTestJSON-849983745 tempest-ServersNegativeTestJSON-849983745-project-member] The cell worker thread pool ForkProcess-1.cell_worker is initialized
Jul 21 16:07:11.114497 np0000005576 nova-scheduler[96478]: DEBUG oslo_concurrency.lockutils [None req-46570417-b87d-475b-8d91-2b8b060b9bb5 tempest-ServersNegativeTestJSON-849983745 tempest-ServersNegativeTestJSON-849983745-project-member] Acquiring lock "f75ba738-2a56-4b36-a156-6f2d9f7bbf1a" by "nova.context.set_target_cell..get_or_set_cached_cell_and_set_connections" {{(pid=96478) inner /opt/stack/data/venv/lib/python3.12/site-packages/oslo_concurrency/lockutils.py:512}}
Jul 21 16:07:11.114703 np0000005576 nova-scheduler[96478]: DEBUG oslo_concurrency.lockutils [None req-46570417-b87d-475b-8d91-2b8b060b9bb5 tempest-ServersNegativeTestJSON-849983745 tempest-ServersNegativeTestJSON-849983745-project-member] Lock "f75ba738-2a56-4b36-a156-6f2d9f7bbf1a" acquired by "nova.context.set_target_cell..get_or_set_cached_cell_and_set_connections" :: waited 0.000s {{(pid=96478) inner /opt/stack/data/venv/lib/python3.12/site-packages/oslo_concurrency/lockutils.py:525}}
Jul 21 16:07:11.116138 np0000005576 nova-scheduler[96478]: DEBUG oslo_concurrency.lockutils [None req-46570417-b87d-475b-8d91-2b8b060b9bb5 tempest-ServersNegativeTestJSON-849983745 tempest-ServersNegativeTestJSON-849983745-project-member] Lock "f75ba738-2a56-4b36-a156-6f2d9f7bbf1a" "released" by "nova.context.set_target_cell..get_or_set_cached_cell_and_set_connections" :: held 0.001s {{(pid=96478) inner /opt/stack/data/venv/lib/python3.12/site-packages/oslo_concurrency/lockutils.py:544}}
Jul 21 16:07:11.118150 np0000005576 nova-scheduler[96478]: INFO dbcounter [None req-46570417-b87d-475b-8d91-2b8b060b9bb5 tempest-ServersNegativeTestJSON-849983745 tempest-ServersNegativeTestJSON-849983745-project-member] Registered counter for database nova_cell1
Jul 21 16:07:11.161020 np0000005576 nova-scheduler[96478]: DEBUG oslo_db.sqlalchemy.engines [None req-46570417-b87d-475b-8d91-2b8b060b9bb5 tempest-ServersNegativeTestJSON-849983745 tempest-ServersNegativeTestJSON-849983745-project-member] MySQL server mode set to STRICT_TRANS_TABLES,STRICT_ALL_TABLES,NO_ZERO_IN_DATE,NO_ZERO_DATE,ERROR_FOR_DIVISION_BY_ZERO,TRADITIONAL,NO_ENGINE_SUBSTITUTION {{(pid=96478) _check_effective_sql_mode /opt/stack/data/venv/lib/python3.12/site-packages/oslo_db/sqlalchemy/engines.py:325}}
Jul 21 16:07:11.169579 np0000005576 nova-scheduler[96478]: DEBUG dbcounter [-] [96478] Writer thread running {{(pid=96478) stat_writer /opt/stack/data/venv/lib/python3.12/site-packages/dbcounter.py:102}}
Jul 21 16:07:11.191773 np0000005576 nova-scheduler[96478]: DEBUG oslo_db.sqlalchemy.engines [None req-46570417-b87d-475b-8d91-2b8b060b9bb5 tempest-ServersNegativeTestJSON-849983745 tempest-ServersNegativeTestJSON-849983745-project-member] Parent process 95265 forked (96478) with an open database connection, which is being discarded and recreated. {{(pid=96478) checkout /opt/stack/data/venv/lib/python3.12/site-packages/oslo_db/sqlalchemy/engines.py:402}}
Jul 21 16:07:11.239513 np0000005576 nova-scheduler[96478]: DEBUG dbcounter [-] [96478] Writer thread running {{(pid=96478) stat_writer /opt/stack/data/venv/lib/python3.12/site-packages/dbcounter.py:102}}
Jul 21 16:07:11.242464 np0000005576 nova-scheduler[96478]: DEBUG oslo_concurrency.lockutils [None req-46570417-b87d-475b-8d91-2b8b060b9bb5 tempest-ServersNegativeTestJSON-849983745 tempest-ServersNegativeTestJSON-849983745-project-member] Acquiring lock "f75ba738-2a56-4b36-a156-6f2d9f7bbf1a" by "nova.context.set_target_cell..get_or_set_cached_cell_and_set_connections" {{(pid=96478) inner /opt/stack/data/venv/lib/python3.12/site-packages/oslo_concurrency/lockutils.py:512}}
Jul 21 16:07:11.242606 np0000005576 nova-scheduler[96478]: DEBUG oslo_concurrency.lockutils [None req-46570417-b87d-475b-8d91-2b8b060b9bb5 tempest-ServersNegativeTestJSON-849983745 tempest-ServersNegativeTestJSON-849983745-project-member] Lock "f75ba738-2a56-4b36-a156-6f2d9f7bbf1a" acquired by "nova.context.set_target_cell..get_or_set_cached_cell_and_set_connections" :: waited 0.000s {{(pid=96478) inner /opt/stack/data/venv/lib/python3.12/site-packages/oslo_concurrency/lockutils.py:525}}
