Jul 21 16:04:58.426135 np0000005576 nova-conductor[99024]: DEBUG cotyledon.oslo_config_glue [-] workarounds.disable_compute_service_check_for_ffu = False {{(pid=99024) log_opt_values /opt/stack/data/venv/lib/python3.12/site-packages/oslo_config/cfg.py:3253}}
Jul 21 16:04:58.426135 np0000005576 nova-conductor[99024]: DEBUG cotyledon.oslo_config_glue [-] workarounds.disable_deep_image_inspection = False {{(pid=99024) log_opt_values /opt/stack/data/venv/lib/python3.12/site-packages/oslo_config/cfg.py:3253}}
Jul 21 16:04:58.426135 np0000005576 nova-conductor[99024]: DEBUG cotyledon.oslo_config_glue [-] workarounds.disable_fallback_pcpu_query = False {{(pid=99024) log_opt_values /opt/stack/data/venv/lib/python3.12/site-packages/oslo_config/cfg.py:3253}}
Jul 21 16:04:58.426135 np0000005576 nova-conductor[99024]: DEBUG cotyledon.oslo_config_glue [-] workarounds.disable_group_policy_check_upcall = False {{(pid=99024) log_opt_values /opt/stack/data/venv/lib/python3.12/site-packages/oslo_config/cfg.py:3253}}
Jul 21 16:04:58.426340 np0000005576 nova-conductor[99024]: DEBUG cotyledon.oslo_config_glue [-] workarounds.disable_libvirt_livesnapshot = False {{(pid=99024) log_opt_values /opt/stack/data/venv/lib/python3.12/site-packages/oslo_config/cfg.py:3253}}
Jul 21 16:04:58.426340 np0000005576 nova-conductor[99024]: DEBUG cotyledon.oslo_config_glue [-] workarounds.disable_rootwrap = False {{(pid=99024) log_opt_values /opt/stack/data/venv/lib/python3.12/site-packages/oslo_config/cfg.py:3253}}
Jul 21 16:04:58.426340 np0000005576 nova-conductor[99024]: DEBUG cotyledon.oslo_config_glue [-] workarounds.enable_numa_live_migration = False {{(pid=99024) log_opt_values /opt/stack/data/venv/lib/python3.12/site-packages/oslo_config/cfg.py:3253}}
Jul 21 16:04:58.426340 np0000005576 nova-conductor[99024]: DEBUG cotyledon.oslo_config_glue [-] workarounds.enable_qemu_monitor_announce_self = False {{(pid=99024) log_opt_values /opt/stack/data/venv/lib/python3.12/site-packages/oslo_config/cfg.py:3253}}
Jul 21 16:04:58.426340 np0000005576 nova-conductor[99024]: DEBUG cotyledon.oslo_config_glue [-] workarounds.ensure_libvirt_rbd_instance_dir_cleanup = False {{(pid=99024) log_opt_values /opt/stack/data/venv/lib/python3.12/site-packages/oslo_config/cfg.py:3253}}
Jul 21 16:04:58.426340 np0000005576 nova-conductor[99024]: DEBUG cotyledon.oslo_config_glue [-] workarounds.handle_virt_lifecycle_events = True {{(pid=99024) log_opt_values /opt/stack/data/venv/lib/python3.12/site-packages/oslo_config/cfg.py:3253}}
Jul 21 16:04:58.426340 np0000005576 nova-conductor[99024]: DEBUG cotyledon.oslo_config_glue [-] workarounds.libvirt_disable_apic = False {{(pid=99024) log_opt_values /opt/stack/data/venv/lib/python3.12/site-packages/oslo_config/cfg.py:3253}}
Jul 21 16:04:58.426340 np0000005576 nova-conductor[99024]: DEBUG cotyledon.oslo_config_glue [-] workarounds.never_download_image_if_on_rbd = False {{(pid=99024) log_opt_values /opt/stack/data/venv/lib/python3.12/site-packages/oslo_config/cfg.py:3253}}
Jul 21 16:04:58.426340 np0000005576 nova-conductor[99024]: DEBUG cotyledon.oslo_config_glue [-] workarounds.qemu_monitor_announce_self_count = 3 {{(pid=99024) log_opt_values /opt/stack/data/venv/lib/python3.12/site-packages/oslo_config/cfg.py:3253}}
Jul 21 16:04:58.426547 np0000005576 nova-conductor[99024]: DEBUG cotyledon.oslo_config_glue [-] workarounds.qemu_monitor_announce_self_interval = 1 {{(pid=99024) log_opt_values /opt/stack/data/venv/lib/python3.12/site-packages/oslo_config/cfg.py:3253}}
Jul 21 16:04:58.426547 np0000005576 nova-conductor[99024]: DEBUG cotyledon.oslo_config_glue [-] workarounds.reserve_disk_resource_for_image_cache = False {{(pid=99024) log_opt_values /opt/stack/data/venv/lib/python3.12/site-packages/oslo_config/cfg.py:3253}}
Jul 21 16:04:58.426547 np0000005576 nova-conductor[99024]: DEBUG cotyledon.oslo_config_glue [-] workarounds.skip_cpu_compare_at_startup = False {{(pid=99024) log_opt_values /opt/stack/data/venv/lib/python3.12/site-packages/oslo_config/cfg.py:3253}}
Jul 21 16:04:58.426547 np0000005576 nova-conductor[99024]: DEBUG cotyledon.oslo_config_glue [-] workarounds.skip_cpu_compare_on_dest = False {{(pid=99024) log_opt_values /opt/stack/data/venv/lib/python3.12/site-packages/oslo_config/cfg.py:3253}}
Jul 21 16:04:58.426547 np0000005576 nova-conductor[99024]: DEBUG cotyledon.oslo_config_glue [-] workarounds.skip_hypervisor_version_check_on_lm = False {{(pid=99024) log_opt_values /opt/stack/data/venv/lib/python3.12/site-packages/oslo_config/cfg.py:3253}}
Jul 21 16:04:58.426547 np0000005576 nova-conductor[99024]: DEBUG cotyledon.oslo_config_glue [-] workarounds.skip_reserve_in_use_ironic_nodes = False {{(pid=99024) log_opt_values /opt/stack/data/venv/lib/python3.12/site-packages/oslo_config/cfg.py:3253}}
Jul 21 16:04:58.426547 np0000005576 nova-conductor[99024]: DEBUG cotyledon.oslo_config_glue [-] workarounds.unified_limits_count_pcpu_as_vcpu = False {{(pid=99024) log_opt_values /opt/stack/data/venv/lib/python3.12/site-packages/oslo_config/cfg.py:3253}}
Jul 21 16:04:58.426547 np0000005576 nova-conductor[99024]: DEBUG cotyledon.oslo_config_glue [-] workarounds.wait_for_vif_plugged_event_during_hard_reboot = [] {{(pid=99024) log_opt_values /opt/stack/data/venv/lib/python3.12/site-packages/oslo_config/cfg.py:3253}}
Jul 21 16:04:58.426714 np0000005576 nova-conductor[99024]: DEBUG cotyledon.oslo_config_glue [-] wsgi.api_paste_config = /etc/nova/api-paste.ini {{(pid=99024) log_opt_values /opt/stack/data/venv/lib/python3.12/site-packages/oslo_config/cfg.py:3253}}
Jul 21 16:04:58.426714 np0000005576 nova-conductor[99024]: DEBUG cotyledon.oslo_config_glue [-] wsgi.secure_proxy_ssl_header = None {{(pid=99024) log_opt_values /opt/stack/data/venv/lib/python3.12/site-packages/oslo_config/cfg.py:3253}}
Jul 21 16:04:58.426714 np0000005576 nova-conductor[99024]: DEBUG cotyledon.oslo_config_glue [-] zvm.ca_file = None {{(pid=99024) log_opt_values /opt/stack/data/venv/lib/python3.12/site-packages/oslo_config/cfg.py:3253}}
Jul 21 16:04:58.426714 np0000005576 nova-conductor[99024]: DEBUG cotyledon.oslo_config_glue [-] zvm.cloud_connector_url = None {{(pid=99024) log_opt_values /opt/stack/data/venv/lib/python3.12/site-packages/oslo_config/cfg.py:3253}}
Jul 21 16:04:58.426714 np0000005576 nova-conductor[99024]: DEBUG cotyledon.oslo_config_glue [-] zvm.image_tmp_path = /opt/stack/data/nova/images {{(pid=99024) log_opt_values /opt/stack/data/venv/lib/python3.12/site-packages/oslo_config/cfg.py:3253}}
Jul 21 16:04:58.426714 np0000005576 nova-conductor[99024]: DEBUG cotyledon.oslo_config_glue [-] zvm.reachable_timeout = 300 {{(pid=99024) log_opt_values /opt/stack/data/venv/lib/python3.12/site-packages/oslo_config/cfg.py:3253}}
Jul 21 16:04:58.426714 np0000005576 nova-conductor[99024]: DEBUG cotyledon.oslo_config_glue [-] oslo_versionedobjects.fatal_exception_format_errors = False {{(pid=99024) log_opt_values /opt/stack/data/venv/lib/python3.12/site-packages/oslo_config/cfg.py:3253}}
Jul 21 16:04:58.426714 np0000005576 nova-conductor[99024]: DEBUG cotyledon.oslo_config_glue [-] oslo_middleware.http_basic_auth_user_file = /etc/htpasswd {{(pid=99024) log_opt_values /opt/stack/data/venv/lib/python3.12/site-packages/oslo_config/cfg.py:3253}}
Jul 21 16:04:58.426714 np0000005576 nova-conductor[99024]: DEBUG cotyledon.oslo_config_glue [-] profiler.connection_string = messaging:// {{(pid=99024) log_opt_values /opt/stack/data/venv/lib/python3.12/site-packages/oslo_config/cfg.py:3253}}
Jul 21 16:04:58.426896 np0000005576 nova-conductor[99024]: DEBUG cotyledon.oslo_config_glue [-] profiler.enabled = False {{(pid=99024) log_opt_values /opt/stack/data/venv/lib/python3.12/site-packages/oslo_config/cfg.py:3253}}
Jul 21 16:04:58.426896 np0000005576 nova-conductor[99024]: DEBUG cotyledon.oslo_config_glue [-] profiler.es_doc_type = notification {{(pid=99024) log_opt_values /opt/stack/data/venv/lib/python3.12/site-packages/oslo_config/cfg.py:3253}}
Jul 21 16:04:58.426896 np0000005576 nova-conductor[99024]: DEBUG cotyledon.oslo_config_glue [-] profiler.es_scroll_size = 10000 {{(pid=99024) log_opt_values /opt/stack/data/venv/lib/python3.12/site-packages/oslo_config/cfg.py:3253}}
Jul 21 16:04:58.426896 np0000005576 nova-conductor[99024]: DEBUG cotyledon.oslo_config_glue [-] profiler.es_scroll_time = 2m {{(pid=99024) log_opt_values /opt/stack/data/venv/lib/python3.12/site-packages/oslo_config/cfg.py:3253}}
Jul 21 16:04:58.426896 np0000005576 nova-conductor[99024]: DEBUG cotyledon.oslo_config_glue [-] profiler.filter_error_trace = False {{(pid=99024) log_opt_values /opt/stack/data/venv/lib/python3.12/site-packages/oslo_config/cfg.py:3253}}
Jul 21 16:04:58.426896 np0000005576 nova-conductor[99024]: DEBUG cotyledon.oslo_config_glue [-] profiler.hmac_keys = **** {{(pid=99024) log_opt_values /opt/stack/data/venv/lib/python3.12/site-packages/oslo_config/cfg.py:3253}}
Jul 21 16:04:58.426896 np0000005576 nova-conductor[99024]: DEBUG cotyledon.oslo_config_glue [-] profiler.sentinel_service_name = mymaster {{(pid=99024) log_opt_values /opt/stack/data/venv/lib/python3.12/site-packages/oslo_config/cfg.py:3253}}
Jul 21 16:04:58.426896 np0000005576 nova-conductor[99024]: DEBUG cotyledon.oslo_config_glue [-] profiler.socket_timeout = 0.1 {{(pid=99024) log_opt_values /opt/stack/data/venv/lib/python3.12/site-packages/oslo_config/cfg.py:3253}}
Jul 21 16:04:58.426896 np0000005576 nova-conductor[99024]: DEBUG cotyledon.oslo_config_glue [-] profiler.trace_requests = False {{(pid=99024) log_opt_values /opt/stack/data/venv/lib/python3.12/site-packages/oslo_config/cfg.py:3253}}
Jul 21 16:04:58.427082 np0000005576 nova-conductor[99024]: DEBUG cotyledon.oslo_config_glue [-] profiler.trace_sqlalchemy = False {{(pid=99024) log_opt_values /opt/stack/data/venv/lib/python3.12/site-packages/oslo_config/cfg.py:3253}}
Jul 21 16:04:58.427082 np0000005576 nova-conductor[99024]: DEBUG cotyledon.oslo_config_glue [-] profiler_jaeger.process_tags = {} {{(pid=99024) log_opt_values /opt/stack/data/venv/lib/python3.12/site-packages/oslo_config/cfg.py:3253}}
Jul 21 16:04:58.427082 np0000005576 nova-conductor[99024]: DEBUG cotyledon.oslo_config_glue [-] profiler_jaeger.service_name_prefix = None {{(pid=99024) log_opt_values /opt/stack/data/venv/lib/python3.12/site-packages/oslo_config/cfg.py:3253}}
Jul 21 16:04:58.427082 np0000005576 nova-conductor[99024]: DEBUG cotyledon.oslo_config_glue [-] profiler_otlp.service_name_prefix = None {{(pid=99024) log_opt_values /opt/stack/data/venv/lib/python3.12/site-packages/oslo_config/cfg.py:3253}}
Jul 21 16:04:58.427082 np0000005576 nova-conductor[99024]: DEBUG cotyledon.oslo_config_glue [-] oslo_messaging_rabbit.amqp_auto_delete = False {{(pid=99024) log_opt_values /opt/stack/data/venv/lib/python3.12/site-packages/oslo_config/cfg.py:3253}}
Jul 21 16:04:58.427082 np0000005576 nova-conductor[99024]: DEBUG cotyledon.oslo_config_glue [-] oslo_messaging_rabbit.amqp_durable_queues = False {{(pid=99024) log_opt_values /opt/stack/data/venv/lib/python3.12/site-packages/oslo_config/cfg.py:3253}}
Jul 21 16:04:58.427082 np0000005576 nova-conductor[99024]: DEBUG cotyledon.oslo_config_glue [-] oslo_messaging_rabbit.conn_pool_min_size = 2 {{(pid=99024) log_opt_values /opt/stack/data/venv/lib/python3.12/site-packages/oslo_config/cfg.py:3253}}
Jul 21 16:04:58.427082 np0000005576 nova-conductor[99024]: DEBUG cotyledon.oslo_config_glue [-] oslo_messaging_rabbit.conn_pool_ttl = 1200 {{(pid=99024) log_opt_values /opt/stack/data/venv/lib/python3.12/site-packages/oslo_config/cfg.py:3253}}
Jul 21 16:04:58.427082 np0000005576 nova-conductor[99024]: DEBUG cotyledon.oslo_config_glue [-] oslo_messaging_rabbit.direct_mandatory_flag = True {{(pid=99024) log_opt_values /opt/stack/data/venv/lib/python3.12/site-packages/oslo_config/cfg.py:3253}}
Jul 21 16:04:58.427285 np0000005576 nova-conductor[99024]: DEBUG cotyledon.oslo_config_glue [-] oslo_messaging_rabbit.enable_cancel_on_failover = False {{(pid=99024) log_opt_values /opt/stack/data/venv/lib/python3.12/site-packages/oslo_config/cfg.py:3253}}
Jul 21 16:04:58.427285 np0000005576 nova-conductor[99024]: DEBUG cotyledon.oslo_config_glue [-] oslo_messaging_rabbit.heartbeat_rate = 3 {{(pid=99024) log_opt_values /opt/stack/data/venv/lib/python3.12/site-packages/oslo_config/cfg.py:3253}}
Jul 21 16:04:58.427285 np0000005576 nova-conductor[99024]: DEBUG cotyledon.oslo_config_glue [-] oslo_messaging_rabbit.heartbeat_timeout_threshold = 60 {{(pid=99024) log_opt_values /opt/stack/data/venv/lib/python3.12/site-packages/oslo_config/cfg.py:3253}}
Jul 21 16:04:58.427285 np0000005576 nova-conductor[99024]: DEBUG cotyledon.oslo_config_glue [-] oslo_messaging_rabbit.hostname = np0000005576 {{(pid=99024) log_opt_values /opt/stack/data/venv/lib/python3.12/site-packages/oslo_config/cfg.py:3253}}
Jul 21 16:04:58.427285 np0000005576 nova-conductor[99024]: DEBUG cotyledon.oslo_config_glue [-] oslo_messaging_rabbit.kombu_compression = None {{(pid=99024) log_opt_values /opt/stack/data/venv/lib/python3.12/site-packages/oslo_config/cfg.py:3253}}
Jul 21 16:04:58.427285 np0000005576 nova-conductor[99024]: DEBUG cotyledon.oslo_config_glue [-] oslo_messaging_rabbit.kombu_failover_strategy = round-robin {{(pid=99024) log_opt_values /opt/stack/data/venv/lib/python3.12/site-packages/oslo_config/cfg.py:3253}}
Jul 21 16:04:58.427285 np0000005576 nova-conductor[99024]: DEBUG cotyledon.oslo_config_glue [-] oslo_messaging_rabbit.kombu_missing_consumer_retry_timeout = 60 {{(pid=99024) log_opt_values /opt/stack/data/venv/lib/python3.12/site-packages/oslo_config/cfg.py:3253}}
Jul 21 16:04:58.427285 np0000005576 nova-conductor[99024]: DEBUG cotyledon.oslo_config_glue [-] oslo_messaging_rabbit.kombu_reconnect_delay = 1.0 {{(pid=99024) log_opt_values /opt/stack/data/venv/lib/python3.12/site-packages/oslo_config/cfg.py:3253}}
Jul 21 16:04:58.427285 np0000005576 nova-conductor[99024]: DEBUG cotyledon.oslo_config_glue [-] oslo_messaging_rabbit.kombu_reconnect_splay = 0.0 {{(pid=99024) log_opt_values /opt/stack/data/venv/lib/python3.12/site-packages/oslo_config/cfg.py:3253}}
Jul 21 16:04:58.427744 np0000005576 nova-conductor[99024]: DEBUG cotyledon.oslo_config_glue [-] oslo_messaging_rabbit.processname = nova-conductor {{(pid=99024) log_opt_values /opt/stack/data/venv/lib/python3.12/site-packages/oslo_config/cfg.py:3253}}
Jul 21 16:04:58.427744 np0000005576 nova-conductor[99024]: DEBUG cotyledon.oslo_config_glue [-] oslo_messaging_rabbit.rabbit_ha_queues = False {{(pid=99024) log_opt_values /opt/stack/data/venv/lib/python3.12/site-packages/oslo_config/cfg.py:3253}}
Jul 21 16:04:58.427744 np0000005576 nova-conductor[99024]: DEBUG cotyledon.oslo_config_glue [-] oslo_messaging_rabbit.rabbit_interval_max = 30 {{(pid=99024) log_opt_values /opt/stack/data/venv/lib/python3.12/site-packages/oslo_config/cfg.py:3253}}
Jul 21 16:04:58.427744 np0000005576 nova-conductor[99024]: DEBUG cotyledon.oslo_config_glue [-] oslo_messaging_rabbit.rabbit_login_method = AMQPLAIN {{(pid=99024) log_opt_values /opt/stack/data/venv/lib/python3.12/site-packages/oslo_config/cfg.py:3253}}
Jul 21 16:04:58.427744 np0000005576 nova-conductor[99024]: DEBUG cotyledon.oslo_config_glue [-] oslo_messaging_rabbit.rabbit_qos_prefetch_count = 0 {{(pid=99024) log_opt_values /opt/stack/data/venv/lib/python3.12/site-packages/oslo_config/cfg.py:3253}}
Jul 21 16:04:58.427744 np0000005576 nova-conductor[99024]: DEBUG cotyledon.oslo_config_glue [-] oslo_messaging_rabbit.rabbit_quorum_delivery_limit = 0 {{(pid=99024) log_opt_values /opt/stack/data/venv/lib/python3.12/site-packages/oslo_config/cfg.py:3253}}
Jul 21 16:04:58.427744 np0000005576 nova-conductor[99024]: DEBUG cotyledon.oslo_config_glue [-] oslo_messaging_rabbit.rabbit_quorum_max_memory_bytes = 0 {{(pid=99024) log_opt_values /opt/stack/data/venv/lib/python3.12/site-packages/oslo_config/cfg.py:3253}}
Jul 21 16:04:58.427744 np0000005576 nova-conductor[99024]: DEBUG cotyledon.oslo_config_glue [-] oslo_messaging_rabbit.rabbit_quorum_max_memory_length = 0 {{(pid=99024) log_opt_values /opt/stack/data/venv/lib/python3.12/site-packages/oslo_config/cfg.py:3253}}
Jul 21 16:04:58.427744 np0000005576 nova-conductor[99024]: DEBUG cotyledon.oslo_config_glue [-] oslo_messaging_rabbit.rabbit_quorum_queue = False {{(pid=99024) log_opt_values /opt/stack/data/venv/lib/python3.12/site-packages/oslo_config/cfg.py:3253}}
Jul 21 16:04:58.427945 np0000005576 nova-conductor[99024]: DEBUG cotyledon.oslo_config_glue [-] oslo_messaging_rabbit.rabbit_retry_backoff = 2 {{(pid=99024) log_opt_values /opt/stack/data/venv/lib/python3.12/site-packages/oslo_config/cfg.py:3253}}
Jul 21 16:04:58.427945 np0000005576 nova-conductor[99024]: DEBUG cotyledon.oslo_config_glue [-] oslo_messaging_rabbit.rabbit_retry_interval = 1 {{(pid=99024) log_opt_values /opt/stack/data/venv/lib/python3.12/site-packages/oslo_config/cfg.py:3253}}
Jul 21 16:04:58.427945 np0000005576 nova-conductor[99024]: DEBUG cotyledon.oslo_config_glue [-] oslo_messaging_rabbit.rabbit_stream_fanout = False {{(pid=99024) log_opt_values /opt/stack/data/venv/lib/python3.12/site-packages/oslo_config/cfg.py:3253}}
Jul 21 16:04:58.427945 np0000005576 nova-conductor[99024]: DEBUG cotyledon.oslo_config_glue [-] oslo_messaging_rabbit.rabbit_transient_queues_ttl = 1800 {{(pid=99024) log_opt_values /opt/stack/data/venv/lib/python3.12/site-packages/oslo_config/cfg.py:3253}}
Jul 21 16:04:58.427945 np0000005576 nova-conductor[99024]: DEBUG cotyledon.oslo_config_glue [-] oslo_messaging_rabbit.rabbit_transient_quorum_queue = False {{(pid=99024) log_opt_values /opt/stack/data/venv/lib/python3.12/site-packages/oslo_config/cfg.py:3253}}
Jul 21 16:04:58.427945 np0000005576 nova-conductor[99024]: DEBUG cotyledon.oslo_config_glue [-] oslo_messaging_rabbit.rpc_conn_pool_size = 30 {{(pid=99024) log_opt_values /opt/stack/data/venv/lib/python3.12/site-packages/oslo_config/cfg.py:3253}}
Jul 21 16:04:58.427945 np0000005576 nova-conductor[99024]: DEBUG cotyledon.oslo_config_glue [-] oslo_messaging_rabbit.ssl = False {{(pid=99024) log_opt_values /opt/stack/data/venv/lib/python3.12/site-packages/oslo_config/cfg.py:3253}}
Jul 21 16:04:58.427945 np0000005576 nova-conductor[99024]: DEBUG cotyledon.oslo_config_glue [-] oslo_messaging_rabbit.ssl_ca_file = {{(pid=99024) log_opt_values /opt/stack/data/venv/lib/python3.12/site-packages/oslo_config/cfg.py:3253}}
Jul 21 16:04:58.427945 np0000005576 nova-conductor[99024]: DEBUG cotyledon.oslo_config_glue [-] oslo_messaging_rabbit.ssl_cert_file = {{(pid=99024) log_opt_values /opt/stack/data/venv/lib/python3.12/site-packages/oslo_config/cfg.py:3253}}
Jul 21 16:04:58.428205 np0000005576 nova-conductor[99024]: DEBUG cotyledon.oslo_config_glue [-] oslo_messaging_rabbit.ssl_enforce_fips_mode = False {{(pid=99024) log_opt_values /opt/stack/data/venv/lib/python3.12/site-packages/oslo_config/cfg.py:3253}}
Jul 21 16:04:58.428205 np0000005576 nova-conductor[99024]: DEBUG cotyledon.oslo_config_glue [-] oslo_messaging_rabbit.ssl_enforce_hostname_verification = True {{(pid=99024) log_opt_values /opt/stack/data/venv/lib/python3.12/site-packages/oslo_config/cfg.py:3253}}
Jul 21 16:04:58.428205 np0000005576 nova-conductor[99024]: DEBUG cotyledon.oslo_config_glue [-] oslo_messaging_rabbit.ssl_key_file = {{(pid=99024) log_opt_values /opt/stack/data/venv/lib/python3.12/site-packages/oslo_config/cfg.py:3253}}
Jul 21 16:04:58.428205 np0000005576 nova-conductor[99024]: DEBUG cotyledon.oslo_config_glue [-] oslo_messaging_rabbit.ssl_version = {{(pid=99024) log_opt_values /opt/stack/data/venv/lib/python3.12/site-packages/oslo_config/cfg.py:3253}}
Jul 21 16:04:58.428205 np0000005576 nova-conductor[99024]: DEBUG cotyledon.oslo_config_glue [-] oslo_messaging_rabbit.use_queue_manager = False {{(pid=99024) log_opt_values /opt/stack/data/venv/lib/python3.12/site-packages/oslo_config/cfg.py:3253}}
Jul 21 16:04:58.428205 np0000005576 nova-conductor[99024]: DEBUG cotyledon.oslo_config_glue [-] oslo_messaging_notifications.driver = ['messagingv2'] {{(pid=99024) log_opt_values /opt/stack/data/venv/lib/python3.12/site-packages/oslo_config/cfg.py:3253}}
Jul 21 16:04:58.428205 np0000005576 nova-conductor[99024]: DEBUG cotyledon.oslo_config_glue [-] oslo_messaging_notifications.retry = -1 {{(pid=99024) log_opt_values /opt/stack/data/venv/lib/python3.12/site-packages/oslo_config/cfg.py:3253}}
Jul 21 16:04:58.428205 np0000005576 nova-conductor[99024]: DEBUG cotyledon.oslo_config_glue [-] oslo_messaging_notifications.topics = ['notifications'] {{(pid=99024) log_opt_values /opt/stack/data/venv/lib/python3.12/site-packages/oslo_config/cfg.py:3253}}
Jul 21 16:04:58.428205 np0000005576 nova-conductor[99024]: DEBUG cotyledon.oslo_config_glue [-] oslo_messaging_notifications.transport_url = **** {{(pid=99024) log_opt_values /opt/stack/data/venv/lib/python3.12/site-packages/oslo_config/cfg.py:3253}}
Jul 21 16:04:58.428390 np0000005576 nova-conductor[99024]: DEBUG cotyledon.oslo_config_glue [-] oslo_limit.auth_section = None {{(pid=99024) log_opt_values /opt/stack/data/venv/lib/python3.12/site-packages/oslo_config/cfg.py:3253}}
Jul 21 16:04:58.428390 np0000005576 nova-conductor[99024]: DEBUG cotyledon.oslo_config_glue [-] oslo_limit.auth_type = None {{(pid=99024) log_opt_values /opt/stack/data/venv/lib/python3.12/site-packages/oslo_config/cfg.py:3253}}
Jul 21 16:04:58.428390 np0000005576 nova-conductor[99024]: DEBUG cotyledon.oslo_config_glue [-] oslo_limit.cafile = None {{(pid=99024) log_opt_values /opt/stack/data/venv/lib/python3.12/site-packages/oslo_config/cfg.py:3253}}
Jul 21 16:04:58.428390 np0000005576 nova-conductor[99024]: DEBUG cotyledon.oslo_config_glue [-] oslo_limit.certfile = None {{(pid=99024) log_opt_values /opt/stack/data/venv/lib/python3.12/site-packages/oslo_config/cfg.py:3253}}
Jul 21 16:04:58.428390 np0000005576 nova-conductor[99024]: DEBUG cotyledon.oslo_config_glue [-] oslo_limit.collect_timing = False {{(pid=99024) log_opt_values /opt/stack/data/venv/lib/python3.12/site-packages/oslo_config/cfg.py:3253}}
Jul 21 16:04:58.428390 np0000005576 nova-conductor[99024]: DEBUG cotyledon.oslo_config_glue [-] oslo_limit.connect_retries = None {{(pid=99024) log_opt_values /opt/stack/data/venv/lib/python3.12/site-packages/oslo_config/cfg.py:3253}}
Jul 21 16:04:58.428390 np0000005576 nova-conductor[99024]: DEBUG cotyledon.oslo_config_glue [-] oslo_limit.connect_retry_delay = None {{(pid=99024) log_opt_values /opt/stack/data/venv/lib/python3.12/site-packages/oslo_config/cfg.py:3253}}
Jul 21 16:04:58.428390 np0000005576 nova-conductor[99024]: DEBUG cotyledon.oslo_config_glue [-] oslo_limit.endpoint_id = None {{(pid=99024) log_opt_values /opt/stack/data/venv/lib/python3.12/site-packages/oslo_config/cfg.py:3253}}
Jul 21 16:04:58.428390 np0000005576 nova-conductor[99024]: DEBUG cotyledon.oslo_config_glue [-] oslo_limit.endpoint_interface = public {{(pid=99024) log_opt_values /opt/stack/data/venv/lib/python3.12/site-packages/oslo_config/cfg.py:3253}}
Jul 21 16:04:58.428587 np0000005576 nova-conductor[99024]: DEBUG cotyledon.oslo_config_glue [-] oslo_limit.endpoint_override = None {{(pid=99024) log_opt_values /opt/stack/data/venv/lib/python3.12/site-packages/oslo_config/cfg.py:3253}}
Jul 21 16:04:58.428587 np0000005576 nova-conductor[99024]: DEBUG cotyledon.oslo_config_glue [-] oslo_limit.endpoint_region_name = None {{(pid=99024) log_opt_values /opt/stack/data/venv/lib/python3.12/site-packages/oslo_config/cfg.py:3253}}
Jul 21 16:04:58.428587 np0000005576 nova-conductor[99024]: DEBUG cotyledon.oslo_config_glue [-] oslo_limit.endpoint_service_name = None {{(pid=99024) log_opt_values /opt/stack/data/venv/lib/python3.12/site-packages/oslo_config/cfg.py:3253}}
Jul 21 16:04:58.428587 np0000005576 nova-conductor[99024]: DEBUG cotyledon.oslo_config_glue [-] oslo_limit.endpoint_service_type = None {{(pid=99024) log_opt_values /opt/stack/data/venv/lib/python3.12/site-packages/oslo_config/cfg.py:3253}}
Jul 21 16:04:58.428587 np0000005576 nova-conductor[99024]: DEBUG cotyledon.oslo_config_glue [-] oslo_limit.insecure = False {{(pid=99024) log_opt_values /opt/stack/data/venv/lib/python3.12/site-packages/oslo_config/cfg.py:3253}}
Jul 21 16:04:58.428587 np0000005576 nova-conductor[99024]: DEBUG cotyledon.oslo_config_glue [-] oslo_limit.keyfile = None {{(pid=99024) log_opt_values /opt/stack/data/venv/lib/python3.12/site-packages/oslo_config/cfg.py:3253}}
Jul 21 16:04:58.428587 np0000005576 nova-conductor[99024]: DEBUG cotyledon.oslo_config_glue [-] oslo_limit.max_version = None {{(pid=99024) log_opt_values /opt/stack/data/venv/lib/python3.12/site-packages/oslo_config/cfg.py:3253}}
Jul 21 16:04:58.428587 np0000005576 nova-conductor[99024]: DEBUG cotyledon.oslo_config_glue [-] oslo_limit.min_version = None {{(pid=99024) log_opt_values /opt/stack/data/venv/lib/python3.12/site-packages/oslo_config/cfg.py:3253}}
Jul 21 16:04:58.428587 np0000005576 nova-conductor[99024]: DEBUG cotyledon.oslo_config_glue [-] oslo_limit.region_name = None {{(pid=99024) log_opt_values /opt/stack/data/venv/lib/python3.12/site-packages/oslo_config/cfg.py:3253}}
Jul 21 16:04:58.428762 np0000005576 nova-conductor[99024]: DEBUG cotyledon.oslo_config_glue [-] oslo_limit.retriable_status_codes = None {{(pid=99024) log_opt_values /opt/stack/data/venv/lib/python3.12/site-packages/oslo_config/cfg.py:3253}}
Jul 21 16:04:58.428762 np0000005576 nova-conductor[99024]: DEBUG cotyledon.oslo_config_glue [-] oslo_limit.service_name = None {{(pid=99024) log_opt_values /opt/stack/data/venv/lib/python3.12/site-packages/oslo_config/cfg.py:3253}}
Jul 21 16:04:58.428762 np0000005576 nova-conductor[99024]: DEBUG cotyledon.oslo_config_glue [-] oslo_limit.service_type = None {{(pid=99024) log_opt_values /opt/stack/data/venv/lib/python3.12/site-packages/oslo_config/cfg.py:3253}}
Jul 21 16:04:58.428762 np0000005576 nova-conductor[99024]: DEBUG cotyledon.oslo_config_glue [-] oslo_limit.split_loggers = False {{(pid=99024) log_opt_values /opt/stack/data/venv/lib/python3.12/site-packages/oslo_config/cfg.py:3253}}
Jul 21 16:04:58.428762 np0000005576 nova-conductor[99024]: DEBUG cotyledon.oslo_config_glue [-] oslo_limit.status_code_retries = None {{(pid=99024) log_opt_values /opt/stack/data/venv/lib/python3.12/site-packages/oslo_config/cfg.py:3253}}
Jul 21 16:04:58.428762 np0000005576 nova-conductor[99024]: DEBUG cotyledon.oslo_config_glue [-] oslo_limit.status_code_retry_delay = None {{(pid=99024) log_opt_values /opt/stack/data/venv/lib/python3.12/site-packages/oslo_config/cfg.py:3253}}
Jul 21 16:04:58.428762 np0000005576 nova-conductor[99024]: DEBUG cotyledon.oslo_config_glue [-] oslo_limit.timeout = None {{(pid=99024) log_opt_values /opt/stack/data/venv/lib/python3.12/site-packages/oslo_config/cfg.py:3253}}
Jul 21 16:04:58.428762 np0000005576 nova-conductor[99024]: DEBUG cotyledon.oslo_config_glue [-] oslo_limit.valid_interfaces = None {{(pid=99024) log_opt_values /opt/stack/data/venv/lib/python3.12/site-packages/oslo_config/cfg.py:3253}}
Jul 21 16:04:58.428762 np0000005576 nova-conductor[99024]: DEBUG cotyledon.oslo_config_glue [-] oslo_limit.version = None {{(pid=99024) log_opt_values /opt/stack/data/venv/lib/python3.12/site-packages/oslo_config/cfg.py:3253}}
Jul 21 16:04:58.428968 np0000005576 nova-conductor[99024]: DEBUG cotyledon.oslo_config_glue [-] oslo_reports.file_event_handler = None {{(pid=99024) log_opt_values /opt/stack/data/venv/lib/python3.12/site-packages/oslo_config/cfg.py:3253}}
Jul 21 16:04:58.428968 np0000005576 nova-conductor[99024]: DEBUG cotyledon.oslo_config_glue [-] oslo_reports.file_event_handler_interval = 1 {{(pid=99024) log_opt_values /opt/stack/data/venv/lib/python3.12/site-packages/oslo_config/cfg.py:3253}}
Jul 21 16:04:58.428968 np0000005576 nova-conductor[99024]: DEBUG cotyledon.oslo_config_glue [-] oslo_reports.log_dir = None {{(pid=99024) log_opt_values /opt/stack/data/venv/lib/python3.12/site-packages/oslo_config/cfg.py:3253}}
Jul 21 16:04:58.428968 np0000005576 nova-conductor[99024]: DEBUG cotyledon.oslo_config_glue [-] ******************************************************************************** {{(pid=99024) log_opt_values /opt/stack/data/venv/lib/python3.12/site-packages/oslo_config/cfg.py:3260}}
Jul 21 16:04:58.428968 np0000005576 nova-conductor[99024]: DEBUG cotyledon._service_worker [-] Run service ServiceWrapper(3) [99024] {{(pid=99024) wait_forever /opt/stack/data/venv/lib/python3.12/site-packages/cotyledon/_service_worker.py:218}}
Jul 21 16:04:58.428968 np0000005576 nova-conductor[99024]: INFO nova.service [-] Starting conductor node (version 33.1.0)
Jul 21 16:04:58.428968 np0000005576 nova-conductor[99024]: INFO dbcounter [None req-606908ad-a667-4365-8eed-ea664f51cab5 None None] Registered counter for database nova_cell0
Jul 21 16:04:58.429175 np0000005576 nova-conductor[99018]: DEBUG oslo_db.sqlalchemy.engines [None req-0164a759-1b78-40b7-8aa0-49a0dd9a148a None None] MySQL server mode set to STRICT_TRANS_TABLES,STRICT_ALL_TABLES,NO_ZERO_IN_DATE,NO_ZERO_DATE,ERROR_FOR_DIVISION_BY_ZERO,TRADITIONAL,NO_ENGINE_SUBSTITUTION {{(pid=99018) _check_effective_sql_mode /opt/stack/data/venv/lib/python3.12/site-packages/oslo_db/sqlalchemy/engines.py:325}}
Jul 21 16:04:58.429211 np0000005576 nova-conductor[99020]: DEBUG oslo_db.sqlalchemy.engines [None req-921c0d5a-94d2-46ff-bb97-9940a739e633 None None] MySQL server mode set to STRICT_TRANS_TABLES,STRICT_ALL_TABLES,NO_ZERO_IN_DATE,NO_ZERO_DATE,ERROR_FOR_DIVISION_BY_ZERO,TRADITIONAL,NO_ENGINE_SUBSTITUTION {{(pid=99020) _check_effective_sql_mode /opt/stack/data/venv/lib/python3.12/site-packages/oslo_db/sqlalchemy/engines.py:325}}
Jul 21 16:04:58.431711 np0000005576 nova-conductor[99018]: DEBUG dbcounter [-] [99018] Writer thread running {{(pid=99018) stat_writer /opt/stack/data/venv/lib/python3.12/site-packages/dbcounter.py:102}}
Jul 21 16:04:58.434401 np0000005576 nova-conductor[99020]: DEBUG dbcounter [-] [99020] Writer thread running {{(pid=99020) stat_writer /opt/stack/data/venv/lib/python3.12/site-packages/dbcounter.py:102}}
Jul 21 16:04:58.440047 np0000005576 nova-conductor[99022]: DEBUG oslo_db.sqlalchemy.engines [None req-b5d08e95-75b0-417a-92a1-2696d95ff93c None None] MySQL server mode set to STRICT_TRANS_TABLES,STRICT_ALL_TABLES,NO_ZERO_IN_DATE,NO_ZERO_DATE,ERROR_FOR_DIVISION_BY_ZERO,TRADITIONAL,NO_ENGINE_SUBSTITUTION {{(pid=99022) _check_effective_sql_mode /opt/stack/data/venv/lib/python3.12/site-packages/oslo_db/sqlalchemy/engines.py:325}}
Jul 21 16:04:58.446359 np0000005576 nova-conductor[99018]: DEBUG nova.service [None req-0164a759-1b78-40b7-8aa0-49a0dd9a148a None None] Creating RPC server for service: nova-conductor on topic: conductor {{(pid=99018) start /opt/stack/nova/nova/service.py:196}}
Jul 21 16:04:58.449885 np0000005576 nova-conductor[99020]: DEBUG nova.service [None req-921c0d5a-94d2-46ff-bb97-9940a739e633 None None] Creating RPC server for service: nova-conductor on topic: conductor {{(pid=99020) start /opt/stack/nova/nova/service.py:196}}
Jul 21 16:04:58.450057 np0000005576 nova-conductor[99022]: DEBUG dbcounter [-] [99022] Writer thread running {{(pid=99022) stat_writer /opt/stack/data/venv/lib/python3.12/site-packages/dbcounter.py:102}}
Jul 21 16:04:58.454852 np0000005576 nova-conductor[99024]: DEBUG oslo_db.sqlalchemy.engines [None req-606908ad-a667-4365-8eed-ea664f51cab5 None None] MySQL server mode set to STRICT_TRANS_TABLES,STRICT_ALL_TABLES,NO_ZERO_IN_DATE,NO_ZERO_DATE,ERROR_FOR_DIVISION_BY_ZERO,TRADITIONAL,NO_ENGINE_SUBSTITUTION {{(pid=99024) _check_effective_sql_mode /opt/stack/data/venv/lib/python3.12/site-packages/oslo_db/sqlalchemy/engines.py:325}}
Jul 21 16:04:58.455019 np0000005576 nova-conductor[99022]: DEBUG nova.service [None req-b5d08e95-75b0-417a-92a1-2696d95ff93c None None] Creating RPC server for service: nova-conductor on topic: conductor {{(pid=99022) start /opt/stack/nova/nova/service.py:196}}
Jul 21 16:04:58.463669 np0000005576 nova-conductor[99024]: DEBUG dbcounter [-] [99024] Writer thread running {{(pid=99024) stat_writer /opt/stack/data/venv/lib/python3.12/site-packages/dbcounter.py:102}}
Jul 21 16:04:58.466531 np0000005576 nova-conductor[99024]: DEBUG nova.service [None req-606908ad-a667-4365-8eed-ea664f51cab5 None None] Creating RPC server for service: nova-conductor on topic: conductor {{(pid=99024) start /opt/stack/nova/nova/service.py:196}}
Jul 21 16:04:58.471451 np0000005576 nova-conductor[99018]: DEBUG nova.service [None req-0164a759-1b78-40b7-8aa0-49a0dd9a148a None None] Join ServiceGroup membership for this service conductor {{(pid=99018) start /opt/stack/nova/nova/service.py:222}}
Jul 21 16:04:58.471664 np0000005576 nova-conductor[99018]: DEBUG nova.servicegroup.drivers.db [None req-0164a759-1b78-40b7-8aa0-49a0dd9a148a None None] DB_Driver: join new ServiceGroup member np0000005576 to the conductor group, service = {{(pid=99018) join /opt/stack/nova/nova/servicegroup/drivers/db.py:44}}
Jul 21 16:04:58.472052 np0000005576 nova-conductor[99020]: DEBUG nova.service [None req-921c0d5a-94d2-46ff-bb97-9940a739e633 None None] Join ServiceGroup membership for this service conductor {{(pid=99020) start /opt/stack/nova/nova/service.py:222}}
Jul 21 16:04:58.472678 np0000005576 nova-conductor[99020]: DEBUG nova.servicegroup.drivers.db [None req-921c0d5a-94d2-46ff-bb97-9940a739e633 None None] DB_Driver: join new ServiceGroup member np0000005576 to the conductor group, service = {{(pid=99020) join /opt/stack/nova/nova/servicegroup/drivers/db.py:44}}
Jul 21 16:04:58.475250 np0000005576 nova-conductor[99022]: DEBUG nova.service [None req-b5d08e95-75b0-417a-92a1-2696d95ff93c None None] Join ServiceGroup membership for this service conductor {{(pid=99022) start /opt/stack/nova/nova/service.py:222}}
Jul 21 16:04:58.475479 np0000005576 nova-conductor[99022]: DEBUG nova.servicegroup.drivers.db [None req-b5d08e95-75b0-417a-92a1-2696d95ff93c None None] DB_Driver: join new ServiceGroup member np0000005576 to the conductor group, service = {{(pid=99022) join /opt/stack/nova/nova/servicegroup/drivers/db.py:44}}
Jul 21 16:04:58.482571 np0000005576 nova-conductor[99024]: DEBUG nova.service [None req-606908ad-a667-4365-8eed-ea664f51cab5 None None] Join ServiceGroup membership for this service conductor {{(pid=99024) start /opt/stack/nova/nova/service.py:222}}
Jul 21 16:04:58.482791 np0000005576 nova-conductor[99024]: DEBUG nova.servicegroup.drivers.db [None req-606908ad-a667-4365-8eed-ea664f51cab5 None None] DB_Driver: join new ServiceGroup member np0000005576 to the conductor group, service = {{(pid=99024) join /opt/stack/nova/nova/servicegroup/drivers/db.py:44}}
Jul 21 16:05:03.488253 np0000005576 nova-conductor[99018]: DEBUG oslo.service.backend._threading.loopingcall [-] Fixed interval looping call 'nova.servicegroup.drivers.db.DbDriver._report_state' sleeping for 119.99 seconds {{(pid=99018) _run_loop /opt/stack/data/venv/lib/python3.12/site-packages/oslo_service/backend/_threading/loopingcall.py:125}}
Jul 21 16:05:03.492078 np0000005576 nova-conductor[99020]: DEBUG oslo.service.backend._threading.loopingcall [-] Fixed interval looping call 'nova.servicegroup.drivers.db.DbDriver._report_state' sleeping for 119.98 seconds {{(pid=99020) _run_loop /opt/stack/data/venv/lib/python3.12/site-packages/oslo_service/backend/_threading/loopingcall.py:125}}
Jul 21 16:05:03.492903 np0000005576 nova-conductor[99022]: DEBUG oslo.service.backend._threading.loopingcall [-] Fixed interval looping call 'nova.servicegroup.drivers.db.DbDriver._report_state' sleeping for 119.98 seconds {{(pid=99022) _run_loop /opt/stack/data/venv/lib/python3.12/site-packages/oslo_service/backend/_threading/loopingcall.py:125}}
Jul 21 16:05:03.495634 np0000005576 nova-conductor[99024]: DEBUG oslo.service.backend._threading.loopingcall [-] Fixed interval looping call 'nova.servicegroup.drivers.db.DbDriver._report_state' sleeping for 119.99 seconds {{(pid=99024) _run_loop /opt/stack/data/venv/lib/python3.12/site-packages/oslo_service/backend/_threading/loopingcall.py:125}}
Jul 21 16:05:07.063824 np0000005576 nova-conductor[97423]: DEBUG dbcounter [-] [97423] Writing DB stats nova_api:SELECT=1 {{(pid=97423) stat_writer /opt/stack/data/venv/lib/python3.12/site-packages/dbcounter.py:115}}
Jul 21 16:05:07.192611 np0000005576 nova-conductor[97423]: DEBUG dbcounter [-] [97423] Writing DB stats nova_cell0:SELECT=1 {{(pid=97423) stat_writer /opt/stack/data/venv/lib/python3.12/site-packages/dbcounter.py:115}}
Jul 21 16:05:07.196287 np0000005576 nova-conductor[97423]: DEBUG dbcounter [-] [97423] Writing DB stats nova_cell1:SELECT=1 {{(pid=97423) stat_writer /opt/stack/data/venv/lib/python3.12/site-packages/dbcounter.py:115}}
Jul 21 16:05:13.482575 np0000005576 nova-conductor[99018]: DEBUG dbcounter [-] [99018] Writing DB stats nova_cell0:SELECT=4,nova_cell0:INSERT=1,nova_cell0:UPDATE=1 {{(pid=99018) stat_writer /opt/stack/data/venv/lib/python3.12/site-packages/dbcounter.py:115}}
Jul 21 16:05:13.487143 np0000005576 nova-conductor[99020]: DEBUG dbcounter [-] [99020] Writing DB stats nova_cell0:SELECT=5,nova_cell0:INSERT=1,nova_cell0:UPDATE=1 {{(pid=99020) stat_writer /opt/stack/data/venv/lib/python3.12/site-packages/dbcounter.py:115}}
Jul 21 16:05:13.490218 np0000005576 nova-conductor[99022]: DEBUG dbcounter [-] [99022] Writing DB stats nova_cell0:SELECT=3,nova_cell0:UPDATE=1 {{(pid=99022) stat_writer /opt/stack/data/venv/lib/python3.12/site-packages/dbcounter.py:115}}
Jul 21 16:05:13.494330 np0000005576 nova-conductor[99024]: DEBUG dbcounter [-] [99024] Writing DB stats nova_cell0:SELECT=3 {{(pid=99024) stat_writer /opt/stack/data/venv/lib/python3.12/site-packages/dbcounter.py:115}}
Jul 21 16:05:29.473981 np0000005576 nova-conductor[99020]: DEBUG oslo.service.backend._threading.loopingcall [None req-5c7435f6-b73a-478f-9055-ec126110b139 None None] Dynamic interval looping call 'nova.service.Service.periodic_tasks' sleeping for 60.00 seconds {{(pid=99020) _run_loop /opt/stack/data/venv/lib/python3.12/site-packages/oslo_service/backend/_threading/loopingcall.py:125}}
Jul 21 16:05:44.477740 np0000005576 nova-conductor[99022]: DEBUG oslo.service.backend._threading.loopingcall [None req-7ddfb1f9-7595-4d9d-8fc8-45a6886d5c01 None None] Dynamic interval looping call 'nova.service.Service.periodic_tasks' sleeping for 60.00 seconds {{(pid=99022) _run_loop /opt/stack/data/venv/lib/python3.12/site-packages/oslo_service/backend/_threading/loopingcall.py:125}}
Jul 21 16:05:51.474791 np0000005576 nova-conductor[99018]: DEBUG oslo.service.backend._threading.loopingcall [None req-d003fd82-c166-4da9-8c54-6bb494daefd9 None None] Dynamic interval looping call 'nova.service.Service.periodic_tasks' sleeping for 60.00 seconds {{(pid=99018) _run_loop /opt/stack/data/venv/lib/python3.12/site-packages/oslo_service/backend/_threading/loopingcall.py:125}}
Jul 21 16:05:52.484632 np0000005576 nova-conductor[99024]: DEBUG oslo.service.backend._threading.loopingcall [None req-91c77218-f25c-45cd-8ee4-1b9701c2ab7f None None] Dynamic interval looping call 'nova.service.Service.periodic_tasks' sleeping for 60.00 seconds {{(pid=99024) _run_loop /opt/stack/data/venv/lib/python3.12/site-packages/oslo_service/backend/_threading/loopingcall.py:125}}
Jul 21 16:06:29.474530 np0000005576 nova-conductor[99020]: DEBUG oslo.service.backend._threading.loopingcall [None req-5c7435f6-b73a-478f-9055-ec126110b139 None None] Dynamic interval looping call 'nova.service.Service.periodic_tasks' sleeping for 60.00 seconds {{(pid=99020) _run_loop /opt/stack/data/venv/lib/python3.12/site-packages/oslo_service/backend/_threading/loopingcall.py:125}}
Jul 21 16:06:44.478185 np0000005576 nova-conductor[99022]: DEBUG oslo.service.backend._threading.loopingcall [None req-7ddfb1f9-7595-4d9d-8fc8-45a6886d5c01 None None] Dynamic interval looping call 'nova.service.Service.periodic_tasks' sleeping for 60.00 seconds {{(pid=99022) _run_loop /opt/stack/data/venv/lib/python3.12/site-packages/oslo_service/backend/_threading/loopingcall.py:125}}
Jul 21 16:06:51.475336 np0000005576 nova-conductor[99018]: DEBUG oslo.service.backend._threading.loopingcall [None req-d003fd82-c166-4da9-8c54-6bb494daefd9 None None] Dynamic interval looping call 'nova.service.Service.periodic_tasks' sleeping for 60.00 seconds {{(pid=99018) _run_loop /opt/stack/data/venv/lib/python3.12/site-packages/oslo_service/backend/_threading/loopingcall.py:125}}
Jul 21 16:06:52.485403 np0000005576 nova-conductor[99024]: DEBUG oslo.service.backend._threading.loopingcall [None req-91c77218-f25c-45cd-8ee4-1b9701c2ab7f None None] Dynamic interval looping call 'nova.service.Service.periodic_tasks' sleeping for 60.00 seconds {{(pid=99024) _run_loop /opt/stack/data/venv/lib/python3.12/site-packages/oslo_service/backend/_threading/loopingcall.py:125}}
Jul 21 16:07:03.480041 np0000005576 nova-conductor[99022]: DEBUG oslo.service.backend._threading.loopingcall [-] Fixed interval looping call 'nova.servicegroup.drivers.db.DbDriver._report_state' sleeping for 119.99 seconds {{(pid=99022) _run_loop /opt/stack/data/venv/lib/python3.12/site-packages/oslo_service/backend/_threading/loopingcall.py:125}}
Jul 21 16:07:03.480402 np0000005576 nova-conductor[99020]: DEBUG oslo.service.backend._threading.loopingcall [-] Fixed interval looping call 'nova.servicegroup.drivers.db.DbDriver._report_state' sleeping for 119.99 seconds {{(pid=99020) _run_loop /opt/stack/data/venv/lib/python3.12/site-packages/oslo_service/backend/_threading/loopingcall.py:125}}
Jul 21 16:07:03.481650 np0000005576 nova-conductor[99018]: DEBUG oslo.service.backend._threading.loopingcall [-] Fixed interval looping call 'nova.servicegroup.drivers.db.DbDriver._report_state' sleeping for 120.00 seconds {{(pid=99018) _run_loop /opt/stack/data/venv/lib/python3.12/site-packages/oslo_service/backend/_threading/loopingcall.py:125}}
Jul 21 16:07:03.489536 np0000005576 nova-conductor[99024]: DEBUG oslo.service.backend._threading.loopingcall [-] Fixed interval looping call 'nova.servicegroup.drivers.db.DbDriver._report_state' sleeping for 120.00 seconds {{(pid=99024) _run_loop /opt/stack/data/venv/lib/python3.12/site-packages/oslo_service/backend/_threading/loopingcall.py:125}}
Jul 21 16:07:10.509958 np0000005576 nova-conductor[99018]: DEBUG oslo_db.sqlalchemy.engines [None req-46570417-b87d-475b-8d91-2b8b060b9bb5 tempest-ServersNegativeTestJSON-849983745 tempest-ServersNegativeTestJSON-849983745-project-member] Parent process 97423 forked (99018) with an open database connection, which is being discarded and recreated. {{(pid=99018) checkout /opt/stack/data/venv/lib/python3.12/site-packages/oslo_db/sqlalchemy/engines.py:402}}
Jul 21 16:07:10.566414 np0000005576 nova-conductor[99018]: DEBUG dbcounter [-] [99018] Writer thread running {{(pid=99018) stat_writer /opt/stack/data/venv/lib/python3.12/site-packages/dbcounter.py:102}}
Jul 21 16:07:11.427109 np0000005576 nova-conductor[99018]: DEBUG nova.conductor.manager [None req-46570417-b87d-475b-8d91-2b8b060b9bb5 tempest-ServersNegativeTestJSON-849983745 tempest-ServersNegativeTestJSON-849983745-project-member] Took 0.86 seconds to select destinations for 1 instance(s). {{(pid=99018) _schedule_instances /opt/stack/nova/nova/conductor/manager.py:968}}
Jul 21 16:07:11.454812 np0000005576 nova-conductor[99018]: DEBUG oslo_concurrency.lockutils [None req-46570417-b87d-475b-8d91-2b8b060b9bb5 tempest-ServersNegativeTestJSON-849983745 tempest-ServersNegativeTestJSON-849983745-project-member] Acquiring lock "f75ba738-2a56-4b36-a156-6f2d9f7bbf1a" by "nova.context.set_target_cell..get_or_set_cached_cell_and_set_connections" {{(pid=99018) inner /opt/stack/data/venv/lib/python3.12/site-packages/oslo_concurrency/lockutils.py:512}}
Jul 21 16:07:11.454985 np0000005576 nova-conductor[99018]: DEBUG oslo_concurrency.lockutils [None req-46570417-b87d-475b-8d91-2b8b060b9bb5 tempest-ServersNegativeTestJSON-849983745 tempest-ServersNegativeTestJSON-849983745-project-member] Lock "f75ba738-2a56-4b36-a156-6f2d9f7bbf1a" acquired by "nova.context.set_target_cell..get_or_set_cached_cell_and_set_connections" :: waited 0.000s {{(pid=99018) inner /opt/stack/data/venv/lib/python3.12/site-packages/oslo_concurrency/lockutils.py:525}}
Jul 21 16:07:11.456499 np0000005576 nova-conductor[99018]: DEBUG oslo_concurrency.lockutils [None req-46570417-b87d-475b-8d91-2b8b060b9bb5 tempest-ServersNegativeTestJSON-849983745 tempest-ServersNegativeTestJSON-849983745-project-member] Lock "f75ba738-2a56-4b36-a156-6f2d9f7bbf1a" "released" by "nova.context.set_target_cell..get_or_set_cached_cell_and_set_connections" :: held 0.001s {{(pid=99018) inner /opt/stack/data/venv/lib/python3.12/site-packages/oslo_concurrency/lockutils.py:544}}
Jul 21 16:07:11.458099 np0000005576 nova-conductor[99018]: INFO dbcounter [None req-46570417-b87d-475b-8d91-2b8b060b9bb5 tempest-ServersNegativeTestJSON-849983745 tempest-ServersNegativeTestJSON-849983745-project-member] Registered counter for database nova_cell1
Jul 21 16:07:11.510165 np0000005576 nova-conductor[99018]: DEBUG oslo_db.sqlalchemy.engines [None req-46570417-b87d-475b-8d91-2b8b060b9bb5 tempest-ServersNegativeTestJSON-849983745 tempest-ServersNegativeTestJSON-849983745-project-member] MySQL server mode set to STRICT_TRANS_TABLES,STRICT_ALL_TABLES,NO_ZERO_IN_DATE,NO_ZERO_DATE,ERROR_FOR_DIVISION_BY_ZERO,TRADITIONAL,NO_ENGINE_SUBSTITUTION {{(pid=99018) _check_effective_sql_mode /opt/stack/data/venv/lib/python3.12/site-packages/oslo_db/sqlalchemy/engines.py:325}}
Jul 21 16:07:11.516834 np0000005576 nova-conductor[99018]: DEBUG dbcounter [-] [99018] Writer thread running {{(pid=99018) stat_writer /opt/stack/data/venv/lib/python3.12/site-packages/dbcounter.py:102}}
Jul 21 16:07:11.592665 np0000005576 nova-conductor[99018]: INFO nova.utils [None req-46570417-b87d-475b-8d91-2b8b060b9bb5 tempest-ServersNegativeTestJSON-849983745 tempest-ServersNegativeTestJSON-849983745-project-member] The cell worker thread pool ForkProcess-1.cell_worker is initialized
Jul 21 16:07:11.592935 np0000005576 nova-conductor[99018]: DEBUG oslo_concurrency.lockutils [None req-46570417-b87d-475b-8d91-2b8b060b9bb5 tempest-ServersNegativeTestJSON-849983745 tempest-ServersNegativeTestJSON-849983745-project-member] Acquiring lock "00000000-0000-0000-0000-000000000000" by "nova.context.set_target_cell..get_or_set_cached_cell_and_set_connections" {{(pid=99018) inner /opt/stack/data/venv/lib/python3.12/site-packages/oslo_concurrency/lockutils.py:512}}
Jul 21 16:07:11.593169 np0000005576 nova-conductor[99018]: DEBUG oslo_concurrency.lockutils [None req-46570417-b87d-475b-8d91-2b8b060b9bb5 tempest-ServersNegativeTestJSON-849983745 tempest-ServersNegativeTestJSON-849983745-project-member] Lock "00000000-0000-0000-0000-000000000000" acquired by "nova.context.set_target_cell..get_or_set_cached_cell_and_set_connections" :: waited 0.000s {{(pid=99018) inner /opt/stack/data/venv/lib/python3.12/site-packages/oslo_concurrency/lockutils.py:525}}
Jul 21 16:07:11.593503 np0000005576 nova-conductor[99018]: DEBUG oslo_concurrency.lockutils [None req-46570417-b87d-475b-8d91-2b8b060b9bb5 tempest-ServersNegativeTestJSON-849983745 tempest-ServersNegativeTestJSON-849983745-project-member] Lock "00000000-0000-0000-0000-000000000000" "released" by "nova.context.set_target_cell..get_or_set_cached_cell_and_set_connections" :: held 0.000s {{(pid=99018) inner /opt/stack/data/venv/lib/python3.12/site-packages/oslo_concurrency/lockutils.py:544}}
Jul 21 16:07:11.594100 np0000005576 nova-conductor[99018]: DEBUG oslo_concurrency.lockutils [None req-46570417-b87d-475b-8d91-2b8b060b9bb5 tempest-ServersNegativeTestJSON-849983745 tempest-ServersNegativeTestJSON-849983745-project-member] Acquiring lock "f75ba738-2a56-4b36-a156-6f2d9f7bbf1a" by "nova.context.set_target_cell..get_or_set_cached_cell_and_set_connections" {{(pid=99018) inner /opt/stack/data/venv/lib/python3.12/site-packages/oslo_concurrency/lockutils.py:512}}
Jul 21 16:07:11.595946 np0000005576 nova-conductor[99018]: INFO dbcounter [None req-46570417-b87d-475b-8d91-2b8b060b9bb5 tempest-ServersNegativeTestJSON-849983745 tempest-ServersNegativeTestJSON-849983745-project-member] Registered counter for database nova_cell0
Jul 21 16:07:11.597717 np0000005576 nova-conductor[99018]: DEBUG oslo_concurrency.lockutils [None req-46570417-b87d-475b-8d91-2b8b060b9bb5 tempest-ServersNegativeTestJSON-849983745 tempest-ServersNegativeTestJSON-849983745-project-member] Lock "f75ba738-2a56-4b36-a156-6f2d9f7bbf1a" acquired by "nova.context.set_target_cell..get_or_set_cached_cell_and_set_connections" :: waited 0.002s {{(pid=99018) inner /opt/stack/data/venv/lib/python3.12/site-packages/oslo_concurrency/lockutils.py:525}}
Jul 21 16:07:11.597717 np0000005576 nova-conductor[99018]: DEBUG oslo_concurrency.lockutils [None req-46570417-b87d-475b-8d91-2b8b060b9bb5 tempest-ServersNegativeTestJSON-849983745 tempest-ServersNegativeTestJSON-849983745-project-member] Lock "f75ba738-2a56-4b36-a156-6f2d9f7bbf1a" "released" by "nova.context.set_target_cell..get_or_set_cached_cell_and_set_connections" :: held 0.002s {{(pid=99018) inner /opt/stack/data/venv/lib/python3.12/site-packages/oslo_concurrency/lockutils.py:544}}
Jul 21 16:07:11.644531 np0000005576 nova-conductor[99018]: DEBUG oslo_db.sqlalchemy.engines [None req-46570417-b87d-475b-8d91-2b8b060b9bb5 tempest-ServersNegativeTestJSON-849983745 tempest-ServersNegativeTestJSON-849983745-project-member] MySQL server mode set to STRICT_TRANS_TABLES,STRICT_ALL_TABLES,NO_ZERO_IN_DATE,NO_ZERO_DATE,ERROR_FOR_DIVISION_BY_ZERO,TRADITIONAL,NO_ENGINE_SUBSTITUTION {{(pid=99018) _check_effective_sql_mode /opt/stack/data/venv/lib/python3.12/site-packages/oslo_db/sqlalchemy/engines.py:325}}
Jul 21 16:07:11.650901 np0000005576 nova-conductor[99018]: DEBUG dbcounter [-] [99018] Writer thread running {{(pid=99018) stat_writer /opt/stack/data/venv/lib/python3.12/site-packages/dbcounter.py:102}}
