Jul 04 00:38:54.272935 np0000004496 systemd[1]: Starting devstack@n-api-meta.service - Devstack devstack@n-api-meta.service...
Jul 04 00:38:54.279012 np0000004496 devstack@n-api-meta.service[95855]: [uWSGI] getting INI configuration from /etc/nova/nova-metadata-uwsgi.ini
Jul 04 00:38:54.281470 np0000004496 devstack@n-api-meta.service[95855]: *** Starting uWSGI 2.0.24-debian (64bit) on [Sat Jul 4 00:38:54 2026] ***
Jul 04 00:38:54.281470 np0000004496 devstack@n-api-meta.service[95855]: compiled with version: 13.2.0 on 17 April 2024 16:23:48
Jul 04 00:38:54.281470 np0000004496 devstack@n-api-meta.service[95855]: os: Linux-6.8.0-100-generic #100-Ubuntu SMP PREEMPT_DYNAMIC Tue Jan 13 16:40:06 UTC 2026
Jul 04 00:38:54.281470 np0000004496 devstack@n-api-meta.service[95855]: nodename: np0000004496
Jul 04 00:38:54.281470 np0000004496 devstack@n-api-meta.service[95855]: machine: x86_64
Jul 04 00:38:54.281470 np0000004496 devstack@n-api-meta.service[95855]: clock source: unix
Jul 04 00:38:54.281470 np0000004496 devstack@n-api-meta.service[95855]: pcre jit disabled
Jul 04 00:38:54.281470 np0000004496 devstack@n-api-meta.service[95855]: detected number of CPU cores: 16
Jul 04 00:38:54.281470 np0000004496 devstack@n-api-meta.service[95855]: current working directory: /
Jul 04 00:38:54.281470 np0000004496 devstack@n-api-meta.service[95855]: detected binary path: /usr/bin/uwsgi-core
Jul 04 00:38:54.281470 np0000004496 devstack@n-api-meta.service[95855]: your processes number limit is 257052
Jul 04 00:38:54.281470 np0000004496 devstack@n-api-meta.service[95855]: your memory page size is 4096 bytes
Jul 04 00:38:54.281470 np0000004496 devstack@n-api-meta.service[95855]: detected max file descriptor number: 2048
Jul 04 00:38:54.281470 np0000004496 devstack@n-api-meta.service[95855]: lock engine: pthread robust mutexes
Jul 04 00:38:54.281930 np0000004496 devstack@n-api-meta.service[95855]: thunder lock: enabled
Jul 04 00:38:54.281930 np0000004496 devstack@n-api-meta.service[95855]: uWSGI http bound on 0.0.0.0:8775 fd 5
Jul 04 00:38:54.281985 np0000004496 devstack@n-api-meta.service[95855]: uwsgi socket 0 bound to TCP address 127.0.0.1:33919 (port auto-assigned) fd 4
Jul 04 00:38:54.281985 np0000004496 devstack@n-api-meta.service[95855]: Python version: 3.12.3 (main, Mar 23 2026, 19:04:32) [GCC 13.3.0]
Jul 04 00:38:54.281985 np0000004496 devstack@n-api-meta.service[95855]: PEP 405 virtualenv detected: /opt/stack/data/venv
Jul 04 00:38:54.281985 np0000004496 devstack@n-api-meta.service[95855]: Set PythonHome to /opt/stack/data/venv
Jul 04 00:38:54.315832 np0000004496 devstack@n-api-meta.service[95855]: Python main interpreter initialized at 0x7fefc9ca3668
Jul 04 00:38:54.315832 np0000004496 devstack@n-api-meta.service[95855]: python threads support enabled
Jul 04 00:38:54.315832 np0000004496 devstack@n-api-meta.service[95855]: your server socket listen backlog is limited to 100 connections
Jul 04 00:38:54.315832 np0000004496 devstack@n-api-meta.service[95855]: your mercy for graceful operations on workers is 80 seconds
Jul 04 00:38:54.316326 np0000004496 devstack@n-api-meta.service[95855]: mapped 671795 bytes (656 KB) for 4 cores
Jul 04 00:38:54.316477 np0000004496 devstack@n-api-meta.service[95855]: *** Operational MODE: preforking ***
Jul 04 00:38:54.316790 np0000004496 devstack@n-api-meta.service[95855]: *** uWSGI is running in multiple interpreter mode ***
Jul 04 00:38:54.316790 np0000004496 devstack@n-api-meta.service[95855]: spawned uWSGI master process (pid: 95855)
Jul 04 00:38:54.317028 np0000004496 systemd[1]: Started devstack@n-api-meta.service - Devstack devstack@n-api-meta.service.
Jul 04 00:38:54.317363 np0000004496 devstack@n-api-meta.service[95855]: spawned uWSGI worker 1 (pid: 95858, cores: 1)
Jul 04 00:38:54.317968 np0000004496 devstack@n-api-meta.service[95855]: spawned uWSGI worker 2 (pid: 95859, cores: 1)
Jul 04 00:38:54.318495 np0000004496 devstack@n-api-meta.service[95855]: spawned uWSGI worker 3 (pid: 95860, cores: 1)
Jul 04 00:38:54.319030 np0000004496 devstack@n-api-meta.service[95855]: spawned uWSGI worker 4 (pid: 95861, cores: 1)
Jul 04 00:38:54.319850 np0000004496 devstack@n-api-meta.service[95855]: spawned uWSGI http 1 (pid: 95862)
Jul 04 00:38:54.319850 np0000004496 devstack@n-api-meta.service[95855]: running "unix_signal:15 gracefully_kill_them_all" (master-start)...
Jul 04 00:38:56.240023 np0000004496 devstack@n-api-meta.service[95859]: INFO dbcounter [None req-ba1fe461-bf1b-48bd-81b4-cde0b57792a1 None None] Registered counter for database nova_api
Jul 04 00:38:56.261917 np0000004496 devstack@n-api-meta.service[95858]: INFO dbcounter [None req-4fe95942-3598-4f5f-86a5-a366a6e3eeba None None] Registered counter for database nova_api
Jul 04 00:38:56.271849 np0000004496 devstack@n-api-meta.service[95861]: INFO dbcounter [None req-e1bbef8c-3d10-49d1-8c98-1de77f254d8b None None] Registered counter for database nova_api
Jul 04 00:38:56.298734 np0000004496 devstack@n-api-meta.service[95859]: DEBUG oslo_db.sqlalchemy.engines [None req-ba1fe461-bf1b-48bd-81b4-cde0b57792a1 None None] MySQL server mode set to STRICT_TRANS_TABLES,STRICT_ALL_TABLES,NO_ZERO_IN_DATE,NO_ZERO_DATE,ERROR_FOR_DIVISION_BY_ZERO,TRADITIONAL,NO_ENGINE_SUBSTITUTION {{(pid=95859) _check_effective_sql_mode /opt/stack/data/venv/lib/python3.12/site-packages/oslo_db/sqlalchemy/engines.py:325}}
Jul 04 00:38:56.319051 np0000004496 devstack@n-api-meta.service[95858]: DEBUG oslo_db.sqlalchemy.engines [None req-4fe95942-3598-4f5f-86a5-a366a6e3eeba None None] MySQL server mode set to STRICT_TRANS_TABLES,STRICT_ALL_TABLES,NO_ZERO_IN_DATE,NO_ZERO_DATE,ERROR_FOR_DIVISION_BY_ZERO,TRADITIONAL,NO_ENGINE_SUBSTITUTION {{(pid=95858) _check_effective_sql_mode /opt/stack/data/venv/lib/python3.12/site-packages/oslo_db/sqlalchemy/engines.py:325}}
Jul 04 00:38:56.322986 np0000004496 devstack@n-api-meta.service[95861]: DEBUG oslo_db.sqlalchemy.engines [None req-e1bbef8c-3d10-49d1-8c98-1de77f254d8b None None] MySQL server mode set to STRICT_TRANS_TABLES,STRICT_ALL_TABLES,NO_ZERO_IN_DATE,NO_ZERO_DATE,ERROR_FOR_DIVISION_BY_ZERO,TRADITIONAL,NO_ENGINE_SUBSTITUTION {{(pid=95861) _check_effective_sql_mode /opt/stack/data/venv/lib/python3.12/site-packages/oslo_db/sqlalchemy/engines.py:325}}
Jul 04 00:38:56.333395 np0000004496 devstack@n-api-meta.service[95859]: DEBUG dbcounter [-] [95859] Writer thread running {{(pid=95859) stat_writer /opt/stack/data/venv/lib/python3.12/site-packages/dbcounter.py:102}}
Jul 04 00:38:56.337481 np0000004496 devstack@n-api-meta.service[95859]: DEBUG nova.context [None req-ba1fe461-bf1b-48bd-81b4-cde0b57792a1 None None] Found 2 cells: 00000000-0000-0000-0000-000000000000(cell0),cb9935f8-fc03-4668-84e0-255f09315082(cell1) {{(pid=95859) load_cells /opt/stack/nova/nova/context.py:509}}
Jul 04 00:38:56.337789 np0000004496 devstack@n-api-meta.service[95859]: INFO nova.utils [None req-ba1fe461-bf1b-48bd-81b4-cde0b57792a1 None None] The cell worker thread pool MainProcess.cell_worker is initialized
Jul 04 00:38:56.340598 np0000004496 devstack@n-api-meta.service[95859]: DEBUG oslo_concurrency.lockutils [None req-ba1fe461-bf1b-48bd-81b4-cde0b57792a1 None None] Acquiring lock "00000000-0000-0000-0000-000000000000" by "nova.context.set_target_cell..get_or_set_cached_cell_and_set_connections" {{(pid=95859) inner /opt/stack/data/venv/lib/python3.12/site-packages/oslo_concurrency/lockutils.py:511}}
Jul 04 00:38:56.340803 np0000004496 devstack@n-api-meta.service[95859]: DEBUG oslo_concurrency.lockutils [None req-ba1fe461-bf1b-48bd-81b4-cde0b57792a1 None None] Lock "00000000-0000-0000-0000-000000000000" acquired by "nova.context.set_target_cell..get_or_set_cached_cell_and_set_connections" :: waited 0.000s {{(pid=95859) inner /opt/stack/data/venv/lib/python3.12/site-packages/oslo_concurrency/lockutils.py:524}}
Jul 04 00:38:56.341672 np0000004496 devstack@n-api-meta.service[95859]: DEBUG oslo_concurrency.lockutils [None req-ba1fe461-bf1b-48bd-81b4-cde0b57792a1 None None] Lock "00000000-0000-0000-0000-000000000000" "released" by "nova.context.set_target_cell..get_or_set_cached_cell_and_set_connections" :: held 0.000s {{(pid=95859) inner /opt/stack/data/venv/lib/python3.12/site-packages/oslo_concurrency/lockutils.py:543}}
Jul 04 00:38:56.342056 np0000004496 devstack@n-api-meta.service[95859]: DEBUG oslo_concurrency.lockutils [None req-ba1fe461-bf1b-48bd-81b4-cde0b57792a1 None None] Acquiring lock "cb9935f8-fc03-4668-84e0-255f09315082" by "nova.context.set_target_cell..get_or_set_cached_cell_and_set_connections" {{(pid=95859) inner /opt/stack/data/venv/lib/python3.12/site-packages/oslo_concurrency/lockutils.py:511}}
Jul 04 00:38:56.343882 np0000004496 devstack@n-api-meta.service[95859]: INFO dbcounter [None req-ba1fe461-bf1b-48bd-81b4-cde0b57792a1 None None] Registered counter for database nova_cell0
Jul 04 00:38:56.345132 np0000004496 devstack@n-api-meta.service[95859]: DEBUG oslo_concurrency.lockutils [None req-ba1fe461-bf1b-48bd-81b4-cde0b57792a1 None None] Lock "cb9935f8-fc03-4668-84e0-255f09315082" acquired by "nova.context.set_target_cell..get_or_set_cached_cell_and_set_connections" :: waited 0.002s {{(pid=95859) inner /opt/stack/data/venv/lib/python3.12/site-packages/oslo_concurrency/lockutils.py:524}}
Jul 04 00:38:56.346460 np0000004496 devstack@n-api-meta.service[95859]: DEBUG oslo_concurrency.lockutils [None req-ba1fe461-bf1b-48bd-81b4-cde0b57792a1 None None] Lock "cb9935f8-fc03-4668-84e0-255f09315082" "released" by "nova.context.set_target_cell..get_or_set_cached_cell_and_set_connections" :: held 0.003s {{(pid=95859) inner /opt/stack/data/venv/lib/python3.12/site-packages/oslo_concurrency/lockutils.py:543}}
Jul 04 00:38:56.350651 np0000004496 devstack@n-api-meta.service[95859]: INFO dbcounter [None req-ba1fe461-bf1b-48bd-81b4-cde0b57792a1 None None] Registered counter for database nova_cell1
Jul 04 00:38:56.356683 np0000004496 devstack@n-api-meta.service[95858]: DEBUG dbcounter [-] [95858] Writer thread running {{(pid=95858) stat_writer /opt/stack/data/venv/lib/python3.12/site-packages/dbcounter.py:102}}
Jul 04 00:38:56.360950 np0000004496 devstack@n-api-meta.service[95858]: DEBUG nova.context [None req-4fe95942-3598-4f5f-86a5-a366a6e3eeba None None] Found 2 cells: 00000000-0000-0000-0000-000000000000(cell0),cb9935f8-fc03-4668-84e0-255f09315082(cell1) {{(pid=95858) load_cells /opt/stack/nova/nova/context.py:509}}
Jul 04 00:38:56.361205 np0000004496 devstack@n-api-meta.service[95858]: INFO nova.utils [None req-4fe95942-3598-4f5f-86a5-a366a6e3eeba None None] The cell worker thread pool MainProcess.cell_worker is initialized
Jul 04 00:38:56.363192 np0000004496 devstack@n-api-meta.service[95858]: DEBUG oslo_concurrency.lockutils [None req-4fe95942-3598-4f5f-86a5-a366a6e3eeba None None] Acquiring lock "00000000-0000-0000-0000-000000000000" by "nova.context.set_target_cell..get_or_set_cached_cell_and_set_connections" {{(pid=95858) inner /opt/stack/data/venv/lib/python3.12/site-packages/oslo_concurrency/lockutils.py:511}}
Jul 04 00:38:56.363340 np0000004496 devstack@n-api-meta.service[95860]: INFO dbcounter [None req-fa37be3e-30c6-42e7-96b4-53d8e128dc18 None None] Registered counter for database nova_api
Jul 04 00:38:56.363804 np0000004496 devstack@n-api-meta.service[95858]: DEBUG oslo_concurrency.lockutils [None req-4fe95942-3598-4f5f-86a5-a366a6e3eeba None None] Lock "00000000-0000-0000-0000-000000000000" acquired by "nova.context.set_target_cell..get_or_set_cached_cell_and_set_connections" :: waited 0.000s {{(pid=95858) inner /opt/stack/data/venv/lib/python3.12/site-packages/oslo_concurrency/lockutils.py:524}}
Jul 04 00:38:56.363868 np0000004496 devstack@n-api-meta.service[95858]: DEBUG oslo_concurrency.lockutils [None req-4fe95942-3598-4f5f-86a5-a366a6e3eeba None None] Lock "00000000-0000-0000-0000-000000000000" "released" by "nova.context.set_target_cell..get_or_set_cached_cell_and_set_connections" :: held 0.000s {{(pid=95858) inner /opt/stack/data/venv/lib/python3.12/site-packages/oslo_concurrency/lockutils.py:543}}
Jul 04 00:38:56.364706 np0000004496 devstack@n-api-meta.service[95858]: DEBUG oslo_concurrency.lockutils [None req-4fe95942-3598-4f5f-86a5-a366a6e3eeba None None] Acquiring lock "cb9935f8-fc03-4668-84e0-255f09315082" by "nova.context.set_target_cell..get_or_set_cached_cell_and_set_connections" {{(pid=95858) inner /opt/stack/data/venv/lib/python3.12/site-packages/oslo_concurrency/lockutils.py:511}}
Jul 04 00:38:56.364857 np0000004496 devstack@n-api-meta.service[95858]: DEBUG oslo_concurrency.lockutils [None req-4fe95942-3598-4f5f-86a5-a366a6e3eeba None None] Lock "cb9935f8-fc03-4668-84e0-255f09315082" acquired by "nova.context.set_target_cell..get_or_set_cached_cell_and_set_connections" :: waited 0.000s {{(pid=95858) inner /opt/stack/data/venv/lib/python3.12/site-packages/oslo_concurrency/lockutils.py:524}}
Jul 04 00:38:56.365673 np0000004496 devstack@n-api-meta.service[95858]: DEBUG oslo_concurrency.lockutils [None req-4fe95942-3598-4f5f-86a5-a366a6e3eeba None None] Lock "cb9935f8-fc03-4668-84e0-255f09315082" "released" by "nova.context.set_target_cell..get_or_set_cached_cell_and_set_connections" :: held 0.001s {{(pid=95858) inner /opt/stack/data/venv/lib/python3.12/site-packages/oslo_concurrency/lockutils.py:543}}
Jul 04 00:38:56.368454 np0000004496 devstack@n-api-meta.service[95861]: DEBUG dbcounter [-] [95861] Writer thread running {{(pid=95861) stat_writer /opt/stack/data/venv/lib/python3.12/site-packages/dbcounter.py:102}}
Jul 04 00:38:56.368595 np0000004496 devstack@n-api-meta.service[95858]: INFO dbcounter [None req-4fe95942-3598-4f5f-86a5-a366a6e3eeba None None] Registered counter for database nova_cell0
Jul 04 00:38:56.370281 np0000004496 devstack@n-api-meta.service[95861]: DEBUG nova.context [None req-e1bbef8c-3d10-49d1-8c98-1de77f254d8b None None] Found 2 cells: 00000000-0000-0000-0000-000000000000(cell0),cb9935f8-fc03-4668-84e0-255f09315082(cell1) {{(pid=95861) load_cells /opt/stack/nova/nova/context.py:509}}
Jul 04 00:38:56.370685 np0000004496 devstack@n-api-meta.service[95861]: INFO nova.utils [None req-e1bbef8c-3d10-49d1-8c98-1de77f254d8b None None] The cell worker thread pool MainProcess.cell_worker is initialized
Jul 04 00:38:56.372908 np0000004496 devstack@n-api-meta.service[95858]: INFO dbcounter [None req-4fe95942-3598-4f5f-86a5-a366a6e3eeba None None] Registered counter for database nova_cell1
Jul 04 00:38:56.373082 np0000004496 devstack@n-api-meta.service[95861]: DEBUG oslo_concurrency.lockutils [None req-e1bbef8c-3d10-49d1-8c98-1de77f254d8b None None] Acquiring lock "00000000-0000-0000-0000-000000000000" by "nova.context.set_target_cell..get_or_set_cached_cell_and_set_connections" {{(pid=95861) inner /opt/stack/data/venv/lib/python3.12/site-packages/oslo_concurrency/lockutils.py:511}}
Jul 04 00:38:56.373344 np0000004496 devstack@n-api-meta.service[95861]: DEBUG oslo_concurrency.lockutils [None req-e1bbef8c-3d10-49d1-8c98-1de77f254d8b None None] Lock "00000000-0000-0000-0000-000000000000" acquired by "nova.context.set_target_cell..get_or_set_cached_cell_and_set_connections" :: waited 0.000s {{(pid=95861) inner /opt/stack/data/venv/lib/python3.12/site-packages/oslo_concurrency/lockutils.py:524}}
Jul 04 00:38:56.373938 np0000004496 devstack@n-api-meta.service[95861]: DEBUG oslo_concurrency.lockutils [None req-e1bbef8c-3d10-49d1-8c98-1de77f254d8b None None] Lock "00000000-0000-0000-0000-000000000000" "released" by "nova.context.set_target_cell..get_or_set_cached_cell_and_set_connections" :: held 0.001s {{(pid=95861) inner /opt/stack/data/venv/lib/python3.12/site-packages/oslo_concurrency/lockutils.py:543}}
Jul 04 00:38:56.374892 np0000004496 devstack@n-api-meta.service[95861]: DEBUG oslo_concurrency.lockutils [None req-e1bbef8c-3d10-49d1-8c98-1de77f254d8b None None] Acquiring lock "cb9935f8-fc03-4668-84e0-255f09315082" by "nova.context.set_target_cell..get_or_set_cached_cell_and_set_connections" {{(pid=95861) inner /opt/stack/data/venv/lib/python3.12/site-packages/oslo_concurrency/lockutils.py:511}}
Jul 04 00:38:56.375112 np0000004496 devstack@n-api-meta.service[95861]: DEBUG oslo_concurrency.lockutils [None req-e1bbef8c-3d10-49d1-8c98-1de77f254d8b None None] Lock "cb9935f8-fc03-4668-84e0-255f09315082" acquired by "nova.context.set_target_cell..get_or_set_cached_cell_and_set_connections" :: waited 0.000s {{(pid=95861) inner /opt/stack/data/venv/lib/python3.12/site-packages/oslo_concurrency/lockutils.py:524}}
Jul 04 00:38:56.376351 np0000004496 devstack@n-api-meta.service[95861]: DEBUG oslo_concurrency.lockutils [None req-e1bbef8c-3d10-49d1-8c98-1de77f254d8b None None] Lock "cb9935f8-fc03-4668-84e0-255f09315082" "released" by "nova.context.set_target_cell..get_or_set_cached_cell_and_set_connections" :: held 0.001s {{(pid=95861) inner /opt/stack/data/venv/lib/python3.12/site-packages/oslo_concurrency/lockutils.py:543}}
Jul 04 00:38:56.378267 np0000004496 devstack@n-api-meta.service[95861]: INFO dbcounter [None req-e1bbef8c-3d10-49d1-8c98-1de77f254d8b None None] Registered counter for database nova_cell0
Jul 04 00:38:56.382247 np0000004496 devstack@n-api-meta.service[95861]: INFO dbcounter [None req-e1bbef8c-3d10-49d1-8c98-1de77f254d8b None None] Registered counter for database nova_cell1
Jul 04 00:38:56.389180 np0000004496 devstack@n-api-meta.service[95859]: DEBUG oslo_db.sqlalchemy.engines [None req-ba1fe461-bf1b-48bd-81b4-cde0b57792a1 None None] MySQL server mode set to STRICT_TRANS_TABLES,STRICT_ALL_TABLES,NO_ZERO_IN_DATE,NO_ZERO_DATE,ERROR_FOR_DIVISION_BY_ZERO,TRADITIONAL,NO_ENGINE_SUBSTITUTION {{(pid=95859) _check_effective_sql_mode /opt/stack/data/venv/lib/python3.12/site-packages/oslo_db/sqlalchemy/engines.py:325}}
Jul 04 00:38:56.424874 np0000004496 devstack@n-api-meta.service[95860]: DEBUG oslo_db.sqlalchemy.engines [None req-fa37be3e-30c6-42e7-96b4-53d8e128dc18 None None] MySQL server mode set to STRICT_TRANS_TABLES,STRICT_ALL_TABLES,NO_ZERO_IN_DATE,NO_ZERO_DATE,ERROR_FOR_DIVISION_BY_ZERO,TRADITIONAL,NO_ENGINE_SUBSTITUTION {{(pid=95860) _check_effective_sql_mode /opt/stack/data/venv/lib/python3.12/site-packages/oslo_db/sqlalchemy/engines.py:325}}
Jul 04 00:38:56.436202 np0000004496 devstack@n-api-meta.service[95858]: DEBUG oslo_db.sqlalchemy.engines [None req-4fe95942-3598-4f5f-86a5-a366a6e3eeba None None] MySQL server mode set to STRICT_TRANS_TABLES,STRICT_ALL_TABLES,NO_ZERO_IN_DATE,NO_ZERO_DATE,ERROR_FOR_DIVISION_BY_ZERO,TRADITIONAL,NO_ENGINE_SUBSTITUTION {{(pid=95858) _check_effective_sql_mode /opt/stack/data/venv/lib/python3.12/site-packages/oslo_db/sqlalchemy/engines.py:325}}
Jul 04 00:38:56.440124 np0000004496 devstack@n-api-meta.service[95858]: DEBUG oslo_db.sqlalchemy.engines [None req-4fe95942-3598-4f5f-86a5-a366a6e3eeba None None] MySQL server mode set to STRICT_TRANS_TABLES,STRICT_ALL_TABLES,NO_ZERO_IN_DATE,NO_ZERO_DATE,ERROR_FOR_DIVISION_BY_ZERO,TRADITIONAL,NO_ENGINE_SUBSTITUTION {{(pid=95858) _check_effective_sql_mode /opt/stack/data/venv/lib/python3.12/site-packages/oslo_db/sqlalchemy/engines.py:325}}
Jul 04 00:38:56.444726 np0000004496 devstack@n-api-meta.service[95861]: DEBUG oslo_db.sqlalchemy.engines [None req-e1bbef8c-3d10-49d1-8c98-1de77f254d8b None None] MySQL server mode set to STRICT_TRANS_TABLES,STRICT_ALL_TABLES,NO_ZERO_IN_DATE,NO_ZERO_DATE,ERROR_FOR_DIVISION_BY_ZERO,TRADITIONAL,NO_ENGINE_SUBSTITUTION {{(pid=95861) _check_effective_sql_mode /opt/stack/data/venv/lib/python3.12/site-packages/oslo_db/sqlalchemy/engines.py:325}}
Jul 04 00:38:56.457559 np0000004496 devstack@n-api-meta.service[95861]: DEBUG oslo_db.sqlalchemy.engines [None req-e1bbef8c-3d10-49d1-8c98-1de77f254d8b None None] MySQL server mode set to STRICT_TRANS_TABLES,STRICT_ALL_TABLES,NO_ZERO_IN_DATE,NO_ZERO_DATE,ERROR_FOR_DIVISION_BY_ZERO,TRADITIONAL,NO_ENGINE_SUBSTITUTION {{(pid=95861) _check_effective_sql_mode /opt/stack/data/venv/lib/python3.12/site-packages/oslo_db/sqlalchemy/engines.py:325}}
Jul 04 00:38:56.466953 np0000004496 devstack@n-api-meta.service[95860]: DEBUG dbcounter [-] [95860] Writer thread running {{(pid=95860) stat_writer /opt/stack/data/venv/lib/python3.12/site-packages/dbcounter.py:102}}
Jul 04 00:38:56.470090 np0000004496 devstack@n-api-meta.service[95860]: DEBUG nova.context [None req-fa37be3e-30c6-42e7-96b4-53d8e128dc18 None None] Found 2 cells: 00000000-0000-0000-0000-000000000000(cell0),cb9935f8-fc03-4668-84e0-255f09315082(cell1) {{(pid=95860) load_cells /opt/stack/nova/nova/context.py:509}}
Jul 04 00:38:56.470293 np0000004496 devstack@n-api-meta.service[95860]: INFO nova.utils [None req-fa37be3e-30c6-42e7-96b4-53d8e128dc18 None None] The cell worker thread pool MainProcess.cell_worker is initialized
Jul 04 00:38:56.472113 np0000004496 devstack@n-api-meta.service[95860]: DEBUG oslo_concurrency.lockutils [None req-fa37be3e-30c6-42e7-96b4-53d8e128dc18 None None] Acquiring lock "00000000-0000-0000-0000-000000000000" by "nova.context.set_target_cell..get_or_set_cached_cell_and_set_connections" {{(pid=95860) inner /opt/stack/data/venv/lib/python3.12/site-packages/oslo_concurrency/lockutils.py:511}}
Jul 04 00:38:56.472312 np0000004496 devstack@n-api-meta.service[95860]: DEBUG oslo_concurrency.lockutils [None req-fa37be3e-30c6-42e7-96b4-53d8e128dc18 None None] Lock "00000000-0000-0000-0000-000000000000" acquired by "nova.context.set_target_cell..get_or_set_cached_cell_and_set_connections" :: waited 0.000s {{(pid=95860) inner /opt/stack/data/venv/lib/python3.12/site-packages/oslo_concurrency/lockutils.py:524}}
Jul 04 00:38:56.472846 np0000004496 devstack@n-api-meta.service[95860]: DEBUG oslo_concurrency.lockutils [None req-fa37be3e-30c6-42e7-96b4-53d8e128dc18 None None] Lock "00000000-0000-0000-0000-000000000000" "released" by "nova.context.set_target_cell..get_or_set_cached_cell_and_set_connections" :: held 0.001s {{(pid=95860) inner /opt/stack/data/venv/lib/python3.12/site-packages/oslo_concurrency/lockutils.py:543}}
Jul 04 00:38:56.473713 np0000004496 devstack@n-api-meta.service[95860]: DEBUG oslo_concurrency.lockutils [None req-fa37be3e-30c6-42e7-96b4-53d8e128dc18 None None] Acquiring lock "cb9935f8-fc03-4668-84e0-255f09315082" by "nova.context.set_target_cell..get_or_set_cached_cell_and_set_connections" {{(pid=95860) inner /opt/stack/data/venv/lib/python3.12/site-packages/oslo_concurrency/lockutils.py:511}}
Jul 04 00:38:56.473926 np0000004496 devstack@n-api-meta.service[95860]: DEBUG oslo_concurrency.lockutils [None req-fa37be3e-30c6-42e7-96b4-53d8e128dc18 None None] Lock "cb9935f8-fc03-4668-84e0-255f09315082" acquired by "nova.context.set_target_cell..get_or_set_cached_cell_and_set_connections" :: waited 0.000s {{(pid=95860) inner /opt/stack/data/venv/lib/python3.12/site-packages/oslo_concurrency/lockutils.py:524}}
Jul 04 00:38:56.475133 np0000004496 devstack@n-api-meta.service[95860]: DEBUG oslo_concurrency.lockutils [None req-fa37be3e-30c6-42e7-96b4-53d8e128dc18 None None] Lock "cb9935f8-fc03-4668-84e0-255f09315082" "released" by "nova.context.set_target_cell..get_or_set_cached_cell_and_set_connections" :: held 0.001s {{(pid=95860) inner /opt/stack/data/venv/lib/python3.12/site-packages/oslo_concurrency/lockutils.py:543}}
Jul 04 00:38:56.477301 np0000004496 devstack@n-api-meta.service[95860]: INFO dbcounter [None req-fa37be3e-30c6-42e7-96b4-53d8e128dc18 None None] Registered counter for database nova_cell0
Jul 04 00:38:56.477846 np0000004496 devstack@n-api-meta.service[95859]: DEBUG dbcounter [-] [95859] Writer thread running {{(pid=95859) stat_writer /opt/stack/data/venv/lib/python3.12/site-packages/dbcounter.py:102}}
Jul 04 00:38:56.482578 np0000004496 devstack@n-api-meta.service[95860]: INFO dbcounter [None req-fa37be3e-30c6-42e7-96b4-53d8e128dc18 None None] Registered counter for database nova_cell1
Jul 04 00:38:56.483148 np0000004496 devstack@n-api-meta.service[95859]: DEBUG oslo_db.sqlalchemy.engines [None req-ba1fe461-bf1b-48bd-81b4-cde0b57792a1 None None] MySQL server mode set to STRICT_TRANS_TABLES,STRICT_ALL_TABLES,NO_ZERO_IN_DATE,NO_ZERO_DATE,ERROR_FOR_DIVISION_BY_ZERO,TRADITIONAL,NO_ENGINE_SUBSTITUTION {{(pid=95859) _check_effective_sql_mode /opt/stack/data/venv/lib/python3.12/site-packages/oslo_db/sqlalchemy/engines.py:325}}
Jul 04 00:38:56.490972 np0000004496 devstack@n-api-meta.service[95859]: DEBUG dbcounter [-] [95859] Writer thread running {{(pid=95859) stat_writer /opt/stack/data/venv/lib/python3.12/site-packages/dbcounter.py:102}}
Jul 04 00:38:56.495291 np0000004496 devstack@n-api-meta.service[95859]: INFO dbcounter [None req-ba1fe461-bf1b-48bd-81b4-cde0b57792a1 None None] Registered counter for database nova_cell0
Jul 04 00:38:56.545485 np0000004496 devstack@n-api-meta.service[95859]: DEBUG oslo_db.sqlalchemy.engines [None req-ba1fe461-bf1b-48bd-81b4-cde0b57792a1 None None] MySQL server mode set to STRICT_TRANS_TABLES,STRICT_ALL_TABLES,NO_ZERO_IN_DATE,NO_ZERO_DATE,ERROR_FOR_DIVISION_BY_ZERO,TRADITIONAL,NO_ENGINE_SUBSTITUTION {{(pid=95859) _check_effective_sql_mode /opt/stack/data/venv/lib/python3.12/site-packages/oslo_db/sqlalchemy/engines.py:325}}
Jul 04 00:38:56.546047 np0000004496 devstack@n-api-meta.service[95860]: DEBUG oslo_db.sqlalchemy.engines [None req-fa37be3e-30c6-42e7-96b4-53d8e128dc18 None None] MySQL server mode set to STRICT_TRANS_TABLES,STRICT_ALL_TABLES,NO_ZERO_IN_DATE,NO_ZERO_DATE,ERROR_FOR_DIVISION_BY_ZERO,TRADITIONAL,NO_ENGINE_SUBSTITUTION {{(pid=95860) _check_effective_sql_mode /opt/stack/data/venv/lib/python3.12/site-packages/oslo_db/sqlalchemy/engines.py:325}}
Jul 04 00:38:56.552745 np0000004496 devstack@n-api-meta.service[95859]: DEBUG dbcounter [-] [95859] Writer thread running {{(pid=95859) stat_writer /opt/stack/data/venv/lib/python3.12/site-packages/dbcounter.py:102}}
Jul 04 00:38:56.553801 np0000004496 devstack@n-api-meta.service[95861]: DEBUG dbcounter [-] [95861] Writer thread running {{(pid=95861) stat_writer /opt/stack/data/venv/lib/python3.12/site-packages/dbcounter.py:102}}
Jul 04 00:38:56.554862 np0000004496 devstack@n-api-meta.service[95858]: DEBUG dbcounter [-] [95858] Writer thread running {{(pid=95858) stat_writer /opt/stack/data/venv/lib/python3.12/site-packages/dbcounter.py:102}}
Jul 04 00:38:56.556783 np0000004496 devstack@n-api-meta.service[95858]: DEBUG dbcounter [-] [95858] Writer thread running {{(pid=95858) stat_writer /opt/stack/data/venv/lib/python3.12/site-packages/dbcounter.py:102}}
Jul 04 00:38:56.558363 np0000004496 devstack@n-api-meta.service[95861]: DEBUG dbcounter [-] [95861] Writer thread running {{(pid=95861) stat_writer /opt/stack/data/venv/lib/python3.12/site-packages/dbcounter.py:102}}
Jul 04 00:38:56.562371 np0000004496 devstack@n-api-meta.service[95861]: INFO dbcounter [None req-e1bbef8c-3d10-49d1-8c98-1de77f254d8b None None] Registered counter for database nova_cell0
Jul 04 00:38:56.563266 np0000004496 devstack@n-api-meta.service[95858]: INFO dbcounter [None req-4fe95942-3598-4f5f-86a5-a366a6e3eeba None None] Registered counter for database nova_cell0
Jul 04 00:38:56.596686 np0000004496 devstack@n-api-meta.service[95859]: WARNING nova.api.metadata.handler [None req-ba1fe461-bf1b-48bd-81b4-cde0b57792a1 None None] metadata_proxy_shared_secret is not configured, the metadata information returned by the proxy cannot be trusted
Jul 04 00:38:56.599193 np0000004496 devstack@n-api-meta.service[95859]: DEBUG nova.api.openstack.wsgi_app [None req-ba1fe461-bf1b-48bd-81b4-cde0b57792a1 None None] ******************************************************************************** {{(pid=95859) log_opt_values /opt/stack/data/venv/lib/python3.12/site-packages/oslo_config/cfg.py:3226}}
Jul 04 00:38:56.599193 np0000004496 devstack@n-api-meta.service[95859]: DEBUG nova.api.openstack.wsgi_app [None req-ba1fe461-bf1b-48bd-81b4-cde0b57792a1 None None] Configuration options gathered from: {{(pid=95859) log_opt_values /opt/stack/data/venv/lib/python3.12/site-packages/oslo_config/cfg.py:3227}}
Jul 04 00:38:56.599193 np0000004496 devstack@n-api-meta.service[95859]: DEBUG nova.api.openstack.wsgi_app [None req-ba1fe461-bf1b-48bd-81b4-cde0b57792a1 None None] command line args: [] {{(pid=95859) log_opt_values /opt/stack/data/venv/lib/python3.12/site-packages/oslo_config/cfg.py:3228}}
Jul 04 00:38:56.599373 np0000004496 devstack@n-api-meta.service[95859]: DEBUG nova.api.openstack.wsgi_app [None req-ba1fe461-bf1b-48bd-81b4-cde0b57792a1 None None] config files: ['/etc/nova/api-paste.ini', '/etc/nova/nova.conf'] {{(pid=95859) log_opt_values /opt/stack/data/venv/lib/python3.12/site-packages/oslo_config/cfg.py:3229}}
Jul 04 00:38:56.599373 np0000004496 devstack@n-api-meta.service[95859]: DEBUG nova.api.openstack.wsgi_app [None req-ba1fe461-bf1b-48bd-81b4-cde0b57792a1 None None] ================================================================================ {{(pid=95859) log_opt_values /opt/stack/data/venv/lib/python3.12/site-packages/oslo_config/cfg.py:3234}}
Jul 04 00:38:56.599570 np0000004496 devstack@n-api-meta.service[95859]: DEBUG nova.api.openstack.wsgi_app [None req-ba1fe461-bf1b-48bd-81b4-cde0b57792a1 None None] allow_resize_to_same_host = True {{(pid=95859) log_opt_values /opt/stack/data/venv/lib/python3.12/site-packages/oslo_config/cfg.py:3242}}
Jul 04 00:38:56.599719 np0000004496 devstack@n-api-meta.service[95859]: DEBUG nova.api.openstack.wsgi_app [None req-ba1fe461-bf1b-48bd-81b4-cde0b57792a1 None None] arq_binding_timeout = 300 {{(pid=95859) log_opt_values /opt/stack/data/venv/lib/python3.12/site-packages/oslo_config/cfg.py:3242}}
Jul 04 00:38:56.599848 np0000004496 devstack@n-api-meta.service[95859]: DEBUG nova.api.openstack.wsgi_app [None req-ba1fe461-bf1b-48bd-81b4-cde0b57792a1 None None] block_device_allocate_retries = 60 {{(pid=95859) log_opt_values /opt/stack/data/venv/lib/python3.12/site-packages/oslo_config/cfg.py:3242}}
Jul 04 00:38:56.599979 np0000004496 devstack@n-api-meta.service[95859]: DEBUG nova.api.openstack.wsgi_app [None req-ba1fe461-bf1b-48bd-81b4-cde0b57792a1 None None] block_device_allocate_retries_interval = 3 {{(pid=95859) log_opt_values /opt/stack/data/venv/lib/python3.12/site-packages/oslo_config/cfg.py:3242}}
Jul 04 00:38:56.600110 np0000004496 devstack@n-api-meta.service[95859]: DEBUG nova.api.openstack.wsgi_app [None req-ba1fe461-bf1b-48bd-81b4-cde0b57792a1 None None] cell_worker_thread_pool_size = 5 {{(pid=95859) log_opt_values /opt/stack/data/venv/lib/python3.12/site-packages/oslo_config/cfg.py:3242}}
Jul 04 00:38:56.600260 np0000004496 devstack@n-api-meta.service[95859]: DEBUG nova.api.openstack.wsgi_app [None req-ba1fe461-bf1b-48bd-81b4-cde0b57792a1 None None] cert = self.pem {{(pid=95859) log_opt_values /opt/stack/data/venv/lib/python3.12/site-packages/oslo_config/cfg.py:3242}}
Jul 04 00:38:56.600396 np0000004496 devstack@n-api-meta.service[95859]: DEBUG nova.api.openstack.wsgi_app [None req-ba1fe461-bf1b-48bd-81b4-cde0b57792a1 None None] compute_driver = libvirt.LibvirtDriver {{(pid=95859) log_opt_values /opt/stack/data/venv/lib/python3.12/site-packages/oslo_config/cfg.py:3242}}
Jul 04 00:38:56.600579 np0000004496 devstack@n-api-meta.service[95859]: DEBUG nova.api.openstack.wsgi_app [None req-ba1fe461-bf1b-48bd-81b4-cde0b57792a1 None None] compute_monitors = [] {{(pid=95859) log_opt_values /opt/stack/data/venv/lib/python3.12/site-packages/oslo_config/cfg.py:3242}}
Jul 04 00:38:56.600730 np0000004496 devstack@n-api-meta.service[95859]: DEBUG nova.api.openstack.wsgi_app [None req-ba1fe461-bf1b-48bd-81b4-cde0b57792a1 None None] config_dir = [] {{(pid=95859) log_opt_values /opt/stack/data/venv/lib/python3.12/site-packages/oslo_config/cfg.py:3242}}
Jul 04 00:38:56.600873 np0000004496 devstack@n-api-meta.service[95859]: DEBUG nova.api.openstack.wsgi_app [None req-ba1fe461-bf1b-48bd-81b4-cde0b57792a1 None None] config_drive_format = iso9660 {{(pid=95859) log_opt_values /opt/stack/data/venv/lib/python3.12/site-packages/oslo_config/cfg.py:3242}}
Jul 04 00:38:56.600965 np0000004496 devstack@n-api-meta.service[95859]: DEBUG nova.api.openstack.wsgi_app [None req-ba1fe461-bf1b-48bd-81b4-cde0b57792a1 None None] config_file = ['/etc/nova/api-paste.ini', '/etc/nova/nova.conf'] {{(pid=95859) log_opt_values /opt/stack/data/venv/lib/python3.12/site-packages/oslo_config/cfg.py:3242}}
Jul 04 00:38:56.601091 np0000004496 devstack@n-api-meta.service[95859]: DEBUG nova.api.openstack.wsgi_app [None req-ba1fe461-bf1b-48bd-81b4-cde0b57792a1 None None] config_source = [] {{(pid=95859) log_opt_values /opt/stack/data/venv/lib/python3.12/site-packages/oslo_config/cfg.py:3242}}
Jul 04 00:38:56.601229 np0000004496 devstack@n-api-meta.service[95859]: DEBUG nova.api.openstack.wsgi_app [None req-ba1fe461-bf1b-48bd-81b4-cde0b57792a1 None None] console_host = np0000004496 {{(pid=95859) log_opt_values /opt/stack/data/venv/lib/python3.12/site-packages/oslo_config/cfg.py:3242}}
Jul 04 00:38:56.601353 np0000004496 devstack@n-api-meta.service[95859]: DEBUG nova.api.openstack.wsgi_app [None req-ba1fe461-bf1b-48bd-81b4-cde0b57792a1 None None] control_exchange = nova {{(pid=95859) log_opt_values /opt/stack/data/venv/lib/python3.12/site-packages/oslo_config/cfg.py:3242}}
Jul 04 00:38:56.601547 np0000004496 devstack@n-api-meta.service[95859]: DEBUG nova.api.openstack.wsgi_app [None req-ba1fe461-bf1b-48bd-81b4-cde0b57792a1 None None] cpu_allocation_ratio = None {{(pid=95859) log_opt_values /opt/stack/data/venv/lib/python3.12/site-packages/oslo_config/cfg.py:3242}}
Jul 04 00:38:56.601603 np0000004496 devstack@n-api-meta.service[95859]: DEBUG nova.api.openstack.wsgi_app [None req-ba1fe461-bf1b-48bd-81b4-cde0b57792a1 None None] daemon = False {{(pid=95859) log_opt_values /opt/stack/data/venv/lib/python3.12/site-packages/oslo_config/cfg.py:3242}}
Jul 04 00:38:56.602107 np0000004496 devstack@n-api-meta.service[95859]: DEBUG nova.api.openstack.wsgi_app [None req-ba1fe461-bf1b-48bd-81b4-cde0b57792a1 None None] debug = True {{(pid=95859) log_opt_values /opt/stack/data/venv/lib/python3.12/site-packages/oslo_config/cfg.py:3242}}
Jul 04 00:38:56.602107 np0000004496 devstack@n-api-meta.service[95859]: DEBUG nova.api.openstack.wsgi_app [None req-ba1fe461-bf1b-48bd-81b4-cde0b57792a1 None None] default_access_ip_network_name = None {{(pid=95859) log_opt_values /opt/stack/data/venv/lib/python3.12/site-packages/oslo_config/cfg.py:3242}}
Jul 04 00:38:56.602107 np0000004496 devstack@n-api-meta.service[95859]: DEBUG nova.api.openstack.wsgi_app [None req-ba1fe461-bf1b-48bd-81b4-cde0b57792a1 None None] default_availability_zone = nova {{(pid=95859) log_opt_values /opt/stack/data/venv/lib/python3.12/site-packages/oslo_config/cfg.py:3242}}
Jul 04 00:38:56.602107 np0000004496 devstack@n-api-meta.service[95859]: DEBUG nova.api.openstack.wsgi_app [None req-ba1fe461-bf1b-48bd-81b4-cde0b57792a1 None None] default_ephemeral_format = ext4 {{(pid=95859) log_opt_values /opt/stack/data/venv/lib/python3.12/site-packages/oslo_config/cfg.py:3242}}
Jul 04 00:38:56.602856 np0000004496 devstack@n-api-meta.service[95859]: DEBUG nova.api.openstack.wsgi_app [None req-ba1fe461-bf1b-48bd-81b4-cde0b57792a1 None None] default_green_pool_size = 1000 {{(pid=95859) log_opt_values /opt/stack/data/venv/lib/python3.12/site-packages/oslo_config/cfg.py:3242}}
Jul 04 00:38:56.602856 np0000004496 devstack@n-api-meta.service[95859]: DEBUG nova.api.openstack.wsgi_app [None req-ba1fe461-bf1b-48bd-81b4-cde0b57792a1 None None] default_log_levels = ['amqp=WARN', 'boto=WARN', 'sqlalchemy=WARN', 'suds=INFO', 'oslo.messaging=INFO', 'oslo_messaging=INFO', 'iso8601=WARN', 'requests.packages.urllib3.connectionpool=WARN', 'urllib3.connectionpool=WARN', 'websocket=WARN', 'requests.packages.urllib3.util.retry=WARN', 'urllib3.util.retry=WARN', 'keystonemiddleware=WARN', 'routes.middleware=WARN', 'stevedore=WARN', 'taskflow=WARN', 'keystoneauth=WARN', 'oslo.cache=INFO', 'oslo_policy=INFO', 'dogpile.core.dogpile=INFO', 'glanceclient=WARN', 'oslo.privsep.daemon=INFO'] {{(pid=95859) log_opt_values /opt/stack/data/venv/lib/python3.12/site-packages/oslo_config/cfg.py:3242}}
Jul 04 00:38:56.602856 np0000004496 devstack@n-api-meta.service[95859]: DEBUG nova.api.openstack.wsgi_app [None req-ba1fe461-bf1b-48bd-81b4-cde0b57792a1 None None] default_schedule_zone = None {{(pid=95859) log_opt_values /opt/stack/data/venv/lib/python3.12/site-packages/oslo_config/cfg.py:3242}}
Jul 04 00:38:56.602856 np0000004496 devstack@n-api-meta.service[95859]: DEBUG nova.api.openstack.wsgi_app [None req-ba1fe461-bf1b-48bd-81b4-cde0b57792a1 None None] default_thread_pool_size = 10 {{(pid=95859) log_opt_values /opt/stack/data/venv/lib/python3.12/site-packages/oslo_config/cfg.py:3242}}
Jul 04 00:38:56.602856 np0000004496 devstack@n-api-meta.service[95859]: DEBUG nova.api.openstack.wsgi_app [None req-ba1fe461-bf1b-48bd-81b4-cde0b57792a1 None None] disk_allocation_ratio = None {{(pid=95859) log_opt_values /opt/stack/data/venv/lib/python3.12/site-packages/oslo_config/cfg.py:3242}}
Jul 04 00:38:56.603083 np0000004496 devstack@n-api-meta.service[95859]: DEBUG nova.api.openstack.wsgi_app [None req-ba1fe461-bf1b-48bd-81b4-cde0b57792a1 None None] enable_new_services = True {{(pid=95859) log_opt_values /opt/stack/data/venv/lib/python3.12/site-packages/oslo_config/cfg.py:3242}}
Jul 04 00:38:56.603083 np0000004496 devstack@n-api-meta.service[95859]: DEBUG nova.api.openstack.wsgi_app [None req-ba1fe461-bf1b-48bd-81b4-cde0b57792a1 None None] flat_injected = False {{(pid=95859) log_opt_values /opt/stack/data/venv/lib/python3.12/site-packages/oslo_config/cfg.py:3242}}
Jul 04 00:38:56.603588 np0000004496 devstack@n-api-meta.service[95859]: DEBUG nova.api.openstack.wsgi_app [None req-ba1fe461-bf1b-48bd-81b4-cde0b57792a1 None None] force_config_drive = True {{(pid=95859) log_opt_values /opt/stack/data/venv/lib/python3.12/site-packages/oslo_config/cfg.py:3242}}
Jul 04 00:38:56.603588 np0000004496 devstack@n-api-meta.service[95859]: DEBUG nova.api.openstack.wsgi_app [None req-ba1fe461-bf1b-48bd-81b4-cde0b57792a1 None None] force_raw_images = True {{(pid=95859) log_opt_values /opt/stack/data/venv/lib/python3.12/site-packages/oslo_config/cfg.py:3242}}
Jul 04 00:38:56.603588 np0000004496 devstack@n-api-meta.service[95859]: DEBUG nova.api.openstack.wsgi_app [None req-ba1fe461-bf1b-48bd-81b4-cde0b57792a1 None None] graceful_shutdown_timeout = 5 {{(pid=95859) log_opt_values /opt/stack/data/venv/lib/python3.12/site-packages/oslo_config/cfg.py:3242}}
Jul 04 00:38:56.603588 np0000004496 devstack@n-api-meta.service[95859]: DEBUG nova.api.openstack.wsgi_app [None req-ba1fe461-bf1b-48bd-81b4-cde0b57792a1 None None] heal_instance_info_cache_interval = -1 {{(pid=95859) log_opt_values /opt/stack/data/venv/lib/python3.12/site-packages/oslo_config/cfg.py:3242}}
Jul 04 00:38:56.603866 np0000004496 devstack@n-api-meta.service[95859]: DEBUG nova.api.openstack.wsgi_app [None req-ba1fe461-bf1b-48bd-81b4-cde0b57792a1 None None] host = np0000004496 {{(pid=95859) log_opt_values /opt/stack/data/venv/lib/python3.12/site-packages/oslo_config/cfg.py:3242}}
Jul 04 00:38:56.603908 np0000004496 devstack@n-api-meta.service[95859]: DEBUG nova.api.openstack.wsgi_app [None req-ba1fe461-bf1b-48bd-81b4-cde0b57792a1 None None] initial_cpu_allocation_ratio = 4.0 {{(pid=95859) log_opt_values /opt/stack/data/venv/lib/python3.12/site-packages/oslo_config/cfg.py:3242}}
Jul 04 00:38:56.604080 np0000004496 devstack@n-api-meta.service[95859]: DEBUG nova.api.openstack.wsgi_app [None req-ba1fe461-bf1b-48bd-81b4-cde0b57792a1 None None] initial_disk_allocation_ratio = 1.0 {{(pid=95859) log_opt_values /opt/stack/data/venv/lib/python3.12/site-packages/oslo_config/cfg.py:3242}}
Jul 04 00:38:56.604139 np0000004496 devstack@n-api-meta.service[95859]: DEBUG nova.api.openstack.wsgi_app [None req-ba1fe461-bf1b-48bd-81b4-cde0b57792a1 None None] initial_ram_allocation_ratio = 1.0 {{(pid=95859) log_opt_values /opt/stack/data/venv/lib/python3.12/site-packages/oslo_config/cfg.py:3242}}
Jul 04 00:38:56.604409 np0000004496 devstack@n-api-meta.service[95859]: DEBUG nova.api.openstack.wsgi_app [None req-ba1fe461-bf1b-48bd-81b4-cde0b57792a1 None None] injected_network_template = /opt/stack/nova/nova/virt/interfaces.template {{(pid=95859) log_opt_values /opt/stack/data/venv/lib/python3.12/site-packages/oslo_config/cfg.py:3242}}
Jul 04 00:38:56.604481 np0000004496 devstack@n-api-meta.service[95859]: DEBUG nova.api.openstack.wsgi_app [None req-ba1fe461-bf1b-48bd-81b4-cde0b57792a1 None None] instance_build_timeout = 0 {{(pid=95859) log_opt_values /opt/stack/data/venv/lib/python3.12/site-packages/oslo_config/cfg.py:3242}}
Jul 04 00:38:56.604589 np0000004496 devstack@n-api-meta.service[95859]: DEBUG nova.api.openstack.wsgi_app [None req-ba1fe461-bf1b-48bd-81b4-cde0b57792a1 None None] instance_delete_interval = 300 {{(pid=95859) log_opt_values /opt/stack/data/venv/lib/python3.12/site-packages/oslo_config/cfg.py:3242}}
Jul 04 00:38:56.604953 np0000004496 devstack@n-api-meta.service[95859]: DEBUG nova.api.openstack.wsgi_app [None req-ba1fe461-bf1b-48bd-81b4-cde0b57792a1 None None] instance_format = [instance: %(uuid)s] {{(pid=95859) log_opt_values /opt/stack/data/venv/lib/python3.12/site-packages/oslo_config/cfg.py:3242}}
Jul 04 00:38:56.604953 np0000004496 devstack@n-api-meta.service[95859]: DEBUG nova.api.openstack.wsgi_app [None req-ba1fe461-bf1b-48bd-81b4-cde0b57792a1 None None] instance_name_template = instance-%08x {{(pid=95859) log_opt_values /opt/stack/data/venv/lib/python3.12/site-packages/oslo_config/cfg.py:3242}}
Jul 04 00:38:56.604953 np0000004496 devstack@n-api-meta.service[95859]: DEBUG nova.api.openstack.wsgi_app [None req-ba1fe461-bf1b-48bd-81b4-cde0b57792a1 None None] instance_usage_audit = False {{(pid=95859) log_opt_values /opt/stack/data/venv/lib/python3.12/site-packages/oslo_config/cfg.py:3242}}
Jul 04 00:38:56.605105 np0000004496 devstack@n-api-meta.service[95859]: DEBUG nova.api.openstack.wsgi_app [None req-ba1fe461-bf1b-48bd-81b4-cde0b57792a1 None None] instance_usage_audit_period = month {{(pid=95859) log_opt_values /opt/stack/data/venv/lib/python3.12/site-packages/oslo_config/cfg.py:3242}}
Jul 04 00:38:56.605220 np0000004496 devstack@n-api-meta.service[95859]: DEBUG nova.api.openstack.wsgi_app [None req-ba1fe461-bf1b-48bd-81b4-cde0b57792a1 None None] instance_uuid_format = [instance: %(uuid)s] {{(pid=95859) log_opt_values /opt/stack/data/venv/lib/python3.12/site-packages/oslo_config/cfg.py:3242}}
Jul 04 00:38:56.605344 np0000004496 devstack@n-api-meta.service[95859]: DEBUG nova.api.openstack.wsgi_app [None req-ba1fe461-bf1b-48bd-81b4-cde0b57792a1 None None] instances_path = /opt/stack/data/nova/instances {{(pid=95859) log_opt_values /opt/stack/data/venv/lib/python3.12/site-packages/oslo_config/cfg.py:3242}}
Jul 04 00:38:56.605488 np0000004496 devstack@n-api-meta.service[95859]: DEBUG nova.api.openstack.wsgi_app [None req-ba1fe461-bf1b-48bd-81b4-cde0b57792a1 None None] internal_service_availability_zone = internal {{(pid=95859) log_opt_values /opt/stack/data/venv/lib/python3.12/site-packages/oslo_config/cfg.py:3242}}
Jul 04 00:38:56.608134 np0000004496 devstack@n-api-meta.service[95859]: DEBUG nova.api.openstack.wsgi_app [None req-ba1fe461-bf1b-48bd-81b4-cde0b57792a1 None None] key = None {{(pid=95859) log_opt_values /opt/stack/data/venv/lib/python3.12/site-packages/oslo_config/cfg.py:3242}}
Jul 04 00:38:56.608134 np0000004496 devstack@n-api-meta.service[95859]: DEBUG nova.api.openstack.wsgi_app [None req-ba1fe461-bf1b-48bd-81b4-cde0b57792a1 None None] live_migration_retry_count = 30 {{(pid=95859) log_opt_values /opt/stack/data/venv/lib/python3.12/site-packages/oslo_config/cfg.py:3242}}
Jul 04 00:38:56.608134 np0000004496 devstack@n-api-meta.service[95859]: DEBUG nova.api.openstack.wsgi_app [None req-ba1fe461-bf1b-48bd-81b4-cde0b57792a1 None None] log_color = False {{(pid=95859) log_opt_values /opt/stack/data/venv/lib/python3.12/site-packages/oslo_config/cfg.py:3242}}
Jul 04 00:38:56.608134 np0000004496 devstack@n-api-meta.service[95859]: DEBUG nova.api.openstack.wsgi_app [None req-ba1fe461-bf1b-48bd-81b4-cde0b57792a1 None None] log_config_append = None {{(pid=95859) log_opt_values /opt/stack/data/venv/lib/python3.12/site-packages/oslo_config/cfg.py:3242}}
Jul 04 00:38:56.608134 np0000004496 devstack@n-api-meta.service[95859]: DEBUG nova.api.openstack.wsgi_app [None req-ba1fe461-bf1b-48bd-81b4-cde0b57792a1 None None] log_date_format = %Y-%m-%d %H:%M:%S {{(pid=95859) log_opt_values /opt/stack/data/venv/lib/python3.12/site-packages/oslo_config/cfg.py:3242}}
Jul 04 00:38:56.608134 np0000004496 devstack@n-api-meta.service[95859]: DEBUG nova.api.openstack.wsgi_app [None req-ba1fe461-bf1b-48bd-81b4-cde0b57792a1 None None] log_dir = None {{(pid=95859) log_opt_values /opt/stack/data/venv/lib/python3.12/site-packages/oslo_config/cfg.py:3242}}
Jul 04 00:38:56.608134 np0000004496 devstack@n-api-meta.service[95859]: DEBUG nova.api.openstack.wsgi_app [None req-ba1fe461-bf1b-48bd-81b4-cde0b57792a1 None None] log_file = None {{(pid=95859) log_opt_values /opt/stack/data/venv/lib/python3.12/site-packages/oslo_config/cfg.py:3242}}
Jul 04 00:38:56.608443 np0000004496 devstack@n-api-meta.service[95859]: DEBUG nova.api.openstack.wsgi_app [None req-ba1fe461-bf1b-48bd-81b4-cde0b57792a1 None None] log_options = True {{(pid=95859) log_opt_values /opt/stack/data/venv/lib/python3.12/site-packages/oslo_config/cfg.py:3242}}
Jul 04 00:38:56.608443 np0000004496 devstack@n-api-meta.service[95859]: DEBUG nova.api.openstack.wsgi_app [None req-ba1fe461-bf1b-48bd-81b4-cde0b57792a1 None None] log_rotate_interval = 1 {{(pid=95859) log_opt_values /opt/stack/data/venv/lib/python3.12/site-packages/oslo_config/cfg.py:3242}}
Jul 04 00:38:56.608443 np0000004496 devstack@n-api-meta.service[95859]: DEBUG nova.api.openstack.wsgi_app [None req-ba1fe461-bf1b-48bd-81b4-cde0b57792a1 None None] log_rotate_interval_type = days {{(pid=95859) log_opt_values /opt/stack/data/venv/lib/python3.12/site-packages/oslo_config/cfg.py:3242}}
Jul 04 00:38:56.608443 np0000004496 devstack@n-api-meta.service[95859]: DEBUG nova.api.openstack.wsgi_app [None req-ba1fe461-bf1b-48bd-81b4-cde0b57792a1 None None] log_rotation_type = none {{(pid=95859) log_opt_values /opt/stack/data/venv/lib/python3.12/site-packages/oslo_config/cfg.py:3242}}
Jul 04 00:38:56.608443 np0000004496 devstack@n-api-meta.service[95859]: DEBUG nova.api.openstack.wsgi_app [None req-ba1fe461-bf1b-48bd-81b4-cde0b57792a1 None None] logging_context_format_string = %(color)s%(levelname)s %(name)s [%(global_request_id)s %(request_id)s %(project_name)s %(user_name)s%(color)s] %(instance)s%(color)s%(message)s {{(pid=95859) log_opt_values /opt/stack/data/venv/lib/python3.12/site-packages/oslo_config/cfg.py:3242}}
Jul 04 00:38:56.608443 np0000004496 devstack@n-api-meta.service[95859]: DEBUG nova.api.openstack.wsgi_app [None req-ba1fe461-bf1b-48bd-81b4-cde0b57792a1 None None] logging_debug_format_suffix = {{(pid=%(process)d) %(funcName)s %(pathname)s:%(lineno)d}} {{(pid=95859) log_opt_values /opt/stack/data/venv/lib/python3.12/site-packages/oslo_config/cfg.py:3242}}
Jul 04 00:38:56.608707 np0000004496 devstack@n-api-meta.service[95860]: DEBUG oslo_db.sqlalchemy.engines [None req-fa37be3e-30c6-42e7-96b4-53d8e128dc18 None None] MySQL server mode set to STRICT_TRANS_TABLES,STRICT_ALL_TABLES,NO_ZERO_IN_DATE,NO_ZERO_DATE,ERROR_FOR_DIVISION_BY_ZERO,TRADITIONAL,NO_ENGINE_SUBSTITUTION {{(pid=95860) _check_effective_sql_mode /opt/stack/data/venv/lib/python3.12/site-packages/oslo_db/sqlalchemy/engines.py:325}}
Jul 04 00:38:56.608756 np0000004496 devstack@n-api-meta.service[95859]: DEBUG nova.api.openstack.wsgi_app [None req-ba1fe461-bf1b-48bd-81b4-cde0b57792a1 None None] logging_default_format_string = %(color)s%(levelname)s %(name)s [-%(color)s] %(instance)s%(color)s%(message)s {{(pid=95859) log_opt_values /opt/stack/data/venv/lib/python3.12/site-packages/oslo_config/cfg.py:3242}}
Jul 04 00:38:56.608756 np0000004496 devstack@n-api-meta.service[95859]: DEBUG nova.api.openstack.wsgi_app [None req-ba1fe461-bf1b-48bd-81b4-cde0b57792a1 None None] logging_exception_prefix = ERROR %(name)s %(instance)s {{(pid=95859) log_opt_values /opt/stack/data/venv/lib/python3.12/site-packages/oslo_config/cfg.py:3242}}
Jul 04 00:38:56.608756 np0000004496 devstack@n-api-meta.service[95859]: DEBUG nova.api.openstack.wsgi_app [None req-ba1fe461-bf1b-48bd-81b4-cde0b57792a1 None None] logging_user_identity_format = %(user)s %(project)s %(domain)s %(system_scope)s %(user_domain)s %(project_domain)s {{(pid=95859) log_opt_values /opt/stack/data/venv/lib/python3.12/site-packages/oslo_config/cfg.py:3242}}
Jul 04 00:38:56.608756 np0000004496 devstack@n-api-meta.service[95859]: DEBUG nova.api.openstack.wsgi_app [None req-ba1fe461-bf1b-48bd-81b4-cde0b57792a1 None None] long_rpc_timeout = 1800 {{(pid=95859) log_opt_values /opt/stack/data/venv/lib/python3.12/site-packages/oslo_config/cfg.py:3242}}
Jul 04 00:38:56.608756 np0000004496 devstack@n-api-meta.service[95859]: DEBUG nova.api.openstack.wsgi_app [None req-ba1fe461-bf1b-48bd-81b4-cde0b57792a1 None None] manager_shutdown_timeout = 160 {{(pid=95859) log_opt_values /opt/stack/data/venv/lib/python3.12/site-packages/oslo_config/cfg.py:3242}}
Jul 04 00:38:56.608756 np0000004496 devstack@n-api-meta.service[95859]: DEBUG nova.api.openstack.wsgi_app [None req-ba1fe461-bf1b-48bd-81b4-cde0b57792a1 None None] max_concurrent_builds = 10 {{(pid=95859) log_opt_values /opt/stack/data/venv/lib/python3.12/site-packages/oslo_config/cfg.py:3242}}
Jul 04 00:38:56.608969 np0000004496 devstack@n-api-meta.service[95859]: DEBUG nova.api.openstack.wsgi_app [None req-ba1fe461-bf1b-48bd-81b4-cde0b57792a1 None None] max_concurrent_live_migrations = 1 {{(pid=95859) log_opt_values /opt/stack/data/venv/lib/python3.12/site-packages/oslo_config/cfg.py:3242}}
Jul 04 00:38:56.608969 np0000004496 devstack@n-api-meta.service[95859]: DEBUG nova.api.openstack.wsgi_app [None req-ba1fe461-bf1b-48bd-81b4-cde0b57792a1 None None] max_concurrent_snapshots = 5 {{(pid=95859) log_opt_values /opt/stack/data/venv/lib/python3.12/site-packages/oslo_config/cfg.py:3242}}
