Jul 04 00:38:55.778093 np0000004496 nova-scheduler[96435]: DEBUG cotyledon.oslo_config_glue [-] profiler.es_scroll_size = 10000 {{(pid=96435) log_opt_values /opt/stack/data/venv/lib/python3.12/site-packages/oslo_config/cfg.py:3253}}
Jul 04 00:38:55.778093 np0000004496 nova-scheduler[96435]: DEBUG cotyledon.oslo_config_glue [-] profiler.es_scroll_time = 2m {{(pid=96435) log_opt_values /opt/stack/data/venv/lib/python3.12/site-packages/oslo_config/cfg.py:3253}}
Jul 04 00:38:55.778093 np0000004496 nova-scheduler[96435]: DEBUG cotyledon.oslo_config_glue [-] profiler.filter_error_trace = False {{(pid=96435) log_opt_values /opt/stack/data/venv/lib/python3.12/site-packages/oslo_config/cfg.py:3253}}
Jul 04 00:38:55.778093 np0000004496 nova-scheduler[96435]: DEBUG cotyledon.oslo_config_glue [-] profiler.hmac_keys = **** {{(pid=96435) log_opt_values /opt/stack/data/venv/lib/python3.12/site-packages/oslo_config/cfg.py:3253}}
Jul 04 00:38:55.778093 np0000004496 nova-scheduler[96435]: DEBUG cotyledon.oslo_config_glue [-] profiler.sentinel_service_name = mymaster {{(pid=96435) log_opt_values /opt/stack/data/venv/lib/python3.12/site-packages/oslo_config/cfg.py:3253}}
Jul 04 00:38:55.778093 np0000004496 nova-scheduler[96435]: DEBUG cotyledon.oslo_config_glue [-] profiler.socket_timeout = 0.1 {{(pid=96435) log_opt_values /opt/stack/data/venv/lib/python3.12/site-packages/oslo_config/cfg.py:3253}}
Jul 04 00:38:55.778093 np0000004496 nova-scheduler[96435]: DEBUG cotyledon.oslo_config_glue [-] profiler.trace_requests = False {{(pid=96435) log_opt_values /opt/stack/data/venv/lib/python3.12/site-packages/oslo_config/cfg.py:3253}}
Jul 04 00:38:55.778990 np0000004496 nova-scheduler[96435]: DEBUG cotyledon.oslo_config_glue [-] profiler.trace_sqlalchemy = False {{(pid=96435) log_opt_values /opt/stack/data/venv/lib/python3.12/site-packages/oslo_config/cfg.py:3253}}
Jul 04 00:38:55.778990 np0000004496 nova-scheduler[96435]: DEBUG cotyledon.oslo_config_glue [-] profiler_jaeger.process_tags = {} {{(pid=96435) log_opt_values /opt/stack/data/venv/lib/python3.12/site-packages/oslo_config/cfg.py:3253}}
Jul 04 00:38:55.778990 np0000004496 nova-scheduler[96435]: DEBUG cotyledon.oslo_config_glue [-] profiler_jaeger.service_name_prefix = None {{(pid=96435) log_opt_values /opt/stack/data/venv/lib/python3.12/site-packages/oslo_config/cfg.py:3253}}
Jul 04 00:38:55.778990 np0000004496 nova-scheduler[96435]: DEBUG cotyledon.oslo_config_glue [-] profiler_otlp.service_name_prefix = None {{(pid=96435) log_opt_values /opt/stack/data/venv/lib/python3.12/site-packages/oslo_config/cfg.py:3253}}
Jul 04 00:38:55.778990 np0000004496 nova-scheduler[96435]: DEBUG cotyledon.oslo_config_glue [-] oslo_messaging_rabbit.amqp_auto_delete = False {{(pid=96435) log_opt_values /opt/stack/data/venv/lib/python3.12/site-packages/oslo_config/cfg.py:3253}}
Jul 04 00:38:55.779207 np0000004496 nova-scheduler[96433]: INFO dbcounter [None req-241bd66a-11df-44b9-84e0-12b2c4ed1e0c None None] Registered counter for database nova_cell0
Jul 04 00:38:55.779259 np0000004496 nova-scheduler[96435]: DEBUG cotyledon.oslo_config_glue [-] oslo_messaging_rabbit.amqp_durable_queues = False {{(pid=96435) log_opt_values /opt/stack/data/venv/lib/python3.12/site-packages/oslo_config/cfg.py:3253}}
Jul 04 00:38:55.779259 np0000004496 nova-scheduler[96435]: DEBUG cotyledon.oslo_config_glue [-] oslo_messaging_rabbit.conn_pool_min_size = 2 {{(pid=96435) log_opt_values /opt/stack/data/venv/lib/python3.12/site-packages/oslo_config/cfg.py:3253}}
Jul 04 00:38:55.779259 np0000004496 nova-scheduler[96435]: DEBUG cotyledon.oslo_config_glue [-] oslo_messaging_rabbit.conn_pool_ttl = 1200 {{(pid=96435) log_opt_values /opt/stack/data/venv/lib/python3.12/site-packages/oslo_config/cfg.py:3253}}
Jul 04 00:38:55.779259 np0000004496 nova-scheduler[96435]: DEBUG cotyledon.oslo_config_glue [-] oslo_messaging_rabbit.direct_mandatory_flag = True {{(pid=96435) log_opt_values /opt/stack/data/venv/lib/python3.12/site-packages/oslo_config/cfg.py:3253}}
Jul 04 00:38:55.779259 np0000004496 nova-scheduler[96435]: DEBUG cotyledon.oslo_config_glue [-] oslo_messaging_rabbit.enable_cancel_on_failover = False {{(pid=96435) log_opt_values /opt/stack/data/venv/lib/python3.12/site-packages/oslo_config/cfg.py:3253}}
Jul 04 00:38:55.779259 np0000004496 nova-scheduler[96435]: DEBUG cotyledon.oslo_config_glue [-] oslo_messaging_rabbit.heartbeat_rate = 3 {{(pid=96435) log_opt_values /opt/stack/data/venv/lib/python3.12/site-packages/oslo_config/cfg.py:3253}}
Jul 04 00:38:55.779259 np0000004496 nova-scheduler[96435]: DEBUG cotyledon.oslo_config_glue [-] oslo_messaging_rabbit.heartbeat_timeout_threshold = 60 {{(pid=96435) log_opt_values /opt/stack/data/venv/lib/python3.12/site-packages/oslo_config/cfg.py:3253}}
Jul 04 00:38:55.779259 np0000004496 nova-scheduler[96435]: DEBUG cotyledon.oslo_config_glue [-] oslo_messaging_rabbit.hostname = np0000004496 {{(pid=96435) log_opt_values /opt/stack/data/venv/lib/python3.12/site-packages/oslo_config/cfg.py:3253}}
Jul 04 00:38:55.779259 np0000004496 nova-scheduler[96435]: DEBUG cotyledon.oslo_config_glue [-] oslo_messaging_rabbit.kombu_compression = None {{(pid=96435) log_opt_values /opt/stack/data/venv/lib/python3.12/site-packages/oslo_config/cfg.py:3253}}
Jul 04 00:38:55.779619 np0000004496 nova-scheduler[96435]: DEBUG cotyledon.oslo_config_glue [-] oslo_messaging_rabbit.kombu_failover_strategy = round-robin {{(pid=96435) log_opt_values /opt/stack/data/venv/lib/python3.12/site-packages/oslo_config/cfg.py:3253}}
Jul 04 00:38:55.779619 np0000004496 nova-scheduler[96435]: DEBUG cotyledon.oslo_config_glue [-] oslo_messaging_rabbit.kombu_missing_consumer_retry_timeout = 60 {{(pid=96435) log_opt_values /opt/stack/data/venv/lib/python3.12/site-packages/oslo_config/cfg.py:3253}}
Jul 04 00:38:55.779619 np0000004496 nova-scheduler[96435]: DEBUG cotyledon.oslo_config_glue [-] oslo_messaging_rabbit.kombu_reconnect_delay = 1.0 {{(pid=96435) log_opt_values /opt/stack/data/venv/lib/python3.12/site-packages/oslo_config/cfg.py:3253}}
Jul 04 00:38:55.779619 np0000004496 nova-scheduler[96435]: DEBUG cotyledon.oslo_config_glue [-] oslo_messaging_rabbit.kombu_reconnect_splay = 0.0 {{(pid=96435) log_opt_values /opt/stack/data/venv/lib/python3.12/site-packages/oslo_config/cfg.py:3253}}
Jul 04 00:38:55.779619 np0000004496 nova-scheduler[96435]: DEBUG cotyledon.oslo_config_glue [-] oslo_messaging_rabbit.processname = nova-scheduler {{(pid=96435) log_opt_values /opt/stack/data/venv/lib/python3.12/site-packages/oslo_config/cfg.py:3253}}
Jul 04 00:38:55.779619 np0000004496 nova-scheduler[96435]: DEBUG cotyledon.oslo_config_glue [-] oslo_messaging_rabbit.rabbit_ha_queues = False {{(pid=96435) log_opt_values /opt/stack/data/venv/lib/python3.12/site-packages/oslo_config/cfg.py:3253}}
Jul 04 00:38:55.779619 np0000004496 nova-scheduler[96435]: DEBUG cotyledon.oslo_config_glue [-] oslo_messaging_rabbit.rabbit_interval_max = 30 {{(pid=96435) log_opt_values /opt/stack/data/venv/lib/python3.12/site-packages/oslo_config/cfg.py:3253}}
Jul 04 00:38:55.779619 np0000004496 nova-scheduler[96435]: DEBUG cotyledon.oslo_config_glue [-] oslo_messaging_rabbit.rabbit_login_method = AMQPLAIN {{(pid=96435) log_opt_values /opt/stack/data/venv/lib/python3.12/site-packages/oslo_config/cfg.py:3253}}
Jul 04 00:38:55.780005 np0000004496 nova-scheduler[96435]: DEBUG cotyledon.oslo_config_glue [-] oslo_messaging_rabbit.rabbit_qos_prefetch_count = 0 {{(pid=96435) log_opt_values /opt/stack/data/venv/lib/python3.12/site-packages/oslo_config/cfg.py:3253}}
Jul 04 00:38:55.780005 np0000004496 nova-scheduler[96435]: DEBUG cotyledon.oslo_config_glue [-] oslo_messaging_rabbit.rabbit_quorum_delivery_limit = 0 {{(pid=96435) log_opt_values /opt/stack/data/venv/lib/python3.12/site-packages/oslo_config/cfg.py:3253}}
Jul 04 00:38:55.780082 np0000004496 nova-scheduler[96429]: DEBUG oslo_db.sqlalchemy.engines [None req-08f0a13d-34a3-4d13-81dd-a201959bf8bd None None] MySQL server mode set to STRICT_TRANS_TABLES,STRICT_ALL_TABLES,NO_ZERO_IN_DATE,NO_ZERO_DATE,ERROR_FOR_DIVISION_BY_ZERO,TRADITIONAL,NO_ENGINE_SUBSTITUTION {{(pid=96429) _check_effective_sql_mode /opt/stack/data/venv/lib/python3.12/site-packages/oslo_db/sqlalchemy/engines.py:325}}
Jul 04 00:38:55.780145 np0000004496 nova-scheduler[96435]: DEBUG cotyledon.oslo_config_glue [-] oslo_messaging_rabbit.rabbit_quorum_max_memory_bytes = 0 {{(pid=96435) log_opt_values /opt/stack/data/venv/lib/python3.12/site-packages/oslo_config/cfg.py:3253}}
Jul 04 00:38:55.780145 np0000004496 nova-scheduler[96435]: DEBUG cotyledon.oslo_config_glue [-] oslo_messaging_rabbit.rabbit_quorum_max_memory_length = 0 {{(pid=96435) log_opt_values /opt/stack/data/venv/lib/python3.12/site-packages/oslo_config/cfg.py:3253}}
Jul 04 00:38:55.780145 np0000004496 nova-scheduler[96435]: DEBUG cotyledon.oslo_config_glue [-] oslo_messaging_rabbit.rabbit_quorum_queue = False {{(pid=96435) log_opt_values /opt/stack/data/venv/lib/python3.12/site-packages/oslo_config/cfg.py:3253}}
Jul 04 00:38:55.780145 np0000004496 nova-scheduler[96435]: DEBUG cotyledon.oslo_config_glue [-] oslo_messaging_rabbit.rabbit_retry_backoff = 2 {{(pid=96435) log_opt_values /opt/stack/data/venv/lib/python3.12/site-packages/oslo_config/cfg.py:3253}}
Jul 04 00:38:55.780145 np0000004496 nova-scheduler[96435]: DEBUG cotyledon.oslo_config_glue [-] oslo_messaging_rabbit.rabbit_retry_interval = 1 {{(pid=96435) log_opt_values /opt/stack/data/venv/lib/python3.12/site-packages/oslo_config/cfg.py:3253}}
Jul 04 00:38:55.780145 np0000004496 nova-scheduler[96435]: DEBUG cotyledon.oslo_config_glue [-] oslo_messaging_rabbit.rabbit_stream_fanout = False {{(pid=96435) log_opt_values /opt/stack/data/venv/lib/python3.12/site-packages/oslo_config/cfg.py:3253}}
Jul 04 00:38:55.780145 np0000004496 nova-scheduler[96435]: DEBUG cotyledon.oslo_config_glue [-] oslo_messaging_rabbit.rabbit_transient_queues_ttl = 1800 {{(pid=96435) log_opt_values /opt/stack/data/venv/lib/python3.12/site-packages/oslo_config/cfg.py:3253}}
Jul 04 00:38:55.780145 np0000004496 nova-scheduler[96435]: DEBUG cotyledon.oslo_config_glue [-] oslo_messaging_rabbit.rabbit_transient_quorum_queue = False {{(pid=96435) log_opt_values /opt/stack/data/venv/lib/python3.12/site-packages/oslo_config/cfg.py:3253}}
Jul 04 00:38:55.781034 np0000004496 nova-scheduler[96435]: DEBUG cotyledon.oslo_config_glue [-] oslo_messaging_rabbit.rpc_conn_pool_size = 30 {{(pid=96435) log_opt_values /opt/stack/data/venv/lib/python3.12/site-packages/oslo_config/cfg.py:3253}}
Jul 04 00:38:55.781034 np0000004496 nova-scheduler[96435]: DEBUG cotyledon.oslo_config_glue [-] oslo_messaging_rabbit.ssl = False {{(pid=96435) log_opt_values /opt/stack/data/venv/lib/python3.12/site-packages/oslo_config/cfg.py:3253}}
Jul 04 00:38:55.781034 np0000004496 nova-scheduler[96435]: DEBUG cotyledon.oslo_config_glue [-] oslo_messaging_rabbit.ssl_ca_file = {{(pid=96435) log_opt_values /opt/stack/data/venv/lib/python3.12/site-packages/oslo_config/cfg.py:3253}}
Jul 04 00:38:55.781034 np0000004496 nova-scheduler[96435]: DEBUG cotyledon.oslo_config_glue [-] oslo_messaging_rabbit.ssl_cert_file = {{(pid=96435) log_opt_values /opt/stack/data/venv/lib/python3.12/site-packages/oslo_config/cfg.py:3253}}
Jul 04 00:38:55.781034 np0000004496 nova-scheduler[96435]: DEBUG cotyledon.oslo_config_glue [-] oslo_messaging_rabbit.ssl_enforce_fips_mode = False {{(pid=96435) log_opt_values /opt/stack/data/venv/lib/python3.12/site-packages/oslo_config/cfg.py:3253}}
Jul 04 00:38:55.781034 np0000004496 nova-scheduler[96435]: DEBUG cotyledon.oslo_config_glue [-] oslo_messaging_rabbit.ssl_enforce_hostname_verification = True {{(pid=96435) log_opt_values /opt/stack/data/venv/lib/python3.12/site-packages/oslo_config/cfg.py:3253}}
Jul 04 00:38:55.781034 np0000004496 nova-scheduler[96435]: DEBUG cotyledon.oslo_config_glue [-] oslo_messaging_rabbit.ssl_key_file = {{(pid=96435) log_opt_values /opt/stack/data/venv/lib/python3.12/site-packages/oslo_config/cfg.py:3253}}
Jul 04 00:38:55.781034 np0000004496 nova-scheduler[96435]: DEBUG cotyledon.oslo_config_glue [-] oslo_messaging_rabbit.ssl_version = {{(pid=96435) log_opt_values /opt/stack/data/venv/lib/python3.12/site-packages/oslo_config/cfg.py:3253}}
Jul 04 00:38:55.781034 np0000004496 nova-scheduler[96435]: DEBUG cotyledon.oslo_config_glue [-] oslo_messaging_rabbit.use_queue_manager = False {{(pid=96435) log_opt_values /opt/stack/data/venv/lib/python3.12/site-packages/oslo_config/cfg.py:3253}}
Jul 04 00:38:55.782619 np0000004496 nova-scheduler[96435]: DEBUG cotyledon.oslo_config_glue [-] oslo_messaging_notifications.driver = ['messagingv2'] {{(pid=96435) log_opt_values /opt/stack/data/venv/lib/python3.12/site-packages/oslo_config/cfg.py:3253}}
Jul 04 00:38:55.782619 np0000004496 nova-scheduler[96435]: DEBUG cotyledon.oslo_config_glue [-] oslo_messaging_notifications.retry = -1 {{(pid=96435) log_opt_values /opt/stack/data/venv/lib/python3.12/site-packages/oslo_config/cfg.py:3253}}
Jul 04 00:38:55.782619 np0000004496 nova-scheduler[96435]: DEBUG cotyledon.oslo_config_glue [-] oslo_messaging_notifications.topics = ['notifications'] {{(pid=96435) log_opt_values /opt/stack/data/venv/lib/python3.12/site-packages/oslo_config/cfg.py:3253}}
Jul 04 00:38:55.782619 np0000004496 nova-scheduler[96435]: DEBUG cotyledon.oslo_config_glue [-] oslo_messaging_notifications.transport_url = **** {{(pid=96435) log_opt_values /opt/stack/data/venv/lib/python3.12/site-packages/oslo_config/cfg.py:3253}}
Jul 04 00:38:55.782619 np0000004496 nova-scheduler[96435]: DEBUG cotyledon.oslo_config_glue [-] oslo_limit.auth_section = None {{(pid=96435) log_opt_values /opt/stack/data/venv/lib/python3.12/site-packages/oslo_config/cfg.py:3253}}
Jul 04 00:38:55.782619 np0000004496 nova-scheduler[96435]: DEBUG cotyledon.oslo_config_glue [-] oslo_limit.auth_type = None {{(pid=96435) log_opt_values /opt/stack/data/venv/lib/python3.12/site-packages/oslo_config/cfg.py:3253}}
Jul 04 00:38:55.782619 np0000004496 nova-scheduler[96435]: DEBUG cotyledon.oslo_config_glue [-] oslo_limit.cafile = None {{(pid=96435) log_opt_values /opt/stack/data/venv/lib/python3.12/site-packages/oslo_config/cfg.py:3253}}
Jul 04 00:38:55.782619 np0000004496 nova-scheduler[96435]: DEBUG cotyledon.oslo_config_glue [-] oslo_limit.certfile = None {{(pid=96435) log_opt_values /opt/stack/data/venv/lib/python3.12/site-packages/oslo_config/cfg.py:3253}}
Jul 04 00:38:55.782619 np0000004496 nova-scheduler[96435]: DEBUG cotyledon.oslo_config_glue [-] oslo_limit.collect_timing = False {{(pid=96435) log_opt_values /opt/stack/data/venv/lib/python3.12/site-packages/oslo_config/cfg.py:3253}}
Jul 04 00:38:55.782936 np0000004496 nova-scheduler[96435]: DEBUG cotyledon.oslo_config_glue [-] oslo_limit.connect_retries = None {{(pid=96435) log_opt_values /opt/stack/data/venv/lib/python3.12/site-packages/oslo_config/cfg.py:3253}}
Jul 04 00:38:55.782936 np0000004496 nova-scheduler[96435]: DEBUG cotyledon.oslo_config_glue [-] oslo_limit.connect_retry_delay = None {{(pid=96435) log_opt_values /opt/stack/data/venv/lib/python3.12/site-packages/oslo_config/cfg.py:3253}}
Jul 04 00:38:55.782936 np0000004496 nova-scheduler[96435]: DEBUG cotyledon.oslo_config_glue [-] oslo_limit.endpoint_id = None {{(pid=96435) log_opt_values /opt/stack/data/venv/lib/python3.12/site-packages/oslo_config/cfg.py:3253}}
Jul 04 00:38:55.782936 np0000004496 nova-scheduler[96435]: DEBUG cotyledon.oslo_config_glue [-] oslo_limit.endpoint_interface = public {{(pid=96435) log_opt_values /opt/stack/data/venv/lib/python3.12/site-packages/oslo_config/cfg.py:3253}}
Jul 04 00:38:55.782936 np0000004496 nova-scheduler[96435]: DEBUG cotyledon.oslo_config_glue [-] oslo_limit.endpoint_override = None {{(pid=96435) log_opt_values /opt/stack/data/venv/lib/python3.12/site-packages/oslo_config/cfg.py:3253}}
Jul 04 00:38:55.782936 np0000004496 nova-scheduler[96435]: DEBUG cotyledon.oslo_config_glue [-] oslo_limit.endpoint_region_name = None {{(pid=96435) log_opt_values /opt/stack/data/venv/lib/python3.12/site-packages/oslo_config/cfg.py:3253}}
Jul 04 00:38:55.782936 np0000004496 nova-scheduler[96435]: DEBUG cotyledon.oslo_config_glue [-] oslo_limit.endpoint_service_name = None {{(pid=96435) log_opt_values /opt/stack/data/venv/lib/python3.12/site-packages/oslo_config/cfg.py:3253}}
Jul 04 00:38:55.782936 np0000004496 nova-scheduler[96435]: DEBUG cotyledon.oslo_config_glue [-] oslo_limit.endpoint_service_type = None {{(pid=96435) log_opt_values /opt/stack/data/venv/lib/python3.12/site-packages/oslo_config/cfg.py:3253}}
Jul 04 00:38:55.782936 np0000004496 nova-scheduler[96435]: DEBUG cotyledon.oslo_config_glue [-] oslo_limit.insecure = False {{(pid=96435) log_opt_values /opt/stack/data/venv/lib/python3.12/site-packages/oslo_config/cfg.py:3253}}
Jul 04 00:38:55.783250 np0000004496 nova-scheduler[96435]: DEBUG cotyledon.oslo_config_glue [-] oslo_limit.keyfile = None {{(pid=96435) log_opt_values /opt/stack/data/venv/lib/python3.12/site-packages/oslo_config/cfg.py:3253}}
Jul 04 00:38:55.783250 np0000004496 nova-scheduler[96435]: DEBUG cotyledon.oslo_config_glue [-] oslo_limit.max_version = None {{(pid=96435) log_opt_values /opt/stack/data/venv/lib/python3.12/site-packages/oslo_config/cfg.py:3253}}
Jul 04 00:38:55.783250 np0000004496 nova-scheduler[96435]: DEBUG cotyledon.oslo_config_glue [-] oslo_limit.min_version = None {{(pid=96435) log_opt_values /opt/stack/data/venv/lib/python3.12/site-packages/oslo_config/cfg.py:3253}}
Jul 04 00:38:55.783250 np0000004496 nova-scheduler[96435]: DEBUG cotyledon.oslo_config_glue [-] oslo_limit.region_name = None {{(pid=96435) log_opt_values /opt/stack/data/venv/lib/python3.12/site-packages/oslo_config/cfg.py:3253}}
Jul 04 00:38:55.783250 np0000004496 nova-scheduler[96435]: DEBUG cotyledon.oslo_config_glue [-] oslo_limit.retriable_status_codes = None {{(pid=96435) log_opt_values /opt/stack/data/venv/lib/python3.12/site-packages/oslo_config/cfg.py:3253}}
Jul 04 00:38:55.783250 np0000004496 nova-scheduler[96435]: DEBUG cotyledon.oslo_config_glue [-] oslo_limit.service_name = None {{(pid=96435) log_opt_values /opt/stack/data/venv/lib/python3.12/site-packages/oslo_config/cfg.py:3253}}
Jul 04 00:38:55.783250 np0000004496 nova-scheduler[96435]: DEBUG cotyledon.oslo_config_glue [-] oslo_limit.service_type = None {{(pid=96435) log_opt_values /opt/stack/data/venv/lib/python3.12/site-packages/oslo_config/cfg.py:3253}}
Jul 04 00:38:55.783250 np0000004496 nova-scheduler[96435]: DEBUG cotyledon.oslo_config_glue [-] oslo_limit.split_loggers = False {{(pid=96435) log_opt_values /opt/stack/data/venv/lib/python3.12/site-packages/oslo_config/cfg.py:3253}}
Jul 04 00:38:55.783250 np0000004496 nova-scheduler[96435]: DEBUG cotyledon.oslo_config_glue [-] oslo_limit.status_code_retries = None {{(pid=96435) log_opt_values /opt/stack/data/venv/lib/python3.12/site-packages/oslo_config/cfg.py:3253}}
Jul 04 00:38:55.783579 np0000004496 nova-scheduler[96435]: DEBUG cotyledon.oslo_config_glue [-] oslo_limit.status_code_retry_delay = None {{(pid=96435) log_opt_values /opt/stack/data/venv/lib/python3.12/site-packages/oslo_config/cfg.py:3253}}
Jul 04 00:38:55.783579 np0000004496 nova-scheduler[96435]: DEBUG cotyledon.oslo_config_glue [-] oslo_limit.timeout = None {{(pid=96435) log_opt_values /opt/stack/data/venv/lib/python3.12/site-packages/oslo_config/cfg.py:3253}}
Jul 04 00:38:55.783579 np0000004496 nova-scheduler[96435]: DEBUG cotyledon.oslo_config_glue [-] oslo_limit.valid_interfaces = None {{(pid=96435) log_opt_values /opt/stack/data/venv/lib/python3.12/site-packages/oslo_config/cfg.py:3253}}
Jul 04 00:38:55.783579 np0000004496 nova-scheduler[96435]: DEBUG cotyledon.oslo_config_glue [-] oslo_limit.version = None {{(pid=96435) log_opt_values /opt/stack/data/venv/lib/python3.12/site-packages/oslo_config/cfg.py:3253}}
Jul 04 00:38:55.783579 np0000004496 nova-scheduler[96435]: DEBUG cotyledon.oslo_config_glue [-] oslo_reports.file_event_handler = None {{(pid=96435) log_opt_values /opt/stack/data/venv/lib/python3.12/site-packages/oslo_config/cfg.py:3253}}
Jul 04 00:38:55.783579 np0000004496 nova-scheduler[96435]: DEBUG cotyledon.oslo_config_glue [-] oslo_reports.file_event_handler_interval = 1 {{(pid=96435) log_opt_values /opt/stack/data/venv/lib/python3.12/site-packages/oslo_config/cfg.py:3253}}
Jul 04 00:38:55.783579 np0000004496 nova-scheduler[96435]: DEBUG cotyledon.oslo_config_glue [-] oslo_reports.log_dir = None {{(pid=96435) log_opt_values /opt/stack/data/venv/lib/python3.12/site-packages/oslo_config/cfg.py:3253}}
Jul 04 00:38:55.783579 np0000004496 nova-scheduler[96435]: DEBUG cotyledon.oslo_config_glue [-] ******************************************************************************** {{(pid=96435) log_opt_values /opt/stack/data/venv/lib/python3.12/site-packages/oslo_config/cfg.py:3260}}
Jul 04 00:38:55.783579 np0000004496 nova-scheduler[96435]: DEBUG cotyledon._service_worker [-] Run service ServiceWrapper(3) [96435] {{(pid=96435) wait_forever /opt/stack/data/venv/lib/python3.12/site-packages/cotyledon/_service_worker.py:218}}
Jul 04 00:38:55.783919 np0000004496 nova-scheduler[96435]: INFO nova.service [-] Starting scheduler node (version 33.1.0)
Jul 04 00:38:55.783973 np0000004496 nova-scheduler[96429]: DEBUG dbcounter [-] [96429] Writer thread running {{(pid=96429) stat_writer /opt/stack/data/venv/lib/python3.12/site-packages/dbcounter.py:102}}
Jul 04 00:38:55.784026 np0000004496 nova-scheduler[96435]: INFO dbcounter [None req-c6ebe14b-39e2-44f7-8c6b-b0122c262601 None None] Registered counter for database nova_cell0
Jul 04 00:38:55.784065 np0000004496 nova-scheduler[96429]: DEBUG nova.service [None req-08f0a13d-34a3-4d13-81dd-a201959bf8bd None None] Creating RPC server for service: nova-scheduler on topic: scheduler {{(pid=96429) start /opt/stack/nova/nova/service.py:196}}
Jul 04 00:38:55.784106 np0000004496 nova-scheduler[96433]: DEBUG oslo_db.sqlalchemy.engines [None req-241bd66a-11df-44b9-84e0-12b2c4ed1e0c None None] MySQL server mode set to STRICT_TRANS_TABLES,STRICT_ALL_TABLES,NO_ZERO_IN_DATE,NO_ZERO_DATE,ERROR_FOR_DIVISION_BY_ZERO,TRADITIONAL,NO_ENGINE_SUBSTITUTION {{(pid=96433) _check_effective_sql_mode /opt/stack/data/venv/lib/python3.12/site-packages/oslo_db/sqlalchemy/engines.py:325}}
Jul 04 00:38:55.784156 np0000004496 nova-scheduler[96431]: DEBUG oslo_db.sqlalchemy.engines [None req-266b8915-43b2-4af9-ae60-8b0cc17bcea6 None None] MySQL server mode set to STRICT_TRANS_TABLES,STRICT_ALL_TABLES,NO_ZERO_IN_DATE,NO_ZERO_DATE,ERROR_FOR_DIVISION_BY_ZERO,TRADITIONAL,NO_ENGINE_SUBSTITUTION {{(pid=96431) _check_effective_sql_mode /opt/stack/data/venv/lib/python3.12/site-packages/oslo_db/sqlalchemy/engines.py:325}}
Jul 04 00:38:55.784202 np0000004496 nova-scheduler[96433]: DEBUG dbcounter [-] [96433] Writer thread running {{(pid=96433) stat_writer /opt/stack/data/venv/lib/python3.12/site-packages/dbcounter.py:102}}
Jul 04 00:38:55.784241 np0000004496 nova-scheduler[96435]: DEBUG oslo_db.sqlalchemy.engines [None req-c6ebe14b-39e2-44f7-8c6b-b0122c262601 None None] MySQL server mode set to STRICT_TRANS_TABLES,STRICT_ALL_TABLES,NO_ZERO_IN_DATE,NO_ZERO_DATE,ERROR_FOR_DIVISION_BY_ZERO,TRADITIONAL,NO_ENGINE_SUBSTITUTION {{(pid=96435) _check_effective_sql_mode /opt/stack/data/venv/lib/python3.12/site-packages/oslo_db/sqlalchemy/engines.py:325}}
Jul 04 00:38:55.784282 np0000004496 nova-scheduler[96433]: DEBUG nova.service [None req-241bd66a-11df-44b9-84e0-12b2c4ed1e0c None None] Creating RPC server for service: nova-scheduler on topic: scheduler {{(pid=96433) start /opt/stack/nova/nova/service.py:196}}
Jul 04 00:38:55.784710 np0000004496 nova-scheduler[96429]: DEBUG nova.service [None req-08f0a13d-34a3-4d13-81dd-a201959bf8bd None None] Join ServiceGroup membership for this service scheduler {{(pid=96429) start /opt/stack/nova/nova/service.py:222}}
Jul 04 00:38:55.784710 np0000004496 nova-scheduler[96429]: DEBUG nova.servicegroup.drivers.db [None req-08f0a13d-34a3-4d13-81dd-a201959bf8bd None None] DB_Driver: join new ServiceGroup member np0000004496 to the scheduler group, service = {{(pid=96429) join /opt/stack/nova/nova/servicegroup/drivers/db.py:44}}
Jul 04 00:38:55.784801 np0000004496 nova-scheduler[96431]: DEBUG dbcounter [-] [96431] Writer thread running {{(pid=96431) stat_writer /opt/stack/data/venv/lib/python3.12/site-packages/dbcounter.py:102}}
Jul 04 00:38:55.784858 np0000004496 nova-scheduler[96435]: DEBUG dbcounter [-] [96435] Writer thread running {{(pid=96435) stat_writer /opt/stack/data/venv/lib/python3.12/site-packages/dbcounter.py:102}}
Jul 04 00:38:55.784904 np0000004496 nova-scheduler[96431]: DEBUG nova.service [None req-266b8915-43b2-4af9-ae60-8b0cc17bcea6 None None] Creating RPC server for service: nova-scheduler on topic: scheduler {{(pid=96431) start /opt/stack/nova/nova/service.py:196}}
Jul 04 00:38:55.784957 np0000004496 nova-scheduler[96435]: DEBUG nova.service [None req-c6ebe14b-39e2-44f7-8c6b-b0122c262601 None None] Creating RPC server for service: nova-scheduler on topic: scheduler {{(pid=96435) start /opt/stack/nova/nova/service.py:196}}
Jul 04 00:38:55.787745 np0000004496 nova-scheduler[96433]: DEBUG nova.service [None req-241bd66a-11df-44b9-84e0-12b2c4ed1e0c None None] Join ServiceGroup membership for this service scheduler {{(pid=96433) start /opt/stack/nova/nova/service.py:222}}
Jul 04 00:38:55.788042 np0000004496 nova-scheduler[96433]: DEBUG nova.servicegroup.drivers.db [None req-241bd66a-11df-44b9-84e0-12b2c4ed1e0c None None] DB_Driver: join new ServiceGroup member np0000004496 to the scheduler group, service = {{(pid=96433) join /opt/stack/nova/nova/servicegroup/drivers/db.py:44}}
Jul 04 00:38:55.799513 np0000004496 nova-scheduler[96431]: DEBUG nova.service [None req-266b8915-43b2-4af9-ae60-8b0cc17bcea6 None None] Join ServiceGroup membership for this service scheduler {{(pid=96431) start /opt/stack/nova/nova/service.py:222}}
Jul 04 00:38:55.799676 np0000004496 nova-scheduler[96435]: DEBUG nova.service [None req-c6ebe14b-39e2-44f7-8c6b-b0122c262601 None None] Join ServiceGroup membership for this service scheduler {{(pid=96435) start /opt/stack/nova/nova/service.py:222}}
Jul 04 00:38:55.799731 np0000004496 nova-scheduler[96431]: DEBUG nova.servicegroup.drivers.db [None req-266b8915-43b2-4af9-ae60-8b0cc17bcea6 None None] DB_Driver: join new ServiceGroup member np0000004496 to the scheduler group, service = {{(pid=96431) join /opt/stack/nova/nova/servicegroup/drivers/db.py:44}}
Jul 04 00:38:55.799919 np0000004496 nova-scheduler[96435]: DEBUG nova.servicegroup.drivers.db [None req-c6ebe14b-39e2-44f7-8c6b-b0122c262601 None None] DB_Driver: join new ServiceGroup member np0000004496 to the scheduler group, service = {{(pid=96435) join /opt/stack/nova/nova/servicegroup/drivers/db.py:44}}
Jul 04 00:38:59.790553 np0000004496 nova-scheduler[96433]: DEBUG oslo.service.backend._threading.loopingcall [None req-d05b2f16-6224-40bc-92da-73adec8eda32 None None] Dynamic interval looping call 'nova.service.Service.periodic_tasks' sleeping for 60.00 seconds {{(pid=96433) _run_loop /opt/stack/data/venv/lib/python3.12/site-packages/oslo_service/backend/_threading/loopingcall.py:125}}
Jul 04 00:39:00.772811 np0000004496 nova-scheduler[96429]: DEBUG oslo.service.backend._threading.loopingcall [-] Fixed interval looping call 'nova.servicegroup.drivers.db.DbDriver._report_state' sleeping for 119.99 seconds {{(pid=96429) _run_loop /opt/stack/data/venv/lib/python3.12/site-packages/oslo_service/backend/_threading/loopingcall.py:125}}
Jul 04 00:39:00.799531 np0000004496 nova-scheduler[96433]: DEBUG oslo.service.backend._threading.loopingcall [-] Fixed interval looping call 'nova.servicegroup.drivers.db.DbDriver._report_state' sleeping for 119.99 seconds {{(pid=96433) _run_loop /opt/stack/data/venv/lib/python3.12/site-packages/oslo_service/backend/_threading/loopingcall.py:125}}
Jul 04 00:39:00.811150 np0000004496 nova-scheduler[96431]: DEBUG oslo.service.backend._threading.loopingcall [-] Fixed interval looping call 'nova.servicegroup.drivers.db.DbDriver._report_state' sleeping for 119.99 seconds {{(pid=96431) _run_loop /opt/stack/data/venv/lib/python3.12/site-packages/oslo_service/backend/_threading/loopingcall.py:125}}
Jul 04 00:39:00.811508 np0000004496 nova-scheduler[96435]: DEBUG oslo.service.backend._threading.loopingcall [-] Fixed interval looping call 'nova.servicegroup.drivers.db.DbDriver._report_state' sleeping for 119.99 seconds {{(pid=96435) _run_loop /opt/stack/data/venv/lib/python3.12/site-packages/oslo_service/backend/_threading/loopingcall.py:125}}
Jul 04 00:39:01.802476 np0000004496 nova-scheduler[96431]: DEBUG oslo.service.backend._threading.loopingcall [None req-0a54d551-7907-40c9-93f6-ddb8ed8ee192 None None] Dynamic interval looping call 'nova.service.Service.periodic_tasks' sleeping for 60.00 seconds {{(pid=96431) _run_loop /opt/stack/data/venv/lib/python3.12/site-packages/oslo_service/backend/_threading/loopingcall.py:125}}
Jul 04 00:39:04.299359 np0000004496 nova-scheduler[95238]: DEBUG dbcounter [-] [95238] Writing DB stats nova_api:SELECT=3 {{(pid=95238) stat_writer /opt/stack/data/venv/lib/python3.12/site-packages/dbcounter.py:115}}
Jul 04 00:39:04.439737 np0000004496 nova-scheduler[95238]: DEBUG dbcounter [-] [95238] Writing DB stats nova_cell1:SELECT=1 {{(pid=95238) stat_writer /opt/stack/data/venv/lib/python3.12/site-packages/dbcounter.py:115}}
Jul 04 00:39:04.443827 np0000004496 nova-scheduler[95238]: DEBUG dbcounter [-] [95238] Writing DB stats nova_cell0:SELECT=1 {{(pid=95238) stat_writer /opt/stack/data/venv/lib/python3.12/site-packages/dbcounter.py:115}}
Jul 04 00:39:06.802239 np0000004496 nova-scheduler[96435]: DEBUG oslo.service.backend._threading.loopingcall [None req-5a719124-2407-43d4-acf4-8f691b71e8e6 None None] Dynamic interval looping call 'nova.service.Service.periodic_tasks' sleeping for 60.00 seconds {{(pid=96435) _run_loop /opt/stack/data/venv/lib/python3.12/site-packages/oslo_service/backend/_threading/loopingcall.py:125}}
Jul 04 00:39:10.767201 np0000004496 nova-scheduler[96429]: DEBUG dbcounter [-] [96429] Writing DB stats nova_cell0:SELECT=4,nova_cell0:INSERT=1,nova_cell0:UPDATE=1 {{(pid=96429) stat_writer /opt/stack/data/venv/lib/python3.12/site-packages/dbcounter.py:115}}
Jul 04 00:39:10.796200 np0000004496 nova-scheduler[96433]: DEBUG dbcounter [-] [96433] Writing DB stats nova_cell0:SELECT=3 {{(pid=96433) stat_writer /opt/stack/data/venv/lib/python3.12/site-packages/dbcounter.py:115}}
Jul 04 00:39:10.808108 np0000004496 nova-scheduler[96435]: DEBUG dbcounter [-] [96435] Writing DB stats nova_cell0:SELECT=3 {{(pid=96435) stat_writer /opt/stack/data/venv/lib/python3.12/site-packages/dbcounter.py:115}}
Jul 04 00:39:10.809568 np0000004496 nova-scheduler[96431]: DEBUG dbcounter [-] [96431] Writing DB stats nova_cell0:SELECT=3 {{(pid=96431) stat_writer /opt/stack/data/venv/lib/python3.12/site-packages/dbcounter.py:115}}
Jul 04 00:39:17.760455 np0000004496 nova-scheduler[96429]: DEBUG oslo.service.backend._threading.loopingcall [None req-20ce9cb1-2208-4071-b55b-10db3e3b3673 None None] Dynamic interval looping call 'nova.service.Service.periodic_tasks' sleeping for 60.00 seconds {{(pid=96429) _run_loop /opt/stack/data/venv/lib/python3.12/site-packages/oslo_service/backend/_threading/loopingcall.py:125}}
Jul 04 00:39:59.791043 np0000004496 nova-scheduler[96433]: DEBUG oslo.service.backend._threading.loopingcall [None req-d05b2f16-6224-40bc-92da-73adec8eda32 None None] Dynamic interval looping call 'nova.service.Service.periodic_tasks' sleeping for 60.00 seconds {{(pid=96433) _run_loop /opt/stack/data/venv/lib/python3.12/site-packages/oslo_service/backend/_threading/loopingcall.py:125}}
Jul 04 00:40:01.803040 np0000004496 nova-scheduler[96431]: DEBUG oslo.service.backend._threading.loopingcall [None req-0a54d551-7907-40c9-93f6-ddb8ed8ee192 None None] Dynamic interval looping call 'nova.service.Service.periodic_tasks' sleeping for 60.00 seconds {{(pid=96431) _run_loop /opt/stack/data/venv/lib/python3.12/site-packages/oslo_service/backend/_threading/loopingcall.py:125}}
Jul 04 00:40:06.802842 np0000004496 nova-scheduler[96435]: DEBUG oslo.service.backend._threading.loopingcall [None req-5a719124-2407-43d4-acf4-8f691b71e8e6 None None] Dynamic interval looping call 'nova.service.Service.periodic_tasks' sleeping for 60.00 seconds {{(pid=96435) _run_loop /opt/stack/data/venv/lib/python3.12/site-packages/oslo_service/backend/_threading/loopingcall.py:125}}
Jul 04 00:40:17.760885 np0000004496 nova-scheduler[96429]: DEBUG oslo.service.backend._threading.loopingcall [None req-20ce9cb1-2208-4071-b55b-10db3e3b3673 None None] Dynamic interval looping call 'nova.service.Service.periodic_tasks' sleeping for 60.00 seconds {{(pid=96429) _run_loop /opt/stack/data/venv/lib/python3.12/site-packages/oslo_service/backend/_threading/loopingcall.py:125}}
Jul 04 00:40:59.791572 np0000004496 nova-scheduler[96433]: DEBUG oslo.service.backend._threading.loopingcall [None req-d05b2f16-6224-40bc-92da-73adec8eda32 None None] Dynamic interval looping call 'nova.service.Service.periodic_tasks' sleeping for 60.00 seconds {{(pid=96433) _run_loop /opt/stack/data/venv/lib/python3.12/site-packages/oslo_service/backend/_threading/loopingcall.py:125}}
Jul 04 00:41:00.773786 np0000004496 nova-scheduler[96429]: DEBUG oslo.service.backend._threading.loopingcall [-] Fixed interval looping call 'nova.servicegroup.drivers.db.DbDriver._report_state' sleeping for 119.99 seconds {{(pid=96429) _run_loop /opt/stack/data/venv/lib/python3.12/site-packages/oslo_service/backend/_threading/loopingcall.py:125}}
Jul 04 00:41:00.793074 np0000004496 nova-scheduler[96433]: DEBUG oslo.service.backend._threading.loopingcall [-] Fixed interval looping call 'nova.servicegroup.drivers.db.DbDriver._report_state' sleeping for 120.00 seconds {{(pid=96433) _run_loop /opt/stack/data/venv/lib/python3.12/site-packages/oslo_service/backend/_threading/loopingcall.py:125}}
Jul 04 00:41:00.804616 np0000004496 nova-scheduler[96435]: DEBUG oslo.service.backend._threading.loopingcall [-] Fixed interval looping call 'nova.servicegroup.drivers.db.DbDriver._report_state' sleeping for 120.00 seconds {{(pid=96435) _run_loop /opt/stack/data/venv/lib/python3.12/site-packages/oslo_service/backend/_threading/loopingcall.py:125}}
Jul 04 00:41:00.805519 np0000004496 nova-scheduler[96431]: DEBUG oslo.service.backend._threading.loopingcall [-] Fixed interval looping call 'nova.servicegroup.drivers.db.DbDriver._report_state' sleeping for 120.00 seconds {{(pid=96431) _run_loop /opt/stack/data/venv/lib/python3.12/site-packages/oslo_service/backend/_threading/loopingcall.py:125}}
Jul 04 00:41:01.803573 np0000004496 nova-scheduler[96431]: DEBUG oslo.service.backend._threading.loopingcall [None req-0a54d551-7907-40c9-93f6-ddb8ed8ee192 None None] Dynamic interval looping call 'nova.service.Service.periodic_tasks' sleeping for 60.00 seconds {{(pid=96431) _run_loop /opt/stack/data/venv/lib/python3.12/site-packages/oslo_service/backend/_threading/loopingcall.py:125}}
Jul 04 00:41:06.803419 np0000004496 nova-scheduler[96435]: DEBUG oslo.service.backend._threading.loopingcall [None req-5a719124-2407-43d4-acf4-8f691b71e8e6 None None] Dynamic interval looping call 'nova.service.Service.periodic_tasks' sleeping for 60.00 seconds {{(pid=96435) _run_loop /opt/stack/data/venv/lib/python3.12/site-packages/oslo_service/backend/_threading/loopingcall.py:125}}
Jul 04 00:41:10.766458 np0000004496 nova-scheduler[96429]: DEBUG dbcounter [-] [96429] Writing DB stats nova_cell0:SELECT=1,nova_cell0:UPDATE=1 {{(pid=96429) stat_writer /opt/stack/data/venv/lib/python3.12/site-packages/dbcounter.py:115}}
Jul 04 00:41:10.791681 np0000004496 nova-scheduler[96433]: DEBUG dbcounter [-] [96433] Writing DB stats nova_cell0:SELECT=1 {{(pid=96433) stat_writer /opt/stack/data/venv/lib/python3.12/site-packages/dbcounter.py:115}}
Jul 04 00:41:10.802985 np0000004496 nova-scheduler[96435]: DEBUG dbcounter [-] [96435] Writing DB stats nova_cell0:SELECT=1 {{(pid=96435) stat_writer /opt/stack/data/venv/lib/python3.12/site-packages/dbcounter.py:115}}
Jul 04 00:41:10.803387 np0000004496 nova-scheduler[96431]: DEBUG dbcounter [-] [96431] Writing DB stats nova_cell0:SELECT=1 {{(pid=96431) stat_writer /opt/stack/data/venv/lib/python3.12/site-packages/dbcounter.py:115}}
Jul 04 00:41:17.761468 np0000004496 nova-scheduler[96429]: DEBUG oslo.service.backend._threading.loopingcall [None req-20ce9cb1-2208-4071-b55b-10db3e3b3673 None None] Dynamic interval looping call 'nova.service.Service.periodic_tasks' sleeping for 60.00 seconds {{(pid=96429) _run_loop /opt/stack/data/venv/lib/python3.12/site-packages/oslo_service/backend/_threading/loopingcall.py:125}}
Jul 04 00:41:35.725894 np0000004496 nova-scheduler[96429]: DEBUG nova.scheduler.manager [None req-d67d1f5c-a734-4496-9640-c70126d2f78e tempest-DeleteServersTestJSON-261471723 tempest-DeleteServersTestJSON-261471723-project-member] Starting to schedule for instances: ['01f12c8f-9434-4e55-9815-6dade8394537'] {{(pid=96429) select_destinations /opt/stack/nova/nova/scheduler/manager.py:209}}
Jul 04 00:41:35.726857 np0000004496 nova-scheduler[96429]: DEBUG nova.scheduler.request_filter [None req-d67d1f5c-a734-4496-9640-c70126d2f78e tempest-DeleteServersTestJSON-261471723 tempest-DeleteServersTestJSON-261471723-project-member] compute_status_filter request filter added forbidden trait COMPUTE_STATUS_DISABLED {{(pid=96429) compute_status_filter /opt/stack/nova/nova/scheduler/request_filter.py:253}}
Jul 04 00:41:35.726857 np0000004496 nova-scheduler[96429]: DEBUG nova.scheduler.request_filter [None req-d67d1f5c-a734-4496-9640-c70126d2f78e tempest-DeleteServersTestJSON-261471723 tempest-DeleteServersTestJSON-261471723-project-member] Request filter 'compute_status_filter' took 0.0 seconds {{(pid=96429) wrapper /opt/stack/nova/nova/scheduler/request_filter.py:46}}
Jul 04 00:41:35.727027 np0000004496 nova-scheduler[96429]: DEBUG nova.scheduler.request_filter [None req-d67d1f5c-a734-4496-9640-c70126d2f78e tempest-DeleteServersTestJSON-261471723 tempest-DeleteServersTestJSON-261471723-project-member] Request filter 'accelerators_filter' took 0.0 seconds {{(pid=96429) wrapper /opt/stack/nova/nova/scheduler/request_filter.py:46}}
Jul 04 00:41:35.728370 np0000004496 nova-scheduler[96429]: DEBUG nova.scheduler.request_filter [None req-d67d1f5c-a734-4496-9640-c70126d2f78e tempest-DeleteServersTestJSON-261471723 tempest-DeleteServersTestJSON-261471723-project-member] Request filter 'packed_virtqueue_filter' took 0.0 seconds {{(pid=96429) wrapper /opt/stack/nova/nova/scheduler/request_filter.py:46}}
Jul 04 00:41:35.728370 np0000004496 nova-scheduler[96429]: DEBUG nova.scheduler.request_filter [None req-d67d1f5c-a734-4496-9640-c70126d2f78e tempest-DeleteServersTestJSON-261471723 tempest-DeleteServersTestJSON-261471723-project-member] Request filter 'remote_managed_ports_filter' took 0.0 seconds {{(pid=96429) wrapper /opt/stack/nova/nova/scheduler/request_filter.py:46}}
Jul 04 00:41:35.728370 np0000004496 nova-scheduler[96429]: DEBUG nova.scheduler.request_filter [None req-d67d1f5c-a734-4496-9640-c70126d2f78e tempest-DeleteServersTestJSON-261471723 tempest-DeleteServersTestJSON-261471723-project-member] ephemeral_encryption_filter skipped {{(pid=96429) ephemeral_encryption_filter /opt/stack/nova/nova/scheduler/request_filter.py:426}}
Jul 04 00:41:35.728370 np0000004496 nova-scheduler[96429]: DEBUG nova.scheduler.request_filter [None req-d67d1f5c-a734-4496-9640-c70126d2f78e tempest-DeleteServersTestJSON-261471723 tempest-DeleteServersTestJSON-261471723-project-member] virtio_sound_filter skipped {{(pid=96429) virtio_sound_filter /opt/stack/nova/nova/scheduler/request_filter.py:460}}
Jul 04 00:41:35.728370 np0000004496 nova-scheduler[96429]: DEBUG nova.scheduler.request_filter [None req-d67d1f5c-a734-4496-9640-c70126d2f78e tempest-DeleteServersTestJSON-261471723 tempest-DeleteServersTestJSON-261471723-project-member] tpm_secret_security_filter skipped {{(pid=96429) tpm_secret_security_filter /opt/stack/nova/nova/scheduler/request_filter.py:477}}
Jul 04 00:41:36.489372 np0000004496 nova-scheduler[96433]: DEBUG nova.scheduler.manager [None req-cb91a985-8b69-428a-a906-f4ccafc45746 tempest-ServerActionsTestOtherA-880681593 tempest-ServerActionsTestOtherA-880681593-project-member] Starting to schedule for instances: ['216b1557-8900-4303-ac9e-3f266b26809e'] {{(pid=96433) select_destinations /opt/stack/nova/nova/scheduler/manager.py:209}}
Jul 04 00:41:36.489947 np0000004496 nova-scheduler[96433]: DEBUG nova.scheduler.request_filter [None req-cb91a985-8b69-428a-a906-f4ccafc45746 tempest-ServerActionsTestOtherA-880681593 tempest-ServerActionsTestOtherA-880681593-project-member] compute_status_filter request filter added forbidden trait COMPUTE_STATUS_DISABLED {{(pid=96433) compute_status_filter /opt/stack/nova/nova/scheduler/request_filter.py:253}}
Jul 04 00:41:36.490293 np0000004496 nova-scheduler[96433]: DEBUG nova.scheduler.request_filter [None req-cb91a985-8b69-428a-a906-f4ccafc45746 tempest-ServerActionsTestOtherA-880681593 tempest-ServerActionsTestOtherA-880681593-project-member] Request filter 'compute_status_filter' took 0.0 seconds {{(pid=96433) wrapper /opt/stack/nova/nova/scheduler/request_filter.py:46}}
Jul 04 00:41:36.490357 np0000004496 nova-scheduler[96433]: DEBUG nova.scheduler.request_filter [None req-cb91a985-8b69-428a-a906-f4ccafc45746 tempest-ServerActionsTestOtherA-880681593 tempest-ServerActionsTestOtherA-880681593-project-member] Request filter 'accelerators_filter' took 0.0 seconds {{(pid=96433) wrapper /opt/stack/nova/nova/scheduler/request_filter.py:46}}
Jul 04 00:41:36.490597 np0000004496 nova-scheduler[96433]: DEBUG nova.scheduler.request_filter [None req-cb91a985-8b69-428a-a906-f4ccafc45746 tempest-ServerActionsTestOtherA-880681593 tempest-ServerActionsTestOtherA-880681593-project-member] Request filter 'packed_virtqueue_filter' took 0.0 seconds {{(pid=96433) wrapper /opt/stack/nova/nova/scheduler/request_filter.py:46}}
Jul 04 00:41:36.490896 np0000004496 nova-scheduler[96433]: DEBUG nova.scheduler.request_filter [None req-cb91a985-8b69-428a-a906-f4ccafc45746 tempest-ServerActionsTestOtherA-880681593 tempest-ServerActionsTestOtherA-880681593-project-member] Request filter 'remote_managed_ports_filter' took 0.0 seconds {{(pid=96433) wrapper /opt/stack/nova/nova/scheduler/request_filter.py:46}}
Jul 04 00:41:36.491101 np0000004496 nova-scheduler[96433]: DEBUG nova.scheduler.request_filter [None req-cb91a985-8b69-428a-a906-f4ccafc45746 tempest-ServerActionsTestOtherA-880681593 tempest-ServerActionsTestOtherA-880681593-project-member] ephemeral_encryption_filter skipped {{(pid=96433) ephemeral_encryption_filter /opt/stack/nova/nova/scheduler/request_filter.py:426}}
Jul 04 00:41:36.491243 np0000004496 nova-scheduler[96433]: DEBUG nova.scheduler.request_filter [None req-cb91a985-8b69-428a-a906-f4ccafc45746 tempest-ServerActionsTestOtherA-880681593 tempest-ServerActionsTestOtherA-880681593-project-member] virtio_sound_filter skipped {{(pid=96433) virtio_sound_filter /opt/stack/nova/nova/scheduler/request_filter.py:460}}
Jul 04 00:41:36.491399 np0000004496 nova-scheduler[96433]: DEBUG nova.scheduler.request_filter [None req-cb91a985-8b69-428a-a906-f4ccafc45746 tempest-ServerActionsTestOtherA-880681593 tempest-ServerActionsTestOtherA-880681593-project-member] tpm_secret_security_filter skipped {{(pid=96433) tpm_secret_security_filter /opt/stack/nova/nova/scheduler/request_filter.py:477}}
Jul 04 00:41:36.587653 np0000004496 nova-scheduler[96429]: INFO nova.utils [None req-d67d1f5c-a734-4496-9640-c70126d2f78e tempest-DeleteServersTestJSON-261471723 tempest-DeleteServersTestJSON-261471723-project-member] The cell worker thread pool ForkProcess-1.cell_worker is initialized
Jul 04 00:41:36.588150 np0000004496 nova-scheduler[96429]: DEBUG oslo_concurrency.lockutils [None req-d67d1f5c-a734-4496-9640-c70126d2f78e tempest-DeleteServersTestJSON-261471723 tempest-DeleteServersTestJSON-261471723-project-member] Acquiring lock "cb9935f8-fc03-4668-84e0-255f09315082" by "nova.context.set_target_cell..get_or_set_cached_cell_and_set_connections" {{(pid=96429) inner /opt/stack/data/venv/lib/python3.12/site-packages/oslo_concurrency/lockutils.py:511}}
Jul 04 00:41:36.588456 np0000004496 nova-scheduler[96429]: DEBUG oslo_concurrency.lockutils [None req-d67d1f5c-a734-4496-9640-c70126d2f78e tempest-DeleteServersTestJSON-261471723 tempest-DeleteServersTestJSON-261471723-project-member] Lock "cb9935f8-fc03-4668-84e0-255f09315082" acquired by "nova.context.set_target_cell..get_or_set_cached_cell_and_set_connections" :: waited 0.000s {{(pid=96429) inner /opt/stack/data/venv/lib/python3.12/site-packages/oslo_concurrency/lockutils.py:524}}
Jul 04 00:41:36.590321 np0000004496 nova-scheduler[96429]: DEBUG oslo_concurrency.lockutils [None req-d67d1f5c-a734-4496-9640-c70126d2f78e tempest-DeleteServersTestJSON-261471723 tempest-DeleteServersTestJSON-261471723-project-member] Lock "cb9935f8-fc03-4668-84e0-255f09315082" "released" by "nova.context.set_target_cell..get_or_set_cached_cell_and_set_connections" :: held 0.002s {{(pid=96429) inner /opt/stack/data/venv/lib/python3.12/site-packages/oslo_concurrency/lockutils.py:543}}
Jul 04 00:41:36.592583 np0000004496 nova-scheduler[96429]: INFO dbcounter [None req-d67d1f5c-a734-4496-9640-c70126d2f78e tempest-DeleteServersTestJSON-261471723 tempest-DeleteServersTestJSON-261471723-project-member] Registered counter for database nova_cell1
Jul 04 00:41:36.649900 np0000004496 nova-scheduler[96433]: INFO nova.utils [None req-cb91a985-8b69-428a-a906-f4ccafc45746 tempest-ServerActionsTestOtherA-880681593 tempest-ServerActionsTestOtherA-880681593-project-member] The cell worker thread pool ForkProcess-3.cell_worker is initialized
Jul 04 00:41:36.649971 np0000004496 nova-scheduler[96429]: DEBUG oslo_db.sqlalchemy.engines [None req-d67d1f5c-a734-4496-9640-c70126d2f78e tempest-DeleteServersTestJSON-261471723 tempest-DeleteServersTestJSON-261471723-project-member] MySQL server mode set to STRICT_TRANS_TABLES,STRICT_ALL_TABLES,NO_ZERO_IN_DATE,NO_ZERO_DATE,ERROR_FOR_DIVISION_BY_ZERO,TRADITIONAL,NO_ENGINE_SUBSTITUTION {{(pid=96429) _check_effective_sql_mode /opt/stack/data/venv/lib/python3.12/site-packages/oslo_db/sqlalchemy/engines.py:325}}
Jul 04 00:41:36.653453 np0000004496 nova-scheduler[96433]: DEBUG oslo_concurrency.lockutils [None req-cb91a985-8b69-428a-a906-f4ccafc45746 tempest-ServerActionsTestOtherA-880681593 tempest-ServerActionsTestOtherA-880681593-project-member] Acquiring lock "cb9935f8-fc03-4668-84e0-255f09315082" by "nova.context.set_target_cell..get_or_set_cached_cell_and_set_connections" {{(pid=96433) inner /opt/stack/data/venv/lib/python3.12/site-packages/oslo_concurrency/lockutils.py:511}}
Jul 04 00:41:36.653453 np0000004496 nova-scheduler[96433]: DEBUG oslo_concurrency.lockutils [None req-cb91a985-8b69-428a-a906-f4ccafc45746 tempest-ServerActionsTestOtherA-880681593 tempest-ServerActionsTestOtherA-880681593-project-member] Lock "cb9935f8-fc03-4668-84e0-255f09315082" acquired by "nova.context.set_target_cell..get_or_set_cached_cell_and_set_connections" :: waited 0.000s {{(pid=96433) inner /opt/stack/data/venv/lib/python3.12/site-packages/oslo_concurrency/lockutils.py:524}}
Jul 04 00:41:36.653453 np0000004496 nova-scheduler[96433]: DEBUG oslo_concurrency.lockutils [None req-cb91a985-8b69-428a-a906-f4ccafc45746 tempest-ServerActionsTestOtherA-880681593 tempest-ServerActionsTestOtherA-880681593-project-member] Lock "cb9935f8-fc03-4668-84e0-255f09315082" "released" by "nova.context.set_target_cell..get_or_set_cached_cell_and_set_connections" :: held 0.001s {{(pid=96433) inner /opt/stack/data/venv/lib/python3.12/site-packages/oslo_concurrency/lockutils.py:543}}
Jul 04 00:41:36.655003 np0000004496 nova-scheduler[96433]: INFO dbcounter [None req-cb91a985-8b69-428a-a906-f4ccafc45746 tempest-ServerActionsTestOtherA-880681593 tempest-ServerActionsTestOtherA-880681593-project-member] Registered counter for database nova_cell1
Jul 04 00:41:36.657808 np0000004496 nova-scheduler[96429]: DEBUG dbcounter [-] [96429] Writer thread running {{(pid=96429) stat_writer /opt/stack/data/venv/lib/python3.12/site-packages/dbcounter.py:102}}
Jul 04 00:41:36.670614 np0000004496 nova-scheduler[96429]: DEBUG oslo_db.sqlalchemy.engines [None req-d67d1f5c-a734-4496-9640-c70126d2f78e tempest-DeleteServersTestJSON-261471723 tempest-DeleteServersTestJSON-261471723-project-member] Parent process 95238 forked (96429) with an open database connection, which is being discarded and recreated. {{(pid=96429) checkout /opt/stack/data/venv/lib/python3.12/site-packages/oslo_db/sqlalchemy/engines.py:402}}
Jul 04 00:41:36.695387 np0000004496 nova-scheduler[96433]: DEBUG oslo_db.sqlalchemy.engines [None req-cb91a985-8b69-428a-a906-f4ccafc45746 tempest-ServerActionsTestOtherA-880681593 tempest-ServerActionsTestOtherA-880681593-project-member] MySQL server mode set to STRICT_TRANS_TABLES,STRICT_ALL_TABLES,NO_ZERO_IN_DATE,NO_ZERO_DATE,ERROR_FOR_DIVISION_BY_ZERO,TRADITIONAL,NO_ENGINE_SUBSTITUTION {{(pid=96433) _check_effective_sql_mode /opt/stack/data/venv/lib/python3.12/site-packages/oslo_db/sqlalchemy/engines.py:325}}
Jul 04 00:41:36.702918 np0000004496 nova-scheduler[96433]: DEBUG dbcounter [-] [96433] Writer thread running {{(pid=96433) stat_writer /opt/stack/data/venv/lib/python3.12/site-packages/dbcounter.py:102}}
Jul 04 00:41:36.725490 np0000004496 nova-scheduler[96429]: DEBUG dbcounter [-] [96429] Writer thread running {{(pid=96429) stat_writer /opt/stack/data/venv/lib/python3.12/site-packages/dbcounter.py:102}}
