Jul 04 00:39:01.717051 np0000004496 nova-conductor[98835]: DEBUG cotyledon.oslo_config_glue [-] profiler.es_scroll_size = 10000 {{(pid=98835) log_opt_values /opt/stack/data/venv/lib/python3.12/site-packages/oslo_config/cfg.py:3253}}
Jul 04 00:39:01.717051 np0000004496 nova-conductor[98835]: DEBUG cotyledon.oslo_config_glue [-] profiler.es_scroll_time = 2m {{(pid=98835) log_opt_values /opt/stack/data/venv/lib/python3.12/site-packages/oslo_config/cfg.py:3253}}
Jul 04 00:39:01.717313 np0000004496 nova-conductor[98835]: DEBUG cotyledon.oslo_config_glue [-] profiler.filter_error_trace = False {{(pid=98835) log_opt_values /opt/stack/data/venv/lib/python3.12/site-packages/oslo_config/cfg.py:3253}}
Jul 04 00:39:01.717313 np0000004496 nova-conductor[98835]: DEBUG cotyledon.oslo_config_glue [-] profiler.hmac_keys = **** {{(pid=98835) log_opt_values /opt/stack/data/venv/lib/python3.12/site-packages/oslo_config/cfg.py:3253}}
Jul 04 00:39:01.717313 np0000004496 nova-conductor[98835]: DEBUG cotyledon.oslo_config_glue [-] profiler.sentinel_service_name = mymaster {{(pid=98835) log_opt_values /opt/stack/data/venv/lib/python3.12/site-packages/oslo_config/cfg.py:3253}}
Jul 04 00:39:01.717313 np0000004496 nova-conductor[98835]: DEBUG cotyledon.oslo_config_glue [-] profiler.socket_timeout = 0.1 {{(pid=98835) log_opt_values /opt/stack/data/venv/lib/python3.12/site-packages/oslo_config/cfg.py:3253}}
Jul 04 00:39:01.717313 np0000004496 nova-conductor[98835]: DEBUG cotyledon.oslo_config_glue [-] profiler.trace_requests = False {{(pid=98835) log_opt_values /opt/stack/data/venv/lib/python3.12/site-packages/oslo_config/cfg.py:3253}}
Jul 04 00:39:01.717313 np0000004496 nova-conductor[98835]: DEBUG cotyledon.oslo_config_glue [-] profiler.trace_sqlalchemy = False {{(pid=98835) log_opt_values /opt/stack/data/venv/lib/python3.12/site-packages/oslo_config/cfg.py:3253}}
Jul 04 00:39:01.717313 np0000004496 nova-conductor[98835]: DEBUG cotyledon.oslo_config_glue [-] profiler_jaeger.process_tags = {} {{(pid=98835) log_opt_values /opt/stack/data/venv/lib/python3.12/site-packages/oslo_config/cfg.py:3253}}
Jul 04 00:39:01.717313 np0000004496 nova-conductor[98835]: DEBUG cotyledon.oslo_config_glue [-] profiler_jaeger.service_name_prefix = None {{(pid=98835) log_opt_values /opt/stack/data/venv/lib/python3.12/site-packages/oslo_config/cfg.py:3253}}
Jul 04 00:39:01.717313 np0000004496 nova-conductor[98835]: DEBUG cotyledon.oslo_config_glue [-] profiler_otlp.service_name_prefix = None {{(pid=98835) log_opt_values /opt/stack/data/venv/lib/python3.12/site-packages/oslo_config/cfg.py:3253}}
Jul 04 00:39:01.717579 np0000004496 nova-conductor[98835]: DEBUG cotyledon.oslo_config_glue [-] oslo_messaging_rabbit.amqp_auto_delete = False {{(pid=98835) log_opt_values /opt/stack/data/venv/lib/python3.12/site-packages/oslo_config/cfg.py:3253}}
Jul 04 00:39:01.717579 np0000004496 nova-conductor[98835]: DEBUG cotyledon.oslo_config_glue [-] oslo_messaging_rabbit.amqp_durable_queues = False {{(pid=98835) log_opt_values /opt/stack/data/venv/lib/python3.12/site-packages/oslo_config/cfg.py:3253}}
Jul 04 00:39:01.717579 np0000004496 nova-conductor[98835]: DEBUG cotyledon.oslo_config_glue [-] oslo_messaging_rabbit.conn_pool_min_size = 2 {{(pid=98835) log_opt_values /opt/stack/data/venv/lib/python3.12/site-packages/oslo_config/cfg.py:3253}}
Jul 04 00:39:01.717579 np0000004496 nova-conductor[98835]: DEBUG cotyledon.oslo_config_glue [-] oslo_messaging_rabbit.conn_pool_ttl = 1200 {{(pid=98835) log_opt_values /opt/stack/data/venv/lib/python3.12/site-packages/oslo_config/cfg.py:3253}}
Jul 04 00:39:01.717579 np0000004496 nova-conductor[98835]: DEBUG cotyledon.oslo_config_glue [-] oslo_messaging_rabbit.direct_mandatory_flag = True {{(pid=98835) log_opt_values /opt/stack/data/venv/lib/python3.12/site-packages/oslo_config/cfg.py:3253}}
Jul 04 00:39:01.717579 np0000004496 nova-conductor[98835]: DEBUG cotyledon.oslo_config_glue [-] oslo_messaging_rabbit.enable_cancel_on_failover = False {{(pid=98835) log_opt_values /opt/stack/data/venv/lib/python3.12/site-packages/oslo_config/cfg.py:3253}}
Jul 04 00:39:01.717579 np0000004496 nova-conductor[98835]: DEBUG cotyledon.oslo_config_glue [-] oslo_messaging_rabbit.heartbeat_rate = 3 {{(pid=98835) log_opt_values /opt/stack/data/venv/lib/python3.12/site-packages/oslo_config/cfg.py:3253}}
Jul 04 00:39:01.717579 np0000004496 nova-conductor[98835]: DEBUG cotyledon.oslo_config_glue [-] oslo_messaging_rabbit.heartbeat_timeout_threshold = 60 {{(pid=98835) log_opt_values /opt/stack/data/venv/lib/python3.12/site-packages/oslo_config/cfg.py:3253}}
Jul 04 00:39:01.717579 np0000004496 nova-conductor[98835]: DEBUG cotyledon.oslo_config_glue [-] oslo_messaging_rabbit.hostname = np0000004496 {{(pid=98835) log_opt_values /opt/stack/data/venv/lib/python3.12/site-packages/oslo_config/cfg.py:3253}}
Jul 04 00:39:01.717832 np0000004496 nova-conductor[98835]: DEBUG cotyledon.oslo_config_glue [-] oslo_messaging_rabbit.kombu_compression = None {{(pid=98835) log_opt_values /opt/stack/data/venv/lib/python3.12/site-packages/oslo_config/cfg.py:3253}}
Jul 04 00:39:01.717832 np0000004496 nova-conductor[98835]: DEBUG cotyledon.oslo_config_glue [-] oslo_messaging_rabbit.kombu_failover_strategy = round-robin {{(pid=98835) log_opt_values /opt/stack/data/venv/lib/python3.12/site-packages/oslo_config/cfg.py:3253}}
Jul 04 00:39:01.717832 np0000004496 nova-conductor[98835]: DEBUG cotyledon.oslo_config_glue [-] oslo_messaging_rabbit.kombu_missing_consumer_retry_timeout = 60 {{(pid=98835) log_opt_values /opt/stack/data/venv/lib/python3.12/site-packages/oslo_config/cfg.py:3253}}
Jul 04 00:39:01.717832 np0000004496 nova-conductor[98835]: DEBUG cotyledon.oslo_config_glue [-] oslo_messaging_rabbit.kombu_reconnect_delay = 1.0 {{(pid=98835) log_opt_values /opt/stack/data/venv/lib/python3.12/site-packages/oslo_config/cfg.py:3253}}
Jul 04 00:39:01.717832 np0000004496 nova-conductor[98835]: DEBUG cotyledon.oslo_config_glue [-] oslo_messaging_rabbit.kombu_reconnect_splay = 0.0 {{(pid=98835) log_opt_values /opt/stack/data/venv/lib/python3.12/site-packages/oslo_config/cfg.py:3253}}
Jul 04 00:39:01.717832 np0000004496 nova-conductor[98835]: DEBUG cotyledon.oslo_config_glue [-] oslo_messaging_rabbit.processname = nova-conductor {{(pid=98835) log_opt_values /opt/stack/data/venv/lib/python3.12/site-packages/oslo_config/cfg.py:3253}}
Jul 04 00:39:01.717832 np0000004496 nova-conductor[98835]: DEBUG cotyledon.oslo_config_glue [-] oslo_messaging_rabbit.rabbit_ha_queues = False {{(pid=98835) log_opt_values /opt/stack/data/venv/lib/python3.12/site-packages/oslo_config/cfg.py:3253}}
Jul 04 00:39:01.717832 np0000004496 nova-conductor[98835]: DEBUG cotyledon.oslo_config_glue [-] oslo_messaging_rabbit.rabbit_interval_max = 30 {{(pid=98835) log_opt_values /opt/stack/data/venv/lib/python3.12/site-packages/oslo_config/cfg.py:3253}}
Jul 04 00:39:01.717832 np0000004496 nova-conductor[98835]: DEBUG cotyledon.oslo_config_glue [-] oslo_messaging_rabbit.rabbit_login_method = AMQPLAIN {{(pid=98835) log_opt_values /opt/stack/data/venv/lib/python3.12/site-packages/oslo_config/cfg.py:3253}}
Jul 04 00:39:01.718080 np0000004496 nova-conductor[98835]: DEBUG cotyledon.oslo_config_glue [-] oslo_messaging_rabbit.rabbit_qos_prefetch_count = 0 {{(pid=98835) log_opt_values /opt/stack/data/venv/lib/python3.12/site-packages/oslo_config/cfg.py:3253}}
Jul 04 00:39:01.718080 np0000004496 nova-conductor[98835]: DEBUG cotyledon.oslo_config_glue [-] oslo_messaging_rabbit.rabbit_quorum_delivery_limit = 0 {{(pid=98835) log_opt_values /opt/stack/data/venv/lib/python3.12/site-packages/oslo_config/cfg.py:3253}}
Jul 04 00:39:01.718080 np0000004496 nova-conductor[98835]: DEBUG cotyledon.oslo_config_glue [-] oslo_messaging_rabbit.rabbit_quorum_max_memory_bytes = 0 {{(pid=98835) log_opt_values /opt/stack/data/venv/lib/python3.12/site-packages/oslo_config/cfg.py:3253}}
Jul 04 00:39:01.718080 np0000004496 nova-conductor[98835]: DEBUG cotyledon.oslo_config_glue [-] oslo_messaging_rabbit.rabbit_quorum_max_memory_length = 0 {{(pid=98835) log_opt_values /opt/stack/data/venv/lib/python3.12/site-packages/oslo_config/cfg.py:3253}}
Jul 04 00:39:01.718080 np0000004496 nova-conductor[98835]: DEBUG cotyledon.oslo_config_glue [-] oslo_messaging_rabbit.rabbit_quorum_queue = False {{(pid=98835) log_opt_values /opt/stack/data/venv/lib/python3.12/site-packages/oslo_config/cfg.py:3253}}
Jul 04 00:39:01.718080 np0000004496 nova-conductor[98835]: DEBUG cotyledon.oslo_config_glue [-] oslo_messaging_rabbit.rabbit_retry_backoff = 2 {{(pid=98835) log_opt_values /opt/stack/data/venv/lib/python3.12/site-packages/oslo_config/cfg.py:3253}}
Jul 04 00:39:01.718080 np0000004496 nova-conductor[98835]: DEBUG cotyledon.oslo_config_glue [-] oslo_messaging_rabbit.rabbit_retry_interval = 1 {{(pid=98835) log_opt_values /opt/stack/data/venv/lib/python3.12/site-packages/oslo_config/cfg.py:3253}}
Jul 04 00:39:01.718080 np0000004496 nova-conductor[98835]: DEBUG cotyledon.oslo_config_glue [-] oslo_messaging_rabbit.rabbit_stream_fanout = False {{(pid=98835) log_opt_values /opt/stack/data/venv/lib/python3.12/site-packages/oslo_config/cfg.py:3253}}
Jul 04 00:39:01.718313 np0000004496 nova-conductor[98835]: DEBUG cotyledon.oslo_config_glue [-] oslo_messaging_rabbit.rabbit_transient_queues_ttl = 1800 {{(pid=98835) log_opt_values /opt/stack/data/venv/lib/python3.12/site-packages/oslo_config/cfg.py:3253}}
Jul 04 00:39:01.718313 np0000004496 nova-conductor[98835]: DEBUG cotyledon.oslo_config_glue [-] oslo_messaging_rabbit.rabbit_transient_quorum_queue = False {{(pid=98835) log_opt_values /opt/stack/data/venv/lib/python3.12/site-packages/oslo_config/cfg.py:3253}}
Jul 04 00:39:01.718313 np0000004496 nova-conductor[98835]: DEBUG cotyledon.oslo_config_glue [-] oslo_messaging_rabbit.rpc_conn_pool_size = 30 {{(pid=98835) log_opt_values /opt/stack/data/venv/lib/python3.12/site-packages/oslo_config/cfg.py:3253}}
Jul 04 00:39:01.718313 np0000004496 nova-conductor[98835]: DEBUG cotyledon.oslo_config_glue [-] oslo_messaging_rabbit.ssl = False {{(pid=98835) log_opt_values /opt/stack/data/venv/lib/python3.12/site-packages/oslo_config/cfg.py:3253}}
Jul 04 00:39:01.718313 np0000004496 nova-conductor[98835]: DEBUG cotyledon.oslo_config_glue [-] oslo_messaging_rabbit.ssl_ca_file = {{(pid=98835) log_opt_values /opt/stack/data/venv/lib/python3.12/site-packages/oslo_config/cfg.py:3253}}
Jul 04 00:39:01.718313 np0000004496 nova-conductor[98835]: DEBUG cotyledon.oslo_config_glue [-] oslo_messaging_rabbit.ssl_cert_file = {{(pid=98835) log_opt_values /opt/stack/data/venv/lib/python3.12/site-packages/oslo_config/cfg.py:3253}}
Jul 04 00:39:01.718313 np0000004496 nova-conductor[98835]: DEBUG cotyledon.oslo_config_glue [-] oslo_messaging_rabbit.ssl_enforce_fips_mode = False {{(pid=98835) log_opt_values /opt/stack/data/venv/lib/python3.12/site-packages/oslo_config/cfg.py:3253}}
Jul 04 00:39:01.718313 np0000004496 nova-conductor[98835]: DEBUG cotyledon.oslo_config_glue [-] oslo_messaging_rabbit.ssl_enforce_hostname_verification = True {{(pid=98835) log_opt_values /opt/stack/data/venv/lib/python3.12/site-packages/oslo_config/cfg.py:3253}}
Jul 04 00:39:01.718313 np0000004496 nova-conductor[98835]: DEBUG cotyledon.oslo_config_glue [-] oslo_messaging_rabbit.ssl_key_file = {{(pid=98835) log_opt_values /opt/stack/data/venv/lib/python3.12/site-packages/oslo_config/cfg.py:3253}}
Jul 04 00:39:01.718570 np0000004496 nova-conductor[98835]: DEBUG cotyledon.oslo_config_glue [-] oslo_messaging_rabbit.ssl_version = {{(pid=98835) log_opt_values /opt/stack/data/venv/lib/python3.12/site-packages/oslo_config/cfg.py:3253}}
Jul 04 00:39:01.718570 np0000004496 nova-conductor[98835]: DEBUG cotyledon.oslo_config_glue [-] oslo_messaging_rabbit.use_queue_manager = False {{(pid=98835) log_opt_values /opt/stack/data/venv/lib/python3.12/site-packages/oslo_config/cfg.py:3253}}
Jul 04 00:39:01.718570 np0000004496 nova-conductor[98835]: DEBUG cotyledon.oslo_config_glue [-] oslo_messaging_notifications.driver = ['messagingv2'] {{(pid=98835) log_opt_values /opt/stack/data/venv/lib/python3.12/site-packages/oslo_config/cfg.py:3253}}
Jul 04 00:39:01.718570 np0000004496 nova-conductor[98835]: DEBUG cotyledon.oslo_config_glue [-] oslo_messaging_notifications.retry = -1 {{(pid=98835) log_opt_values /opt/stack/data/venv/lib/python3.12/site-packages/oslo_config/cfg.py:3253}}
Jul 04 00:39:01.718570 np0000004496 nova-conductor[98835]: DEBUG cotyledon.oslo_config_glue [-] oslo_messaging_notifications.topics = ['notifications'] {{(pid=98835) log_opt_values /opt/stack/data/venv/lib/python3.12/site-packages/oslo_config/cfg.py:3253}}
Jul 04 00:39:01.718570 np0000004496 nova-conductor[98835]: DEBUG cotyledon.oslo_config_glue [-] oslo_messaging_notifications.transport_url = **** {{(pid=98835) log_opt_values /opt/stack/data/venv/lib/python3.12/site-packages/oslo_config/cfg.py:3253}}
Jul 04 00:39:01.718570 np0000004496 nova-conductor[98835]: DEBUG cotyledon.oslo_config_glue [-] oslo_limit.auth_section = None {{(pid=98835) log_opt_values /opt/stack/data/venv/lib/python3.12/site-packages/oslo_config/cfg.py:3253}}
Jul 04 00:39:01.718570 np0000004496 nova-conductor[98835]: DEBUG cotyledon.oslo_config_glue [-] oslo_limit.auth_type = None {{(pid=98835) log_opt_values /opt/stack/data/venv/lib/python3.12/site-packages/oslo_config/cfg.py:3253}}
Jul 04 00:39:01.718570 np0000004496 nova-conductor[98835]: DEBUG cotyledon.oslo_config_glue [-] oslo_limit.cafile = None {{(pid=98835) log_opt_values /opt/stack/data/venv/lib/python3.12/site-packages/oslo_config/cfg.py:3253}}
Jul 04 00:39:01.718836 np0000004496 nova-conductor[98835]: DEBUG cotyledon.oslo_config_glue [-] oslo_limit.certfile = None {{(pid=98835) log_opt_values /opt/stack/data/venv/lib/python3.12/site-packages/oslo_config/cfg.py:3253}}
Jul 04 00:39:01.718836 np0000004496 nova-conductor[98835]: DEBUG cotyledon.oslo_config_glue [-] oslo_limit.collect_timing = False {{(pid=98835) log_opt_values /opt/stack/data/venv/lib/python3.12/site-packages/oslo_config/cfg.py:3253}}
Jul 04 00:39:01.718836 np0000004496 nova-conductor[98835]: DEBUG cotyledon.oslo_config_glue [-] oslo_limit.connect_retries = None {{(pid=98835) log_opt_values /opt/stack/data/venv/lib/python3.12/site-packages/oslo_config/cfg.py:3253}}
Jul 04 00:39:01.718836 np0000004496 nova-conductor[98835]: DEBUG cotyledon.oslo_config_glue [-] oslo_limit.connect_retry_delay = None {{(pid=98835) log_opt_values /opt/stack/data/venv/lib/python3.12/site-packages/oslo_config/cfg.py:3253}}
Jul 04 00:39:01.718836 np0000004496 nova-conductor[98835]: DEBUG cotyledon.oslo_config_glue [-] oslo_limit.endpoint_id = None {{(pid=98835) log_opt_values /opt/stack/data/venv/lib/python3.12/site-packages/oslo_config/cfg.py:3253}}
Jul 04 00:39:01.718836 np0000004496 nova-conductor[98835]: DEBUG cotyledon.oslo_config_glue [-] oslo_limit.endpoint_interface = public {{(pid=98835) log_opt_values /opt/stack/data/venv/lib/python3.12/site-packages/oslo_config/cfg.py:3253}}
Jul 04 00:39:01.718836 np0000004496 nova-conductor[98835]: DEBUG cotyledon.oslo_config_glue [-] oslo_limit.endpoint_override = None {{(pid=98835) log_opt_values /opt/stack/data/venv/lib/python3.12/site-packages/oslo_config/cfg.py:3253}}
Jul 04 00:39:01.718836 np0000004496 nova-conductor[98835]: DEBUG cotyledon.oslo_config_glue [-] oslo_limit.endpoint_region_name = None {{(pid=98835) log_opt_values /opt/stack/data/venv/lib/python3.12/site-packages/oslo_config/cfg.py:3253}}
Jul 04 00:39:01.718836 np0000004496 nova-conductor[98835]: DEBUG cotyledon.oslo_config_glue [-] oslo_limit.endpoint_service_name = None {{(pid=98835) log_opt_values /opt/stack/data/venv/lib/python3.12/site-packages/oslo_config/cfg.py:3253}}
Jul 04 00:39:01.719096 np0000004496 nova-conductor[98835]: DEBUG cotyledon.oslo_config_glue [-] oslo_limit.endpoint_service_type = None {{(pid=98835) log_opt_values /opt/stack/data/venv/lib/python3.12/site-packages/oslo_config/cfg.py:3253}}
Jul 04 00:39:01.719096 np0000004496 nova-conductor[98835]: DEBUG cotyledon.oslo_config_glue [-] oslo_limit.insecure = False {{(pid=98835) log_opt_values /opt/stack/data/venv/lib/python3.12/site-packages/oslo_config/cfg.py:3253}}
Jul 04 00:39:01.719096 np0000004496 nova-conductor[98835]: DEBUG cotyledon.oslo_config_glue [-] oslo_limit.keyfile = None {{(pid=98835) log_opt_values /opt/stack/data/venv/lib/python3.12/site-packages/oslo_config/cfg.py:3253}}
Jul 04 00:39:01.719096 np0000004496 nova-conductor[98835]: DEBUG cotyledon.oslo_config_glue [-] oslo_limit.max_version = None {{(pid=98835) log_opt_values /opt/stack/data/venv/lib/python3.12/site-packages/oslo_config/cfg.py:3253}}
Jul 04 00:39:01.719096 np0000004496 nova-conductor[98835]: DEBUG cotyledon.oslo_config_glue [-] oslo_limit.min_version = None {{(pid=98835) log_opt_values /opt/stack/data/venv/lib/python3.12/site-packages/oslo_config/cfg.py:3253}}
Jul 04 00:39:01.719096 np0000004496 nova-conductor[98835]: DEBUG cotyledon.oslo_config_glue [-] oslo_limit.region_name = None {{(pid=98835) log_opt_values /opt/stack/data/venv/lib/python3.12/site-packages/oslo_config/cfg.py:3253}}
Jul 04 00:39:01.719096 np0000004496 nova-conductor[98835]: DEBUG cotyledon.oslo_config_glue [-] oslo_limit.retriable_status_codes = None {{(pid=98835) log_opt_values /opt/stack/data/venv/lib/python3.12/site-packages/oslo_config/cfg.py:3253}}
Jul 04 00:39:01.719096 np0000004496 nova-conductor[98835]: DEBUG cotyledon.oslo_config_glue [-] oslo_limit.service_name = None {{(pid=98835) log_opt_values /opt/stack/data/venv/lib/python3.12/site-packages/oslo_config/cfg.py:3253}}
Jul 04 00:39:01.719096 np0000004496 nova-conductor[98835]: DEBUG cotyledon.oslo_config_glue [-] oslo_limit.service_type = None {{(pid=98835) log_opt_values /opt/stack/data/venv/lib/python3.12/site-packages/oslo_config/cfg.py:3253}}
Jul 04 00:39:01.719354 np0000004496 nova-conductor[98835]: DEBUG cotyledon.oslo_config_glue [-] oslo_limit.split_loggers = False {{(pid=98835) log_opt_values /opt/stack/data/venv/lib/python3.12/site-packages/oslo_config/cfg.py:3253}}
Jul 04 00:39:01.719354 np0000004496 nova-conductor[98835]: DEBUG cotyledon.oslo_config_glue [-] oslo_limit.status_code_retries = None {{(pid=98835) log_opt_values /opt/stack/data/venv/lib/python3.12/site-packages/oslo_config/cfg.py:3253}}
Jul 04 00:39:01.719354 np0000004496 nova-conductor[98835]: DEBUG cotyledon.oslo_config_glue [-] oslo_limit.status_code_retry_delay = None {{(pid=98835) log_opt_values /opt/stack/data/venv/lib/python3.12/site-packages/oslo_config/cfg.py:3253}}
Jul 04 00:39:01.719354 np0000004496 nova-conductor[98835]: DEBUG cotyledon.oslo_config_glue [-] oslo_limit.timeout = None {{(pid=98835) log_opt_values /opt/stack/data/venv/lib/python3.12/site-packages/oslo_config/cfg.py:3253}}
Jul 04 00:39:01.719354 np0000004496 nova-conductor[98835]: DEBUG cotyledon.oslo_config_glue [-] oslo_limit.valid_interfaces = None {{(pid=98835) log_opt_values /opt/stack/data/venv/lib/python3.12/site-packages/oslo_config/cfg.py:3253}}
Jul 04 00:39:01.719354 np0000004496 nova-conductor[98835]: DEBUG cotyledon.oslo_config_glue [-] oslo_limit.version = None {{(pid=98835) log_opt_values /opt/stack/data/venv/lib/python3.12/site-packages/oslo_config/cfg.py:3253}}
Jul 04 00:39:01.719354 np0000004496 nova-conductor[98835]: DEBUG cotyledon.oslo_config_glue [-] oslo_reports.file_event_handler = None {{(pid=98835) log_opt_values /opt/stack/data/venv/lib/python3.12/site-packages/oslo_config/cfg.py:3253}}
Jul 04 00:39:01.719354 np0000004496 nova-conductor[98835]: DEBUG cotyledon.oslo_config_glue [-] oslo_reports.file_event_handler_interval = 1 {{(pid=98835) log_opt_values /opt/stack/data/venv/lib/python3.12/site-packages/oslo_config/cfg.py:3253}}
Jul 04 00:39:01.719354 np0000004496 nova-conductor[98835]: DEBUG cotyledon.oslo_config_glue [-] oslo_reports.log_dir = None {{(pid=98835) log_opt_values /opt/stack/data/venv/lib/python3.12/site-packages/oslo_config/cfg.py:3253}}
Jul 04 00:39:01.719649 np0000004496 nova-conductor[98835]: DEBUG cotyledon.oslo_config_glue [-] ******************************************************************************** {{(pid=98835) log_opt_values /opt/stack/data/venv/lib/python3.12/site-packages/oslo_config/cfg.py:3260}}
Jul 04 00:39:01.719649 np0000004496 nova-conductor[98835]: DEBUG cotyledon._service_worker [-] Run service ServiceWrapper(3) [98835] {{(pid=98835) wait_forever /opt/stack/data/venv/lib/python3.12/site-packages/cotyledon/_service_worker.py:218}}
Jul 04 00:39:01.719649 np0000004496 nova-conductor[98835]: INFO nova.service [-] Starting conductor node (version 33.1.0)
Jul 04 00:39:01.719649 np0000004496 nova-conductor[98835]: INFO dbcounter [None req-c3eb8612-c740-4faa-9325-1320ddab38a2 None None] Registered counter for database nova_cell0
Jul 04 00:39:01.719775 np0000004496 nova-conductor[98827]: DEBUG oslo_db.sqlalchemy.engines [None req-cbc52b0a-30b7-4318-bb8c-0f1b541d04c4 None None] MySQL server mode set to STRICT_TRANS_TABLES,STRICT_ALL_TABLES,NO_ZERO_IN_DATE,NO_ZERO_DATE,ERROR_FOR_DIVISION_BY_ZERO,TRADITIONAL,NO_ENGINE_SUBSTITUTION {{(pid=98827) _check_effective_sql_mode /opt/stack/data/venv/lib/python3.12/site-packages/oslo_db/sqlalchemy/engines.py:325}}
Jul 04 00:39:01.719816 np0000004496 nova-conductor[98822]: DEBUG oslo_db.sqlalchemy.engines [None req-cf146412-cc05-4a24-a158-de837a297b5e None None] MySQL server mode set to STRICT_TRANS_TABLES,STRICT_ALL_TABLES,NO_ZERO_IN_DATE,NO_ZERO_DATE,ERROR_FOR_DIVISION_BY_ZERO,TRADITIONAL,NO_ENGINE_SUBSTITUTION {{(pid=98822) _check_effective_sql_mode /opt/stack/data/venv/lib/python3.12/site-packages/oslo_db/sqlalchemy/engines.py:325}}
Jul 04 00:39:01.719863 np0000004496 nova-conductor[98816]: DEBUG oslo_db.sqlalchemy.engines [None req-0476a2db-b664-4d9d-a4f2-06b92297ba36 None None] MySQL server mode set to STRICT_TRANS_TABLES,STRICT_ALL_TABLES,NO_ZERO_IN_DATE,NO_ZERO_DATE,ERROR_FOR_DIVISION_BY_ZERO,TRADITIONAL,NO_ENGINE_SUBSTITUTION {{(pid=98816) _check_effective_sql_mode /opt/stack/data/venv/lib/python3.12/site-packages/oslo_db/sqlalchemy/engines.py:325}}
Jul 04 00:39:01.719904 np0000004496 nova-conductor[98822]: DEBUG dbcounter [-] [98822] Writer thread running {{(pid=98822) stat_writer /opt/stack/data/venv/lib/python3.12/site-packages/dbcounter.py:102}}
Jul 04 00:39:01.719937 np0000004496 nova-conductor[98827]: DEBUG dbcounter [-] [98827] Writer thread running {{(pid=98827) stat_writer /opt/stack/data/venv/lib/python3.12/site-packages/dbcounter.py:102}}
Jul 04 00:39:01.719976 np0000004496 nova-conductor[98816]: DEBUG dbcounter [-] [98816] Writer thread running {{(pid=98816) stat_writer /opt/stack/data/venv/lib/python3.12/site-packages/dbcounter.py:102}}
Jul 04 00:39:01.726062 np0000004496 nova-conductor[98822]: DEBUG nova.service [None req-cf146412-cc05-4a24-a158-de837a297b5e None None] Creating RPC server for service: nova-conductor on topic: conductor {{(pid=98822) start /opt/stack/nova/nova/service.py:196}}
Jul 04 00:39:01.727685 np0000004496 nova-conductor[98835]: DEBUG oslo_db.sqlalchemy.engines [None req-c3eb8612-c740-4faa-9325-1320ddab38a2 None None] MySQL server mode set to STRICT_TRANS_TABLES,STRICT_ALL_TABLES,NO_ZERO_IN_DATE,NO_ZERO_DATE,ERROR_FOR_DIVISION_BY_ZERO,TRADITIONAL,NO_ENGINE_SUBSTITUTION {{(pid=98835) _check_effective_sql_mode /opt/stack/data/venv/lib/python3.12/site-packages/oslo_db/sqlalchemy/engines.py:325}}
Jul 04 00:39:01.730209 np0000004496 nova-conductor[98827]: DEBUG nova.service [None req-cbc52b0a-30b7-4318-bb8c-0f1b541d04c4 None None] Creating RPC server for service: nova-conductor on topic: conductor {{(pid=98827) start /opt/stack/nova/nova/service.py:196}}
Jul 04 00:39:01.736773 np0000004496 nova-conductor[98816]: DEBUG nova.service [None req-0476a2db-b664-4d9d-a4f2-06b92297ba36 None None] Creating RPC server for service: nova-conductor on topic: conductor {{(pid=98816) start /opt/stack/nova/nova/service.py:196}}
Jul 04 00:39:01.740873 np0000004496 nova-conductor[98835]: DEBUG dbcounter [-] [98835] Writer thread running {{(pid=98835) stat_writer /opt/stack/data/venv/lib/python3.12/site-packages/dbcounter.py:102}}
Jul 04 00:39:01.744362 np0000004496 nova-conductor[98835]: DEBUG nova.service [None req-c3eb8612-c740-4faa-9325-1320ddab38a2 None None] Creating RPC server for service: nova-conductor on topic: conductor {{(pid=98835) start /opt/stack/nova/nova/service.py:196}}
Jul 04 00:39:01.749105 np0000004496 nova-conductor[98827]: DEBUG nova.service [None req-cbc52b0a-30b7-4318-bb8c-0f1b541d04c4 None None] Join ServiceGroup membership for this service conductor {{(pid=98827) start /opt/stack/nova/nova/service.py:222}}
Jul 04 00:39:01.749331 np0000004496 nova-conductor[98827]: DEBUG nova.servicegroup.drivers.db [None req-cbc52b0a-30b7-4318-bb8c-0f1b541d04c4 None None] DB_Driver: join new ServiceGroup member np0000004496 to the conductor group, service = {{(pid=98827) join /opt/stack/nova/nova/servicegroup/drivers/db.py:44}}
Jul 04 00:39:01.749481 np0000004496 nova-conductor[98822]: DEBUG nova.service [None req-cf146412-cc05-4a24-a158-de837a297b5e None None] Join ServiceGroup membership for this service conductor {{(pid=98822) start /opt/stack/nova/nova/service.py:222}}
Jul 04 00:39:01.749663 np0000004496 nova-conductor[98822]: DEBUG nova.servicegroup.drivers.db [None req-cf146412-cc05-4a24-a158-de837a297b5e None None] DB_Driver: join new ServiceGroup member np0000004496 to the conductor group, service = {{(pid=98822) join /opt/stack/nova/nova/servicegroup/drivers/db.py:44}}
Jul 04 00:39:01.756029 np0000004496 nova-conductor[98816]: DEBUG nova.service [None req-0476a2db-b664-4d9d-a4f2-06b92297ba36 None None] Join ServiceGroup membership for this service conductor {{(pid=98816) start /opt/stack/nova/nova/service.py:222}}
Jul 04 00:39:01.756289 np0000004496 nova-conductor[98816]: DEBUG nova.servicegroup.drivers.db [None req-0476a2db-b664-4d9d-a4f2-06b92297ba36 None None] DB_Driver: join new ServiceGroup member np0000004496 to the conductor group, service = {{(pid=98816) join /opt/stack/nova/nova/servicegroup/drivers/db.py:44}}
Jul 04 00:39:01.763864 np0000004496 nova-conductor[98835]: DEBUG nova.service [None req-c3eb8612-c740-4faa-9325-1320ddab38a2 None None] Join ServiceGroup membership for this service conductor {{(pid=98835) start /opt/stack/nova/nova/service.py:222}}
Jul 04 00:39:01.764197 np0000004496 nova-conductor[98835]: DEBUG nova.servicegroup.drivers.db [None req-c3eb8612-c740-4faa-9325-1320ddab38a2 None None] DB_Driver: join new ServiceGroup member np0000004496 to the conductor group, service = {{(pid=98835) join /opt/stack/nova/nova/servicegroup/drivers/db.py:44}}
Jul 04 00:39:02.758052 np0000004496 nova-conductor[98816]: DEBUG oslo.service.backend._threading.loopingcall [None req-7e9e4239-e9c0-47c1-84a5-4da7153c6f1b None None] Dynamic interval looping call 'nova.service.Service.periodic_tasks' sleeping for 60.00 seconds {{(pid=98816) _run_loop /opt/stack/data/venv/lib/python3.12/site-packages/oslo_service/backend/_threading/loopingcall.py:125}}
Jul 04 00:39:06.788177 np0000004496 nova-conductor[98816]: DEBUG oslo.service.backend._threading.loopingcall [-] Fixed interval looping call 'nova.servicegroup.drivers.db.DbDriver._report_state' sleeping for 119.97 seconds {{(pid=98816) _run_loop /opt/stack/data/venv/lib/python3.12/site-packages/oslo_service/backend/_threading/loopingcall.py:125}}
Jul 04 00:39:06.789216 np0000004496 nova-conductor[98827]: DEBUG oslo.service.backend._threading.loopingcall [-] Fixed interval looping call 'nova.servicegroup.drivers.db.DbDriver._report_state' sleeping for 119.96 seconds {{(pid=98827) _run_loop /opt/stack/data/venv/lib/python3.12/site-packages/oslo_service/backend/_threading/loopingcall.py:125}}
Jul 04 00:39:06.790006 np0000004496 nova-conductor[98822]: DEBUG oslo.service.backend._threading.loopingcall [-] Fixed interval looping call 'nova.servicegroup.drivers.db.DbDriver._report_state' sleeping for 119.96 seconds {{(pid=98822) _run_loop /opt/stack/data/venv/lib/python3.12/site-packages/oslo_service/backend/_threading/loopingcall.py:125}}
Jul 04 00:39:06.791581 np0000004496 nova-conductor[98835]: DEBUG oslo.service.backend._threading.loopingcall [-] Fixed interval looping call 'nova.servicegroup.drivers.db.DbDriver._report_state' sleeping for 119.98 seconds {{(pid=98835) _run_loop /opt/stack/data/venv/lib/python3.12/site-packages/oslo_service/backend/_threading/loopingcall.py:125}}
Jul 04 00:39:10.309155 np0000004496 nova-conductor[97377]: DEBUG dbcounter [-] [97377] Writing DB stats nova_api:SELECT=1 {{(pid=97377) stat_writer /opt/stack/data/venv/lib/python3.12/site-packages/dbcounter.py:115}}
Jul 04 00:39:10.444902 np0000004496 nova-conductor[97377]: DEBUG dbcounter [-] [97377] Writing DB stats nova_cell0:SELECT=1 {{(pid=97377) stat_writer /opt/stack/data/venv/lib/python3.12/site-packages/dbcounter.py:115}}
Jul 04 00:39:10.445348 np0000004496 nova-conductor[97377]: DEBUG dbcounter [-] [97377] Writing DB stats nova_cell1:SELECT=1 {{(pid=97377) stat_writer /opt/stack/data/venv/lib/python3.12/site-packages/dbcounter.py:115}}
Jul 04 00:39:16.766317 np0000004496 nova-conductor[98827]: DEBUG dbcounter [-] [98827] Writing DB stats nova_cell0:SELECT=5,nova_cell0:INSERT=1,nova_cell0:UPDATE=1 {{(pid=98827) stat_writer /opt/stack/data/venv/lib/python3.12/site-packages/dbcounter.py:115}}
Jul 04 00:39:16.770683 np0000004496 nova-conductor[98816]: DEBUG dbcounter [-] [98816] Writing DB stats nova_cell0:SELECT=5,nova_cell0:INSERT=1,nova_cell0:UPDATE=1 {{(pid=98816) stat_writer /opt/stack/data/venv/lib/python3.12/site-packages/dbcounter.py:115}}
Jul 04 00:39:16.771449 np0000004496 nova-conductor[98822]: DEBUG dbcounter [-] [98822] Writing DB stats nova_cell0:SELECT=4,nova_cell0:INSERT=1,nova_cell0:UPDATE=1 {{(pid=98822) stat_writer /opt/stack/data/venv/lib/python3.12/site-packages/dbcounter.py:115}}
Jul 04 00:39:16.788318 np0000004496 nova-conductor[98835]: DEBUG dbcounter [-] [98835] Writing DB stats nova_cell0:SELECT=3,nova_cell0:UPDATE=1 {{(pid=98835) stat_writer /opt/stack/data/venv/lib/python3.12/site-packages/dbcounter.py:115}}
Jul 04 00:39:28.751717 np0000004496 nova-conductor[98822]: DEBUG oslo.service.backend._threading.loopingcall [None req-65a51f0d-bbd5-48b0-9c9b-c445c27eba25 None None] Dynamic interval looping call 'nova.service.Service.periodic_tasks' sleeping for 60.00 seconds {{(pid=98822) _run_loop /opt/stack/data/venv/lib/python3.12/site-packages/oslo_service/backend/_threading/loopingcall.py:125}}
Jul 04 00:39:28.766001 np0000004496 nova-conductor[98835]: DEBUG oslo.service.backend._threading.loopingcall [None req-f0a6e03e-42a9-4d6e-a389-30d94dcaf6fa None None] Dynamic interval looping call 'nova.service.Service.periodic_tasks' sleeping for 60.00 seconds {{(pid=98835) _run_loop /opt/stack/data/venv/lib/python3.12/site-packages/oslo_service/backend/_threading/loopingcall.py:125}}
Jul 04 00:39:51.751727 np0000004496 nova-conductor[98827]: DEBUG oslo.service.backend._threading.loopingcall [None req-a74e2684-ac57-4636-84b8-fabc2d252984 None None] Dynamic interval looping call 'nova.service.Service.periodic_tasks' sleeping for 60.00 seconds {{(pid=98827) _run_loop /opt/stack/data/venv/lib/python3.12/site-packages/oslo_service/backend/_threading/loopingcall.py:125}}
Jul 04 00:40:02.758457 np0000004496 nova-conductor[98816]: DEBUG oslo.service.backend._threading.loopingcall [None req-7e9e4239-e9c0-47c1-84a5-4da7153c6f1b None None] Dynamic interval looping call 'nova.service.Service.periodic_tasks' sleeping for 60.00 seconds {{(pid=98816) _run_loop /opt/stack/data/venv/lib/python3.12/site-packages/oslo_service/backend/_threading/loopingcall.py:125}}
Jul 04 00:40:28.752169 np0000004496 nova-conductor[98822]: DEBUG oslo.service.backend._threading.loopingcall [None req-65a51f0d-bbd5-48b0-9c9b-c445c27eba25 None None] Dynamic interval looping call 'nova.service.Service.periodic_tasks' sleeping for 60.00 seconds {{(pid=98822) _run_loop /opt/stack/data/venv/lib/python3.12/site-packages/oslo_service/backend/_threading/loopingcall.py:125}}
Jul 04 00:40:28.766863 np0000004496 nova-conductor[98835]: DEBUG oslo.service.backend._threading.loopingcall [None req-f0a6e03e-42a9-4d6e-a389-30d94dcaf6fa None None] Dynamic interval looping call 'nova.service.Service.periodic_tasks' sleeping for 60.00 seconds {{(pid=98835) _run_loop /opt/stack/data/venv/lib/python3.12/site-packages/oslo_service/backend/_threading/loopingcall.py:125}}
Jul 04 00:40:51.752199 np0000004496 nova-conductor[98827]: DEBUG oslo.service.backend._threading.loopingcall [None req-a74e2684-ac57-4636-84b8-fabc2d252984 None None] Dynamic interval looping call 'nova.service.Service.periodic_tasks' sleeping for 60.00 seconds {{(pid=98827) _run_loop /opt/stack/data/venv/lib/python3.12/site-packages/oslo_service/backend/_threading/loopingcall.py:125}}
Jul 04 00:41:02.758985 np0000004496 nova-conductor[98816]: DEBUG oslo.service.backend._threading.loopingcall [None req-7e9e4239-e9c0-47c1-84a5-4da7153c6f1b None None] Dynamic interval looping call 'nova.service.Service.periodic_tasks' sleeping for 60.00 seconds {{(pid=98816) _run_loop /opt/stack/data/venv/lib/python3.12/site-packages/oslo_service/backend/_threading/loopingcall.py:125}}
Jul 04 00:41:06.760370 np0000004496 nova-conductor[98827]: DEBUG oslo.service.backend._threading.loopingcall [-] Fixed interval looping call 'nova.servicegroup.drivers.db.DbDriver._report_state' sleeping for 119.99 seconds {{(pid=98827) _run_loop /opt/stack/data/venv/lib/python3.12/site-packages/oslo_service/backend/_threading/loopingcall.py:125}}
Jul 04 00:41:06.762152 np0000004496 nova-conductor[98822]: DEBUG oslo.service.backend._threading.loopingcall [-] Fixed interval looping call 'nova.servicegroup.drivers.db.DbDriver._report_state' sleeping for 119.99 seconds {{(pid=98822) _run_loop /opt/stack/data/venv/lib/python3.12/site-packages/oslo_service/backend/_threading/loopingcall.py:125}}
Jul 04 00:41:06.762850 np0000004496 nova-conductor[98816]: DEBUG oslo.service.backend._threading.loopingcall [-] Fixed interval looping call 'nova.servicegroup.drivers.db.DbDriver._report_state' sleeping for 120.00 seconds {{(pid=98816) _run_loop /opt/stack/data/venv/lib/python3.12/site-packages/oslo_service/backend/_threading/loopingcall.py:125}}
Jul 04 00:41:06.775266 np0000004496 nova-conductor[98835]: DEBUG oslo.service.backend._threading.loopingcall [-] Fixed interval looping call 'nova.servicegroup.drivers.db.DbDriver._report_state' sleeping for 120.00 seconds {{(pid=98835) _run_loop /opt/stack/data/venv/lib/python3.12/site-packages/oslo_service/backend/_threading/loopingcall.py:125}}
Jul 04 00:41:16.753283 np0000004496 nova-conductor[98827]: DEBUG dbcounter [-] [98827] Writing DB stats nova_cell0:SELECT=1,nova_cell0:UPDATE=1 {{(pid=98827) stat_writer /opt/stack/data/venv/lib/python3.12/site-packages/dbcounter.py:115}}
Jul 04 00:41:16.753674 np0000004496 nova-conductor[98822]: DEBUG dbcounter [-] [98822] Writing DB stats nova_cell0:SELECT=1,nova_cell0:UPDATE=1 {{(pid=98822) stat_writer /opt/stack/data/venv/lib/python3.12/site-packages/dbcounter.py:115}}
Jul 04 00:41:16.760632 np0000004496 nova-conductor[98816]: DEBUG dbcounter [-] [98816] Writing DB stats nova_cell0:SELECT=1 {{(pid=98816) stat_writer /opt/stack/data/venv/lib/python3.12/site-packages/dbcounter.py:115}}
Jul 04 00:41:16.773602 np0000004496 nova-conductor[98835]: DEBUG dbcounter [-] [98835] Writing DB stats nova_cell0:SELECT=1 {{(pid=98835) stat_writer /opt/stack/data/venv/lib/python3.12/site-packages/dbcounter.py:115}}
Jul 04 00:41:28.753148 np0000004496 nova-conductor[98822]: DEBUG oslo.service.backend._threading.loopingcall [None req-65a51f0d-bbd5-48b0-9c9b-c445c27eba25 None None] Dynamic interval looping call 'nova.service.Service.periodic_tasks' sleeping for 60.00 seconds {{(pid=98822) _run_loop /opt/stack/data/venv/lib/python3.12/site-packages/oslo_service/backend/_threading/loopingcall.py:125}}
Jul 04 00:41:28.767579 np0000004496 nova-conductor[98835]: DEBUG oslo.service.backend._threading.loopingcall [None req-f0a6e03e-42a9-4d6e-a389-30d94dcaf6fa None None] Dynamic interval looping call 'nova.service.Service.periodic_tasks' sleeping for 60.00 seconds {{(pid=98835) _run_loop /opt/stack/data/venv/lib/python3.12/site-packages/oslo_service/backend/_threading/loopingcall.py:125}}
Jul 04 00:41:35.639697 np0000004496 nova-conductor[98827]: DEBUG oslo_db.sqlalchemy.engines [None req-d67d1f5c-a734-4496-9640-c70126d2f78e tempest-DeleteServersTestJSON-261471723 tempest-DeleteServersTestJSON-261471723-project-member] Parent process 97377 forked (98827) with an open database connection, which is being discarded and recreated. {{(pid=98827) checkout /opt/stack/data/venv/lib/python3.12/site-packages/oslo_db/sqlalchemy/engines.py:402}}
Jul 04 00:41:35.684477 np0000004496 nova-conductor[98827]: DEBUG dbcounter [-] [98827] Writer thread running {{(pid=98827) stat_writer /opt/stack/data/venv/lib/python3.12/site-packages/dbcounter.py:102}}
Jul 04 00:41:36.448209 np0000004496 nova-conductor[98822]: DEBUG dbcounter [-] [98822] Writer thread running {{(pid=98822) stat_writer /opt/stack/data/venv/lib/python3.12/site-packages/dbcounter.py:102}}
Jul 04 00:41:37.220923 np0000004496 nova-conductor[98827]: DEBUG nova.conductor.manager [None req-d67d1f5c-a734-4496-9640-c70126d2f78e tempest-DeleteServersTestJSON-261471723 tempest-DeleteServersTestJSON-261471723-project-member] Took 1.53 seconds to select destinations for 1 instance(s). {{(pid=98827) _schedule_instances /opt/stack/nova/nova/conductor/manager.py:968}}
Jul 04 00:41:37.269743 np0000004496 nova-conductor[98827]: DEBUG oslo_concurrency.lockutils [None req-d67d1f5c-a734-4496-9640-c70126d2f78e tempest-DeleteServersTestJSON-261471723 tempest-DeleteServersTestJSON-261471723-project-member] Acquiring lock "cb9935f8-fc03-4668-84e0-255f09315082" by "nova.context.set_target_cell..get_or_set_cached_cell_and_set_connections" {{(pid=98827) inner /opt/stack/data/venv/lib/python3.12/site-packages/oslo_concurrency/lockutils.py:511}}
Jul 04 00:41:37.270033 np0000004496 nova-conductor[98827]: DEBUG oslo_concurrency.lockutils [None req-d67d1f5c-a734-4496-9640-c70126d2f78e tempest-DeleteServersTestJSON-261471723 tempest-DeleteServersTestJSON-261471723-project-member] Lock "cb9935f8-fc03-4668-84e0-255f09315082" acquired by "nova.context.set_target_cell..get_or_set_cached_cell_and_set_connections" :: waited 0.000s {{(pid=98827) inner /opt/stack/data/venv/lib/python3.12/site-packages/oslo_concurrency/lockutils.py:524}}
Jul 04 00:41:37.271690 np0000004496 nova-conductor[98827]: DEBUG oslo_concurrency.lockutils [None req-d67d1f5c-a734-4496-9640-c70126d2f78e tempest-DeleteServersTestJSON-261471723 tempest-DeleteServersTestJSON-261471723-project-member] Lock "cb9935f8-fc03-4668-84e0-255f09315082" "released" by "nova.context.set_target_cell..get_or_set_cached_cell_and_set_connections" :: held 0.002s {{(pid=98827) inner /opt/stack/data/venv/lib/python3.12/site-packages/oslo_concurrency/lockutils.py:543}}
Jul 04 00:41:37.274102 np0000004496 nova-conductor[98827]: INFO dbcounter [None req-d67d1f5c-a734-4496-9640-c70126d2f78e tempest-DeleteServersTestJSON-261471723 tempest-DeleteServersTestJSON-261471723-project-member] Registered counter for database nova_cell1
Jul 04 00:41:37.329133 np0000004496 nova-conductor[98827]: DEBUG oslo_db.sqlalchemy.engines [None req-d67d1f5c-a734-4496-9640-c70126d2f78e tempest-DeleteServersTestJSON-261471723 tempest-DeleteServersTestJSON-261471723-project-member] MySQL server mode set to STRICT_TRANS_TABLES,STRICT_ALL_TABLES,NO_ZERO_IN_DATE,NO_ZERO_DATE,ERROR_FOR_DIVISION_BY_ZERO,TRADITIONAL,NO_ENGINE_SUBSTITUTION {{(pid=98827) _check_effective_sql_mode /opt/stack/data/venv/lib/python3.12/site-packages/oslo_db/sqlalchemy/engines.py:325}}
Jul 04 00:41:37.339736 np0000004496 nova-conductor[98827]: DEBUG dbcounter [-] [98827] Writer thread running {{(pid=98827) stat_writer /opt/stack/data/venv/lib/python3.12/site-packages/dbcounter.py:102}}
Jul 04 00:41:37.424335 np0000004496 nova-conductor[98827]: INFO nova.utils [None req-d67d1f5c-a734-4496-9640-c70126d2f78e tempest-DeleteServersTestJSON-261471723 tempest-DeleteServersTestJSON-261471723-project-member] The cell worker thread pool ForkProcess-3.cell_worker is initialized
Jul 04 00:41:37.424708 np0000004496 nova-conductor[98827]: DEBUG oslo_concurrency.lockutils [None req-d67d1f5c-a734-4496-9640-c70126d2f78e tempest-DeleteServersTestJSON-261471723 tempest-DeleteServersTestJSON-261471723-project-member] Acquiring lock "00000000-0000-0000-0000-000000000000" by "nova.context.set_target_cell..get_or_set_cached_cell_and_set_connections" {{(pid=98827) inner /opt/stack/data/venv/lib/python3.12/site-packages/oslo_concurrency/lockutils.py:511}}
Jul 04 00:41:37.424875 np0000004496 nova-conductor[98827]: DEBUG oslo_concurrency.lockutils [None req-d67d1f5c-a734-4496-9640-c70126d2f78e tempest-DeleteServersTestJSON-261471723 tempest-DeleteServersTestJSON-261471723-project-member] Lock "00000000-0000-0000-0000-000000000000" acquired by "nova.context.set_target_cell..get_or_set_cached_cell_and_set_connections" :: waited 0.000s {{(pid=98827) inner /opt/stack/data/venv/lib/python3.12/site-packages/oslo_concurrency/lockutils.py:524}}
Jul 04 00:41:37.425249 np0000004496 nova-conductor[98827]: DEBUG oslo_concurrency.lockutils [None req-d67d1f5c-a734-4496-9640-c70126d2f78e tempest-DeleteServersTestJSON-261471723 tempest-DeleteServersTestJSON-261471723-project-member] Lock "00000000-0000-0000-0000-000000000000" "released" by "nova.context.set_target_cell..get_or_set_cached_cell_and_set_connections" :: held 0.000s {{(pid=98827) inner /opt/stack/data/venv/lib/python3.12/site-packages/oslo_concurrency/lockutils.py:543}}
Jul 04 00:41:37.426754 np0000004496 nova-conductor[98827]: DEBUG oslo_concurrency.lockutils [None req-d67d1f5c-a734-4496-9640-c70126d2f78e tempest-DeleteServersTestJSON-261471723 tempest-DeleteServersTestJSON-261471723-project-member] Acquiring lock "cb9935f8-fc03-4668-84e0-255f09315082" by "nova.context.set_target_cell..get_or_set_cached_cell_and_set_connections" {{(pid=98827) inner /opt/stack/data/venv/lib/python3.12/site-packages/oslo_concurrency/lockutils.py:511}}
Jul 04 00:41:37.429049 np0000004496 nova-conductor[98827]: INFO dbcounter [None req-d67d1f5c-a734-4496-9640-c70126d2f78e tempest-DeleteServersTestJSON-261471723 tempest-DeleteServersTestJSON-261471723-project-member] Registered counter for database nova_cell0
Jul 04 00:41:37.430398 np0000004496 nova-conductor[98827]: DEBUG oslo_concurrency.lockutils [None req-d67d1f5c-a734-4496-9640-c70126d2f78e tempest-DeleteServersTestJSON-261471723 tempest-DeleteServersTestJSON-261471723-project-member] Lock "cb9935f8-fc03-4668-84e0-255f09315082" acquired by "nova.context.set_target_cell..get_or_set_cached_cell_and_set_connections" :: waited 0.002s {{(pid=98827) inner /opt/stack/data/venv/lib/python3.12/site-packages/oslo_concurrency/lockutils.py:524}}
Jul 04 00:41:37.430711 np0000004496 nova-conductor[98827]: DEBUG oslo_concurrency.lockutils [None req-d67d1f5c-a734-4496-9640-c70126d2f78e tempest-DeleteServersTestJSON-261471723 tempest-DeleteServersTestJSON-261471723-project-member] Lock "cb9935f8-fc03-4668-84e0-255f09315082" "released" by "nova.context.set_target_cell..get_or_set_cached_cell_and_set_connections" :: held 0.002s {{(pid=98827) inner /opt/stack/data/venv/lib/python3.12/site-packages/oslo_concurrency/lockutils.py:543}}
Jul 04 00:41:37.476249 np0000004496 nova-conductor[98827]: DEBUG oslo_db.sqlalchemy.engines [None req-d67d1f5c-a734-4496-9640-c70126d2f78e tempest-DeleteServersTestJSON-261471723 tempest-DeleteServersTestJSON-261471723-project-member] MySQL server mode set to STRICT_TRANS_TABLES,STRICT_ALL_TABLES,NO_ZERO_IN_DATE,NO_ZERO_DATE,ERROR_FOR_DIVISION_BY_ZERO,TRADITIONAL,NO_ENGINE_SUBSTITUTION {{(pid=98827) _check_effective_sql_mode /opt/stack/data/venv/lib/python3.12/site-packages/oslo_db/sqlalchemy/engines.py:325}}
Jul 04 00:41:37.487222 np0000004496 nova-conductor[98822]: DEBUG nova.conductor.manager [None req-cb91a985-8b69-428a-a906-f4ccafc45746 tempest-ServerActionsTestOtherA-880681593 tempest-ServerActionsTestOtherA-880681593-project-member] Took 1.03 seconds to select destinations for 1 instance(s). {{(pid=98822) _schedule_instances /opt/stack/nova/nova/conductor/manager.py:968}}
Jul 04 00:41:37.489918 np0000004496 nova-conductor[98827]: DEBUG dbcounter [-] [98827] Writer thread running {{(pid=98827) stat_writer /opt/stack/data/venv/lib/python3.12/site-packages/dbcounter.py:102}}
Jul 04 00:41:37.505713 np0000004496 nova-conductor[98827]: DEBUG nova.quota [None req-d67d1f5c-a734-4496-9640-c70126d2f78e tempest-DeleteServersTestJSON-261471723 tempest-DeleteServersTestJSON-261471723-project-member] Getting quotas for project cad2793d16d84044af3e64e2ed294d57. Resources: {'ram', 'cores', 'instances'} {{(pid=98827) _get_quotas /opt/stack/nova/nova/quota.py:389}}
Jul 04 00:41:37.512649 np0000004496 nova-conductor[98827]: DEBUG nova.quota [None req-d67d1f5c-a734-4496-9640-c70126d2f78e tempest-DeleteServersTestJSON-261471723 tempest-DeleteServersTestJSON-261471723-project-member] Getting quotas for user ec5660ef6aa6407fbf45f37b0740f461 and project cad2793d16d84044af3e64e2ed294d57. Resources: {'ram', 'cores', 'instances'} {{(pid=98827) _get_quotas /opt/stack/nova/nova/quota.py:379}}
Jul 04 00:41:37.525038 np0000004496 nova-conductor[98827]: DEBUG nova.conductor.manager [None req-d67d1f5c-a734-4496-9640-c70126d2f78e tempest-DeleteServersTestJSON-261471723 tempest-DeleteServersTestJSON-261471723-project-member] [instance: 01f12c8f-9434-4e55-9815-6dade8394537] Selected host: np0000004496; Selected node: np0000004496; Alternates: [] {{(pid=98827) schedule_and_build_instances /opt/stack/nova/nova/conductor/manager.py:1784}}
Jul 04 00:41:37.525038 np0000004496 nova-conductor[98827]: DEBUG oslo_concurrency.lockutils [None req-d67d1f5c-a734-4496-9640-c70126d2f78e tempest-DeleteServersTestJSON-261471723 tempest-DeleteServersTestJSON-261471723-project-member] Acquiring lock "cb9935f8-fc03-4668-84e0-255f09315082" by "nova.context.set_target_cell..get_or_set_cached_cell_and_set_connections" {{(pid=98827) inner /opt/stack/data/venv/lib/python3.12/site-packages/oslo_concurrency/lockutils.py:511}}
Jul 04 00:41:37.525038 np0000004496 nova-conductor[98827]: DEBUG oslo_concurrency.lockutils [None req-d67d1f5c-a734-4496-9640-c70126d2f78e tempest-DeleteServersTestJSON-261471723 tempest-DeleteServersTestJSON-261471723-project-member] Lock "cb9935f8-fc03-4668-84e0-255f09315082" acquired by "nova.context.set_target_cell..get_or_set_cached_cell_and_set_connections" :: waited 0.000s {{(pid=98827) inner /opt/stack/data/venv/lib/python3.12/site-packages/oslo_concurrency/lockutils.py:524}}
Jul 04 00:41:37.525038 np0000004496 nova-conductor[98827]: DEBUG oslo_concurrency.lockutils [None req-d67d1f5c-a734-4496-9640-c70126d2f78e tempest-DeleteServersTestJSON-261471723 tempest-DeleteServersTestJSON-261471723-project-member] Lock "cb9935f8-fc03-4668-84e0-255f09315082" "released" by "nova.context.set_target_cell..get_or_set_cached_cell_and_set_connections" :: held 0.000s {{(pid=98827) inner /opt/stack/data/venv/lib/python3.12/site-packages/oslo_concurrency/lockutils.py:543}}
Jul 04 00:41:37.544062 np0000004496 nova-conductor[98827]: DEBUG nova.conductor.manager [None req-d67d1f5c-a734-4496-9640-c70126d2f78e tempest-DeleteServersTestJSON-261471723 tempest-DeleteServersTestJSON-261471723-project-member] [instance: 01f12c8f-9434-4e55-9815-6dade8394537] block_device_mapping [BlockDeviceMapping(attachment_id=,boot_index=0,connection_info=None,created_at=,delete_on_termination=True,deleted=,deleted_at=,destination_type='local',device_name=None,device_type='disk',disk_bus=None,encrypted=False,encryption_format=None,encryption_options=None,encryption_secret_uuid=None,guest_format=None,id=,image_id='4d3782bd-0cdd-4138-85ed-42f30d6c76fd',instance=,instance_uuid=,no_device=False,snapshot_id=None,source_type='image',tag=None,updated_at=,uuid=,volume_id=None,volume_size=None,volume_type=None)] {{(pid=98827) _create_block_device_mapping /opt/stack/nova/nova/conductor/manager.py:1529}}
Jul 04 00:41:37.545797 np0000004496 nova-conductor[98827]: DEBUG oslo_concurrency.lockutils [None req-d67d1f5c-a734-4496-9640-c70126d2f78e tempest-DeleteServersTestJSON-261471723 tempest-DeleteServersTestJSON-261471723-project-member] Acquiring lock "cb9935f8-fc03-4668-84e0-255f09315082" by "nova.context.set_target_cell..get_or_set_cached_cell_and_set_connections" {{(pid=98827) inner /opt/stack/data/venv/lib/python3.12/site-packages/oslo_concurrency/lockutils.py:511}}
Jul 04 00:41:37.545797 np0000004496 nova-conductor[98827]: DEBUG oslo_concurrency.lockutils [None req-d67d1f5c-a734-4496-9640-c70126d2f78e tempest-DeleteServersTestJSON-261471723 tempest-DeleteServersTestJSON-261471723-project-member] Lock "cb9935f8-fc03-4668-84e0-255f09315082" acquired by "nova.context.set_target_cell..get_or_set_cached_cell_and_set_connections" :: waited 0.000s {{(pid=98827) inner /opt/stack/data/venv/lib/python3.12/site-packages/oslo_concurrency/lockutils.py:524}}
Jul 04 00:41:37.546325 np0000004496 nova-conductor[98827]: DEBUG oslo_concurrency.lockutils [None req-d67d1f5c-a734-4496-9640-c70126d2f78e tempest-DeleteServersTestJSON-261471723 tempest-DeleteServersTestJSON-261471723-project-member] Lock "cb9935f8-fc03-4668-84e0-255f09315082" "released" by "nova.context.set_target_cell..get_or_set_cached_cell_and_set_connections" :: held 0.000s {{(pid=98827) inner /opt/stack/data/venv/lib/python3.12/site-packages/oslo_concurrency/lockutils.py:543}}
Jul 04 00:41:37.558619 np0000004496 nova-conductor[98822]: DEBUG oslo_concurrency.lockutils [None req-cb91a985-8b69-428a-a906-f4ccafc45746 tempest-ServerActionsTestOtherA-880681593 tempest-ServerActionsTestOtherA-880681593-project-member] Acquiring lock "cb9935f8-fc03-4668-84e0-255f09315082" by "nova.context.set_target_cell..get_or_set_cached_cell_and_set_connections" {{(pid=98822) inner /opt/stack/data/venv/lib/python3.12/site-packages/oslo_concurrency/lockutils.py:511}}
