Jul 04 00:38:33.440807 np0000004496 devstack@neutron-api.service[90634]: DEBUG neutron_lib.callbacks.manager [None req-f6c93bb7-9e76-41f8-b3c6-ef44f9e110e0 admin admin] Publish callbacks ['neutron.objects.securitygroup.RbacNeutronDbObjectMixin.validate_rbac_policy_change-3231758841814', 'neutron.objects.address_group.RbacNeutronDbObjectMixin.validate_rbac_policy_change-3231758799831', 'neutron.objects.network.RbacNeutronDbObjectMixin.validate_rbac_policy_change-3231758940194', 'neutron.objects.qos.policy.RbacNeutronDbObjectMixin.validate_rbac_policy_change-3231758900783', 'neutron.objects.subnetpool.RbacNeutronDbObjectMixin.validate_rbac_policy_change-3231758901907', 'neutron.objects.address_scope.RbacNeutronDbObjectMixin.validate_rbac_policy_change-3231758897824', 'neutron.plugins.ml2.plugin.External_net_db_mixin._process_ext_policy_create-1213317', 'neutron.plugins.ml2.plugin.NeutronDbPluginV2.validate_network_rbac_policy_change-1238929'] for rbac-policy (None), before_create {{(pid=90634) _notify_loop /opt/stack/data/venv/lib/python3.12/site-packages/neutron_lib/callbacks/manager.py:184}}
Jul 04 00:38:33.483299 np0000004496 devstack@neutron-api.service[90634]: DEBUG neutron_lib.callbacks.manager [None req-f6c93bb7-9e76-41f8-b3c6-ef44f9e110e0 admin admin] Publish callbacks [] for subnetpool (None), before_response {{(pid=90634) _notify_loop /opt/stack/data/venv/lib/python3.12/site-packages/neutron_lib/callbacks/manager.py:184}}
Jul 04 00:38:33.483796 np0000004496 devstack@neutron-api.service[90634]: [pid: 90634|app: 0|req: 1/4] 10.4.3.41 () {68 vars in 1329 bytes} [Sat Jul 4 00:38:33 2026] POST /networking/v2.0/subnetpools => generated 543 bytes in 436 msecs (HTTP/1.1 201) 4 headers in 162 bytes (1 switches on core 0)
Jul 04 00:38:33.823407 np0000004496 devstack@neutron-api.service[90635]: DEBUG neutron.api.v2.base [None req-b312d0ae-4298-4ead-8a66-0026eaef6762 admin admin] Request body: {'network': {'admin_state_up': True, 'name': 'private'}} {{(pid=90635) prepare_request_body /opt/stack/neutron/neutron/api/v2/base.py:727}}
Jul 04 00:38:33.858248 np0000004496 devstack@neutron-api.service[90635]: DEBUG neutron.pecan_wsgi.hooks.quota_enforcement [None req-b312d0ae-4298-4ead-8a66-0026eaef6762 admin admin] Made reservation on behalf of 76a207e5614d4e708e271bf0a5047b68 for: {'network': 1} {{(pid=90635) before /opt/stack/neutron/neutron/pecan_wsgi/hooks/quota_enforcement.py:66}}
Jul 04 00:38:34.035651 np0000004496 devstack@neutron-api.service[90635]: DEBUG neutron.policy [None req-b312d0ae-4298-4ead-8a66-0026eaef6762 admin admin] Loaded default policies from ['neutron'] under neutron.policies entry points {{(pid=90635) register_rules /opt/stack/neutron/neutron/policy.py:65}}
Jul 04 00:38:34.129391 np0000004496 devstack@neutron-api.service[90635]: DEBUG neutron_lib.callbacks.manager [None req-b312d0ae-4298-4ead-8a66-0026eaef6762 admin admin] Publish callbacks ['neutron.plugins.ml2.plugin.SecurityGroupDbMixin._ensure_default_security_group_handler-1514882'] for network (None), before_create {{(pid=90635) _notify_loop /opt/stack/data/venv/lib/python3.12/site-packages/neutron_lib/callbacks/manager.py:184}}
Jul 04 00:38:34.151100 np0000004496 devstack@neutron-api.service[90635]: DEBUG neutron_lib.callbacks.manager [None req-b312d0ae-4298-4ead-8a66-0026eaef6762 admin admin] Publish callbacks [] for security_group (None), before_create {{(pid=90635) _notify_loop /opt/stack/data/venv/lib/python3.12/site-packages/neutron_lib/callbacks/manager.py:184}}
Jul 04 00:38:34.263053 np0000004496 devstack@neutron-api.service[90635]: DEBUG neutron_lib.callbacks.manager [None req-b312d0ae-4298-4ead-8a66-0026eaef6762 admin admin] Publish callbacks ['neutron.plugins.ml2.drivers.ovn.mech_driver.mech_driver.OVNMechanismDriver._create_security_group_precommit-350456'] for security_group (9f95bf3a-65b6-4347-8361-45ac632d7e57), precommit_create {{(pid=90635) _notify_loop /opt/stack/data/venv/lib/python3.12/site-packages/neutron_lib/callbacks/manager.py:184}}
Jul 04 00:38:34.263257 np0000004496 devstack@neutron-api.service[90635]: DEBUG neutron.db.ovn_revision_numbers_db [None req-b312d0ae-4298-4ead-8a66-0026eaef6762 admin admin] create_initial_revision uuid=9f95bf3a-65b6-4347-8361-45ac632d7e57, type=security_groups, rev=-1 {{(pid=90635) create_initial_revision /opt/stack/neutron/neutron/db/ovn_revision_numbers_db.py:98}}
Jul 04 00:38:34.266756 np0000004496 devstack@neutron-api.service[90635]: DEBUG neutron.db.ovn_revision_numbers_db [None req-b312d0ae-4298-4ead-8a66-0026eaef6762 admin admin] create_initial_revision uuid=3c7b9acf-6a5d-4493-a2fb-5fc2c431127e, type=security_group_rules, rev=-1 {{(pid=90635) create_initial_revision /opt/stack/neutron/neutron/db/ovn_revision_numbers_db.py:98}}
Jul 04 00:38:34.268196 np0000004496 devstack@neutron-api.service[90635]: DEBUG neutron.db.ovn_revision_numbers_db [None req-b312d0ae-4298-4ead-8a66-0026eaef6762 admin admin] create_initial_revision uuid=44a27606-0e11-44db-bb36-d02d3d78ce1b, type=security_group_rules, rev=-1 {{(pid=90635) create_initial_revision /opt/stack/neutron/neutron/db/ovn_revision_numbers_db.py:98}}
Jul 04 00:38:34.269450 np0000004496 devstack@neutron-api.service[90635]: DEBUG neutron.db.ovn_revision_numbers_db [None req-b312d0ae-4298-4ead-8a66-0026eaef6762 admin admin] create_initial_revision uuid=9aecc777-90aa-45f5-b899-6a7df5bb1a0b, type=security_group_rules, rev=-1 {{(pid=90635) create_initial_revision /opt/stack/neutron/neutron/db/ovn_revision_numbers_db.py:98}}
Jul 04 00:38:34.271035 np0000004496 devstack@neutron-api.service[90635]: DEBUG neutron.db.ovn_revision_numbers_db [None req-b312d0ae-4298-4ead-8a66-0026eaef6762 admin admin] create_initial_revision uuid=e799b279-d9e8-4096-9a0b-2de046274d05, type=security_group_rules, rev=-1 {{(pid=90635) create_initial_revision /opt/stack/neutron/neutron/db/ovn_revision_numbers_db.py:98}}
Jul 04 00:38:34.276027 np0000004496 devstack@neutron-api.service[90635]: DEBUG neutron_lib.callbacks.manager [None req-b312d0ae-4298-4ead-8a66-0026eaef6762 admin admin] Publish callbacks ['neutron.plugins.ml2.drivers.ovn.mech_driver.mech_driver.OVNMechanismDriver._create_security_group-350450', 'neutron.plugins.ml2.ovo_rpc._ObjectChangeHandler.handle_event-2533593'] for security_group (9f95bf3a-65b6-4347-8361-45ac632d7e57), after_create {{(pid=90635) _notify_loop /opt/stack/data/venv/lib/python3.12/site-packages/neutron_lib/callbacks/manager.py:184}}
Jul 04 00:38:34.276274 np0000004496 devstack@neutron-api.service[90635]: INFO neutron.plugins.ml2.drivers.ovn.mech_driver.ovsdb.extensions.qos [None req-b312d0ae-4298-4ead-8a66-0026eaef6762 admin admin] Starting OVNClientQosExtension
Jul 04 00:38:34.276529 np0000004496 devstack@neutron-api.service[90635]: INFO neutron.plugins.ml2.drivers.ovn.mech_driver.ovsdb.extensions.placement [None req-b312d0ae-4298-4ead-8a66-0026eaef6762 admin admin] Starting OVNClientPlacementExtension
Jul 04 00:38:34.278012 np0000004496 devstack@neutron-api.service[90635]: DEBUG ovsdbapp.backend.ovs_idl.transaction [-] Running txn n=1 command(idx=0): PgAddCommand(_result=None, name=pg_9f95bf3a_65b6_4347_8361_45ac632d7e57, may_exist=False, columns={'acls': [], 'external_ids': {'neutron:security_group_id': '9f95bf3a-65b6-4347-8361-45ac632d7e57'}}) {{(pid=90635) do_commit /opt/stack/data/venv/lib/python3.12/site-packages/ovsdbapp/backend/ovs_idl/transaction.py:89}}
Jul 04 00:38:34.283313 np0000004496 devstack@neutron-api.service[90635]: DEBUG ovsdbapp.backend.ovs_idl.transaction [-] Running txn n=1 command(idx=1): PgAclAddCommand(_result=None, entity=pg_9f95bf3a_65b6_4347_8361_45ac632d7e57, direction=to-lport, priority=1002, match=outport == @pg_9f95bf3a_65b6_4347_8361_45ac632d7e57 && ip4 && ip4.src == $pg_9f95bf3a_65b6_4347_8361_45ac632d7e57_ip4, action=allow-related, log=False, may_exist=True, severity=[], name=[], meter=[], external_ids={'neutron:security_group_rule_id': '3c7b9acf-6a5d-4493-a2fb-5fc2c431127e'}) {{(pid=90635) do_commit /opt/stack/data/venv/lib/python3.12/site-packages/ovsdbapp/backend/ovs_idl/transaction.py:89}}
Jul 04 00:38:34.283908 np0000004496 devstack@neutron-api.service[90635]: DEBUG ovsdbapp.backend.ovs_idl.transaction [-] Running txn n=1 command(idx=2): PgAclAddCommand(_result=None, entity=pg_9f95bf3a_65b6_4347_8361_45ac632d7e57, direction=from-lport, priority=1002, match=inport == @pg_9f95bf3a_65b6_4347_8361_45ac632d7e57 && ip6, action=allow-related, log=False, may_exist=True, severity=[], name=[], meter=[], external_ids={'neutron:security_group_rule_id': '44a27606-0e11-44db-bb36-d02d3d78ce1b'}) {{(pid=90635) do_commit /opt/stack/data/venv/lib/python3.12/site-packages/ovsdbapp/backend/ovs_idl/transaction.py:89}}
Jul 04 00:38:34.284408 np0000004496 devstack@neutron-api.service[90635]: DEBUG ovsdbapp.backend.ovs_idl.transaction [-] Running txn n=1 command(idx=3): PgAclAddCommand(_result=None, entity=pg_9f95bf3a_65b6_4347_8361_45ac632d7e57, direction=from-lport, priority=1002, match=inport == @pg_9f95bf3a_65b6_4347_8361_45ac632d7e57 && ip4, action=allow-related, log=False, may_exist=True, severity=[], name=[], meter=[], external_ids={'neutron:security_group_rule_id': '9aecc777-90aa-45f5-b899-6a7df5bb1a0b'}) {{(pid=90635) do_commit /opt/stack/data/venv/lib/python3.12/site-packages/ovsdbapp/backend/ovs_idl/transaction.py:89}}
Jul 04 00:38:34.284762 np0000004496 devstack@neutron-api.service[90635]: DEBUG ovsdbapp.backend.ovs_idl.transaction [-] Running txn n=1 command(idx=4): PgAclAddCommand(_result=None, entity=pg_9f95bf3a_65b6_4347_8361_45ac632d7e57, direction=to-lport, priority=1002, match=outport == @pg_9f95bf3a_65b6_4347_8361_45ac632d7e57 && ip6 && ip6.src == $pg_9f95bf3a_65b6_4347_8361_45ac632d7e57_ip6, action=allow-related, log=False, may_exist=True, severity=[], name=[], meter=[], external_ids={'neutron:security_group_rule_id': 'e799b279-d9e8-4096-9a0b-2de046274d05'}) {{(pid=90635) do_commit /opt/stack/data/venv/lib/python3.12/site-packages/ovsdbapp/backend/ovs_idl/transaction.py:89}}
Jul 04 00:38:34.291143 np0000004496 devstack@neutron-api.service[90635]: DEBUG neutron.plugins.ml2.drivers.ovn.mech_driver.ovsdb.ovsdb_monitor [-] Hash Ring: Node dbf7f1717d3d54ceb9089116edd5c2c5 (host: np0000004496) handling event "create" for row 6f422bb1-9d1c-47e2-a00a-4ead7a08e4a8 (table: Port_Group) {{(pid=90635) notify /opt/stack/neutron/neutron/plugins/ml2/drivers/ovn/mech_driver/ovsdb/ovsdb_monitor.py:1015}}
Jul 04 00:38:34.291891 np0000004496 devstack@neutron-api.service[90633]: DEBUG neutron.plugins.ml2.drivers.ovn.mech_driver.ovsdb.ovsdb_monitor [-] Hash Ring: Node 4dd48574776a5b459c64e34250611fc5 (host: np0000004496) handling event "create" for row 193b5e7e-72ab-444e-8eb2-0ab56c6abbb3 (table: ACL) {{(pid=90633) notify /opt/stack/neutron/neutron/plugins/ml2/drivers/ovn/mech_driver/ovsdb/ovsdb_monitor.py:1015}}
Jul 04 00:38:34.292392 np0000004496 devstack@neutron-api.service[90633]: DEBUG neutron.plugins.ml2.drivers.ovn.mech_driver.ovsdb.ovsdb_monitor [-] Hash Ring: Node 4dd48574776a5b459c64e34250611fc5 (host: np0000004496) handling event "create" for row 309c6c8d-33c4-435c-b285-4b78a90b1a66 (table: ACL) {{(pid=90633) notify /opt/stack/neutron/neutron/plugins/ml2/drivers/ovn/mech_driver/ovsdb/ovsdb_monitor.py:1015}}
Jul 04 00:38:34.292820 np0000004496 devstack@neutron-api.service[90632]: DEBUG neutron.plugins.ml2.drivers.ovn.mech_driver.ovsdb.ovsdb_monitor [-] Hash Ring: Node 396b18f2b0f251b7aad813b642d72f88 (host: np0000004496) handling event "create" for row 309c6c8d-33c4-435c-b285-4b78a90b1a66 (table: ACL) {{(pid=90632) notify /opt/stack/neutron/neutron/plugins/ml2/drivers/ovn/mech_driver/ovsdb/ovsdb_monitor.py:1015}}
Jul 04 00:38:34.293125 np0000004496 devstack@neutron-api.service[90633]: DEBUG neutron.plugins.ml2.drivers.ovn.mech_driver.ovsdb.ovsdb_monitor [-] Hash Ring: Node 4dd48574776a5b459c64e34250611fc5 (host: np0000004496) handling event "create" for row ae69c4c8-b97b-4201-8b87-d587eff312f5 (table: ACL) {{(pid=90633) notify /opt/stack/neutron/neutron/plugins/ml2/drivers/ovn/mech_driver/ovsdb/ovsdb_monitor.py:1015}}
Jul 04 00:38:34.293125 np0000004496 devstack@neutron-api.service[90633]: DEBUG neutron.plugins.ml2.drivers.ovn.mech_driver.ovsdb.ovsdb_monitor [-] Hash Ring: Node 4dd48574776a5b459c64e34250611fc5 (host: np0000004496) handling event "create" for row fd532db7-169c-4bfc-a8d7-2437c0a11ae3 (table: ACL) {{(pid=90633) notify /opt/stack/neutron/neutron/plugins/ml2/drivers/ovn/mech_driver/ovsdb/ovsdb_monitor.py:1015}}
Jul 04 00:38:34.293125 np0000004496 devstack@neutron-api.service[90633]: DEBUG neutron.plugins.ml2.drivers.ovn.mech_driver.ovsdb.ovsdb_monitor [-] Hash Ring: Node 4dd48574776a5b459c64e34250611fc5 (host: np0000004496) handling event "create" for row 6f422bb1-9d1c-47e2-a00a-4ead7a08e4a8 (table: Port_Group) {{(pid=90633) notify /opt/stack/neutron/neutron/plugins/ml2/drivers/ovn/mech_driver/ovsdb/ovsdb_monitor.py:1015}}
Jul 04 00:38:34.293626 np0000004496 devstack@neutron-api.service[90634]: DEBUG neutron.plugins.ml2.drivers.ovn.mech_driver.ovsdb.ovsdb_monitor [-] Hash Ring: Node 8b2a9572734f53d9bbdf47e2b56ef9a4 (host: np0000004496) handling event "create" for row 193b5e7e-72ab-444e-8eb2-0ab56c6abbb3 (table: ACL) {{(pid=90634) notify /opt/stack/neutron/neutron/plugins/ml2/drivers/ovn/mech_driver/ovsdb/ovsdb_monitor.py:1015}}
Jul 04 00:38:34.293626 np0000004496 devstack@neutron-api.service[90634]: DEBUG neutron.plugins.ml2.drivers.ovn.mech_driver.ovsdb.ovsdb_monitor [-] Hash Ring: Node 8b2a9572734f53d9bbdf47e2b56ef9a4 (host: np0000004496) handling event "create" for row fd532db7-169c-4bfc-a8d7-2437c0a11ae3 (table: ACL) {{(pid=90634) notify /opt/stack/neutron/neutron/plugins/ml2/drivers/ovn/mech_driver/ovsdb/ovsdb_monitor.py:1015}}
Jul 04 00:38:34.317620 np0000004496 devstack@neutron-api.service[90635]: INFO neutron.db.ovn_revision_numbers_db [None req-b312d0ae-4298-4ead-8a66-0026eaef6762 admin admin] Successfully bumped revision number for resource 9f95bf3a-65b6-4347-8361-45ac632d7e57 (type: security_groups) to 1
Jul 04 00:38:34.333183 np0000004496 devstack@neutron-api.service[90635]: INFO neutron.db.ovn_revision_numbers_db [None req-b312d0ae-4298-4ead-8a66-0026eaef6762 admin admin] Successfully bumped revision number for resource 3c7b9acf-6a5d-4493-a2fb-5fc2c431127e (type: security_group_rules) to 0
Jul 04 00:38:34.348057 np0000004496 devstack@neutron-api.service[90635]: INFO neutron.db.ovn_revision_numbers_db [None req-b312d0ae-4298-4ead-8a66-0026eaef6762 admin admin] Successfully bumped revision number for resource 44a27606-0e11-44db-bb36-d02d3d78ce1b (type: security_group_rules) to 0
Jul 04 00:38:34.361395 np0000004496 devstack@neutron-api.service[90635]: INFO neutron.db.ovn_revision_numbers_db [None req-b312d0ae-4298-4ead-8a66-0026eaef6762 admin admin] Successfully bumped revision number for resource 9aecc777-90aa-45f5-b899-6a7df5bb1a0b (type: security_group_rules) to 0
Jul 04 00:38:34.374268 np0000004496 devstack@neutron-api.service[90635]: INFO neutron.db.ovn_revision_numbers_db [None req-b312d0ae-4298-4ead-8a66-0026eaef6762 admin admin] Successfully bumped revision number for resource e799b279-d9e8-4096-9a0b-2de046274d05 (type: security_group_rules) to 0
Jul 04 00:38:34.402187 np0000004496 devstack@neutron-api.service[90635]: DEBUG neutron.api.rpc.handlers.resources_rpc [None req-b312d0ae-4298-4ead-8a66-0026eaef6762 admin admin] Pushing event updated for resources: {'SecurityGroup': ['ID=9f95bf3a-65b6-4347-8361-45ac632d7e57,revision_number=1']} {{(pid=90635) push /opt/stack/neutron/neutron/api/rpc/handlers/resources_rpc.py:237}}
Jul 04 00:38:34.409797 np0000004496 devstack@neutron-api.service[90635]: DEBUG ovsdbapp.backend.ovs_idl.transaction [-] Running txn n=1 command(idx=0): CheckLivenessCommand(_result=None) {{(pid=90635) do_commit /opt/stack/data/venv/lib/python3.12/site-packages/ovsdbapp/backend/ovs_idl/transaction.py:89}}
Jul 04 00:38:34.411718 np0000004496 devstack@neutron-api.service[90635]: DEBUG neutron.plugins.ml2.drivers.ovn.mech_driver.ovsdb.ovsdb_monitor [-] Hash Ring: Node dbf7f1717d3d54ceb9089116edd5c2c5 (host: np0000004496) handling event "update" for row 222b7177-1fa5-400c-9741-db0ecf1a22e0 (table: NB_Global) {{(pid=90635) notify /opt/stack/neutron/neutron/plugins/ml2/drivers/ovn/mech_driver/ovsdb/ovsdb_monitor.py:1015}}
Jul 04 00:38:34.412294 np0000004496 devstack@neutron-api.service[90633]: DEBUG neutron.plugins.ml2.drivers.ovn.mech_driver.ovsdb.ovsdb_monitor [-] Hash Ring: Node 4dd48574776a5b459c64e34250611fc5 (host: np0000004496) handling event "update" for row 222b7177-1fa5-400c-9741-db0ecf1a22e0 (table: NB_Global) {{(pid=90633) notify /opt/stack/neutron/neutron/plugins/ml2/drivers/ovn/mech_driver/ovsdb/ovsdb_monitor.py:1015}}
Jul 04 00:38:34.414027 np0000004496 devstack@neutron-api.service[90633]: DEBUG neutron.plugins.ml2.drivers.ovn.mech_driver.ovsdb.ovsdb_monitor [-] Hash Ring: Node 4dd48574776a5b459c64e34250611fc5 (host: np0000004496) handling event "update" for row 222b7177-1fa5-400c-9741-db0ecf1a22e0 (table: NB_Global) {{(pid=90633) notify /opt/stack/neutron/neutron/plugins/ml2/drivers/ovn/mech_driver/ovsdb/ovsdb_monitor.py:1015}}
Jul 04 00:38:34.414608 np0000004496 devstack@neutron-api.service[90633]: DEBUG neutron.plugins.ml2.drivers.ovn.mech_driver.ovsdb.ovsdb_monitor [-] ChassisAgentWriteEvent : Matched Chassis_Private, update, None None {{(pid=90633) matches /opt/stack/neutron/neutron/plugins/ml2/drivers/ovn/mech_driver/ovsdb/ovsdb_monitor.py:64}}
Jul 04 00:38:34.415335 np0000004496 devstack@neutron-api.service[90635]: DEBUG neutron.api.rpc.callbacks.version_manager [None req-b312d0ae-4298-4ead-8a66-0026eaef6762 admin admin] Tracked resource versions report:
Jul 04 00:38:34.415335 np0000004496 devstack@neutron-api.service[90635]: pushed versions:
Jul 04 00:38:34.415335 np0000004496 devstack@neutron-api.service[90635]: { 'AddressGroup': {'1.2'},
Jul 04 00:38:34.415335 np0000004496 devstack@neutron-api.service[90635]: 'Agent': {'1.1'},
Jul 04 00:38:34.415335 np0000004496 devstack@neutron-api.service[90635]: 'ConntrackHelper': {'1.0'},
Jul 04 00:38:34.415335 np0000004496 devstack@neutron-api.service[90635]: 'LocalIPAssociation': {'1.0'},
Jul 04 00:38:34.415335 np0000004496 devstack@neutron-api.service[90635]: 'Log': {'1.0'},
Jul 04 00:38:34.415335 np0000004496 devstack@neutron-api.service[90635]: 'NDPProxy': {'1.0'},
Jul 04 00:38:34.415335 np0000004496 devstack@neutron-api.service[90635]: 'Network': {'1.3'},
Jul 04 00:38:34.415335 np0000004496 devstack@neutron-api.service[90635]: 'Port': {'1.11'},
Jul 04 00:38:34.415335 np0000004496 devstack@neutron-api.service[90635]: 'PortForwarding': {'1.3'},
Jul 04 00:38:34.415335 np0000004496 devstack@neutron-api.service[90635]: 'QosPolicy': {'1.10'},
Jul 04 00:38:34.415335 np0000004496 devstack@neutron-api.service[90635]: 'SecurityGroup': {'1.6'},
Jul 04 00:38:34.415335 np0000004496 devstack@neutron-api.service[90635]: 'SecurityGroupRule': {'1.3'},
Jul 04 00:38:34.415335 np0000004496 devstack@neutron-api.service[90635]: 'SubPort': {'1.0'},
Jul 04 00:38:34.415335 np0000004496 devstack@neutron-api.service[90635]: 'Subnet': {'1.2'},
Jul 04 00:38:34.415335 np0000004496 devstack@neutron-api.service[90635]: 'Trunk': {'1.1'}}
Jul 04 00:38:34.415335 np0000004496 devstack@neutron-api.service[90635]: consumer versions:
Jul 04 00:38:34.415335 np0000004496 devstack@neutron-api.service[90635]: {}
Jul 04 00:38:34.415335 np0000004496 devstack@neutron-api.service[90635]: {{(pid=90635) report /opt/stack/neutron/neutron/api/rpc/callbacks/version_manager.py:183}}
Jul 04 00:38:34.416098 np0000004496 devstack@neutron-api.service[90634]: DEBUG neutron.plugins.ml2.drivers.ovn.mech_driver.ovsdb.ovsdb_monitor [-] ChassisAgentWriteEvent : Matched Chassis_Private, update, None None {{(pid=90634) matches /opt/stack/neutron/neutron/plugins/ml2/drivers/ovn/mech_driver/ovsdb/ovsdb_monitor.py:64}}
Jul 04 00:38:34.416098 np0000004496 devstack@neutron-api.service[90634]: DEBUG neutron.plugins.ml2.drivers.ovn.mech_driver.ovsdb.ovsdb_monitor [-] Hash Ring: Node 8b2a9572734f53d9bbdf47e2b56ef9a4 (host: np0000004496) handling event "update" for row 3d8d1e5c-082b-4957-b416-4655e31a5924 (table: Chassis_Private) {{(pid=90634) notify /opt/stack/neutron/neutron/plugins/ml2/drivers/ovn/mech_driver/ovsdb/ovsdb_monitor.py:1015}}
Jul 04 00:38:34.416294 np0000004496 devstack@neutron-api.service[90632]: DEBUG neutron.plugins.ml2.drivers.ovn.mech_driver.ovsdb.ovsdb_monitor [-] ChassisAgentWriteEvent : Matched Chassis_Private, update, None None {{(pid=90632) matches /opt/stack/neutron/neutron/plugins/ml2/drivers/ovn/mech_driver/ovsdb/ovsdb_monitor.py:64}}
Jul 04 00:38:34.416794 np0000004496 devstack@neutron-api.service[90633]: DEBUG neutron.plugins.ml2.drivers.ovn.mech_driver.ovsdb.ovsdb_monitor [-] Hash Ring: Node 4dd48574776a5b459c64e34250611fc5 (host: np0000004496) handling event "update" for row 222b7177-1fa5-400c-9741-db0ecf1a22e0 (table: NB_Global) {{(pid=90633) notify /opt/stack/neutron/neutron/plugins/ml2/drivers/ovn/mech_driver/ovsdb/ovsdb_monitor.py:1015}}
Jul 04 00:38:34.418738 np0000004496 devstack@neutron-api.service[90633]: DEBUG neutron.plugins.ml2.drivers.ovn.mech_driver.ovsdb.ovsdb_monitor [-] Hash Ring: Node 4dd48574776a5b459c64e34250611fc5 (host: np0000004496) handling event "update" for row 222b7177-1fa5-400c-9741-db0ecf1a22e0 (table: NB_Global) {{(pid=90633) notify /opt/stack/neutron/neutron/plugins/ml2/drivers/ovn/mech_driver/ovsdb/ovsdb_monitor.py:1015}}
Jul 04 00:38:34.421096 np0000004496 devstack@neutron-api.service[90632]: DEBUG neutron.plugins.ml2.drivers.ovn.mech_driver.ovsdb.ovsdb_monitor [-] ChassisOVNAgentWriteEvent : Matched Chassis_Private, update, None None {{(pid=90632) matches /opt/stack/neutron/neutron/plugins/ml2/drivers/ovn/mech_driver/ovsdb/ovsdb_monitor.py:64}}
Jul 04 00:38:34.421652 np0000004496 devstack@neutron-api.service[90634]: DEBUG neutron.plugins.ml2.drivers.ovn.mech_driver.ovsdb.ovsdb_monitor [-] ChassisOVNAgentWriteEvent : Matched Chassis_Private, update, None None {{(pid=90634) matches /opt/stack/neutron/neutron/plugins/ml2/drivers/ovn/mech_driver/ovsdb/ovsdb_monitor.py:64}}
Jul 04 00:38:34.421803 np0000004496 devstack@neutron-api.service[90633]: DEBUG neutron.common.ovn.hash_ring_manager [-] Allow caching, nodes 4>=4 {{(pid=90633) _wait_startup_before_caching /opt/stack/neutron/neutron/common/ovn/hash_ring_manager.py:71}}
Jul 04 00:38:34.421803 np0000004496 devstack@neutron-api.service[90633]: DEBUG neutron.plugins.ml2.drivers.ovn.mech_driver.ovsdb.ovsdb_monitor [-] Hash Ring: Node 4dd48574776a5b459c64e34250611fc5 (host: np0000004496) handling event "update" for row 3d8d1e5c-082b-4957-b416-4655e31a5924 (table: Chassis_Private) {{(pid=90633) notify /opt/stack/neutron/neutron/plugins/ml2/drivers/ovn/mech_driver/ovsdb/ovsdb_monitor.py:1015}}
Jul 04 00:38:34.422013 np0000004496 devstack@neutron-api.service[90634]: DEBUG neutron.plugins.ml2.drivers.ovn.mech_driver.ovsdb.ovsdb_monitor [-] Hash Ring: Node 8b2a9572734f53d9bbdf47e2b56ef9a4 (host: np0000004496) handling event "update" for row 3d8d1e5c-082b-4957-b416-4655e31a5924 (table: Chassis_Private) {{(pid=90634) notify /opt/stack/neutron/neutron/plugins/ml2/drivers/ovn/mech_driver/ovsdb/ovsdb_monitor.py:1015}}
Jul 04 00:38:34.422270 np0000004496 devstack@neutron-api.service[90633]: DEBUG neutron.plugins.ml2.drivers.ovn.mech_driver.ovsdb.ovsdb_monitor [-] ChassisOVNAgentWriteEvent : Matched Chassis_Private, update, None None {{(pid=90633) matches /opt/stack/neutron/neutron/plugins/ml2/drivers/ovn/mech_driver/ovsdb/ovsdb_monitor.py:64}}
Jul 04 00:38:34.422421 np0000004496 devstack@neutron-api.service[90635]: DEBUG neutron.plugins.ml2.drivers.ovn.mech_driver.ovsdb.ovsdb_monitor [-] Hash Ring: Node dbf7f1717d3d54ceb9089116edd5c2c5 (host: np0000004496) handling event "update" for row 222b7177-1fa5-400c-9741-db0ecf1a22e0 (table: NB_Global) {{(pid=90635) notify /opt/stack/neutron/neutron/plugins/ml2/drivers/ovn/mech_driver/ovsdb/ovsdb_monitor.py:1015}}
Jul 04 00:38:34.423088 np0000004496 devstack@neutron-api.service[90633]: DEBUG neutron.plugins.ml2.drivers.ovn.mech_driver.ovsdb.ovsdb_monitor [-] Hash Ring: Node 4dd48574776a5b459c64e34250611fc5 (host: np0000004496) handling event "update" for row 3d8d1e5c-082b-4957-b416-4655e31a5924 (table: Chassis_Private) {{(pid=90633) notify /opt/stack/neutron/neutron/plugins/ml2/drivers/ovn/mech_driver/ovsdb/ovsdb_monitor.py:1015}}
Jul 04 00:38:34.423775 np0000004496 devstack@neutron-api.service[90635]: DEBUG neutron.plugins.ml2.drivers.ovn.mech_driver.ovsdb.ovsdb_monitor [-] Hash Ring: Node dbf7f1717d3d54ceb9089116edd5c2c5 (host: np0000004496) handling event "update" for row 222b7177-1fa5-400c-9741-db0ecf1a22e0 (table: NB_Global) {{(pid=90635) notify /opt/stack/neutron/neutron/plugins/ml2/drivers/ovn/mech_driver/ovsdb/ovsdb_monitor.py:1015}}
Jul 04 00:38:34.424707 np0000004496 devstack@neutron-api.service[90635]: DEBUG neutron.plugins.ml2.drivers.ovn.mech_driver.ovsdb.ovsdb_monitor [-] Hash Ring: Node dbf7f1717d3d54ceb9089116edd5c2c5 (host: np0000004496) handling event "update" for row 222b7177-1fa5-400c-9741-db0ecf1a22e0 (table: NB_Global) {{(pid=90635) notify /opt/stack/neutron/neutron/plugins/ml2/drivers/ovn/mech_driver/ovsdb/ovsdb_monitor.py:1015}}
Jul 04 00:38:34.425335 np0000004496 devstack@neutron-api.service[90635]: DEBUG neutron.plugins.ml2.drivers.ovn.mech_driver.ovsdb.ovsdb_monitor [-] ChassisAgentWriteEvent : Matched Chassis_Private, update, None None {{(pid=90635) matches /opt/stack/neutron/neutron/plugins/ml2/drivers/ovn/mech_driver/ovsdb/ovsdb_monitor.py:64}}
Jul 04 00:38:34.428149 np0000004496 devstack@neutron-api.service[90635]: DEBUG neutron.plugins.ml2.drivers.ovn.mech_driver.ovsdb.ovsdb_monitor [-] ChassisOVNAgentWriteEvent : Matched Chassis_Private, update, None None {{(pid=90635) matches /opt/stack/neutron/neutron/plugins/ml2/drivers/ovn/mech_driver/ovsdb/ovsdb_monitor.py:64}}
Jul 04 00:38:34.466942 np0000004496 devstack@neutron-api.service[90635]: DEBUG neutron.plugins.ml2.drivers.helpers [None req-b312d0ae-4298-4ead-8a66-0026eaef6762 admin admin] geneve segment allocate from pool success with {'geneve_vni': 45604} {{(pid=90635) allocate_partially_specified_segment /opt/stack/neutron/neutron/plugins/ml2/drivers/helpers.py:142}}
Jul 04 00:38:34.476820 np0000004496 devstack@neutron-api.service[90635]: DEBUG neutron_lib.callbacks.manager [None req-b312d0ae-4298-4ead-8a66-0026eaef6762 admin admin] Publish callbacks ['neutron.services.segments.db._add_segment_host_mapping_for_segment-8449574413376', 'neutron.plugins.ml2.plugin.Ml2Plugin._handle_segment_change-2972436'] for segment (2d73e24c-bbab-44f0-bcc6-4097b6f73e34), precommit_create {{(pid=90635) _notify_loop /opt/stack/data/venv/lib/python3.12/site-packages/neutron_lib/callbacks/manager.py:184}}
Jul 04 00:38:34.477055 np0000004496 devstack@neutron-api.service[90635]: INFO neutron.db.segments_db [None req-b312d0ae-4298-4ead-8a66-0026eaef6762 admin admin] Added segment 2d73e24c-bbab-44f0-bcc6-4097b6f73e34 of type geneve for network 92d1731e-8d5b-43b3-8606-fcb542c20fef
Jul 04 00:38:34.516457 np0000004496 devstack@neutron-api.service[90635]: DEBUG neutron_lib.callbacks.manager [None req-b312d0ae-4298-4ead-8a66-0026eaef6762 admin admin] Publish callbacks ['neutron.services.auto_allocate.db._ensure_external_network_default_value_callback-8449573333136'] for network (92d1731e-8d5b-43b3-8606-fcb542c20fef), precommit_create {{(pid=90635) _notify_loop /opt/stack/data/venv/lib/python3.12/site-packages/neutron_lib/callbacks/manager.py:184}}
Jul 04 00:38:34.532017 np0000004496 devstack@neutron-api.service[90635]: DEBUG neutron.plugins.ml2.drivers.ovn.mech_driver.mech_driver [None req-b312d0ae-4298-4ead-8a66-0026eaef6762 admin admin] Validating network segment with type geneve, segmentation ID 45604, physical network None {{(pid=90635) _validate_network_segments /opt/stack/neutron/neutron/plugins/ml2/drivers/ovn/mech_driver/mech_driver.py:646}}
Jul 04 00:38:34.532131 np0000004496 devstack@neutron-api.service[90635]: DEBUG neutron.db.ovn_revision_numbers_db [None req-b312d0ae-4298-4ead-8a66-0026eaef6762 admin admin] create_initial_revision uuid=92d1731e-8d5b-43b3-8606-fcb542c20fef, type=networks, rev=-1 {{(pid=90635) create_initial_revision /opt/stack/neutron/neutron/db/ovn_revision_numbers_db.py:98}}
Jul 04 00:38:34.547413 np0000004496 devstack@neutron-api.service[90635]: DEBUG neutron_lib.callbacks.manager [None req-b312d0ae-4298-4ead-8a66-0026eaef6762 admin admin] Publish callbacks ['neutron.plugins.ml2.ovo_rpc._ObjectChangeHandler.handle_event-2533613'] for network (92d1731e-8d5b-43b3-8606-fcb542c20fef), after_create {{(pid=90635) _notify_loop /opt/stack/data/venv/lib/python3.12/site-packages/neutron_lib/callbacks/manager.py:184}}
Jul 04 00:38:34.595132 np0000004496 devstack@neutron-api.service[90635]: DEBUG neutron.api.rpc.handlers.resources_rpc [None req-b312d0ae-4298-4ead-8a66-0026eaef6762 admin admin] Pushing event updated for resources: {'Network': ['ID=92d1731e-8d5b-43b3-8606-fcb542c20fef,revision_number=1']} {{(pid=90635) push /opt/stack/neutron/neutron/api/rpc/handlers/resources_rpc.py:237}}
Jul 04 00:38:34.602916 np0000004496 devstack@neutron-api.service[90635]: DEBUG ovsdbapp.backend.ovs_idl.transaction [-] Running txn n=1 command(idx=0): AddNetworkCommand(_result=None, network_uuid=92d1731e-8d5b-43b3-8606-fcb542c20fef, may_exist=True, columns={'external_ids': {'neutron:network_name': 'private', 'neutron:mtu': '1372', 'neutron:revision_number': '1', 'neutron:availability_zone_hints': '', 'neutron:provnet-network-type': 'geneve'}, 'other_config': {'mcast_snoop': 'false', 'mcast_flood_unregistered': 'false', 'vlan-passthru': 'false'}}) {{(pid=90635) do_commit /opt/stack/data/venv/lib/python3.12/site-packages/ovsdbapp/backend/ovs_idl/transaction.py:89}}
Jul 04 00:38:34.603412 np0000004496 devstack@neutron-api.service[90635]: DEBUG neutron.common.ovn.utils [-] OVS persist_uuid supported=True {{(pid=90635) ovs_persist_uuid_supported /opt/stack/neutron/neutron/common/ovn/utils.py:1562}}
Jul 04 00:38:34.607040 np0000004496 devstack@neutron-api.service[90633]: DEBUG neutron.plugins.ml2.drivers.ovn.mech_driver.ovsdb.ovsdb_monitor [-] Hash Ring: Node 4dd48574776a5b459c64e34250611fc5 (host: np0000004496) handling event "create" for row 92d1731e-8d5b-43b3-8606-fcb542c20fef (table: Logical_Switch) {{(pid=90633) notify /opt/stack/neutron/neutron/plugins/ml2/drivers/ovn/mech_driver/ovsdb/ovsdb_monitor.py:1015}}
Jul 04 00:38:34.611659 np0000004496 devstack@neutron-api.service[90633]: DEBUG neutron.plugins.ml2.drivers.ovn.mech_driver.ovsdb.ovsdb_monitor [-] Hash Ring: Node 4dd48574776a5b459c64e34250611fc5 (host: np0000004496) handling event "create" for row 66fac1d3-6040-4683-9ee6-abc3d84a7903 (table: Datapath_Binding) {{(pid=90633) notify /opt/stack/neutron/neutron/plugins/ml2/drivers/ovn/mech_driver/ovsdb/ovsdb_monitor.py:1015}}
Jul 04 00:38:34.611831 np0000004496 devstack@neutron-api.service[90632]: DEBUG neutron.plugins.ml2.drivers.ovn.mech_driver.ovsdb.ovsdb_monitor [-] Hash Ring: Node 396b18f2b0f251b7aad813b642d72f88 (host: np0000004496) handling event "create" for row 66fac1d3-6040-4683-9ee6-abc3d84a7903 (table: Datapath_Binding) {{(pid=90632) notify /opt/stack/neutron/neutron/plugins/ml2/drivers/ovn/mech_driver/ovsdb/ovsdb_monitor.py:1015}}
Jul 04 00:38:34.637282 np0000004496 devstack@neutron-api.service[90635]: INFO neutron.db.ovn_revision_numbers_db [None req-b312d0ae-4298-4ead-8a66-0026eaef6762 admin admin] Successfully bumped revision number for resource 92d1731e-8d5b-43b3-8606-fcb542c20fef (type: networks) to 1
Jul 04 00:38:34.696351 np0000004496 devstack@neutron-api.service[90635]: DEBUG neutron_lib.callbacks.manager [None req-b312d0ae-4298-4ead-8a66-0026eaef6762 admin admin] Publish callbacks ['neutron.plugins.ml2.plugin.SecurityGroupDbMixin._ensure_default_security_group_handler-1514882'] for port (None), before_create {{(pid=90635) _notify_loop /opt/stack/data/venv/lib/python3.12/site-packages/neutron_lib/callbacks/manager.py:184}}
Jul 04 00:38:34.981106 np0000004496 devstack@neutron-api.service[90635]: DEBUG neutron_lib.callbacks.manager [None req-b312d0ae-4298-4ead-8a66-0026eaef6762 admin admin] Publish callbacks ['neutron.plugins.ml2.drivers.ovn.mech_driver.mech_driver.OVNMechanismDriver._validate_allowed_address_pairs-351072'] for allowed_address_pair (9d43add5-fed6-459a-8d54-fd7e417d08e4), before_create {{(pid=90635) _notify_loop /opt/stack/data/venv/lib/python3.12/site-packages/neutron_lib/callbacks/manager.py:184}}
Jul 04 00:38:34.981627 np0000004496 devstack@neutron-api.service[90635]: DEBUG neutron_lib.callbacks.manager [None req-b312d0ae-4298-4ead-8a66-0026eaef6762 admin admin] Publish callbacks [] for port (9d43add5-fed6-459a-8d54-fd7e417d08e4), precommit_create {{(pid=90635) _notify_loop /opt/stack/data/venv/lib/python3.12/site-packages/neutron_lib/callbacks/manager.py:184}}
Jul 04 00:38:34.981821 np0000004496 devstack@neutron-api.service[90635]: DEBUG neutron.plugins.ml2.drivers.ovn.mech_driver.mech_driver [None req-b312d0ae-4298-4ead-8a66-0026eaef6762 admin admin] No provisioning block for port 9d43add5-fed6-459a-8d54-fd7e417d08e4 since it does not have a host {{(pid=90635) _is_port_provisioning_required /opt/stack/neutron/neutron/plugins/ml2/drivers/ovn/mech_driver/mech_driver.py:899}}
Jul 04 00:38:34.981933 np0000004496 devstack@neutron-api.service[90635]: DEBUG neutron.db.ovn_revision_numbers_db [None req-b312d0ae-4298-4ead-8a66-0026eaef6762 admin admin] create_initial_revision uuid=9d43add5-fed6-459a-8d54-fd7e417d08e4, type=ports, rev=-1 {{(pid=90635) create_initial_revision /opt/stack/neutron/neutron/db/ovn_revision_numbers_db.py:98}}
Jul 04 00:38:35.042711 np0000004496 devstack@neutron-api.service[90635]: DEBUG neutron_lib.callbacks.manager [None req-b312d0ae-4298-4ead-8a66-0026eaef6762 admin admin] Publish callbacks ['neutron.plugins.ml2.ovo_rpc._ObjectChangeHandler.handle_event-2533557'] for port (9d43add5-fed6-459a-8d54-fd7e417d08e4), after_create {{(pid=90635) _notify_loop /opt/stack/data/venv/lib/python3.12/site-packages/neutron_lib/callbacks/manager.py:184}}
Jul 04 00:38:35.109462 np0000004496 devstack@neutron-api.service[90635]: DEBUG neutron.api.rpc.handlers.resources_rpc [None req-b312d0ae-4298-4ead-8a66-0026eaef6762 admin admin] Pushing event updated for resources: {'Port': ['ID=9d43add5-fed6-459a-8d54-fd7e417d08e4,revision_number=1']} {{(pid=90635) push /opt/stack/neutron/neutron/api/rpc/handlers/resources_rpc.py:237}}
Jul 04 00:38:35.146873 np0000004496 devstack@neutron-api.service[90635]: DEBUG neutron.plugins.ml2.drivers.ovn.mech_driver.ovsdb.commands [None req-b312d0ae-4298-4ead-8a66-0026eaef6762 admin admin] Converting tag [] to a tag_request {{(pid=90635) _tag_column_to_tag_request /opt/stack/neutron/neutron/plugins/ml2/drivers/ovn/mech_driver/ovsdb/commands.py:205}}
Jul 04 00:38:35.147820 np0000004496 devstack@neutron-api.service[90635]: DEBUG ovsdbapp.backend.ovs_idl.transaction [-] Running txn n=1 command(idx=0): AddLSwitchPortCommand(_result=None, lport=9d43add5-fed6-459a-8d54-fd7e417d08e4, lswitch=neutron-92d1731e-8d5b-43b3-8606-fcb542c20fef, may_exist=True, network_uuid=92d1731e-8d5b-43b3-8606-fcb542c20fef, columns={'addresses': ['fa:16:3e:6f:b6:e1'], 'external_ids': {'neutron:port_name': '', 'neutron:device_id': 'ovnmeta-92d1731e-8d5b-43b3-8606-fcb542c20fef', 'neutron:project_id': '76a207e5614d4e708e271bf0a5047b68', 'neutron:cidrs': '', 'neutron:device_owner': 'network:distributed', 'neutron:subnet_pool_addr_scope4': '', 'neutron:subnet_pool_addr_scope6': '', 'neutron:network_name': 'neutron-92d1731e-8d5b-43b3-8606-fcb542c20fef', 'neutron:security_group_ids': '', 'neutron:revision_number': '1', 'neutron:vnic_type': 'normal', 'neutron:port_capabilities': '', 'neutron:mtu': '1372'}, 'parent_name': [], 'enabled': True, 'options': {}, 'type': 'localport', 'port_security': [], 'dhcpv4_options': [], 'dhcpv6_options': [], 'tag_request': []}) {{(pid=90635) do_commit /opt/stack/data/venv/lib/python3.12/site-packages/ovsdbapp/backend/ovs_idl/transaction.py:89}}
Jul 04 00:38:35.148469 np0000004496 devstack@neutron-api.service[90635]: DEBUG ovsdbapp.backend.ovs_idl.transaction [-] Running txn n=1 command(idx=1): QoSDelCommand(_result=None, switch=neutron-92d1731e-8d5b-43b3-8606-fcb542c20fef, conditions=[('direction', '=', 'to-lport'), ('priority', '=', 2002), ('match', '=', 'outport == "9d43add5-fed6-459a-8d54-fd7e417d08e4"')], if_exists=True) {{(pid=90635) do_commit /opt/stack/data/venv/lib/python3.12/site-packages/ovsdbapp/backend/ovs_idl/transaction.py:89}}
Jul 04 00:38:35.148688 np0000004496 devstack@neutron-api.service[90635]: DEBUG ovsdbapp.backend.ovs_idl.transaction [-] Running txn n=1 command(idx=2): QoSDelCommand(_result=None, switch=neutron-92d1731e-8d5b-43b3-8606-fcb542c20fef, conditions=[('direction', '=', 'from-lport'), ('priority', '=', 2002), ('match', '=', 'inport == "9d43add5-fed6-459a-8d54-fd7e417d08e4"')], if_exists=True) {{(pid=90635) do_commit /opt/stack/data/venv/lib/python3.12/site-packages/ovsdbapp/backend/ovs_idl/transaction.py:89}}
Jul 04 00:38:35.152286 np0000004496 devstack@neutron-api.service[90635]: DEBUG neutron.plugins.ml2.drivers.ovn.mech_driver.ovsdb.ovsdb_monitor [-] Hash Ring: Node dbf7f1717d3d54ceb9089116edd5c2c5 (host: np0000004496) handling event "create" for row 09fe2a39-974c-4ae0-910e-edcbddd5f7e6 (table: Logical_Switch_Port) {{(pid=90635) notify /opt/stack/neutron/neutron/plugins/ml2/drivers/ovn/mech_driver/ovsdb/ovsdb_monitor.py:1015}}
Jul 04 00:38:35.153896 np0000004496 devstack@neutron-api.service[90633]: DEBUG neutron.plugins.ml2.drivers.ovn.mech_driver.ovsdb.ovsdb_monitor [-] Hash Ring: Node 4dd48574776a5b459c64e34250611fc5 (host: np0000004496) handling event "update" for row 92d1731e-8d5b-43b3-8606-fcb542c20fef (table: Logical_Switch) {{(pid=90633) notify /opt/stack/neutron/neutron/plugins/ml2/drivers/ovn/mech_driver/ovsdb/ovsdb_monitor.py:1015}}
Jul 04 00:38:35.154079 np0000004496 devstack@neutron-api.service[90635]: DEBUG ovsdbapp.backend.ovs_idl.event [-] Matched CREATE: LogicalSwitchPortCreateEvent(events=('create',), table='Logical_Switch_Port', conditions=[], old_conditions=None), priority=20 to row=Logical_Switch_Port(uuid=09fe2a39-974c-4ae0-910e-edcbddd5f7e6, addresses=['fa:16:3e:6f:b6:e1'], dhcpv4_options=[], dhcpv6_options=[], dynamic_addresses=[], enabled=True, external_ids={'neutron:cidrs': '', 'neutron:device_id': 'ovnmeta-92d1731e-8d5b-43b3-8606-fcb542c20fef', 'neutron:device_owner': 'network:distributed', 'neutron:mtu': '1372', 'neutron:network_name': 'neutron-92d1731e-8d5b-43b3-8606-fcb542c20fef', 'neutron:port_capabilities': '', 'neutron:port_name': '', 'neutron:project_id': '76a207e5614d4e708e271bf0a5047b68', 'neutron:revision_number': '1', 'neutron:security_group_ids': '', 'neutron:subnet_pool_addr_scope4': '', 'neutron:subnet_pool_addr_scope6': '', 'neutron:vnic_type': 'normal'}, ha_chassis_group=[], mirror_rules=[], name='9d43add5-fed6-459a-8d54-fd7e417d08e4', options={}, parent_name=[], port_security=[], tag=[], tag_request=[], type='localport', up=[]) old= {{(pid=90635) matches /opt/stack/data/venv/lib/python3.12/site-packages/ovsdbapp/backend/ovs_idl/event.py:55}}
Jul 04 00:38:35.154273 np0000004496 devstack@neutron-api.service[90633]: DEBUG neutron.plugins.ml2.drivers.ovn.mech_driver.ovsdb.ovsdb_monitor [-] Hash Ring: Node 4dd48574776a5b459c64e34250611fc5 (host: np0000004496) handling event "create" for row 09fe2a39-974c-4ae0-910e-edcbddd5f7e6 (table: Logical_Switch_Port) {{(pid=90633) notify /opt/stack/neutron/neutron/plugins/ml2/drivers/ovn/mech_driver/ovsdb/ovsdb_monitor.py:1015}}
Jul 04 00:38:35.155583 np0000004496 devstack@neutron-api.service[90633]: DEBUG ovsdbapp.backend.ovs_idl.event [-] Matched CREATE: LogicalSwitchPortCreateEvent(events=('create',), table='Logical_Switch_Port', conditions=[], old_conditions=None), priority=20 to row=Logical_Switch_Port(uuid=09fe2a39-974c-4ae0-910e-edcbddd5f7e6, addresses=['fa:16:3e:6f:b6:e1'], dhcpv4_options=[], dhcpv6_options=[], dynamic_addresses=[], enabled=True, external_ids={'neutron:cidrs': '', 'neutron:device_id': 'ovnmeta-92d1731e-8d5b-43b3-8606-fcb542c20fef', 'neutron:device_owner': 'network:distributed', 'neutron:mtu': '1372', 'neutron:network_name': 'neutron-92d1731e-8d5b-43b3-8606-fcb542c20fef', 'neutron:port_capabilities': '', 'neutron:port_name': '', 'neutron:project_id': '76a207e5614d4e708e271bf0a5047b68', 'neutron:revision_number': '1', 'neutron:security_group_ids': '', 'neutron:subnet_pool_addr_scope4': '', 'neutron:subnet_pool_addr_scope6': '', 'neutron:vnic_type': 'normal'}, ha_chassis_group=[], mirror_rules=[], name='9d43add5-fed6-459a-8d54-fd7e417d08e4', options={}, parent_name=[], port_security=[], tag=[], tag_request=[], type='localport', up=[]) old= {{(pid=90633) matches /opt/stack/data/venv/lib/python3.12/site-packages/ovsdbapp/backend/ovs_idl/event.py:55}}
Jul 04 00:38:35.156239 np0000004496 devstack@neutron-api.service[90632]: DEBUG neutron.plugins.ml2.drivers.ovn.mech_driver.ovsdb.ovsdb_monitor [-] Hash Ring: Node 396b18f2b0f251b7aad813b642d72f88 (host: np0000004496) handling event "create" for row 672c3966-79f4-447a-82a0-921d4e84de5d (table: Port_Binding) {{(pid=90632) notify /opt/stack/neutron/neutron/plugins/ml2/drivers/ovn/mech_driver/ovsdb/ovsdb_monitor.py:1015}}
Jul 04 00:38:35.156384 np0000004496 devstack@neutron-api.service[90633]: INFO neutron.plugins.ml2.drivers.ovn.mech_driver.mech_driver [-] OVN reports status down for port: 9d43add5-fed6-459a-8d54-fd7e417d08e4
Jul 04 00:38:35.157270 np0000004496 devstack@neutron-api.service[90633]: DEBUG neutron.plugins.ml2.drivers.ovn.mech_driver.ovsdb.ovsdb_monitor [-] Hash Ring: Node 4dd48574776a5b459c64e34250611fc5 (host: np0000004496) handling event "update" for row 09fe2a39-974c-4ae0-910e-edcbddd5f7e6 (table: Logical_Switch_Port) {{(pid=90633) notify /opt/stack/neutron/neutron/plugins/ml2/drivers/ovn/mech_driver/ovsdb/ovsdb_monitor.py:1015}}
Jul 04 00:38:35.158409 np0000004496 devstack@neutron-api.service[90635]: INFO neutron.plugins.ml2.drivers.ovn.mech_driver.mech_driver [-] OVN reports status down for port: 9d43add5-fed6-459a-8d54-fd7e417d08e4
Jul 04 00:38:35.159713 np0000004496 devstack@neutron-api.service[90633]: DEBUG neutron.plugins.ml2.drivers.ovn.mech_driver.ovsdb.ovsdb_monitor [-] Hash Ring: Node 4dd48574776a5b459c64e34250611fc5 (host: np0000004496) handling event "create" for row 672c3966-79f4-447a-82a0-921d4e84de5d (table: Port_Binding) {{(pid=90633) notify /opt/stack/neutron/neutron/plugins/ml2/drivers/ovn/mech_driver/ovsdb/ovsdb_monitor.py:1015}}
Jul 04 00:38:35.160502 np0000004496 devstack@neutron-api.service[90635]: DEBUG neutron.plugins.ml2.drivers.ovn.mech_driver.ovsdb.ovsdb_monitor [-] Hash Ring: Node dbf7f1717d3d54ceb9089116edd5c2c5 (host: np0000004496) handling event "update" for row 09fe2a39-974c-4ae0-910e-edcbddd5f7e6 (table: Logical_Switch_Port) {{(pid=90635) notify /opt/stack/neutron/neutron/plugins/ml2/drivers/ovn/mech_driver/ovsdb/ovsdb_monitor.py:1015}}
Jul 04 00:38:35.210865 np0000004496 devstack@neutron-api.service[90635]: INFO neutron.db.ovn_revision_numbers_db [None req-b312d0ae-4298-4ead-8a66-0026eaef6762 admin admin] Successfully bumped revision number for resource 9d43add5-fed6-459a-8d54-fd7e417d08e4 (type: ports) to 1
Jul 04 00:38:35.224507 np0000004496 devstack@neutron-api.service[90633]: DEBUG neutron.db.provisioning_blocks [None req-63394867-a906-44f4-85fa-1a47560654ec None None] Transition to ACTIVE for port object 9d43add5-fed6-459a-8d54-fd7e417d08e4 will not be triggered until provisioned by entity L2. {{(pid=90633) add_provisioning_component /opt/stack/neutron/neutron/db/provisioning_blocks.py:74}}
Jul 04 00:38:35.237885 np0000004496 devstack@neutron-api.service[90635]: DEBUG neutron.pecan_wsgi.hooks.policy_enforcement [None req-b312d0ae-4298-4ead-8a66-0026eaef6762 admin admin] Attributes excluded by policy engine: ['standard_attr_id'] {{(pid=90635) _exclude_attributes_by_policy /opt/stack/neutron/neutron/pecan_wsgi/hooks/policy_enforcement.py:259}}
Jul 04 00:38:35.238210 np0000004496 devstack@neutron-api.service[90635]: DEBUG neutron_lib.callbacks.manager [None req-b312d0ae-4298-4ead-8a66-0026eaef6762 admin admin] Publish callbacks [] for network (None), before_response {{(pid=90635) _notify_loop /opt/stack/data/venv/lib/python3.12/site-packages/neutron_lib/callbacks/manager.py:184}}
Jul 04 00:38:35.264635 np0000004496 devstack@neutron-api.service[90635]: [pid: 90635|app: 0|req: 1/5] 10.4.3.41 () {68 vars in 1319 bytes} [Sat Jul 4 00:38:33 2026] POST /networking/v2.0/networks => generated 681 bytes in 1538 msecs (HTTP/1.1 201) 4 headers in 162 bytes (1 switches on core 0)
Jul 04 00:38:35.266829 np0000004496 devstack@neutron-api.service[90633]: DEBUG neutron.plugins.ml2.plugin [None req-63394867-a906-44f4-85fa-1a47560654ec None None] Current status of the port 9d43add5-fed6-459a-8d54-fd7e417d08e4 is: DOWN; New status is: DOWN {{(pid=90633) _update_individual_port_db_status /opt/stack/neutron/neutron/plugins/ml2/plugin.py:2473}}
Jul 04 00:38:35.269265 np0000004496 devstack@neutron-api.service[90633]: DEBUG ovsdbapp.backend.ovs_idl.transaction [-] Running txn n=1 command(idx=0): DbRemoveCommand(_result=None, table=Logical_Switch_Port, record=9d43add5-fed6-459a-8d54-fd7e417d08e4, column=external_ids, values=('neutron:host_id',), keyvalues={}, if_exists=True) {{(pid=90633) do_commit /opt/stack/data/venv/lib/python3.12/site-packages/ovsdbapp/backend/ovs_idl/transaction.py:89}}
Jul 04 00:38:35.271909 np0000004496 devstack@neutron-api.service[90635]: DEBUG neutron.db.provisioning_blocks [None req-26c9c750-a4ae-4cb9-a497-71486ad20b02 None None] Ignored duplicate provisioning block setup for port 9d43add5-fed6-459a-8d54-fd7e417d08e4 by entity L2. {{(pid=90635) add_provisioning_component /opt/stack/neutron/neutron/db/provisioning_blocks.py:69}}
Jul 04 00:38:35.310613 np0000004496 devstack@neutron-api.service[90635]: DEBUG neutron.plugins.ml2.plugin [None req-26c9c750-a4ae-4cb9-a497-71486ad20b02 None None] Current status of the port 9d43add5-fed6-459a-8d54-fd7e417d08e4 is: DOWN; New status is: DOWN {{(pid=90635) _update_individual_port_db_status /opt/stack/neutron/neutron/plugins/ml2/plugin.py:2473}}
Jul 04 00:38:35.312041 np0000004496 devstack@neutron-api.service[90635]: DEBUG ovsdbapp.backend.ovs_idl.transaction [-] Running txn n=1 command(idx=0): DbRemoveCommand(_result=None, table=Logical_Switch_Port, record=9d43add5-fed6-459a-8d54-fd7e417d08e4, column=external_ids, values=('neutron:host_id',), keyvalues={}, if_exists=True) {{(pid=90635) do_commit /opt/stack/data/venv/lib/python3.12/site-packages/ovsdbapp/backend/ovs_idl/transaction.py:89}}
Jul 04 00:38:35.760475 np0000004496 devstack@neutron-api.service[90633]: DEBUG neutron.policy [None req-d982d925-9040-4bc7-bcaa-c5b92d5ce306 admin admin] Loaded default policies from ['neutron'] under neutron.policies entry points {{(pid=90633) register_rules /opt/stack/neutron/neutron/policy.py:65}}
Jul 04 00:38:35.847568 np0000004496 devstack@neutron-api.service[90633]: DEBUG neutron.pecan_wsgi.hooks.policy_enforcement [None req-d982d925-9040-4bc7-bcaa-c5b92d5ce306 admin admin] Attributes excluded by policy engine: ['standard_attr_id'] {{(pid=90633) _exclude_attributes_by_policy /opt/stack/neutron/neutron/pecan_wsgi/hooks/policy_enforcement.py:259}}
Jul 04 00:38:35.848655 np0000004496 devstack@neutron-api.service[90633]: [pid: 90633|app: 0|req: 3/6] 10.4.3.41 () {64 vars in 1377 bytes} [Sat Jul 4 00:38:35 2026] GET /networking/v2.0/networks/92d1731e-8d5b-43b3-8606-fcb542c20fef => generated 662 bytes in 296 msecs (HTTP/1.1 200) 4 headers in 157 bytes (1 switches on core 0)
Jul 04 00:38:35.860515 np0000004496 devstack@neutron-api.service[90632]: DEBUG neutron.api.wsgi [None req-dad37091-be47-47a7-9df2-7b4be2c70f47 admin admin] Missing Content-Type {{(pid=90632) get_content_type /opt/stack/neutron/neutron/api/wsgi.py:80}}
Jul 04 00:38:35.869735 np0000004496 devstack@neutron-api.service[90632]: [pid: 90632|app: 0|req: 2/7] 10.4.3.41 () {64 vars in 1386 bytes} [Sat Jul 4 00:38:35 2026] GET /networking/v2.0/subnetpools/34affa32-a450-4752-b832-06f75882aadb => generated 533 bytes in 12 msecs (HTTP/1.1 200) 4 headers in 157 bytes (1 switches on core 0)
Jul 04 00:38:35.882132 np0000004496 devstack@neutron-api.service[90634]: DEBUG neutron.api.v2.base [None req-ce7bb0bc-0ac9-4bfd-b343-2adfcf4428ca admin admin] Request body: {'subnet': {'gateway_ip': '10.1.0.1', 'network_id': '92d1731e-8d5b-43b3-8606-fcb542c20fef', 'name': 'private-subnet', 'ip_version': 4, 'subnetpool_id': '34affa32-a450-4752-b832-06f75882aadb'}} {{(pid=90634) prepare_request_body /opt/stack/neutron/neutron/api/v2/base.py:727}}
Jul 04 00:38:35.903270 np0000004496 devstack@neutron-api.service[90634]: DEBUG neutron.pecan_wsgi.hooks.quota_enforcement [None req-ce7bb0bc-0ac9-4bfd-b343-2adfcf4428ca admin admin] Made reservation on behalf of 76a207e5614d4e708e271bf0a5047b68 for: {'subnet': 1} {{(pid=90634) before /opt/stack/neutron/neutron/pecan_wsgi/hooks/quota_enforcement.py:66}}
Jul 04 00:38:35.906522 np0000004496 devstack@neutron-api.service[90634]: DEBUG neutron_lib.callbacks.manager [None req-ce7bb0bc-0ac9-4bfd-b343-2adfcf4428ca admin admin] Publish callbacks [] for subnet (None), before_create {{(pid=90634) _notify_loop /opt/stack/data/venv/lib/python3.12/site-packages/neutron_lib/callbacks/manager.py:184}}
Jul 04 00:38:36.136689 np0000004496 devstack@neutron-api.service[90634]: DEBUG neutron.db.ovn_revision_numbers_db [None req-ce7bb0bc-0ac9-4bfd-b343-2adfcf4428ca admin admin] create_initial_revision uuid=8aacd5f2-8cce-40b6-ae85-1b7472760106, type=subnets, rev=-1 {{(pid=90634) create_initial_revision /opt/stack/neutron/neutron/db/ovn_revision_numbers_db.py:98}}
