Jul 03 05:19:13.487229 np0000004373 nova-scheduler[93177]: DEBUG cotyledon.oslo_config_glue [-] oslo_limit.cafile = None {{(pid=93177) log_opt_values /opt/stack/data/venv/lib/python3.12/site-packages/oslo_config/cfg.py:3253}}
Jul 03 05:19:13.487229 np0000004373 nova-scheduler[93177]: DEBUG cotyledon.oslo_config_glue [-] oslo_limit.certfile = None {{(pid=93177) log_opt_values /opt/stack/data/venv/lib/python3.12/site-packages/oslo_config/cfg.py:3253}}
Jul 03 05:19:13.487412 np0000004373 nova-scheduler[93177]: DEBUG cotyledon.oslo_config_glue [-] oslo_limit.collect_timing = False {{(pid=93177) log_opt_values /opt/stack/data/venv/lib/python3.12/site-packages/oslo_config/cfg.py:3253}}
Jul 03 05:19:13.487412 np0000004373 nova-scheduler[93177]: DEBUG cotyledon.oslo_config_glue [-] oslo_limit.connect_retries = None {{(pid=93177) log_opt_values /opt/stack/data/venv/lib/python3.12/site-packages/oslo_config/cfg.py:3253}}
Jul 03 05:19:13.487412 np0000004373 nova-scheduler[93177]: DEBUG cotyledon.oslo_config_glue [-] oslo_limit.connect_retry_delay = None {{(pid=93177) log_opt_values /opt/stack/data/venv/lib/python3.12/site-packages/oslo_config/cfg.py:3253}}
Jul 03 05:19:13.487412 np0000004373 nova-scheduler[93177]: DEBUG cotyledon.oslo_config_glue [-] oslo_limit.endpoint_id = None {{(pid=93177) log_opt_values /opt/stack/data/venv/lib/python3.12/site-packages/oslo_config/cfg.py:3253}}
Jul 03 05:19:13.487412 np0000004373 nova-scheduler[93177]: DEBUG cotyledon.oslo_config_glue [-] oslo_limit.endpoint_interface = public {{(pid=93177) log_opt_values /opt/stack/data/venv/lib/python3.12/site-packages/oslo_config/cfg.py:3253}}
Jul 03 05:19:13.487412 np0000004373 nova-scheduler[93177]: DEBUG cotyledon.oslo_config_glue [-] oslo_limit.endpoint_override = None {{(pid=93177) log_opt_values /opt/stack/data/venv/lib/python3.12/site-packages/oslo_config/cfg.py:3253}}
Jul 03 05:19:13.487412 np0000004373 nova-scheduler[93177]: DEBUG cotyledon.oslo_config_glue [-] oslo_limit.endpoint_region_name = None {{(pid=93177) log_opt_values /opt/stack/data/venv/lib/python3.12/site-packages/oslo_config/cfg.py:3253}}
Jul 03 05:19:13.487412 np0000004373 nova-scheduler[93177]: DEBUG cotyledon.oslo_config_glue [-] oslo_limit.endpoint_service_name = None {{(pid=93177) log_opt_values /opt/stack/data/venv/lib/python3.12/site-packages/oslo_config/cfg.py:3253}}
Jul 03 05:19:13.487412 np0000004373 nova-scheduler[93177]: DEBUG cotyledon.oslo_config_glue [-] oslo_limit.endpoint_service_type = None {{(pid=93177) log_opt_values /opt/stack/data/venv/lib/python3.12/site-packages/oslo_config/cfg.py:3253}}
Jul 03 05:19:13.487599 np0000004373 nova-scheduler[93177]: DEBUG cotyledon.oslo_config_glue [-] oslo_limit.insecure = False {{(pid=93177) log_opt_values /opt/stack/data/venv/lib/python3.12/site-packages/oslo_config/cfg.py:3253}}
Jul 03 05:19:13.487599 np0000004373 nova-scheduler[93177]: DEBUG cotyledon.oslo_config_glue [-] oslo_limit.keyfile = None {{(pid=93177) log_opt_values /opt/stack/data/venv/lib/python3.12/site-packages/oslo_config/cfg.py:3253}}
Jul 03 05:19:13.487599 np0000004373 nova-scheduler[93177]: DEBUG cotyledon.oslo_config_glue [-] oslo_limit.max_version = None {{(pid=93177) log_opt_values /opt/stack/data/venv/lib/python3.12/site-packages/oslo_config/cfg.py:3253}}
Jul 03 05:19:13.487599 np0000004373 nova-scheduler[93177]: DEBUG cotyledon.oslo_config_glue [-] oslo_limit.min_version = None {{(pid=93177) log_opt_values /opt/stack/data/venv/lib/python3.12/site-packages/oslo_config/cfg.py:3253}}
Jul 03 05:19:13.487599 np0000004373 nova-scheduler[93177]: DEBUG cotyledon.oslo_config_glue [-] oslo_limit.region_name = None {{(pid=93177) log_opt_values /opt/stack/data/venv/lib/python3.12/site-packages/oslo_config/cfg.py:3253}}
Jul 03 05:19:13.487599 np0000004373 nova-scheduler[93177]: DEBUG cotyledon.oslo_config_glue [-] oslo_limit.retriable_status_codes = None {{(pid=93177) log_opt_values /opt/stack/data/venv/lib/python3.12/site-packages/oslo_config/cfg.py:3253}}
Jul 03 05:19:13.487599 np0000004373 nova-scheduler[93177]: DEBUG cotyledon.oslo_config_glue [-] oslo_limit.service_name = None {{(pid=93177) log_opt_values /opt/stack/data/venv/lib/python3.12/site-packages/oslo_config/cfg.py:3253}}
Jul 03 05:19:13.487599 np0000004373 nova-scheduler[93177]: DEBUG cotyledon.oslo_config_glue [-] oslo_limit.service_type = None {{(pid=93177) log_opt_values /opt/stack/data/venv/lib/python3.12/site-packages/oslo_config/cfg.py:3253}}
Jul 03 05:19:13.487599 np0000004373 nova-scheduler[93177]: DEBUG cotyledon.oslo_config_glue [-] oslo_limit.split_loggers = False {{(pid=93177) log_opt_values /opt/stack/data/venv/lib/python3.12/site-packages/oslo_config/cfg.py:3253}}
Jul 03 05:19:13.487781 np0000004373 nova-scheduler[93177]: DEBUG cotyledon.oslo_config_glue [-] oslo_limit.status_code_retries = None {{(pid=93177) log_opt_values /opt/stack/data/venv/lib/python3.12/site-packages/oslo_config/cfg.py:3253}}
Jul 03 05:19:13.487781 np0000004373 nova-scheduler[93177]: DEBUG cotyledon.oslo_config_glue [-] oslo_limit.status_code_retry_delay = None {{(pid=93177) log_opt_values /opt/stack/data/venv/lib/python3.12/site-packages/oslo_config/cfg.py:3253}}
Jul 03 05:19:13.487781 np0000004373 nova-scheduler[93177]: DEBUG cotyledon.oslo_config_glue [-] oslo_limit.timeout = None {{(pid=93177) log_opt_values /opt/stack/data/venv/lib/python3.12/site-packages/oslo_config/cfg.py:3253}}
Jul 03 05:19:13.487781 np0000004373 nova-scheduler[93177]: DEBUG cotyledon.oslo_config_glue [-] oslo_limit.valid_interfaces = None {{(pid=93177) log_opt_values /opt/stack/data/venv/lib/python3.12/site-packages/oslo_config/cfg.py:3253}}
Jul 03 05:19:13.487781 np0000004373 nova-scheduler[93177]: DEBUG cotyledon.oslo_config_glue [-] oslo_limit.version = None {{(pid=93177) log_opt_values /opt/stack/data/venv/lib/python3.12/site-packages/oslo_config/cfg.py:3253}}
Jul 03 05:19:13.487781 np0000004373 nova-scheduler[93177]: DEBUG cotyledon.oslo_config_glue [-] oslo_reports.file_event_handler = None {{(pid=93177) log_opt_values /opt/stack/data/venv/lib/python3.12/site-packages/oslo_config/cfg.py:3253}}
Jul 03 05:19:13.487781 np0000004373 nova-scheduler[93177]: DEBUG cotyledon.oslo_config_glue [-] oslo_reports.file_event_handler_interval = 1 {{(pid=93177) log_opt_values /opt/stack/data/venv/lib/python3.12/site-packages/oslo_config/cfg.py:3253}}
Jul 03 05:19:13.487781 np0000004373 nova-scheduler[93177]: DEBUG cotyledon.oslo_config_glue [-] oslo_reports.log_dir = None {{(pid=93177) log_opt_values /opt/stack/data/venv/lib/python3.12/site-packages/oslo_config/cfg.py:3253}}
Jul 03 05:19:13.487781 np0000004373 nova-scheduler[93177]: DEBUG cotyledon.oslo_config_glue [-] ******************************************************************************** {{(pid=93177) log_opt_values /opt/stack/data/venv/lib/python3.12/site-packages/oslo_config/cfg.py:3260}}
Jul 03 05:19:13.488025 np0000004373 nova-scheduler[93177]: DEBUG cotyledon._service_worker [-] Run service ServiceWrapper(1) [93177] {{(pid=93177) wait_forever /opt/stack/data/venv/lib/python3.12/site-packages/cotyledon/_service_worker.py:218}}
Jul 03 05:19:13.488025 np0000004373 nova-scheduler[93177]: INFO nova.service [-] Starting scheduler node (version 33.1.0)
Jul 03 05:19:13.488091 np0000004373 nova-scheduler[93179]: INFO dbcounter [None req-473acbb5-7725-41f9-8bda-575f57cf0f19 None None] Registered counter for database nova_cell0
Jul 03 05:19:13.488123 np0000004373 nova-scheduler[93177]: INFO dbcounter [None req-5bc12125-4c92-49f1-b5cf-16db7d54fa99 None None] Registered counter for database nova_cell0
Jul 03 05:19:13.489126 np0000004373 nova-scheduler[93175]: DEBUG oslo_db.sqlalchemy.engines [None req-281ad9e7-2ffa-4c67-87f5-5f3c9a69a130 None None] MySQL server mode set to STRICT_TRANS_TABLES,STRICT_ALL_TABLES,NO_ZERO_IN_DATE,NO_ZERO_DATE,ERROR_FOR_DIVISION_BY_ZERO,TRADITIONAL,NO_ENGINE_SUBSTITUTION {{(pid=93175) _check_effective_sql_mode /opt/stack/data/venv/lib/python3.12/site-packages/oslo_db/sqlalchemy/engines.py:325}}
Jul 03 05:19:13.499022 np0000004373 nova-scheduler[93175]: DEBUG dbcounter [-] [93175] Writer thread running {{(pid=93175) stat_writer /opt/stack/data/venv/lib/python3.12/site-packages/dbcounter.py:102}}
Jul 03 05:19:13.510004 np0000004373 nova-scheduler[93177]: DEBUG oslo_db.sqlalchemy.engines [None req-5bc12125-4c92-49f1-b5cf-16db7d54fa99 None None] MySQL server mode set to STRICT_TRANS_TABLES,STRICT_ALL_TABLES,NO_ZERO_IN_DATE,NO_ZERO_DATE,ERROR_FOR_DIVISION_BY_ZERO,TRADITIONAL,NO_ENGINE_SUBSTITUTION {{(pid=93177) _check_effective_sql_mode /opt/stack/data/venv/lib/python3.12/site-packages/oslo_db/sqlalchemy/engines.py:325}}
Jul 03 05:19:13.513058 np0000004373 nova-scheduler[93179]: DEBUG oslo_db.sqlalchemy.engines [None req-473acbb5-7725-41f9-8bda-575f57cf0f19 None None] MySQL server mode set to STRICT_TRANS_TABLES,STRICT_ALL_TABLES,NO_ZERO_IN_DATE,NO_ZERO_DATE,ERROR_FOR_DIVISION_BY_ZERO,TRADITIONAL,NO_ENGINE_SUBSTITUTION {{(pid=93179) _check_effective_sql_mode /opt/stack/data/venv/lib/python3.12/site-packages/oslo_db/sqlalchemy/engines.py:325}}
Jul 03 05:19:13.515457 np0000004373 nova-scheduler[93175]: DEBUG nova.service [None req-281ad9e7-2ffa-4c67-87f5-5f3c9a69a130 None None] Creating RPC server for service: nova-scheduler on topic: scheduler {{(pid=93175) start /opt/stack/nova/nova/service.py:196}}
Jul 03 05:19:13.520401 np0000004373 nova-scheduler[93177]: DEBUG dbcounter [-] [93177] Writer thread running {{(pid=93177) stat_writer /opt/stack/data/venv/lib/python3.12/site-packages/dbcounter.py:102}}
Jul 03 05:19:13.525202 np0000004373 nova-scheduler[93177]: DEBUG nova.service [None req-5bc12125-4c92-49f1-b5cf-16db7d54fa99 None None] Creating RPC server for service: nova-scheduler on topic: scheduler {{(pid=93177) start /opt/stack/nova/nova/service.py:196}}
Jul 03 05:19:13.525917 np0000004373 nova-scheduler[93179]: DEBUG dbcounter [-] [93179] Writer thread running {{(pid=93179) stat_writer /opt/stack/data/venv/lib/python3.12/site-packages/dbcounter.py:102}}
Jul 03 05:19:13.529353 np0000004373 nova-scheduler[93179]: DEBUG nova.service [None req-473acbb5-7725-41f9-8bda-575f57cf0f19 None None] Creating RPC server for service: nova-scheduler on topic: scheduler {{(pid=93179) start /opt/stack/nova/nova/service.py:196}}
Jul 03 05:19:13.540876 np0000004373 nova-scheduler[93175]: DEBUG nova.service [None req-281ad9e7-2ffa-4c67-87f5-5f3c9a69a130 None None] Join ServiceGroup membership for this service scheduler {{(pid=93175) start /opt/stack/nova/nova/service.py:222}}
Jul 03 05:19:13.541094 np0000004373 nova-scheduler[93175]: DEBUG nova.servicegroup.drivers.db [None req-281ad9e7-2ffa-4c67-87f5-5f3c9a69a130 None None] DB_Driver: join new ServiceGroup member np0000004373 to the scheduler group, service = {{(pid=93175) join /opt/stack/nova/nova/servicegroup/drivers/db.py:44}}
Jul 03 05:19:13.550843 np0000004373 nova-scheduler[93177]: DEBUG nova.service [None req-5bc12125-4c92-49f1-b5cf-16db7d54fa99 None None] Join ServiceGroup membership for this service scheduler {{(pid=93177) start /opt/stack/nova/nova/service.py:222}}
Jul 03 05:19:13.551014 np0000004373 nova-scheduler[93177]: DEBUG nova.servicegroup.drivers.db [None req-5bc12125-4c92-49f1-b5cf-16db7d54fa99 None None] DB_Driver: join new ServiceGroup member np0000004373 to the scheduler group, service = {{(pid=93177) join /opt/stack/nova/nova/servicegroup/drivers/db.py:44}}
Jul 03 05:19:13.552703 np0000004373 nova-scheduler[93179]: DEBUG nova.service [None req-473acbb5-7725-41f9-8bda-575f57cf0f19 None None] Join ServiceGroup membership for this service scheduler {{(pid=93179) start /opt/stack/nova/nova/service.py:222}}
Jul 03 05:19:13.553268 np0000004373 nova-scheduler[93179]: DEBUG nova.servicegroup.drivers.db [None req-473acbb5-7725-41f9-8bda-575f57cf0f19 None None] DB_Driver: join new ServiceGroup member np0000004373 to the scheduler group, service = {{(pid=93179) join /opt/stack/nova/nova/servicegroup/drivers/db.py:44}}
Jul 03 05:19:15.553181 np0000004373 nova-scheduler[93177]: DEBUG oslo.service.backend._threading.loopingcall [None req-88bc32e1-b341-4073-914a-0e5d72ab2907 None None] Dynamic interval looping call 'nova.service.Service.periodic_tasks' sleeping for 60.00 seconds {{(pid=93177) _run_loop /opt/stack/data/venv/lib/python3.12/site-packages/oslo_service/backend/_threading/loopingcall.py:125}}
Jul 03 05:19:17.543102 np0000004373 nova-scheduler[93175]: DEBUG oslo.service.backend._threading.loopingcall [None req-f749bdf6-646f-48fa-9505-3e9eb677a8c9 None None] Dynamic interval looping call 'nova.service.Service.periodic_tasks' sleeping for 60.00 seconds {{(pid=93175) _run_loop /opt/stack/data/venv/lib/python3.12/site-packages/oslo_service/backend/_threading/loopingcall.py:125}}
Jul 03 05:19:18.560293 np0000004373 nova-scheduler[93175]: DEBUG oslo.service.backend._threading.loopingcall [-] Fixed interval looping call 'nova.servicegroup.drivers.db.DbDriver._report_state' sleeping for 119.98 seconds {{(pid=93175) _run_loop /opt/stack/data/venv/lib/python3.12/site-packages/oslo_service/backend/_threading/loopingcall.py:125}}
Jul 03 05:19:18.563998 np0000004373 nova-scheduler[93177]: DEBUG oslo.service.backend._threading.loopingcall [-] Fixed interval looping call 'nova.servicegroup.drivers.db.DbDriver._report_state' sleeping for 119.99 seconds {{(pid=93177) _run_loop /opt/stack/data/venv/lib/python3.12/site-packages/oslo_service/backend/_threading/loopingcall.py:125}}
Jul 03 05:19:18.564811 np0000004373 nova-scheduler[93179]: DEBUG oslo.service.backend._threading.loopingcall [-] Fixed interval looping call 'nova.servicegroup.drivers.db.DbDriver._report_state' sleeping for 119.99 seconds {{(pid=93179) _run_loop /opt/stack/data/venv/lib/python3.12/site-packages/oslo_service/backend/_threading/loopingcall.py:125}}
Jul 03 05:19:19.556391 np0000004373 nova-scheduler[93179]: DEBUG oslo.service.backend._threading.loopingcall [None req-2ff95939-0904-407a-99f2-53ab98580bb6 None None] Dynamic interval looping call 'nova.service.Service.periodic_tasks' sleeping for 60.00 seconds {{(pid=93179) _run_loop /opt/stack/data/venv/lib/python3.12/site-packages/oslo_service/backend/_threading/loopingcall.py:125}}
Jul 03 05:19:22.099255 np0000004373 nova-scheduler[91977]: DEBUG dbcounter [-] [91977] Writing DB stats nova_api:SELECT=3 {{(pid=91977) stat_writer /opt/stack/data/venv/lib/python3.12/site-packages/dbcounter.py:115}}
Jul 03 05:19:22.224392 np0000004373 nova-scheduler[91977]: DEBUG dbcounter [-] [91977] Writing DB stats nova_cell0:SELECT=1 {{(pid=91977) stat_writer /opt/stack/data/venv/lib/python3.12/site-packages/dbcounter.py:115}}
Jul 03 05:19:22.228074 np0000004373 nova-scheduler[91977]: DEBUG dbcounter [-] [91977] Writing DB stats nova_cell1:SELECT=1 {{(pid=91977) stat_writer /opt/stack/data/venv/lib/python3.12/site-packages/dbcounter.py:115}}
Jul 03 05:19:28.551101 np0000004373 nova-scheduler[93175]: DEBUG dbcounter [-] [93175] Writing DB stats nova_cell0:SELECT=4,nova_cell0:INSERT=1,nova_cell0:UPDATE=1 {{(pid=93175) stat_writer /opt/stack/data/venv/lib/python3.12/site-packages/dbcounter.py:115}}
Jul 03 05:19:28.560295 np0000004373 nova-scheduler[93177]: DEBUG dbcounter [-] [93177] Writing DB stats nova_cell0:SELECT=3 {{(pid=93177) stat_writer /opt/stack/data/venv/lib/python3.12/site-packages/dbcounter.py:115}}
Jul 03 05:19:28.561541 np0000004373 nova-scheduler[93179]: DEBUG dbcounter [-] [93179] Writing DB stats nova_cell0:SELECT=3 {{(pid=93179) stat_writer /opt/stack/data/venv/lib/python3.12/site-packages/dbcounter.py:115}}
Jul 03 05:20:15.553802 np0000004373 nova-scheduler[93177]: DEBUG oslo.service.backend._threading.loopingcall [None req-88bc32e1-b341-4073-914a-0e5d72ab2907 None None] Dynamic interval looping call 'nova.service.Service.periodic_tasks' sleeping for 60.00 seconds {{(pid=93177) _run_loop /opt/stack/data/venv/lib/python3.12/site-packages/oslo_service/backend/_threading/loopingcall.py:125}}
Jul 03 05:20:17.544322 np0000004373 nova-scheduler[93175]: DEBUG oslo.service.backend._threading.loopingcall [None req-f749bdf6-646f-48fa-9505-3e9eb677a8c9 None None] Dynamic interval looping call 'nova.service.Service.periodic_tasks' sleeping for 60.00 seconds {{(pid=93175) _run_loop /opt/stack/data/venv/lib/python3.12/site-packages/oslo_service/backend/_threading/loopingcall.py:125}}
Jul 03 05:20:19.556842 np0000004373 nova-scheduler[93179]: DEBUG oslo.service.backend._threading.loopingcall [None req-2ff95939-0904-407a-99f2-53ab98580bb6 None None] Dynamic interval looping call 'nova.service.Service.periodic_tasks' sleeping for 60.00 seconds {{(pid=93179) _run_loop /opt/stack/data/venv/lib/python3.12/site-packages/oslo_service/backend/_threading/loopingcall.py:125}}
Jul 03 05:21:15.554341 np0000004373 nova-scheduler[93177]: DEBUG oslo.service.backend._threading.loopingcall [None req-88bc32e1-b341-4073-914a-0e5d72ab2907 None None] Dynamic interval looping call 'nova.service.Service.periodic_tasks' sleeping for 60.00 seconds {{(pid=93177) _run_loop /opt/stack/data/venv/lib/python3.12/site-packages/oslo_service/backend/_threading/loopingcall.py:125}}
Jul 03 05:21:17.544907 np0000004373 nova-scheduler[93175]: DEBUG oslo.service.backend._threading.loopingcall [None req-f749bdf6-646f-48fa-9505-3e9eb677a8c9 None None] Dynamic interval looping call 'nova.service.Service.periodic_tasks' sleeping for 60.00 seconds {{(pid=93175) _run_loop /opt/stack/data/venv/lib/python3.12/site-packages/oslo_service/backend/_threading/loopingcall.py:125}}
Jul 03 05:21:18.547307 np0000004373 nova-scheduler[93175]: DEBUG oslo.service.backend._threading.loopingcall [-] Fixed interval looping call 'nova.servicegroup.drivers.db.DbDriver._report_state' sleeping for 119.99 seconds {{(pid=93175) _run_loop /opt/stack/data/venv/lib/python3.12/site-packages/oslo_service/backend/_threading/loopingcall.py:125}}
Jul 03 05:21:18.558071 np0000004373 nova-scheduler[93177]: DEBUG oslo.service.backend._threading.loopingcall [-] Fixed interval looping call 'nova.servicegroup.drivers.db.DbDriver._report_state' sleeping for 120.00 seconds {{(pid=93177) _run_loop /opt/stack/data/venv/lib/python3.12/site-packages/oslo_service/backend/_threading/loopingcall.py:125}}
Jul 03 05:21:18.559859 np0000004373 nova-scheduler[93179]: DEBUG oslo.service.backend._threading.loopingcall [-] Fixed interval looping call 'nova.servicegroup.drivers.db.DbDriver._report_state' sleeping for 120.00 seconds {{(pid=93179) _run_loop /opt/stack/data/venv/lib/python3.12/site-packages/oslo_service/backend/_threading/loopingcall.py:125}}
Jul 03 05:21:19.557403 np0000004373 nova-scheduler[93179]: DEBUG oslo.service.backend._threading.loopingcall [None req-2ff95939-0904-407a-99f2-53ab98580bb6 None None] Dynamic interval looping call 'nova.service.Service.periodic_tasks' sleeping for 60.00 seconds {{(pid=93179) _run_loop /opt/stack/data/venv/lib/python3.12/site-packages/oslo_service/backend/_threading/loopingcall.py:125}}
Jul 03 05:21:28.543657 np0000004373 nova-scheduler[93175]: DEBUG dbcounter [-] [93175] Writing DB stats nova_cell0:SELECT=1,nova_cell0:UPDATE=1 {{(pid=93175) stat_writer /opt/stack/data/venv/lib/python3.12/site-packages/dbcounter.py:115}}
Jul 03 05:21:28.556847 np0000004373 nova-scheduler[93177]: DEBUG dbcounter [-] [93177] Writing DB stats nova_cell0:SELECT=1 {{(pid=93177) stat_writer /opt/stack/data/venv/lib/python3.12/site-packages/dbcounter.py:115}}
Jul 03 05:21:28.557676 np0000004373 nova-scheduler[93179]: DEBUG dbcounter [-] [93179] Writing DB stats nova_cell0:SELECT=1 {{(pid=93179) stat_writer /opt/stack/data/venv/lib/python3.12/site-packages/dbcounter.py:115}}
Jul 03 05:21:56.109061 np0000004373 nova-scheduler[93175]: DEBUG nova.scheduler.manager [None req-c303f1d2-a43f-44e5-87d0-0b6eca029e5c tempest-ServerActionsTestOtherA-1523544839 tempest-ServerActionsTestOtherA-1523544839-project-member] Starting to schedule for instances: ['383a2e74-c3b1-414f-b98c-2c3e33982dd0'] {{(pid=93175) select_destinations /opt/stack/nova/nova/scheduler/manager.py:209}}
Jul 03 05:21:56.110564 np0000004373 nova-scheduler[93175]: DEBUG nova.scheduler.request_filter [None req-c303f1d2-a43f-44e5-87d0-0b6eca029e5c tempest-ServerActionsTestOtherA-1523544839 tempest-ServerActionsTestOtherA-1523544839-project-member] compute_status_filter request filter added forbidden trait COMPUTE_STATUS_DISABLED {{(pid=93175) compute_status_filter /opt/stack/nova/nova/scheduler/request_filter.py:253}}
Jul 03 05:21:56.110687 np0000004373 nova-scheduler[93175]: DEBUG nova.scheduler.request_filter [None req-c303f1d2-a43f-44e5-87d0-0b6eca029e5c tempest-ServerActionsTestOtherA-1523544839 tempest-ServerActionsTestOtherA-1523544839-project-member] Request filter 'compute_status_filter' took 0.0 seconds {{(pid=93175) wrapper /opt/stack/nova/nova/scheduler/request_filter.py:46}}
Jul 03 05:21:56.111023 np0000004373 nova-scheduler[93175]: DEBUG nova.scheduler.request_filter [None req-c303f1d2-a43f-44e5-87d0-0b6eca029e5c tempest-ServerActionsTestOtherA-1523544839 tempest-ServerActionsTestOtherA-1523544839-project-member] Request filter 'accelerators_filter' took 0.0 seconds {{(pid=93175) wrapper /opt/stack/nova/nova/scheduler/request_filter.py:46}}
Jul 03 05:21:56.111282 np0000004373 nova-scheduler[93175]: DEBUG nova.scheduler.request_filter [None req-c303f1d2-a43f-44e5-87d0-0b6eca029e5c tempest-ServerActionsTestOtherA-1523544839 tempest-ServerActionsTestOtherA-1523544839-project-member] Request filter 'packed_virtqueue_filter' took 0.0 seconds {{(pid=93175) wrapper /opt/stack/nova/nova/scheduler/request_filter.py:46}}
Jul 03 05:21:56.111777 np0000004373 nova-scheduler[93175]: DEBUG nova.scheduler.request_filter [None req-c303f1d2-a43f-44e5-87d0-0b6eca029e5c tempest-ServerActionsTestOtherA-1523544839 tempest-ServerActionsTestOtherA-1523544839-project-member] Request filter 'remote_managed_ports_filter' took 0.0 seconds {{(pid=93175) wrapper /opt/stack/nova/nova/scheduler/request_filter.py:46}}
Jul 03 05:21:56.112158 np0000004373 nova-scheduler[93175]: DEBUG nova.scheduler.request_filter [None req-c303f1d2-a43f-44e5-87d0-0b6eca029e5c tempest-ServerActionsTestOtherA-1523544839 tempest-ServerActionsTestOtherA-1523544839-project-member] ephemeral_encryption_filter skipped {{(pid=93175) ephemeral_encryption_filter /opt/stack/nova/nova/scheduler/request_filter.py:426}}
Jul 03 05:21:56.112391 np0000004373 nova-scheduler[93175]: DEBUG nova.scheduler.request_filter [None req-c303f1d2-a43f-44e5-87d0-0b6eca029e5c tempest-ServerActionsTestOtherA-1523544839 tempest-ServerActionsTestOtherA-1523544839-project-member] virtio_sound_filter skipped {{(pid=93175) virtio_sound_filter /opt/stack/nova/nova/scheduler/request_filter.py:460}}
Jul 03 05:21:56.112566 np0000004373 nova-scheduler[93175]: DEBUG nova.scheduler.request_filter [None req-c303f1d2-a43f-44e5-87d0-0b6eca029e5c tempest-ServerActionsTestOtherA-1523544839 tempest-ServerActionsTestOtherA-1523544839-project-member] tpm_secret_security_filter skipped {{(pid=93175) tpm_secret_security_filter /opt/stack/nova/nova/scheduler/request_filter.py:477}}
Jul 03 05:21:56.878077 np0000004373 nova-scheduler[93175]: INFO nova.utils [None req-c303f1d2-a43f-44e5-87d0-0b6eca029e5c tempest-ServerActionsTestOtherA-1523544839 tempest-ServerActionsTestOtherA-1523544839-project-member] The cell worker thread pool ForkProcess-1.cell_worker is initialized
Jul 03 05:21:56.878521 np0000004373 nova-scheduler[93175]: DEBUG oslo_concurrency.lockutils [None req-c303f1d2-a43f-44e5-87d0-0b6eca029e5c tempest-ServerActionsTestOtherA-1523544839 tempest-ServerActionsTestOtherA-1523544839-project-member] Acquiring lock "bed606e8-73e0-4c8b-88ee-01bb6c7fff5a" by "nova.context.set_target_cell..get_or_set_cached_cell_and_set_connections" {{(pid=93175) inner /opt/stack/data/venv/lib/python3.12/site-packages/oslo_concurrency/lockutils.py:511}}
Jul 03 05:21:56.879274 np0000004373 nova-scheduler[93175]: DEBUG oslo_concurrency.lockutils [None req-c303f1d2-a43f-44e5-87d0-0b6eca029e5c tempest-ServerActionsTestOtherA-1523544839 tempest-ServerActionsTestOtherA-1523544839-project-member] Lock "bed606e8-73e0-4c8b-88ee-01bb6c7fff5a" acquired by "nova.context.set_target_cell..get_or_set_cached_cell_and_set_connections" :: waited 0.001s {{(pid=93175) inner /opt/stack/data/venv/lib/python3.12/site-packages/oslo_concurrency/lockutils.py:524}}
Jul 03 05:21:56.881439 np0000004373 nova-scheduler[93175]: DEBUG oslo_concurrency.lockutils [None req-c303f1d2-a43f-44e5-87d0-0b6eca029e5c tempest-ServerActionsTestOtherA-1523544839 tempest-ServerActionsTestOtherA-1523544839-project-member] Lock "bed606e8-73e0-4c8b-88ee-01bb6c7fff5a" "released" by "nova.context.set_target_cell..get_or_set_cached_cell_and_set_connections" :: held 0.002s {{(pid=93175) inner /opt/stack/data/venv/lib/python3.12/site-packages/oslo_concurrency/lockutils.py:543}}
Jul 03 05:21:56.883728 np0000004373 nova-scheduler[93175]: INFO dbcounter [None req-c303f1d2-a43f-44e5-87d0-0b6eca029e5c tempest-ServerActionsTestOtherA-1523544839 tempest-ServerActionsTestOtherA-1523544839-project-member] Registered counter for database nova_cell1
Jul 03 05:21:56.928188 np0000004373 nova-scheduler[93175]: DEBUG oslo_db.sqlalchemy.engines [None req-c303f1d2-a43f-44e5-87d0-0b6eca029e5c tempest-ServerActionsTestOtherA-1523544839 tempest-ServerActionsTestOtherA-1523544839-project-member] MySQL server mode set to STRICT_TRANS_TABLES,STRICT_ALL_TABLES,NO_ZERO_IN_DATE,NO_ZERO_DATE,ERROR_FOR_DIVISION_BY_ZERO,TRADITIONAL,NO_ENGINE_SUBSTITUTION {{(pid=93175) _check_effective_sql_mode /opt/stack/data/venv/lib/python3.12/site-packages/oslo_db/sqlalchemy/engines.py:325}}
Jul 03 05:21:56.933749 np0000004373 nova-scheduler[93175]: DEBUG dbcounter [-] [93175] Writer thread running {{(pid=93175) stat_writer /opt/stack/data/venv/lib/python3.12/site-packages/dbcounter.py:102}}
Jul 03 05:21:56.952140 np0000004373 nova-scheduler[93175]: DEBUG oslo_db.sqlalchemy.engines [None req-c303f1d2-a43f-44e5-87d0-0b6eca029e5c tempest-ServerActionsTestOtherA-1523544839 tempest-ServerActionsTestOtherA-1523544839-project-member] Parent process 91977 forked (93175) with an open database connection, which is being discarded and recreated. {{(pid=93175) checkout /opt/stack/data/venv/lib/python3.12/site-packages/oslo_db/sqlalchemy/engines.py:402}}
Jul 03 05:21:56.996765 np0000004373 nova-scheduler[93175]: DEBUG dbcounter [-] [93175] Writer thread running {{(pid=93175) stat_writer /opt/stack/data/venv/lib/python3.12/site-packages/dbcounter.py:102}}
Jul 03 05:21:57.001666 np0000004373 nova-scheduler[93175]: DEBUG oslo_concurrency.lockutils [None req-c303f1d2-a43f-44e5-87d0-0b6eca029e5c tempest-ServerActionsTestOtherA-1523544839 tempest-ServerActionsTestOtherA-1523544839-project-member] Acquiring lock "bed606e8-73e0-4c8b-88ee-01bb6c7fff5a" by "nova.context.set_target_cell..get_or_set_cached_cell_and_set_connections" {{(pid=93175) inner /opt/stack/data/venv/lib/python3.12/site-packages/oslo_concurrency/lockutils.py:511}}
Jul 03 05:21:57.001838 np0000004373 nova-scheduler[93175]: DEBUG oslo_concurrency.lockutils [None req-c303f1d2-a43f-44e5-87d0-0b6eca029e5c tempest-ServerActionsTestOtherA-1523544839 tempest-ServerActionsTestOtherA-1523544839-project-member] Lock "bed606e8-73e0-4c8b-88ee-01bb6c7fff5a" acquired by "nova.context.set_target_cell..get_or_set_cached_cell_and_set_connections" :: waited 0.000s {{(pid=93175) inner /opt/stack/data/venv/lib/python3.12/site-packages/oslo_concurrency/lockutils.py:524}}
Jul 03 05:21:57.001916 np0000004373 nova-scheduler[93175]: DEBUG oslo_concurrency.lockutils [None req-c303f1d2-a43f-44e5-87d0-0b6eca029e5c tempest-ServerActionsTestOtherA-1523544839 tempest-ServerActionsTestOtherA-1523544839-project-member] Lock "bed606e8-73e0-4c8b-88ee-01bb6c7fff5a" "released" by "nova.context.set_target_cell..get_or_set_cached_cell_and_set_connections" :: held 0.000s {{(pid=93175) inner /opt/stack/data/venv/lib/python3.12/site-packages/oslo_concurrency/lockutils.py:543}}
Jul 03 05:21:57.010197 np0000004373 nova-scheduler[93175]: DEBUG oslo_concurrency.lockutils [None req-c303f1d2-a43f-44e5-87d0-0b6eca029e5c tempest-ServerActionsTestOtherA-1523544839 tempest-ServerActionsTestOtherA-1523544839-project-member] Acquiring lock "np0000004373-np0000004373" by "nova.scheduler.host_manager.HostState.update.._locked_update" {{(pid=93175) inner /opt/stack/data/venv/lib/python3.12/site-packages/oslo_concurrency/lockutils.py:511}}
Jul 03 05:21:57.010452 np0000004373 nova-scheduler[93175]: DEBUG oslo_concurrency.lockutils [None req-c303f1d2-a43f-44e5-87d0-0b6eca029e5c tempest-ServerActionsTestOtherA-1523544839 tempest-ServerActionsTestOtherA-1523544839-project-member] Lock "np0000004373-np0000004373" acquired by "nova.scheduler.host_manager.HostState.update.._locked_update" :: waited 0.000s {{(pid=93175) inner /opt/stack/data/venv/lib/python3.12/site-packages/oslo_concurrency/lockutils.py:524}}
Jul 03 05:21:57.013208 np0000004373 nova-scheduler[93175]: DEBUG nova.scheduler.host_manager [None req-c303f1d2-a43f-44e5-87d0-0b6eca029e5c tempest-ServerActionsTestOtherA-1523544839 tempest-ServerActionsTestOtherA-1523544839-project-member] Update host state from compute node: ComputeNode(cpu_allocation_ratio=4.0,cpu_info='{"arch": "x86_64", "model": "EPYC-Milan", "vendor": "AMD", "topology": {"cells": 1, "sockets": 16, "cores": 1, "threads": 1}, "maxphysaddr": {"mode": "emulate", "bits": 40}, "features": ["de", "vme", "ssse3", "vaes", "vmcb-clean", "ssbd", "pause-filter", "vpclmulqdq", "mds-no", "pse", "pcid", "vgif", "mce", "pfthreshold", "mtrr", "lm", "cr8legacy", "mmxext", "stibp", "xsaves", "bmi1", "cx8", "rdtscp", "misalignsse", "sse4.2", "xsave", "topoext", "pat", "osvw", "nx", "apic", "rdseed", "xsaveopt", "ibpb", "clflush", "rdpid", "lfence-always-serializing", "xsavec", "syscall", "mmx", "nrip-save", "pclmuldq", "sse4a", "gds-no", "stibp-always-on", "tsc", "rdrand", "sse", "null-sel-clr-base", "xgetbv1", "cmp_legacy", "pku", "x2apic", "avx", "fsrm", "smap", "pni", "sse4.1", "cmov", "adx", "svme-addr-chk", "tsc-deadline", "clzero", "virt-ssbd", "erms", "pae", "fma", "skip-l1dfl-vmentry", "invpcid", "arat", "sse2", "arch-capabilities", "amd-stibp", "fsgsbase", "movbe", "pge", "mca", "xsaveerptr", "3dnowprefetch", "sep", "pse36", "smep", "umip", "bmi2", "aes", "hypervisor", "tsc-scale", "pschange-mc-no", "lahf_lm", "perfctr_core", "amd-ssbd", "cx16", "svm", "abm", "clwb", "amd-psfd", "pdpe1gb", "v-vmsave-vmload", "npt", "rdctl-no", "no-nested-data-bp", "fxsr", "avx2", "fpu", "popcnt", "tsc_adjust", "fxsr_opt", "msr", "lbrv", "spec-ctrl", "flushbyasid", "ibrs", "wbnoinvd", "sha-ni", "f16c", "clflushopt"]}',created_at=2026-07-03T05:19:39Z,current_workload=0,deleted=False,deleted_at=None,disk_allocation_ratio=1.0,disk_available_least=73,free_disk_gb=95,free_ram_mb=62509,host='np0000004373',host_ip=10.4.3.60,hypervisor_hostname='np0000004373',hypervisor_type='QEMU',hypervisor_version=8002002,id=1,local_gb=95,local_gb_used=0,mapped=1,memory_mb=63021,memory_mb_used=512,metrics='[]',numa_topology='{"nova_object.name": "NUMATopology", "nova_object.namespace": "nova", "nova_object.version": "1.2", "nova_object.data": {"cells": [{"nova_object.name": "NUMACell", "nova_object.namespace": "nova", "nova_object.version": "1.5", "nova_object.data": {"id": 0, "cpuset": [0, 1, 2, 3, 4, 5, 6, 7, 8, 9, 10, 11, 12, 13, 14, 15], "pcpuset": [0, 1, 2, 3, 4, 5, 6, 7, 8, 9, 10, 11, 12, 13, 14, 15], "memory": 63021, "cpu_usage": 0, "memory_usage": 0, "pinned_cpus": [], "siblings": [[6], [12], [2], [15], [5], [11], [8], [14], [4], [1], [7], [10], [0], [13], [3], [9]], "mempages": [{"nova_object.name": "NUMAPagesTopology", "nova_object.namespace": "nova", "nova_object.version": "1.1", "nova_object.data": {"size_kb": 4, "total": 16112391, "used": 0, "reserved": 0}, "nova_object.changes": ["total", "reserved", "used", "size_kb"]}, {"nova_object.name": "NUMAPagesTopology", "nova_object.namespace": "nova", "nova_object.version": "1.1", "nova_object.data": {"size_kb": 2048, "total": 41, "used": 0, "reserved": 0}, "nova_object.changes": ["total", "reserved", "used", "size_kb"]}, {"nova_object.name": "NUMAPagesTopology", "nova_object.namespace": "nova", "nova_object.version": "1.1", "nova_object.data": {"size_kb": 1048576, "total": 0, "used": 0, "reserved": 0}, "nova_object.changes": ["total", "reserved", "used", "size_kb"]}], "network_metadata": {"nova_object.name": "NetworkMetadata", "nova_object.namespace": "nova", "nova_object.version": "1.0", "nova_object.data": {"physnets": [], "tunneled": false}, "nova_object.changes": ["tunneled", "physnets"]}, "socket": null}, "nova_object.changes": ["cpu_usage", "mempages", "pcpuset", "cpuset", "socket", "pinned_cpus", "memory", "memory_usage", "id", "siblings", "network_metadata"]}]}, "nova_object.changes": ["cells"]}',pci_device_pools=PciDevicePoolList,ram_allocation_ratio=1.0,running_vms=0,service_id=4,stats={failed_builds='0',uptime=' 05:21:24 up 13 min, 2 users, load average: 1.61, 1.56, 0.88
Jul 03 05:21:57.013208 np0000004373 nova-scheduler[93175]: '},supported_hv_specs=[HVSpec,HVSpec,HVSpec,HVSpec,HVSpec,HVSpec,HVSpec,HVSpec,HVSpec,HVSpec,HVSpec,HVSpec,HVSpec,HVSpec,HVSpec,HVSpec,HVSpec,HVSpec,HVSpec,HVSpec,HVSpec,HVSpec,HVSpec,HVSpec,HVSpec],updated_at=2026-07-03T05:21:26Z,uuid=f5384f51-9dda-41d9-9af0-0f3b25366de5,vcpus=16,vcpus_used=0) {{(pid=93175) _locked_update /opt/stack/nova/nova/scheduler/host_manager.py:168}}
Jul 03 05:21:57.013467 np0000004373 nova-scheduler[93175]: DEBUG nova.scheduler.host_manager [None req-c303f1d2-a43f-44e5-87d0-0b6eca029e5c tempest-ServerActionsTestOtherA-1523544839 tempest-ServerActionsTestOtherA-1523544839-project-member] Update host state with aggregates: [] {{(pid=93175) _locked_update /opt/stack/nova/nova/scheduler/host_manager.py:171}}
Jul 03 05:21:57.013529 np0000004373 nova-scheduler[93175]: DEBUG nova.scheduler.host_manager [None req-c303f1d2-a43f-44e5-87d0-0b6eca029e5c tempest-ServerActionsTestOtherA-1523544839 tempest-ServerActionsTestOtherA-1523544839-project-member] Update host state with service dict: {'id': 4, 'uuid': '9139ca06-48b5-4dca-a4d9-3469f9fe1083', 'host': 'np0000004373', 'binary': 'nova-compute', 'topic': 'compute', 'report_count': 2, 'disabled': False, 'disabled_reason': None, 'last_seen_up': datetime.datetime(2026, 7, 3, 5, 21, 48, tzinfo=datetime.timezone.utc), 'forced_down': False, 'version': 72, 'created_at': datetime.datetime(2026, 7, 3, 5, 19, 37, tzinfo=datetime.timezone.utc), 'updated_at': datetime.datetime(2026, 7, 3, 5, 21, 48, tzinfo=datetime.timezone.utc), 'deleted_at': None, 'deleted': False} {{(pid=93175) _locked_update /opt/stack/nova/nova/scheduler/host_manager.py:174}}
Jul 03 05:21:57.013761 np0000004373 nova-scheduler[93175]: DEBUG nova.scheduler.host_manager [None req-c303f1d2-a43f-44e5-87d0-0b6eca029e5c tempest-ServerActionsTestOtherA-1523544839 tempest-ServerActionsTestOtherA-1523544839-project-member] Update host state with instances: [] {{(pid=93175) _locked_update /opt/stack/nova/nova/scheduler/host_manager.py:177}}
Jul 03 05:21:57.013947 np0000004373 nova-scheduler[93175]: DEBUG oslo_concurrency.lockutils [None req-c303f1d2-a43f-44e5-87d0-0b6eca029e5c tempest-ServerActionsTestOtherA-1523544839 tempest-ServerActionsTestOtherA-1523544839-project-member] Lock "np0000004373-np0000004373" "released" by "nova.scheduler.host_manager.HostState.update.._locked_update" :: held 0.004s {{(pid=93175) inner /opt/stack/data/venv/lib/python3.12/site-packages/oslo_concurrency/lockutils.py:543}}
Jul 03 05:21:57.014541 np0000004373 nova-scheduler[93175]: DEBUG nova.filters [None req-c303f1d2-a43f-44e5-87d0-0b6eca029e5c tempest-ServerActionsTestOtherA-1523544839 tempest-ServerActionsTestOtherA-1523544839-project-member] Starting with 1 host(s) {{(pid=93175) get_filtered_objects /opt/stack/nova/nova/filters.py:70}}
Jul 03 05:21:57.014867 np0000004373 nova-scheduler[93175]: DEBUG nova.filters [None req-c303f1d2-a43f-44e5-87d0-0b6eca029e5c tempest-ServerActionsTestOtherA-1523544839 tempest-ServerActionsTestOtherA-1523544839-project-member] Filter ComputeFilter returned 1 host(s) {{(pid=93175) get_filtered_objects /opt/stack/nova/nova/filters.py:102}}
Jul 03 05:21:57.015060 np0000004373 nova-scheduler[93175]: DEBUG nova.filters [None req-c303f1d2-a43f-44e5-87d0-0b6eca029e5c tempest-ServerActionsTestOtherA-1523544839 tempest-ServerActionsTestOtherA-1523544839-project-member] Filter ComputeCapabilitiesFilter returned 1 host(s) {{(pid=93175) get_filtered_objects /opt/stack/nova/nova/filters.py:102}}
Jul 03 05:21:57.015347 np0000004373 nova-scheduler[93175]: DEBUG nova.filters [None req-c303f1d2-a43f-44e5-87d0-0b6eca029e5c tempest-ServerActionsTestOtherA-1523544839 tempest-ServerActionsTestOtherA-1523544839-project-member] Filter ImagePropertiesFilter returned 1 host(s) {{(pid=93175) get_filtered_objects /opt/stack/nova/nova/filters.py:102}}
Jul 03 05:21:57.016196 np0000004373 nova-scheduler[93175]: DEBUG nova.filters [None req-c303f1d2-a43f-44e5-87d0-0b6eca029e5c tempest-ServerActionsTestOtherA-1523544839 tempest-ServerActionsTestOtherA-1523544839-project-member] Filter ServerGroupAntiAffinityFilter returned 1 host(s) {{(pid=93175) get_filtered_objects /opt/stack/nova/nova/filters.py:102}}
Jul 03 05:21:57.016409 np0000004373 nova-scheduler[93175]: DEBUG nova.filters [None req-c303f1d2-a43f-44e5-87d0-0b6eca029e5c tempest-ServerActionsTestOtherA-1523544839 tempest-ServerActionsTestOtherA-1523544839-project-member] Filter ServerGroupAffinityFilter returned 1 host(s) {{(pid=93175) get_filtered_objects /opt/stack/nova/nova/filters.py:102}}
Jul 03 05:21:57.017230 np0000004373 nova-scheduler[93175]: DEBUG nova.filters [None req-c303f1d2-a43f-44e5-87d0-0b6eca029e5c tempest-ServerActionsTestOtherA-1523544839 tempest-ServerActionsTestOtherA-1523544839-project-member] Filter SameHostFilter returned 1 host(s) {{(pid=93175) get_filtered_objects /opt/stack/nova/nova/filters.py:102}}
Jul 03 05:21:57.017230 np0000004373 nova-scheduler[93175]: DEBUG nova.filters [None req-c303f1d2-a43f-44e5-87d0-0b6eca029e5c tempest-ServerActionsTestOtherA-1523544839 tempest-ServerActionsTestOtherA-1523544839-project-member] Filter DifferentHostFilter returned 1 host(s) {{(pid=93175) get_filtered_objects /opt/stack/nova/nova/filters.py:102}}
Jul 03 05:21:57.017230 np0000004373 nova-scheduler[93175]: DEBUG nova.scheduler.manager [None req-c303f1d2-a43f-44e5-87d0-0b6eca029e5c tempest-ServerActionsTestOtherA-1523544839 tempest-ServerActionsTestOtherA-1523544839-project-member] Filtered [(np0000004373, np0000004373) ram: 62509MB disk: 74752MB io_ops: 0 instances: 0, allocation_candidates: 1] {{(pid=93175) _get_sorted_hosts /opt/stack/nova/nova/scheduler/manager.py:742}}
Jul 03 05:21:57.017230 np0000004373 nova-scheduler[93175]: DEBUG nova.scheduler.manager [None req-c303f1d2-a43f-44e5-87d0-0b6eca029e5c tempest-ServerActionsTestOtherA-1523544839 tempest-ServerActionsTestOtherA-1523544839-project-member] Weighed [WeighedHost [host: (np0000004373, np0000004373) ram: 62509MB disk: 74752MB io_ops: 0 instances: 0, allocation_candidates: 1, weight: 0.0]] {{(pid=93175) _get_sorted_hosts /opt/stack/nova/nova/scheduler/manager.py:764}}
Jul 03 05:21:57.017511 np0000004373 nova-scheduler[93175]: DEBUG nova.scheduler.utils [None req-c303f1d2-a43f-44e5-87d0-0b6eca029e5c tempest-ServerActionsTestOtherA-1523544839 tempest-ServerActionsTestOtherA-1523544839-project-member] Attempting to claim resources in the placement API for instance 383a2e74-c3b1-414f-b98c-2c3e33982dd0 {{(pid=93175) claim_resources /opt/stack/nova/nova/scheduler/utils.py:1345}}
Jul 03 05:21:57.192994 np0000004373 nova-scheduler[93175]: DEBUG nova.scheduler.manager [None req-c303f1d2-a43f-44e5-87d0-0b6eca029e5c tempest-ServerActionsTestOtherA-1523544839 tempest-ServerActionsTestOtherA-1523544839-project-member] [instance: 383a2e74-c3b1-414f-b98c-2c3e33982dd0] Selected host: (np0000004373, np0000004373) ram: 62509MB disk: 74752MB io_ops: 0 instances: 0, allocation_candidates: 1 {{(pid=93175) _consume_selected_host /opt/stack/nova/nova/scheduler/manager.py:624}}
Jul 03 05:21:57.193494 np0000004373 nova-scheduler[93175]: DEBUG oslo_concurrency.lockutils [None req-c303f1d2-a43f-44e5-87d0-0b6eca029e5c tempest-ServerActionsTestOtherA-1523544839 tempest-ServerActionsTestOtherA-1523544839-project-member] Acquiring lock "np0000004373-np0000004373" by "nova.scheduler.host_manager.HostState.consume_from_request.._locked" {{(pid=93175) inner /opt/stack/data/venv/lib/python3.12/site-packages/oslo_concurrency/lockutils.py:511}}
Jul 03 05:21:57.193494 np0000004373 nova-scheduler[93175]: DEBUG oslo_concurrency.lockutils [None req-c303f1d2-a43f-44e5-87d0-0b6eca029e5c tempest-ServerActionsTestOtherA-1523544839 tempest-ServerActionsTestOtherA-1523544839-project-member] Lock "np0000004373-np0000004373" acquired by "nova.scheduler.host_manager.HostState.consume_from_request.._locked" :: waited 0.000s {{(pid=93175) inner /opt/stack/data/venv/lib/python3.12/site-packages/oslo_concurrency/lockutils.py:524}}
Jul 03 05:21:57.193692 np0000004373 nova-scheduler[93175]: DEBUG oslo_concurrency.lockutils [None req-c303f1d2-a43f-44e5-87d0-0b6eca029e5c tempest-ServerActionsTestOtherA-1523544839 tempest-ServerActionsTestOtherA-1523544839-project-member] Lock "np0000004373-np0000004373" "released" by "nova.scheduler.host_manager.HostState.consume_from_request.._locked" :: held 0.000s {{(pid=93175) inner /opt/stack/data/venv/lib/python3.12/site-packages/oslo_concurrency/lockutils.py:543}}
Jul 03 05:22:01.646744 np0000004373 nova-scheduler[93177]: DEBUG nova.scheduler.manager [None req-434e06d0-a95f-4fa6-b69f-df3ff987257c tempest-TaggedAttachmentsTest-515008036 tempest-TaggedAttachmentsTest-515008036-project-member] Starting to schedule for instances: ['bcbc2512-e8e0-48a5-8442-4262bfbb3a2f'] {{(pid=93177) select_destinations /opt/stack/nova/nova/scheduler/manager.py:209}}
Jul 03 05:22:01.647393 np0000004373 nova-scheduler[93177]: DEBUG nova.scheduler.request_filter [None req-434e06d0-a95f-4fa6-b69f-df3ff987257c tempest-TaggedAttachmentsTest-515008036 tempest-TaggedAttachmentsTest-515008036-project-member] compute_status_filter request filter added forbidden trait COMPUTE_STATUS_DISABLED {{(pid=93177) compute_status_filter /opt/stack/nova/nova/scheduler/request_filter.py:253}}
Jul 03 05:22:01.647573 np0000004373 nova-scheduler[93177]: DEBUG nova.scheduler.request_filter [None req-434e06d0-a95f-4fa6-b69f-df3ff987257c tempest-TaggedAttachmentsTest-515008036 tempest-TaggedAttachmentsTest-515008036-project-member] Request filter 'compute_status_filter' took 0.0 seconds {{(pid=93177) wrapper /opt/stack/nova/nova/scheduler/request_filter.py:46}}
Jul 03 05:22:01.647760 np0000004373 nova-scheduler[93177]: DEBUG nova.scheduler.request_filter [None req-434e06d0-a95f-4fa6-b69f-df3ff987257c tempest-TaggedAttachmentsTest-515008036 tempest-TaggedAttachmentsTest-515008036-project-member] Request filter 'accelerators_filter' took 0.0 seconds {{(pid=93177) wrapper /opt/stack/nova/nova/scheduler/request_filter.py:46}}
Jul 03 05:22:01.648299 np0000004373 nova-scheduler[93177]: DEBUG nova.scheduler.request_filter [None req-434e06d0-a95f-4fa6-b69f-df3ff987257c tempest-TaggedAttachmentsTest-515008036 tempest-TaggedAttachmentsTest-515008036-project-member] Request filter 'packed_virtqueue_filter' took 0.0 seconds {{(pid=93177) wrapper /opt/stack/nova/nova/scheduler/request_filter.py:46}}
Jul 03 05:22:01.648682 np0000004373 nova-scheduler[93177]: DEBUG nova.scheduler.request_filter [None req-434e06d0-a95f-4fa6-b69f-df3ff987257c tempest-TaggedAttachmentsTest-515008036 tempest-TaggedAttachmentsTest-515008036-project-member] Request filter 'remote_managed_ports_filter' took 0.0 seconds {{(pid=93177) wrapper /opt/stack/nova/nova/scheduler/request_filter.py:46}}
Jul 03 05:22:01.648969 np0000004373 nova-scheduler[93177]: DEBUG nova.scheduler.request_filter [None req-434e06d0-a95f-4fa6-b69f-df3ff987257c tempest-TaggedAttachmentsTest-515008036 tempest-TaggedAttachmentsTest-515008036-project-member] ephemeral_encryption_filter skipped {{(pid=93177) ephemeral_encryption_filter /opt/stack/nova/nova/scheduler/request_filter.py:426}}
Jul 03 05:22:01.649163 np0000004373 nova-scheduler[93177]: DEBUG nova.scheduler.request_filter [None req-434e06d0-a95f-4fa6-b69f-df3ff987257c tempest-TaggedAttachmentsTest-515008036 tempest-TaggedAttachmentsTest-515008036-project-member] virtio_sound_filter skipped {{(pid=93177) virtio_sound_filter /opt/stack/nova/nova/scheduler/request_filter.py:460}}
Jul 03 05:22:01.649338 np0000004373 nova-scheduler[93177]: DEBUG nova.scheduler.request_filter [None req-434e06d0-a95f-4fa6-b69f-df3ff987257c tempest-TaggedAttachmentsTest-515008036 tempest-TaggedAttachmentsTest-515008036-project-member] tpm_secret_security_filter skipped {{(pid=93177) tpm_secret_security_filter /opt/stack/nova/nova/scheduler/request_filter.py:477}}
Jul 03 05:22:01.795658 np0000004373 nova-scheduler[93177]: INFO nova.utils [None req-434e06d0-a95f-4fa6-b69f-df3ff987257c tempest-TaggedAttachmentsTest-515008036 tempest-TaggedAttachmentsTest-515008036-project-member] The cell worker thread pool ForkProcess-2.cell_worker is initialized
Jul 03 05:22:01.795658 np0000004373 nova-scheduler[93177]: DEBUG oslo_concurrency.lockutils [None req-434e06d0-a95f-4fa6-b69f-df3ff987257c tempest-TaggedAttachmentsTest-515008036 tempest-TaggedAttachmentsTest-515008036-project-member] Acquiring lock "bed606e8-73e0-4c8b-88ee-01bb6c7fff5a" by "nova.context.set_target_cell..get_or_set_cached_cell_and_set_connections" {{(pid=93177) inner /opt/stack/data/venv/lib/python3.12/site-packages/oslo_concurrency/lockutils.py:511}}
Jul 03 05:22:01.795658 np0000004373 nova-scheduler[93177]: DEBUG oslo_concurrency.lockutils [None req-434e06d0-a95f-4fa6-b69f-df3ff987257c tempest-TaggedAttachmentsTest-515008036 tempest-TaggedAttachmentsTest-515008036-project-member] Lock "bed606e8-73e0-4c8b-88ee-01bb6c7fff5a" acquired by "nova.context.set_target_cell..get_or_set_cached_cell_and_set_connections" :: waited 0.000s {{(pid=93177) inner /opt/stack/data/venv/lib/python3.12/site-packages/oslo_concurrency/lockutils.py:524}}
Jul 03 05:22:01.799369 np0000004373 nova-scheduler[93177]: DEBUG oslo_concurrency.lockutils [None req-434e06d0-a95f-4fa6-b69f-df3ff987257c tempest-TaggedAttachmentsTest-515008036 tempest-TaggedAttachmentsTest-515008036-project-member] Lock "bed606e8-73e0-4c8b-88ee-01bb6c7fff5a" "released" by "nova.context.set_target_cell..get_or_set_cached_cell_and_set_connections" :: held 0.003s {{(pid=93177) inner /opt/stack/data/venv/lib/python3.12/site-packages/oslo_concurrency/lockutils.py:543}}
Jul 03 05:22:01.802251 np0000004373 nova-scheduler[93177]: INFO dbcounter [None req-434e06d0-a95f-4fa6-b69f-df3ff987257c tempest-TaggedAttachmentsTest-515008036 tempest-TaggedAttachmentsTest-515008036-project-member] Registered counter for database nova_cell1
Jul 03 05:22:01.847076 np0000004373 nova-scheduler[93177]: DEBUG oslo_db.sqlalchemy.engines [None req-434e06d0-a95f-4fa6-b69f-df3ff987257c tempest-TaggedAttachmentsTest-515008036 tempest-TaggedAttachmentsTest-515008036-project-member] MySQL server mode set to STRICT_TRANS_TABLES,STRICT_ALL_TABLES,NO_ZERO_IN_DATE,NO_ZERO_DATE,ERROR_FOR_DIVISION_BY_ZERO,TRADITIONAL,NO_ENGINE_SUBSTITUTION {{(pid=93177) _check_effective_sql_mode /opt/stack/data/venv/lib/python3.12/site-packages/oslo_db/sqlalchemy/engines.py:325}}
Jul 03 05:22:01.858941 np0000004373 nova-scheduler[93177]: DEBUG dbcounter [-] [93177] Writer thread running {{(pid=93177) stat_writer /opt/stack/data/venv/lib/python3.12/site-packages/dbcounter.py:102}}
Jul 03 05:22:01.924887 np0000004373 nova-scheduler[93177]: DEBUG dbcounter [-] [93177] Writer thread running {{(pid=93177) stat_writer /opt/stack/data/venv/lib/python3.12/site-packages/dbcounter.py:102}}
Jul 03 05:22:01.929781 np0000004373 nova-scheduler[93177]: DEBUG oslo_concurrency.lockutils [None req-434e06d0-a95f-4fa6-b69f-df3ff987257c tempest-TaggedAttachmentsTest-515008036 tempest-TaggedAttachmentsTest-515008036-project-member] Acquiring lock "bed606e8-73e0-4c8b-88ee-01bb6c7fff5a" by "nova.context.set_target_cell..get_or_set_cached_cell_and_set_connections" {{(pid=93177) inner /opt/stack/data/venv/lib/python3.12/site-packages/oslo_concurrency/lockutils.py:511}}
Jul 03 05:22:01.929781 np0000004373 nova-scheduler[93177]: DEBUG oslo_concurrency.lockutils [None req-434e06d0-a95f-4fa6-b69f-df3ff987257c tempest-TaggedAttachmentsTest-515008036 tempest-TaggedAttachmentsTest-515008036-project-member] Lock "bed606e8-73e0-4c8b-88ee-01bb6c7fff5a" acquired by "nova.context.set_target_cell..get_or_set_cached_cell_and_set_connections" :: waited 0.001s {{(pid=93177) inner /opt/stack/data/venv/lib/python3.12/site-packages/oslo_concurrency/lockutils.py:524}}
Jul 03 05:22:01.929781 np0000004373 nova-scheduler[93177]: DEBUG oslo_concurrency.lockutils [None req-434e06d0-a95f-4fa6-b69f-df3ff987257c tempest-TaggedAttachmentsTest-515008036 tempest-TaggedAttachmentsTest-515008036-project-member] Lock "bed606e8-73e0-4c8b-88ee-01bb6c7fff5a" "released" by "nova.context.set_target_cell..get_or_set_cached_cell_and_set_connections" :: held 0.000s {{(pid=93177) inner /opt/stack/data/venv/lib/python3.12/site-packages/oslo_concurrency/lockutils.py:543}}
Jul 03 05:22:01.936515 np0000004373 nova-scheduler[93177]: DEBUG oslo_concurrency.lockutils [None req-434e06d0-a95f-4fa6-b69f-df3ff987257c tempest-TaggedAttachmentsTest-515008036 tempest-TaggedAttachmentsTest-515008036-project-member] Acquiring lock "np0000004373-np0000004373" by "nova.scheduler.host_manager.HostState.update.._locked_update" {{(pid=93177) inner /opt/stack/data/venv/lib/python3.12/site-packages/oslo_concurrency/lockutils.py:511}}
